CREATE TABLE IF NOT EXISTS `ost_timezone` (
  `id` int(11) unsigned NOT NULL,
  `offset` float(3,1) NOT NULL DEFAULT '0.0',
  `timezone` varchar(255) NOT NULL DEFAULT ''
) ENGINE=MyISAM AUTO_INCREMENT=31 DEFAULT CHARSET=utf8;

--
-- Contenu de la table `ost_timezone`
--

INSERT INTO `ost_timezone` (`id`, `offset`, `timezone`) VALUES
(1, -12.0, 'Eniwetok, Kwajalein'),
(2, -11.0, 'Midway Island, Samoa'),
(3, -10.0, 'Hawaii'),
(4, -9.0, 'Alaska'),
(5, -8.0, 'Pacific Time (US & Canada)'),
(6, -7.0, 'Mountain Time (US & Canada)'),
(7, -6.0, 'Central Time (US & Canada), Mexico City'),
(8, -5.0, 'Eastern Time (US & Canada), Bogota, Lima'),
(9, -4.0, 'Atlantic Time (Canada), Caracas, La Paz'),
(10, -3.5, 'Newfoundland'),
(11, -3.0, 'Brazil, Buenos Aires, Georgetown'),
(12, -2.0, 'Mid-Atlantic'),
(13, -1.0, 'Azores, Cape Verde Islands'),
(14, 0.0, 'Western Europe Time, London, Lisbon, Casablanca'),
(15, 1.0, 'Brussels, Copenhagen, Madrid, Paris'),
(16, 2.0, 'Kaliningrad, South Africa'),
(17, 3.0, 'Baghdad, Riyadh, Moscow, St. Petersburg'),
(18, 3.5, 'Tehran'),
(19, 4.0, 'Abu Dhabi, Muscat, Baku, Tbilisi'),
(20, 4.5, 'Kabul'),
(21, 5.0, 'Ekaterinburg, Islamabad, Karachi, Tashkent'),
(22, 5.5, 'Bombay, Calcutta, Madras, New Delhi'),
(23, 6.0, 'Almaty, Dhaka, Colombo'),
(24, 7.0, 'Bangkok, Hanoi, Jakarta'),
(25, 8.0, 'Beijing, Perth, Singapore, Hong Kong'),
(26, 9.0, 'Tokyo, Seoul, Osaka, Sapporo, Yakutsk'),
(27, 9.5, 'Adelaide, Darwin'),
(28, 10.0, 'Eastern Australia, Guam, Vladivostok'),
(29, 11.0, 'Magadan, Solomon Islands, New Caledonia'),
(30, 12.0, 'Auckland, Wellington, Fiji, Kamchatka');

-- --------------------------------------------------------

--
-- Structure de la table `ost_transfert_reservation_ligne`
--

CREATE TABLE IF NOT EXISTS `ost_transfert_reservation_ligne` (
  `id` int(11) NOT NULL,
  `reservation_id` int(11) DEFAULT NULL,
  `categorie` varchar(255) COLLATE utf8_unicode_ci NOT NULL,
  `nombre` int(11) NOT NULL
) ENGINE=InnoDB DEFAULT CHARSET=utf8 COLLATE=utf8_unicode_ci;

-- --------------------------------------------------------

--
-- Structure de la table `ost_transfer_reservation`
--

CREATE TABLE IF NOT EXISTS `ost_transfer_reservation` (
  `id` int(11) NOT NULL,
  `responsable_id` int(11) DEFAULT NULL,
  `client_id` int(11) DEFAULT NULL,
  `etat` int(11) NOT NULL,
  `frontOffice` tinyint(1) NOT NULL,
  `commentaire` longtext COLLATE utf8_unicode_ci,
  `validated` datetime DEFAULT NULL,
  `organisme` varchar(255) COLLATE utf8_unicode_ci NOT NULL,
  `DepartDe` varchar(255) COLLATE utf8_unicode_ci NOT NULL,
  `heureDepart` varchar(255) COLLATE utf8_unicode_ci NOT NULL,
  `dateDepart` date NOT NULL,
  `ArriveeA` varchar(255) COLLATE utf8_unicode_ci NOT NULL,
  `heureArrivee` varchar(255) COLLATE utf8_unicode_ci NOT NULL,
  `dateArrivee` date NOT NULL,
  `pointDepartArrivee` varchar(255) COLLATE utf8_unicode_ci NOT NULL,
  `nomPrenom` varchar(255) COLLATE utf8_unicode_ci NOT NULL,
  `Tel` varchar(255) COLLATE utf8_unicode_ci NOT NULL,
  `email` varchar(255) COLLATE utf8_unicode_ci NOT NULL,
  `created` datetime NOT NULL,
  `updated` datetime NOT NULL,
  `timbre` decimal(11,3) NOT NULL,
  `remise` decimal(11,3) NOT NULL,
  `total_achat` decimal(11,3) DEFAULT NULL,
  `total_vente` decimal(11,3) DEFAULT NULL,
  `amicale_id` int(11) DEFAULT NULL,
  `code` varchar(255) COLLATE utf8_unicode_ci DEFAULT NULL,
  `validated_amicale` datetime DEFAULT NULL,
  `frais_dossier` decimal(11,3) NOT NULL,
  `remise_internet` decimal(11,3) NOT NULL,
  `observation` longtext COLLATE utf8_unicode_ci,
  `type_payement` int(11) NOT NULL,
  `montant_payement_electronique` decimal(11,3) DEFAULT NULL,
  `status_payement` varchar(255) COLLATE utf8_unicode_ci DEFAULT NULL,
  `responsableAmicale_id` int(11) DEFAULT NULL,
  `devis` tinyint(1) NOT NULL,
  `clientArray` longtext COLLATE utf8_unicode_ci NOT NULL COMMENT '(DC2Type:array)',
  `marge_b2b` decimal(11,3) NOT NULL,
  `voucherpdf` varchar(255) COLLATE utf8_unicode_ci DEFAULT NULL,
  `frais_annulation_achat` decimal(11,3) NOT NULL,
  `frais_annulation_vente` decimal(11,3) NOT NULL
) ENGINE=InnoDB DEFAULT CHARSET=utf8 COLLATE=utf8_unicode_ci;

-- --------------------------------------------------------

--
-- Structure de la table `ost_tsk_etat`
--

CREATE TABLE IF NOT EXISTS `ost_tsk_etat` (
  `id` int(11) NOT NULL,
  `libelle` varchar(255) COLLATE utf8_unicode_ci NOT NULL
) ENGINE=InnoDB DEFAULT CHARSET=utf8 COLLATE=utf8_unicode_ci;

-- --------------------------------------------------------

--
-- Structure de la table `ost_tsk_notification`
--

CREATE TABLE IF NOT EXISTS `ost_tsk_notification` (
  `id` int(11) NOT NULL,
  `who_id` int(11) DEFAULT NULL,
  `type` int(11) NOT NULL,
  `description` longtext COLLATE utf8_unicode_ci NOT NULL,
  `lien` varchar(255) COLLATE utf8_unicode_ci DEFAULT NULL,
  `lue` tinyint(1) NOT NULL,
  `created` datetime NOT NULL,
  `updated` datetime NOT NULL,
  `assignedTo_id` int(11) DEFAULT NULL
) ENGINE=InnoDB DEFAULT CHARSET=utf8 COLLATE=utf8_unicode_ci;

-- --------------------------------------------------------

--
-- Structure de la table `ost_tsk_priority`
--

CREATE TABLE IF NOT EXISTS `ost_tsk_priority` (
  `id` int(11) NOT NULL,
  `libelle` varchar(255) COLLATE utf8_unicode_ci NOT NULL
) ENGINE=InnoDB DEFAULT CHARSET=utf8 COLLATE=utf8_unicode_ci;

-- --------------------------------------------------------

--
-- Structure de la table `ost_tsk_task`
--

CREATE TABLE IF NOT EXISTS `ost_tsk_task` (
  `id` int(11) NOT NULL,
  `type_id` int(11) DEFAULT NULL,
  `priority_id` int(11) DEFAULT NULL,
  `etat` int(11) NOT NULL,
  `libelle` varchar(255) COLLATE utf8_unicode_ci NOT NULL,
  `lien` varchar(255) COLLATE utf8_unicode_ci DEFAULT NULL,
  `description` longtext COLLATE utf8_unicode_ci NOT NULL,
  `date_debut` datetime DEFAULT NULL,
  `heure_debut` time DEFAULT NULL,
  `date_fin` datetime DEFAULT NULL,
  `heure_fin` time DEFAULT NULL,
  `created` datetime NOT NULL,
  `updated` datetime NOT NULL,
  `path` varchar(255) COLLATE utf8_unicode_ci DEFAULT NULL,
  `createdBy_id` int(11) DEFAULT NULL,
  `assignedTo_id` int(11) DEFAULT NULL
) ENGINE=InnoDB DEFAULT CHARSET=utf8 COLLATE=utf8_unicode_ci;

-- --------------------------------------------------------

--
-- Structure de la table `ost_tsk_taskslog`
--

CREATE TABLE IF NOT EXISTS `ost_tsk_taskslog` (
  `id` int(11) NOT NULL,
  `task` varchar(255) COLLATE utf8_unicode_ci NOT NULL,
  `etat` varchar(255) COLLATE utf8_unicode_ci NOT NULL,
  `priority` varchar(255) COLLATE utf8_unicode_ci NOT NULL,
  `type` varchar(255) COLLATE utf8_unicode_ci NOT NULL,
  `created` datetime NOT NULL,
  `updated` datetime NOT NULL,
  `message` longtext COLLATE utf8_unicode_ci NOT NULL,
  `createdBy_id` int(11) DEFAULT NULL,
  `assignedTo_id` int(11) DEFAULT NULL
) ENGINE=InnoDB DEFAULT CHARSET=utf8 COLLATE=utf8_unicode_ci;

-- --------------------------------------------------------

--
-- Structure de la table `ost_tsk_type`
--

CREATE TABLE IF NOT EXISTS `ost_tsk_type` (
  `id` int(11) NOT NULL,
  `libelle` varchar(255) COLLATE utf8_unicode_ci NOT NULL,
  `color` varchar(255) COLLATE utf8_unicode_ci NOT NULL
) ENGINE=InnoDB DEFAULT CHARSET=utf8 COLLATE=utf8_unicode_ci;

-- --------------------------------------------------------

--
-- Structure de la table `ost_tva`
--

CREATE TABLE IF NOT EXISTS `ost_tva` (
  `id` int(11) NOT NULL,
  `compteComptable` varchar(255) COLLATE utf8_unicode_ci NOT NULL,
  `valeur` decimal(4,2) NOT NULL
) ENGINE=InnoDB AUTO_INCREMENT=4 DEFAULT CHARSET=utf8 COLLATE=utf8_unicode_ci;

--
-- Contenu de la table `ost_tva`
--

INSERT INTO `ost_tva` (`id`, `compteComptable`, `valeur`) VALUES
(1, 'Teste', 12.00),
(2, '18', 18.00),
(3, '1236544', 6.00);

-- --------------------------------------------------------

--
-- Structure de la table `ost_type_activite`
--

CREATE TABLE IF NOT EXISTS `ost_type_activite` (
  `id` int(11) NOT NULL,
  `libelle` varchar(255) COLLATE utf8_unicode_ci NOT NULL
) ENGINE=InnoDB DEFAULT CHARSET=utf8 COLLATE=utf8_unicode_ci;

-- --------------------------------------------------------

--
-- Structure de la table `ost_user_gouvernorat`
--

CREATE TABLE IF NOT EXISTS `ost_user_gouvernorat` (
  `id` int(11) NOT NULL,
  `pays_id` int(11) DEFAULT NULL,
  `libelle` varchar(255) COLLATE utf8_unicode_ci NOT NULL,
  `slug` varchar(255) COLLATE utf8_unicode_ci NOT NULL,
  `created` datetime NOT NULL,
  `updated` datetime NOT NULL
) ENGINE=InnoDB DEFAULT CHARSET=utf8 COLLATE=utf8_unicode_ci;

-- --------------------------------------------------------

--
-- Structure de la table `ost_user_group`
--

CREATE TABLE IF NOT EXISTS `ost_user_group` (
  `user_id` int(11) NOT NULL,
  `group_id` int(11) NOT NULL
) ENGINE=InnoDB DEFAULT CHARSET=utf8 COLLATE=utf8_unicode_ci;

--
-- Contenu de la table `ost_user_group`
--

INSERT INTO `ost_user_group` (`user_id`, `group_id`) VALUES
(4, 3),
(18, 3),
(18, 7),
(19, 3),
(19, 7),
(54, 3),
(54, 7),
(56, 3),
(56, 4),
(57, 4),
(58, 4),
(59, 4);

-- --------------------------------------------------------

--
-- Structure de la table `ost_user_logo`
--

CREATE TABLE IF NOT EXISTS `ost_user_logo` (
  `id` int(11) NOT NULL,
  `client_id` int(11) DEFAULT NULL,
  `url` longtext COLLATE utf8_unicode_ci NOT NULL
) ENGINE=InnoDB DEFAULT CHARSET=utf8 COLLATE=utf8_unicode_ci;

-- --------------------------------------------------------

--
-- Structure de la table `ost_vo_chambre`
--

CREATE TABLE IF NOT EXISTS `ost_vo_chambre` (
  `id` int(11) NOT NULL,
  `contingent_id` int(11) DEFAULT NULL,
  `type` int(11) NOT NULL
) ENGINE=InnoDB AUTO_INCREMENT=10 DEFAULT CHARSET=utf8 COLLATE=utf8_unicode_ci;

--
-- Contenu de la table `ost_vo_chambre`
--

INSERT INTO `ost_vo_chambre` (`id`, `contingent_id`, `type`) VALUES
(1, 1, 1),
(2, 1, 1),
(3, 1, 1),
(4, 1, 2),
(5, 1, 2),
(6, 1, 2),
(7, 1, 2),
(8, 1, 3),
(9, 1, 3);

-- --------------------------------------------------------

--
-- Structure de la table `ost_vo_company`
--

CREATE TABLE IF NOT EXISTS `ost_vo_company` (
  `id` int(11) NOT NULL,
  `libelle` varchar(255) COLLATE utf8_unicode_ci NOT NULL,
  `updated_at` datetime DEFAULT NULL,
  `path` varchar(255) COLLATE utf8_unicode_ci DEFAULT NULL,
  `icao` varchar(255) COLLATE utf8_unicode_ci DEFAULT NULL,
  `iata` varchar(255) COLLATE utf8_unicode_ci DEFAULT NULL,
  `country` varchar(255) COLLATE utf8_unicode_ci NOT NULL,
  `prefix` int(11) NOT NULL
) ENGINE=InnoDB AUTO_INCREMENT=2 DEFAULT CHARSET=utf8 COLLATE=utf8_unicode_ci;

--
-- Contenu de la table `ost_vo_company`
--

INSERT INTO `ost_vo_company` (`id`, `libelle`, `updated_at`, `path`, `icao`, `iata`, `country`, `prefix`) VALUES
(1, 'RAM', '2016-05-22 21:50:11', '084da26e86c1fe4b72a1ae658ce798125455a3e8.png', '1', '1', 'Maroc', 1);

-- --------------------------------------------------------

--
-- Structure de la table `ost_vo_configuration_voucher`
--

CREATE TABLE IF NOT EXISTS `ost_vo_configuration_voucher` (
  `id` int(11) NOT NULL,
  `debutVoucher` int(11) NOT NULL,
  `codeCouleur` varchar(255) COLLATE utf8_unicode_ci NOT NULL,
  `texteVoucher` longtext COLLATE utf8_unicode_ci,
  `typeNumerotation` int(11) NOT NULL,
  `model` int(11) NOT NULL
) ENGINE=InnoDB DEFAULT CHARSET=utf8 COLLATE=utf8_unicode_ci;

-- --------------------------------------------------------

--
-- Structure de la table `ost_vo_contingents`
--

CREATE TABLE IF NOT EXISTS `ost_vo_contingents` (
  `id` int(11) NOT NULL,
  `voyage_id` int(11) DEFAULT NULL,
  `hotel_id` int(11) DEFAULT NULL,
  `chambreSingle` int(11) NOT NULL,
  `chambreDouble` int(11) NOT NULL,
  `chambreQuadruple` int(11) NOT NULL,
  `chambreTriple` int(11) NOT NULL,
  `pack_id` int(11) DEFAULT NULL
) ENGINE=InnoDB AUTO_INCREMENT=2 DEFAULT CHARSET=utf8 COLLATE=utf8_unicode_ci;

--
-- Contenu de la table `ost_vo_contingents`
--

INSERT INTO `ost_vo_contingents` (`id`, `voyage_id`, `hotel_id`, `chambreSingle`, `chambreDouble`, `chambreQuadruple`, `chambreTriple`, `pack_id`) VALUES
(1, 8, 3, 3, 4, 0, 2, 69);

-- --------------------------------------------------------

--
-- Structure de la table `ost_vo_descriptions`
--

CREATE TABLE IF NOT EXISTS `ost_vo_descriptions` (
  `id` int(11) NOT NULL,
  `voyage_id` int(11) NOT NULL,
  `libelle` varchar(255) COLLATE utf8_unicode_ci NOT NULL,
  `texte` longtext COLLATE utf8_unicode_ci NOT NULL,
  `ordre` int(11) NOT NULL,
  `visible` tinyint(1) DEFAULT NULL,
  `lateral` tinyint(1) DEFAULT NULL,
  `titre` varchar(255) COLLATE utf8_unicode_ci DEFAULT NULL,
  `updated_at` datetime DEFAULT NULL,
  `photoVisible` tinyint(1) DEFAULT NULL,
  `path` varchar(255) COLLATE utf8_unicode_ci DEFAULT NULL,
  `type` int(11) NOT NULL
) ENGINE=InnoDB AUTO_INCREMENT=407 DEFAULT CHARSET=utf8 COLLATE=utf8_unicode_ci;

--
-- Contenu de la table `ost_vo_descriptions`
--

INSERT INTO `ost_vo_descriptions` (`id`, `voyage_id`, `libelle`, `texte`, `ordre`, `visible`, `lateral`, `titre`, `updated_at`, `photoVisible`, `path`, `type`) VALUES
(1, 1, '1er JOUR : TUNIS / DOHA', '<p>D&eacute;part vers DOHA sur vol QATAR AIRWAYS QR 1400 &agrave; 15H:00 (RDV AEROPORT &agrave; 12H:00). Arriv&eacute;e &agrave; DOHA &agrave; 22H:05. Continuation vers BANGKOK sur vol QR 834 a 01H:25.</p>', 1, 1, 0, NULL, '2015-12-09 09:25:01', 0, NULL, 0),
(2, 1, '2ème JOUR : DOHA / BANGKOK', '<p><span style="line-height:1.6em">Arriv&eacute;e &agrave; 11H:35, Accueil puis Transfert &agrave; l&rsquo;h&ocirc;tel RAMADA PLAZA MENAM RIVERSIDE 5***** (Situ&eacute; en plein Centre de BANGKOK juste en Face de LA Rivi&egrave;re, Pr&eacute;s de plus grande March&eacute; de Nuit &quot;Asiatique The River front &quot;)</span></p>', 2, 1, 0, NULL, '2015-12-09 09:25:19', 0, NULL, 0),
(3, 1, '3ème JOUR : BANGKOK', '<p><span style="line-height:1.6em">Visite de BANGKOK : Temple de BUDA WAT POO &agrave; 46 m&egrave;tre de largeur, Palais Royal &hellip;.</span></p>', 3, 1, 0, NULL, '2015-12-09 09:25:29', 0, NULL, 0),
(4, 1, '4ème JOUR : BANGKOK / FERME CROCODILES / PATTAYA', '<p><span style="line-height:1.6em">D&eacute;part vers PATTAYA par bus .Visite de FERME DES CROCODILES qui l&rsquo;une des plus Grandes du monde ou se trouve plus que 30000 reptiles. Nuit&eacute;e a l&#39;h&ocirc;tel SIAM BAYSHORE 4****Luxe (Situ&eacute; en plein centre de PATTAYA et au Bord de la Mer).</span></p>', 4, 1, 0, NULL, '2015-12-09 09:25:40', 0, NULL, 0),
(5, 1, '5ème JOUR : PATTAYA / ILE DES CORAILS / PATTAYA', '<p><span style="line-height:1.6em">Croisi&egrave;re &agrave; bord d&rsquo;un bateau vers l&rsquo;ile des Corail. A l&rsquo;arriv&eacute;e sur l&rsquo;&icirc;le, vous aurez suffisamment de temps pour profiter de la plage avant de savourer un D&eacute;jeuner fruits de mer dans l&rsquo;un des restaurants locaux sur l&rsquo;&icirc;le. Temps libre pour baignade et sports nautiques.</span></p>', 5, 1, 0, NULL, '2015-12-09 09:25:55', 0, NULL, 0),
(6, 1, '6ème JOUR : PATTAYA / AYUTTHAYA', '<p><span style="line-height:1.6em">D&eacute;part vers par Bus AYUTTHAYA Situ&eacute;e a 200 KM de PATTAYA. Nuit&eacute;e a l&#39;h&ocirc;tel KANTARY 4****Luxe.</span></p>', 6, 1, 0, NULL, '2015-12-09 09:26:05', 0, NULL, 0),
(7, 1, '7ème JOUR : PATTAYA / AYUTTHAYA', '<p><span style="line-height:1.6em">Visite d&rsquo;AYUTTHAYA, la ville sacr&eacute;e de Tha&iuml;lande, connu par ses temples et palais de pierre, seuls vestiges de sa longue histoire ayant surv&eacute;cu au si&egrave;ge de 1767 par les Birmans. Partez sur les traces de cet empire disparu en explorant les mus&eacute;es et les ruines d&rsquo;Ayutthaya, class&eacute;es Patrimoine mondial de l&rsquo;UNESCO depuis 1991: Wat Phra Si Sanphet , Wihaan Mongkhon Bophit , Wat Ratchaburana , Wat Muang....</span></p>', 7, 1, 0, NULL, '2015-12-09 09:26:20', 0, NULL, 0),
(8, 1, '8ème JOUR : AYUTTHAYA / MARCHEE FLOTTANT / BANGKOK', '<p><span style="line-height:1.6em">Visite du c&eacute;l&egrave;bre MARCHEE FLOTTANT &laquo; DAMNOEN SADUAK &raquo; : C`est le plus grand March&eacute;e Flottant de THAILANDE .Vous pourrez acheter des produits locaux, de l`artisanat des fruits et des l&eacute;gumes frais, des &eacute;pices...Continuation vers BANGKOK. Nuit&eacute;e a l&rsquo;h&ocirc;tel RAMADA PLAZA MENAM RIVERSIDE 5*****.</span></p>', 8, 1, 0, NULL, '2015-12-09 09:26:31', 0, NULL, 0),
(9, 1, '9ème JOUR : BANGKOK / DOHA', '<p><span style="line-height:1.6em">Matin : Libre Sp&eacute;cial Shopping Apr&egrave;s Midi : Diner Croisi&egrave;re sur la Rivi&egrave;re SHAO PHRAYA. Le Soir : Transfert &agrave; l&#39;A&eacute;roport pour D&eacute;part vers DOHA sur vol QATAR AIRWAYS QR 837 &agrave; 23H:40.</span></p>', 9, 1, 0, NULL, '2015-12-09 09:26:43', 0, NULL, 0),
(10, 1, '10ème Jour : DOHA / TUNIS', '<p><span style="line-height:1.6em">Arriv&eacute;e &agrave; DOHA &agrave; 04H:40. Continuation vers TUNIS sur vol QR 1399 &agrave; 09H:30. Arriv&eacute;e &agrave; L&rsquo;A&eacute;roport TUNIS &ndash; CARTHAGE &agrave; 13H:15.Fin de service.</span></p>', 10, 1, 0, NULL, '2015-12-09 09:26:55', 0, NULL, 0),
(11, 1, 'Le forfait comprend:', '<p>Vol TUNIS / DOHA / BANGKOK / DOHA / TUNIS sur QATAR AIRWAYS (Billet PEX GROUPE : Apr&eacute;s l&rsquo;&eacute;mission , Ni Modifiable , Ni REMBOURSSABLE )<span style="line-height:1.6em">Transferts A&eacute;roport / H&ocirc;tel / A&eacute;roport.</span></p>\r\n\r\n<p><span style="line-height:1.6em">Transferts par Bus : BANGKOK / PATTAYA / AYYUTHAYA / BANGKOK.</span></p>\r\n\r\n<p><span style="line-height:1.6em">Logement &agrave; l&rsquo;h&ocirc;tel 5***** Avec Petit D&eacute;jeuner a BANGKOK.</span></p>\r\n\r\n<p>Logement &agrave; l&rsquo;h&ocirc;tel 4****Luxe Avec Petit D&eacute;jeuner a PATTAYA et AYUTTHAYA.</p>\r\n\r\n<p>H&eacute;bergement en Chambres Doubles.</p>\r\n\r\n<p>Bus et guide parlant Fran&ccedil;ais durant les Excursions.</p>\r\n\r\n<p>Tour de BANGKOK.</p>\r\n\r\n<p>Visite de FERME DES CROCODILES.</p>\r\n\r\n<p>Croisi&egrave;re ILE DES CORAILS Avec D&eacute;jeuner.</p>\r\n\r\n<p>Visite d&rsquo;AYUTTHAYA</p>\r\n\r\n<p>Visite de MARCHEE FLOTTANT.</p>\r\n\r\n<p>Diner Croisi&egrave;re.</p>', 11, 1, 1, NULL, '2015-12-09 09:29:46', 0, NULL, 0),
(12, 1, 'Le forfait de base ne comprend pas', '<p>FRAIS DE VISA THAILANDE + ASSURANCE DE VOYAGE&nbsp;</p>', 12, 1, 1, NULL, '2015-12-09 09:30:58', 0, NULL, 0),
(13, 1, 'Note importante:', '<p>Il faut pr&eacute;voir 02 photos d&rsquo;identit&eacute; + Photocopie du Passeport + Validit&eacute; Minimum du Passeport 06 mois de la date de Retour pour le D&eacute;p&ocirc;t du Dossier de Visa de THAILANDE</p>\r\n\r\n<p>&nbsp;</p>', 13, 1, 1, NULL, '2015-12-09 09:31:46', 0, NULL, 0),
(27, 3, '1e Jour: Tunis – Barcelone - Shopping', '<p><span style="line-height:1.6em">D&eacute;part matinal de Tunis &agrave; destination de BARCELONE. Arriv&eacute;e et transfert &agrave; l&rsquo;h&ocirc;tel RIALTO 3*** situ&eacute; &agrave; la Rambla au plein centre de Barcelone. Apr&egrave;s midi libre pour shopping.</span></p>', 1, 1, 0, NULL, '2015-12-09 09:58:43', 0, NULL, 0),
(28, 3, '2ème Jour : Barcelone shopping ou city tour', '<p><span style="line-height:1.6em">Petit d&eacute;jeuner &agrave; l&#39;h&ocirc;tel. Journ&eacute;e libre pour shopping ou d&eacute;part pour une visite panoramique de l&#39;&eacute;l&eacute;gant Paseo de Gracia, o&ugrave; les plus c&eacute;l&egrave;bres b&acirc;timents de Gaudi sont construits, la Casa Batll&oacute; et Casa Mil&agrave; (La Pedrera) et d&#39;autres grands b&acirc;timents du modernisme. Puis, nous nous dirigerons vers le Port Olympique, la plage et le quartier des p&ecirc;cheurs de Barceloneta, Port Vell, la Place de Colon o&ugrave; le Paseo de las Ramblas embl&eacute;matique commence, jusqu&#39;&agrave; Montju&iuml;c, ville de montagne la plus dynamique. Ensuite, nous retournerons au centre de la ville, en passant par la spectaculaire Plaza de Espana o&ugrave; nous admirerons les tours v&eacute;nitiennes, sources de Montju&iuml;c, MNAC et CC Las Arenas construites sur l&#39;ancienne Plaza de Toros. A la Plaza de Catalunya, o&ugrave; commencera notre visite guid&eacute;e &agrave; pied dans le centre historique, nous visiterons l&rsquo;ext&eacute;rieur de la cath&eacute;drale, les rues du quartier gothique et de la Pla&ccedil;a Sant Jaume, la mairie et le si&egrave;ge du gouvernement de la Catalogne. Nuit&eacute;e &agrave; l&rsquo;h&ocirc;tel. (En option)</span></p>', 2, 1, 0, NULL, '2015-12-09 09:58:58', 0, NULL, 0),
(29, 3, '3ème jour : shopping', '<p><span style="line-height:1.6em">Petit d&eacute;jeuner &agrave; l&#39;h&ocirc;tel. Journ&eacute;e libre pour shopping. Nuit&eacute;e &agrave; l&#39;h&ocirc;tel</span></p>', 3, 1, 0, NULL, '2015-12-09 09:59:08', 0, NULL, 0),
(30, 3, '4ème jour : shopping', '<p><span style="line-height:1.6em">Petit d&eacute;jeuner &agrave; l&#39;h&ocirc;tel. Journ&eacute;e libre pour shopping. Nuit&eacute;e &agrave; l&#39;h&ocirc;tel.</span></p>', 4, 1, 0, NULL, '2015-12-09 09:59:17', 0, NULL, 0),
(31, 3, '5ème jour : shopping', '<p><span style="line-height:1.6em">Transfert &agrave; l&#39;a&eacute;roport de Barcelone pour le retour au pays. Arriv&eacute;e &agrave; Tunis.</span></p>', 5, 1, 0, NULL, '2015-12-09 09:59:27', 0, NULL, 0),
(32, 3, 'Le Forfait de base comprend:', '<p>Vol aller / retour sur TUNISAIR (NB/ Tarif PEX apr&egrave;s l&#39;&eacute;mission des billets dates non modifiables, billets non remboursables)</p>\r\n\r\n<p>Transfert a&eacute;roport/h&ocirc;tel/a&eacute;roport</p>\r\n\r\n<p>H&eacute;bergement en logement petit d&eacute;jeuner pour 4 nuits &agrave; l&#39;h&ocirc;tel RIALTO 3 ***</p>', 6, 1, 1, NULL, '2015-12-09 09:59:48', 0, NULL, 0),
(33, 3, 'Le forfait de base ne comprend pas', '<p>L&#39;excursion en option : CITY TOUR</p>\r\n\r\n<p>Taxe du s&eacute;jour &agrave; payer sur place : 4 euros par personne pour les 4 nuits</p>\r\n\r\n<p>Les frais de visa</p>\r\n\r\n<p>Les frais d&rsquo;assurance.</p>\r\n\r\n<p>La surcharge bagages.</p>\r\n\r\n<p>Le timbre de voyage.</p>\r\n\r\n<p>Les boissons et d&eacute;penses d&#39;ordre personnel</p>\r\n\r\n<p>Les pourboires aux guides &amp; chauffeurs.</p>', 7, 1, 1, NULL, '2015-12-09 10:00:07', 0, NULL, 0),
(113, 13, 'Jour 1 : TUNIS – LISBONNE– COIMBRA', '<p><span style="line-height:1.6em">Arriv&eacute;e &agrave; l&rsquo;a&eacute;roport de Lisbonne. Accueil et transfert &agrave; Coimbra. Nuit&eacute;e &agrave; l&rsquo;h&ocirc;tel TRYP COIMBRA 4****.</span></p>', 1, 1, 0, NULL, '2015-12-09 13:25:32', 0, NULL, 0),
(114, 13, 'Jour 2 : COIMBRA – AVEIRO – PORTO', '<p><span style="line-height:1.6em">Petit-d&eacute;jeuner &agrave; l&rsquo;h&ocirc;tel et d&eacute;part pour visite de Coimbra. Puis d&eacute;couverte d&rsquo;Aveiro, la Venise du Portugal o&ugrave; il faut imp&eacute;rativement d&eacute;guster les d&eacute;licieux g&acirc;teaux traditionnels, les &laquo; Ovos Moles &raquo;. Continuation vers Porto. Nuit&eacute;e &agrave; l&rsquo;h&ocirc;tel IPANEMA PORTO 4****.</span></p>', 2, 1, 0, NULL, '2015-12-09 13:25:47', 0, NULL, 0),
(115, 13, 'Jour 3 : PORTO', '<p><span style="line-height:1.6em">Petit-d&eacute;jeuner &agrave; l&rsquo;h&ocirc;tel. D&eacute;part pour la visite de la ville de Porto, la deuxi&egrave;me ville du Portugal avec les rues tortueuses de la vieille ville, l&rsquo;Eglise St Fran&ccedil;ois (de l&rsquo;ext&eacute;rieure), le Palais de la Bourse avec son fameux salon arabe (de l&rsquo;ext&eacute;rieure), visite des chais et d&eacute;gustation de Porto. Apr&egrave;s-midi libre. (Pour les clients qui souhaitent faire des achats, nous vous conseillons le centre commercial El Corte Ingles ou la pittoresque rue de Santa Catarina). Nuit&eacute;e &agrave; l&rsquo;h&ocirc;tel.</span></p>', 3, 1, 0, NULL, '2015-12-09 13:26:00', 0, NULL, 0),
(116, 13, 'Jour 4 :PORTO– BATALHA – NAZARE– ÓBIDOS –LISBONNE', '<p><span style="line-height:1.6em">Petit d&eacute;jeuner &agrave; l&rsquo;h&ocirc;tel puis d&eacute;part vers Batalha : chef-d&rsquo;&oelig;uvre de l&rsquo;Art Gothique flamboyant, construit au XIV&egrave;me si&egrave;cle. Nous avancerons vers Nazar&eacute;, pittoresque village de p&ecirc;cheurs au pied d&rsquo;une falaise. Continuation vers &Oacute;bidos, qui est un village m&eacute;di&eacute;val aux maisons fleuries, enti&egrave;rement fortifi&eacute;. Continuation vers Lisbonne. Nuit&eacute;e &agrave; l&rsquo;h&ocirc;tel REAL PARK 4****.</span></p>', 4, 1, 0, NULL, '2015-12-09 13:26:13', 0, NULL, 0),
(117, 13, 'Jour 5 : LISBONNE', '<p><span style="line-height:1.6em">Petit-d&eacute;jeuner &agrave; l&rsquo;h&ocirc;tel. D&eacute;part pour la visite de Lisbonne. De son pass&eacute; glorieux de capitale des D&eacute;couvertes Maritimes, restent les t&eacute;moins sculpt&eacute;s en pierre, la richesse monumentale, le pittoresque des quartiers aux maisons d&eacute;cor&eacute;es de carreaux de fa&iuml;ences et pots de fleurs, la gaiet&eacute; du peuple latin et voyageur, la m&eacute;lancolie du &laquo;Fado&raquo;. Parmi les quartiers de Lisbonne, il faut visiter Alfama et le Ch&acirc;teau pour sa typicit&eacute;. De l&agrave;, nous pouvons apercevoir les vieux quartiers, les monuments et les contrastes, les ruelles &eacute;troites, les maisons color&eacute;es, la vie des gens. Jusqu&rsquo;au XVIII&egrave;me si&egrave;cle, Lisbonne f&ucirc;t la ville de l&rsquo;Europe avec le plus grand nombre de monuments et d&rsquo;&eacute;glises. Le tremblement de terre de 1755 et le terrible incendie qui suivirent, ont d&eacute;truit une partie de la ville. Aujourd&rsquo;hui, Lisbonne est surtout une ville de contrastes o&ugrave; les monuments se m&ecirc;lent &agrave; une lumi&egrave;re atlantique et douce. Visite de la basse ville et arriv&eacute;e au Belv&eacute;d&egrave;re St. Luzia. Le quartier d&rsquo;Alfama est un vieux quartier mauresque aux rues &eacute;troites et escaliers tortueux. Continuation de la visite de la ville, d&eacute;di&eacute;e &agrave; Bel&eacute;m : la Tour de Bel&eacute;m (de l&rsquo;ext&eacute;rieur) chef-d&rsquo;&oelig;uvre de l&rsquo;architecture manu&eacute;line, le monument aux D&eacute;couvertes Maritimes, le Monast&egrave;re des Hi&eacute;ronymites, le Mus&eacute;e des Carrosses Royaux (l&rsquo;un des plus originaux au monde dans son genre). Nuit&eacute;e &agrave; l&rsquo;h&ocirc;tel.</span></p>', 5, 1, 0, NULL, '2015-12-09 13:26:27', 0, NULL, 0),
(118, 13, 'Jour 6: SINTRA-CASCAIS-ESTORIL', '<p><span style="line-height:1.6em">Petit-d&eacute;jeuner &agrave; l&rsquo;h&ocirc;tel. D&eacute;part ver Sintra, qui f&ucirc;t depuis toujours un endroit privil&eacute;gi&eacute; pour les r&eacute;sidences d&rsquo;&eacute;t&eacute;, comme le prouve les beaux palais royaux et villas magnifiquement ins&eacute;r&eacute;es dans le paysage. Visite du Palais Royal qui se distingue d&rsquo;abord par deux chemin&eacute;es g&eacute;antes, coniques. Ce palais porte aussi la marque de diff&eacute;rents styles qui se m&eacute;langent : Gothique, Mauresque, Manu&eacute;lin, Renaissance. Retour &agrave; Lisbonne, en passant par la charmante ville de p&ecirc;cheurs Cascais situ&eacute;e &agrave; l&rsquo;ouest de Lisbonne. Le centre ville cache de nombreuses surprises : l&rsquo;&eacute;l&eacute;gante architecture du 19 c&ocirc;toie les pittoresques maisons traditionnelles des p&ecirc;cheurs et les plages de la r&eacute;gion sont &agrave; couper le souffle. Nous continuerons ensuite vers Estoril, station baln&eacute;aire r&eacute;put&eacute;e. Nuit&eacute;e &agrave; l&rsquo;h&ocirc;tel.</span></p>', 6, 1, 0, NULL, '2015-12-09 13:26:38', 0, NULL, 0),
(119, 13, 'Jour 7 : LISBONNE', '<p><span style="line-height:1.6em">Petit-d&eacute;jeuner &agrave; l&rsquo;h&ocirc;tel. Journ&eacute;e libre. Nuit&eacute;e &agrave; l&rsquo;h&ocirc;tel</span></p>', 7, 1, 0, NULL, '2015-12-09 13:26:50', 0, NULL, 0),
(120, 13, 'Jour 8 : LISBONNE', '<p><span style="line-height:1.6em">Petit-d&eacute;jeuner &agrave; l&rsquo;h&ocirc;tel. Transfert &agrave; l&rsquo;a&eacute;roport pour prendre le vol de retour.Fin de service.</span></p>', 8, 1, 0, NULL, '2015-12-09 13:27:12', 0, NULL, 0),
(121, 13, 'Le Forfait de base comprend:', '<p>Le billet d&rsquo;avion aller-retour sur TUNISAIR (Tarif groupe, apr&egrave;s l&#39;&eacute;mission dates non modifiables, billet non remboursable)</p>\r\n\r\n<p>Mise &agrave; disposition d&#39;un bus touristique et guide francophone durant les visites</p>\r\n\r\n<p>01 nuit &agrave; l&rsquo;h&ocirc;tel TRYP COIMBRA 4**** &agrave; Coimbra en logement petit d&eacute;jeuner</p>\r\n\r\n<p>02 nuits &agrave; l&rsquo;h&ocirc;tel IPANEMA PORTO 4**** &agrave; Porto en logement petit d&eacute;jeuner</p>\r\n\r\n<p>04 nuits &agrave; l&rsquo;h&ocirc;tel REAL PARK 4**** &agrave; Lisbonne en logement petit d&eacute;jeuner</p>\r\n\r\n<p>Les excursions mentionn&eacute;es dans le programme.</p>\r\n\r\n<p>Les entr&eacute;es incluses : Ch&acirc;teau de S&atilde;o Jorge, Monast&egrave;re d&rsquo;Hi&eacute;ronymites (&eacute;glise sans les clo&icirc;tres), Mus&eacute;e des Carrosses et Le Palais Royal.</p>', 9, 0, 1, NULL, '2015-12-09 13:27:37', 0, NULL, 0),
(122, 13, 'Le forfait de base ne comprend pas', '<p>Les frais de visa : 190,-DT (payables en esp&egrave;ces &agrave; l&rsquo;ambassade)</p>\r\n\r\n<p>Les frais d&rsquo;assurance</p>\r\n\r\n<p>Le timbre de voyage</p>\r\n\r\n<p>Les excursions en option</p>', 10, 1, 1, NULL, '2015-12-09 13:27:55', 0, NULL, 0),
(141, 16, '1er Jour : TUNIS / PARIS', '<p><span style="line-height:1.6em">D&eacute;part vers Paris sur Tunis air. Arriv&eacute;e et transfert &agrave; l&rsquo;h&ocirc;tel MERCURE LA DEFENSE 4****. Installation dans les chambres. Nuit&eacute;e &agrave; l&rsquo;h&ocirc;tel.</span></p>', 1, 1, 0, NULL, '2015-12-09 14:16:09', 0, NULL, 0),
(142, 16, '2ème Jour : PARIS / TOUR D’ORIENTATION', '<p><span style="line-height:1.6em">Apr&egrave;s le petit-d&eacute;jeuner, d&eacute;part en bus pour la visite de Paris (Biblioth&egrave;que Fran&ccedil;ois Mitterrand, Institut du Monde Arabe, Jardin des plantes, Mosqu&eacute;e de Paris, Panth&eacute;on, Tombeau de Napol&eacute;on, Ecole Militaire, Champs de Mars, Tour Eiffel, les Grands Faubourgs, Place Vend&ocirc;me, Trocad&eacute;ro). Croisi&egrave;re en bateau sur la Seine et mont&eacute;e au 2&egrave;me &eacute;tage de la Tour Eiffel. Nuit&eacute;e &agrave; l&rsquo;h&ocirc;tel.</span></p>', 2, 1, 0, NULL, '2015-12-09 14:16:22', 0, NULL, 0),
(143, 16, '3ème Jour : VERSAILLES', '<p><span style="line-height:1.6em">Apr&egrave;s le petit-d&eacute;jeuner, journ&eacute;e libre pour shopping ou d&eacute;part en bus pour la visite du Ch&acirc;teau de Versailles. Visite des grands appartements du ch&acirc;teau : la chambre du Roi, la galerie des glaces et les jardins. Temps libre pr&egrave;s du canal. Retour et nuit&eacute;e &agrave; l&rsquo;h&ocirc;tel. (En option)</span></p>', 3, 1, 0, NULL, '2015-12-09 14:16:37', 0, NULL, 0),
(144, 16, '4ème Jour : DISNEY LAND', '<p><span style="line-height:1.6em">Apr&egrave;s le petit-d&eacute;jeuner, d&eacute;part en bus pour une journ&eacute;e compl&egrave;te &agrave; Disneyland. M&ecirc;me les grands enfants passeront une journ&eacute;e inoubliable... Plus de 50 attractions, des spectacles, des parades et des restaurants pour tous les go&ucirc;ts. Vous vivrez une journ&eacute;e d&rsquo;exp&eacute;riences inoubliables. Profitez-en un maximum&hellip; fun et frissons garantis. Retour et nuit&eacute;e &agrave; l&rsquo;h&ocirc;tel.</span></p>', 4, 1, 0, NULL, '2015-12-09 14:16:57', 0, NULL, 0),
(145, 16, '5ème Jour : PARIS', '<p><span style="line-height:1.6em">Petit-d&eacute;jeuner. Journ&eacute;e libre pour shopping ou pour la d&eacute;couverte de Paris : Quartier de Montmartre ou quartier latin, la Cit&eacute; des Sciences, le Mus&eacute;e Gr&eacute;vin, le Mus&eacute;e du Louvre, et bien d&rsquo;autres monuments qui valent absolument le d&eacute;tour. (En option). Nuit&eacute;e &agrave; l&#39;h&ocirc;tel.</span></p>', 5, 1, 0, NULL, '2015-12-09 14:17:16', 0, NULL, 0),
(146, 16, '6ème Jour : PARIS', '<p><span style="line-height:1.6em">Petit-d&eacute;jeuner. Journ&eacute;e libre pour shopping. Nuit&eacute;e &agrave; l&#39;h&ocirc;tel</span></p>', 6, 1, 0, NULL, '2015-12-09 14:17:28', 0, NULL, 0),
(147, 16, '7ème Jour: PARIS – TUNIS', '<p><span style="line-height:1.6em">Petit d&eacute;jeuner. Matin&eacute;e libre. Transfert &agrave; l&rsquo;a&eacute;roport pour prendre le vol du retour au pays.Fin de service</span></p>', 7, 1, 0, NULL, '2015-12-09 14:17:45', 0, NULL, 0),
(148, 16, 'Le Forfait de base comprend:', '<p>Vol aller / retour (NB/ Tarif PEX apr&egrave;s l&#39;&eacute;mission des billets dates non modifiables, billet non remboursable)</p>\r\n\r\n<p>Transfert a&eacute;roport/h&ocirc;tel/a&eacute;roport</p>\r\n\r\n<p>H&eacute;bergement &agrave; l&rsquo;h&ocirc;tel MERCURE LA DEFENSE 4**** avec petit d&eacute;jeuner</p>\r\n\r\n<p>Les excursions mentionn&eacute;es dans le programme</p>', 8, 1, 1, NULL, '2015-12-09 14:20:03', 0, NULL, 0),
(149, 16, 'Le forfait de base ne comprend pas', '<p>Les frais de visa : 190,-DT (payables en esp&egrave;ces &agrave; l&rsquo;ambassade) Les frais d&rsquo;assurance Le timbre de voyage Les excursions en option</p>', 9, 1, 0, NULL, '2015-12-09 14:20:28', 0, NULL, 0),
(150, 17, 'Jour 01 => Paris', '<p><span style="line-height:1.6em">Arriv&eacute;, assistance et un transfert vous seront donn&eacute;s par notre partenaire francophone et vous serez achemin&eacute;s vers votre h&ocirc;tel </span><strong style="line-height:1.6em">Forst Hill la vilettes</strong><span style="line-height:1.6em"> au centre de Paris</span></p>\r\n\r\n<p><span style="line-height:1.6em">D&icirc;ner libre et nuit &agrave; l&rsquo;h&ocirc;tel.</span></p>', 1, 1, 0, NULL, '2015-12-10 07:52:58', 0, NULL, 0),
(151, 17, 'Jour 02 => Paris', '<p><span style="line-height:1.6em">Petit d&eacute;jeuner &agrave; l&rsquo;h&ocirc;tel. &nbsp;</span><span style="line-height:1.6em">Vous partirez avec votre guide pour passer une demi-journ&eacute;e de visite de </span><strong style="line-height:1.6em">Paris&nbsp;:</strong><span style="line-height:1.6em"> Biblioth&egrave;que Fran&ccedil;ois Mitterrand, l&rsquo;institut du monde arabe, jardin des plantes, Mosqu&eacute;e de PARIS, Panth&eacute;on, Tombeau de Napol&eacute;on, l&rsquo;&eacute;cole Militaire, Champs de Mars, Trocad&eacute;ro et la Tour Eiffel.</span></p>\r\n\r\n<p>Avec un ticket d&nbsp;&lsquo;entr&eacute;e aux tours Eiffel, d&eacute;but d&rsquo;apr&egrave;s midi 1 h de bateau Parisiens pour allonger&nbsp; la Seine et re voire les principeaux monuments historique parisiens.</p>\r\n\r\n<p>Fin d&rsquo;par&egrave;s midi retour &agrave; votre h&ocirc;tel.</p>', 2, 1, 0, NULL, '2015-12-10 07:53:17', 0, NULL, 0),
(152, 17, 'Jour 03 => Paris - Bruxelles :', '<p><span style="line-height:1.6em">Petit d&eacute;jeuner &agrave; l&rsquo;h&ocirc;tel. &nbsp;</span><span style="line-height:1.6em">D&eacute;part en bus avec votre guide direction la capitale belge. Arriv&eacute;e &agrave; Bruxelles en fin de journ&eacute;e et installation &agrave; votre h&ocirc;tel le </span><strong style="line-height:1.6em">Ibis Gare de Midi</strong><span style="line-height:1.6em">,&nbsp; on commance par une premi&egrave;re visite de la ville historique de bruxelle.&nbsp;</span></p>\r\n\r\n<p>D&icirc;ner libre et nuit &agrave; l&rsquo;h&ocirc;tel.</p>\r\n\r\n<p>&nbsp;</p>', 3, 1, 0, NULL, '2015-12-10 07:53:38', 0, NULL, 0),
(153, 17, 'Jour 04 => 2014 Bruxelles', '<p><span style="line-height:1.6em">Petit d&eacute;jeuner &agrave; l&rsquo;h&ocirc;tel. &nbsp;</span><span style="line-height:1.6em">La visite guid&eacute;e de Bruxelles vous fera d&eacute;couvrir la cath&eacute;drale Saint-Michel, la colonne du Congr&egrave;s et de la constitution, l&rsquo;Atomium, la r&eacute;sidence royale, suivie d&rsquo;une promenade sur la Grand-Place et la place du march&eacute;. Vous terminerez la journ&eacute;e par la visite de la Maison des Ma&icirc;tres chocolatiers. Suite &agrave; la Basilique nationale de Koekelberg, avec son int&eacute;rieur art-d&eacute;co magnifique et l&#39;une des &eacute;glises les plus imposantes du monde. Situ&eacute; sur une colline, 2 ascenseurs nous apporter quelque 53 m&egrave;tres au-dessus du sol o&ugrave; vous aurez une vue splendide sur la ville &ndash; visite de la Bruxelles dipolomatique et les bureaux de l&rsquo;administration de l&rsquo;Europe Uni.</span></p>\r\n\r\n<p>Et la palce de l&rsquo;exposition universelle de Bruxelle.</p>', 4, 1, 0, NULL, '2015-12-10 07:53:52', 0, NULL, 0),
(154, 17, 'Jour 05 => Bruxelles - Amsterdam :', '<p><span style="line-height:1.6em">Apr&egrave;s le petit d&eacute;jeunerd&eacute;part en direction d&rsquo;Amsterdam c&oelig;ur culturel des Pays-Bas. Installation &agrave; votre h&ocirc;tel le </span><strong style="line-height:1.6em">IBIS CITY WEST</strong><span style="line-height:1.6em">.&nbsp;Une prmeier visite du centre historique et des fameux Moulins nerlandais.</span></p>\r\n\r\n<p>D&icirc;ner libre et nuit &agrave; l&rsquo;h&ocirc;tel</p>', 5, 1, 0, NULL, '2015-12-10 07:54:06', 0, NULL, 0),
(155, 17, 'Jour 06 =>2014 Amsterdam', '<p><span style="line-height:1.6em">Petit d&eacute;jeuner a votre h&ocirc;tel.&nbsp;</span><span style="line-height:1.6em">D&eacute;part en bus avec votre guide pour la demi-journ&eacute;e de visite d&rsquo;Amsterdam&nbsp;: On va visiter le meilleur d&#39;Amsterdam! Et conna&icirc;tre une partie de l&#39;histoire vivante d&rsquo;Amsterdam. Se Promener dans le centre historique et d&eacute;couvrir les 800 ans de culture Amsterdam. Depuis ses humbles d&eacute;buts sur la rivi&egrave;re Amstel au glorieux &quot;&acirc;ge d&#39;or&quot;, Amsterdam occupe une place particuli&egrave;re dans l&#39;histoire du monde - une histoire que nous allons apporter &eacute;clat &agrave; la vie. Amstellodamois a toujours &eacute;t&eacute; farouchement ind&eacute;pendant, et cette visite vous parlera de quelques-uns des &eacute;v&eacute;nements les plus importants de cette ville.&nbsp;</span><span style="line-height:1.6em">Le Palais, la place Dam et le Red Light District, Tour de la Monnaie, Rembrandt Accueil, Anciennes portes de la ville, Rembrandt plein, Le c&eacute;l&egrave;bre Spinhuis, March&eacute; aux fleurs, Mus&eacute;e historique, Kalverstraat et le Rokin, Couvents et des &eacute;glises cach&eacute;es, les Canaux, La Maison d&#39;Anne Frank et Descartes&hellip;.)</span></p>\r\n\r\n<p>Visite et entr&eacute;e a la plus grande taillerie de Dimaonds du monde entier et du mus&eacute; et visite et entr&eacute;es a une fromageire traditionelle et la fabriquation des sabots trandistionnelle des pays bas.</p>\r\n\r\n<p>D&icirc;ner libre et nuit &agrave; l&rsquo;h&ocirc;tel.</p>\r\n\r\n<p>&nbsp;</p>', 6, 1, 0, NULL, '2015-12-10 07:54:38', 0, NULL, 0),
(156, 17, 'Jour 07 => Amsterdam - Paris:', '<p><span style="line-height:1.6em">Apr&egrave;s le petit d&eacute;jeuner, Direction Paris. &nbsp;Soit arret et temps libre pour visite de la ville de Lille , soit pause de 03 heure dans une centre de shopping sur le periph Parisien.</span></p>\r\n\r\n<p>D&icirc;ner libre et nuit &agrave; l&rsquo;h&ocirc;tel.</p>', 7, 1, 0, NULL, '2015-12-10 07:54:51', 0, NULL, 0),
(157, 17, 'Jour 08 =>  Paris - Tunis:', '<p><span style="line-height:1.6em">Apr&egrave;s le petit d&eacute;jeuner, vous prendrez la route vers l&rsquo;a&eacute;roport de Paris pour y prendre votre vol &agrave; destination Tunis.</span></p>', 8, 1, 0, NULL, '2015-12-10 07:55:05', 0, NULL, 0),
(158, 17, 'Le Forfait de base comprend:', '<ul>\r\n	<li>Mise &agrave; la Disposition de Bus et d&rsquo;un Guide durant les excursions avec assistance francophone.&nbsp;</li>\r\n	<li>Transport par une Bus de Luxe selon l&rsquo;itin&eacute;raire.</li>\r\n	<li>Les transferts A&eacute;roport-h&ocirc;tel-A&eacute;roport avec assistance francophone.</li>\r\n	<li>les excursions cit&eacute;es dans le programme.</li>\r\n	<li>08 Jours/07 Nuits&nbsp;:</li>\r\n	<li>03 nuits h&ocirc;tel en petit-d&eacute;j Paris&nbsp;: <strong><em>Forest hill lavielttes </em></strong></li>\r\n	<li>02 nuits h&ocirc;tel en petit-d&eacute;j Bruxelles&nbsp;: <strong><em>Ibis Gare de Midi</em></strong></li>\r\n	<li>02 nuits h&ocirc;tel en petit-d&eacute;j Amsterdam&nbsp;:&nbsp;<strong><em>IBIS City West ou similaire</em></strong></li>\r\n</ul>', 9, 1, 1, NULL, '2015-12-10 07:58:14', 0, NULL, 0),
(159, 17, 'Le forfait de base ne comprend pas', '<ul>\r\n	<li>L&rsquo;excursion en option</li>\r\n	<li>Les vols</li>\r\n	<li>Frais de Visa&nbsp;</li>\r\n	<li>L&rsquo;assurance voyage</li>\r\n	<li>Le timbre de voyage</li>\r\n	<li>Les d&eacute;penses personnelles, les pourboires, les appels t&eacute;l&eacute;phoniques, linge, mini bar,&nbsp;&nbsp; service dans la chambre, boissons etc.</li>\r\n</ul>\r\n\r\n<p>&nbsp;</p>', 10, 1, 1, NULL, '2015-12-10 07:58:28', 0, NULL, 0),
(160, 17, 'Note importante:', '<p><strong>Les demandes de derni&egrave;res minutes sont soumises &agrave; des conditions et calcul tarifaires sp&eacute;ciaux.</strong></p>', 11, 1, 1, NULL, '2015-12-10 07:56:35', 0, NULL, 0),
(161, 17, 'Les papiers nécessaires pour le visa', '<ul>\r\n	<li>02 Photos d&rsquo;identit&eacute; r&eacute;cente (couleur, fond blanc)</li>\r\n	<li>Passeport en cours de validit&eacute; (Minimum 03 mois en plus)+ photocopie.</li>\r\n	<li>Un formulaire de demande de visa correctement rempli, dat&eacute; et sign&eacute;.</li>\r\n	<li>Extrait de naissance en fran&ccedil;ais</li>\r\n	<li>Copie du contrat d&rsquo;Assurance voyage.</li>\r\n	<li>R&eacute;servation vol + h&ocirc;tel.</li>\r\n</ul>\r\n\r\n<p><strong>Salari&eacute;s- fonctionnaires :</strong></p>\r\n\r\n<ul>\r\n	<li>Attestation de travail+copie</li>\r\n	<li>Titre de cong&eacute;</li>\r\n	<li>03 derni&egrave;res fiches de paie+ copies</li>\r\n	<li>Carte d&rsquo;assur&eacute; social CNSS ou CNRPS+copie</li>\r\n	<li>Historique du CNSS/ Affiliation CNRPS</li>\r\n	<li>Relev&eacute; bancaire des derniers 6 mois</li>\r\n</ul>\r\n\r\n<p><strong>Commer&ccedil;ant -Chef d&rsquo;entreprise et G&eacute;rant :</strong></p>\r\n\r\n<ul>\r\n	<li>J.O.R.T &amp; Statut de soci&eacute;t&eacute; + copies</li>\r\n	<li>D&eacute;claration d&rsquo;ouverture et Patente (commer&ccedil;ants) + copie</li>\r\n	<li>Quittance de d&eacute;claration d&rsquo;imp&ocirc;t sur les soci&eacute;t&eacute;s+copie</li>\r\n	<li>Relev&eacute; bancaire des derniers 6 mois</li>\r\n</ul>\r\n\r\n<p><strong>Fonction lib&eacute;rales (m&eacute;decin, avocat, expert&hellip;) :&nbsp;</strong></p>\r\n\r\n<ul>\r\n	<li>Carte professionnelle+copie</li>\r\n	<li>Inscription au conseil d&rsquo;ordre+copie</li>\r\n	<li>Quittance de d&eacute;claration d&rsquo;imp&ocirc;t+copie</li>\r\n	<li>Relev&eacute; bancaire des derniers 6 mois</li>\r\n</ul>\r\n\r\n<p><strong>Retrait&eacute; &ndash; Sans profession :&nbsp;</strong></p>\r\n\r\n<ul>\r\n	<li>Pension</li>\r\n	<li>Justificatif de ressources en Tunisie (Relev&eacute; bancaire des derniers 6 mois, &hellip;)</li>\r\n</ul>\r\n\r\n<p><strong>El&egrave;ves- Etudiants :</strong></p>\r\n\r\n<ul>\r\n	<li>Autorisation paternelle et maternelle l&eacute;galis&eacute;es pour les moins de 18 ans.</li>\r\n	<li>Prise en charge paternelle l&eacute;galis&eacute;e.</li>\r\n	<li>Certificat de pr&eacute;sence ou Photocopie du certificat d&rsquo;inscription ou Photocopie du dernier relev&eacute; de note ou Attestation de r&eacute;ussite.</li>\r\n	<li>Papiers de l&rsquo;un des parents selon leur fonction (voir ci-dessus)</li>\r\n</ul>\r\n\r\n<p>&nbsp;</p>\r\n\r\n<p>&nbsp;</p>', 12, 1, 1, NULL, '2015-12-10 07:57:11', 0, NULL, 0),
(176, 24, 'Jour 1: Maurice', '<p>Arriver &agrave; l&#39;a&eacute;roport de Maurice.&nbsp;<span style="line-height:1.6em">Acceuil et assitance par notre representant.</span></p>\r\n\r\n<p>Transferts &agrave; l&#39;h&ocirc;tel Hilton mauritius Resort &agrave; Flic en Flac.</p>\r\n\r\n<p>Journ&eacute;e libre.<br />\r\n&nbsp;</p>', 1, 1, 0, NULL, '2015-12-11 10:37:27', 0, NULL, 0),
(177, 24, 'Jour 2: Journée Libre (Petit déjeuner et cocktail de lune de miel)', '<p>Journ&eacute;e libre. Profitez de la vue depuis votre chambre, suite ou villa avec vue sur les plages triple-bay, le lagon et les &icirc;les au nord spectaculaires. D&eacute;couvrez la magie de la cuisine savoureuse et innovante.&nbsp;<span style="line-height:1.6em">D&eacute;tendez-vous ensemble &agrave; un endroit tranquille de bungalows uniques.Le</span><span style="line-height:1.6em">&nbsp;soir, d&eacute;guster un cocktail de lune de miel servi avec Canap&eacute;, juste pour vous deux.</span></p>\r\n\r\n<p><span style="line-height:1.6em">Nuit &agrave; l&#39;&icirc;le Maurice.</span></p>\r\n\r\n<p>&nbsp;</p>', 2, 1, 0, NULL, '2015-12-11 10:40:07', 0, NULL, 0),
(178, 24, 'Jour 3: Journée Libre (Petit déjeuner et dîner)', '<p>Journ&eacute;e libre , ou s&eacute;lectionnez une tourn&eacute;e ou un billet d&#39;activit&eacute; de nos riches &nbsp;choix&nbsp;. Profitez d&#39;un moment d&#39;intimit&eacute; avec quelqu&#39;un de sp&eacute;cial dans un bassin profond d&#39;eau douce tout en profitant des rayons du soleil sur l&#39;Oc&eacute;an Indien. Vivez tout le romantisme et la joie de vivre authentique sur l&#39;&icirc;le en un s&eacute;jour incroyable dans cet h&ocirc;tel &agrave; l&#39;&icirc;le Maurice.<br />\r\nNuit &agrave; l&#39;&icirc;le Maurice.<br />\r\n&nbsp;</p>', 3, 1, 0, NULL, '2015-12-11 10:44:50', 0, NULL, 0),
(179, 24, 'Jour 4: Journée libre', '<p>Journ&eacute;e libre , ou s&eacute;lectionnez une tourn&eacute;e ou un billet d&#39;activit&eacute; .<br />\r\nNuit &agrave; l&#39;&icirc;le Maurice.<br />\r\n(Petit d&eacute;jeuner et d&icirc;ner)</p>', 4, 1, 0, NULL, '2015-12-11 10:46:38', 0, NULL, 0),
(180, 24, 'Jour 5: Journée libre', '<p>Journ&eacute;e libre , ou s&eacute;lectionnez une tourn&eacute;e ou un billet d&#39;activit&eacute; de nos choix riches.<br />\r\nNuit &agrave; l&#39;&icirc;le Maurice.<br />\r\n(Petit d&eacute;jeuner et d&icirc;ner)</p>', 5, 1, 0, NULL, '2015-12-11 10:47:23', 0, NULL, 0),
(181, 24, 'Jour 6: Journée libre', '<p>Journ&eacute;e libre &agrave; loisir, ou s&eacute;lectionnez une tourn&eacute;e ou un billet d&#39;activit&eacute; de nos choix riches.<br />\r\nNuit &agrave; l&#39;&icirc;le Maurice.<br />\r\n(Petit d&eacute;jeuner et d&icirc;ner)</p>', 6, 1, 0, NULL, '2015-12-11 10:48:19', 0, NULL, 0),
(182, 24, 'Jour 7 Journée libre', '<p>Journ&eacute;e libre &agrave; loisir, ou s&eacute;lectionnez une tourn&eacute;e ou un billet d&#39;activit&eacute; de nos choix riches.<br />\r\nNuit &agrave; l&#39;&icirc;le Maurice.<br />\r\n(Petit d&eacute;jeuner et d&icirc;ner)</p>', 7, 1, 0, NULL, '2015-12-11 10:48:41', 0, NULL, 0),
(183, 24, 'Jour 8 Départ à Tunis', '<p>Apr&egrave;s le petit d&eacute;jeuner &agrave; l&#39;h&ocirc;tel, transferts &agrave; l&#39;a&eacute;roport.<br />\r\nFin de nos services.<br />\r\n(D&eacute;jeuner)</p>', 8, 1, 0, NULL, '2015-12-11 10:49:26', 0, NULL, 0),
(184, 24, 'Le Forfait de base comprend:', '<ul>\r\n	<li>H&eacute;bergement 07 &nbsp;nuits &agrave; l&#39;h&ocirc;tel Hilton Mauritius Resort 5*.</li>\r\n	<li>Les petits-D&eacute;jeuners et Diners.</li>\r\n	<li>Les repas comme mention&eacute;e dans le programme.</li>\r\n	<li>A l&#39;arriver,&nbsp;1 Polo T-shirt, 1 Sarong, 1 Fruit basket, 1 Heart-Shaped Cake</li>\r\n	<li>Une bouteille de Rum et un cadeus sp&eacute;cial.</li>\r\n	<li>Les transferts priv&eacute;s H&ocirc;tel-a&eacute;roport-H&ocirc;tel.</li>\r\n	<li>Le transport par air conditionn&eacute; et v&eacute;hicule non-fumeur.</li>\r\n</ul>\r\n\r\n<p>&nbsp;</p>', 9, 1, 1, NULL, '2015-12-11 10:53:57', 0, NULL, 0),
(185, 24, 'Le forfait de base ne comprend pas', '<ul>\r\n	<li>Visa pour l&#39;&icirc;le Maurice si n&eacute;cessaire</li>\r\n	<li>Les vols internationaux ou domestiques</li>\r\n	<li>Les excursions optionnelles&nbsp;</li>\r\n	<li>Boissons aux repas autres que d&eacute;clar&eacute;</li>\r\n	<li>Conseils pour les guides, chauffeurs, personnel de h&ocirc;tels / restaurants (facultatif)</li>\r\n	<li>D&eacute;jeuner / d&icirc;ner autre que celui indiqu&eacute;.</li>\r\n</ul>', 10, 1, 1, NULL, '2015-12-11 10:55:18', 0, NULL, 0),
(186, 24, 'Conditions Génégrales', '<ul>\r\n	<li>Les tarifs sont valables pour la r&eacute;servation de 02 personnes.</li>\r\n	<li>Cette offre est valable pendant 12 mois suivant le mariage et doit &ecirc;tre prouv&eacute; par un certificat de mariage.</li>\r\n	<li>Seuls les chambres doubles sont disponibles , vue que c&#39;est sp&eacute;ciale voyage de noce.</li>\r\n	<li>Les enfants non autoris&eacute;s.</li>\r\n	<li>Les h&ocirc;tels propos&eacute;s sont sous r&eacute;serves de disponibilit&eacute;s et peuevent n&eacute;cissiter des frais suppl&eacute;mentaires.</li>\r\n	<li>&nbsp;</li>\r\n</ul>', 11, 1, 1, NULL, '2015-12-11 11:00:50', 0, NULL, 0),
(203, 23, 'îles des Dieux  BALI', '<p>Bali, &laquo; L&#39;&icirc;le des dieux &raquo;, distille un charme et une beaut&eacute; magn&eacute;tiques. Elle est l&rsquo;une des plus petites &icirc;les de l&rsquo;archipel indon&eacute;sien, mais reste de loin la plus convoit&eacute;e par les touristes, tandis que Lombok commence &agrave; pointer le bout de son nez.<br />\r\nCe petit paradis rassemble tous les &eacute;l&eacute;ments indispensables &agrave; des vacances r&eacute;ussies. Bali rec&egrave;le de belles plages - m&ecirc;me si peu sont baignables et de sable blanc -, des reliefs volcaniques extraordinaires couverts de for&ecirc;ts, des collines o&ugrave; s&#39;&eacute;tagent des rizi&egrave;res dont les courbes font danser la lumi&egrave;re, ainsi qu&#39;une culture omnipr&eacute;sente et toujours authentique. Et puis les Balinais s&eacute;duisent par leur douceur et leur &eacute;tonnante gentillesse, mais aussi par leur amour du beau et leur fa&ccedil;on unique d&rsquo;unir l&rsquo;art et la vie.<br />\r\n<br />\r\n&nbsp;</p>', 1, 1, 0, NULL, '2015-12-17 13:27:57', 0, NULL, 0),
(205, 23, 'Identité', '<p><em>&nbsp;</em>&nbsp;Superficie :&nbsp;5 661 km&sup2;.</p>\r\n\r\n<p>&nbsp; Population :&nbsp;3 891 428 habitants (estimation 2010).&nbsp;</p>\r\n\r\n<p>&nbsp; Statut :&nbsp;province de l&#39;Indon&eacute;sie.&nbsp; &nbsp;Capitale :&nbsp;Denpasar.</p>\r\n\r\n<p>&nbsp;Sites class&eacute;s au Patrimoine mondial de l&#39;Unesco :&nbsp;le paysage culturel de la province de Bali&nbsp;</p>\r\n\r\n<p>&nbsp;</p>', 2, 1, 0, NULL, '2015-12-17 13:43:12', 0, NULL, 0),
(206, 23, 'Climat & Météo', '<p>&Eacute;tant situ&eacute;e pr&egrave;s de l&#39;&eacute;quateur, dans une r&eacute;gion tropicale, Bali n&#39;a que deux saisons qui s&#39;harmonisent et s&#39;&eacute;quilibrent.</p>\r\n\r\n<p>-&nbsp;<em>Saison s&egrave;che :&nbsp;</em>de mai &agrave; novembre-d&eacute;cembre. &Ccedil;a n&#39;emp&ecirc;che pas quelques jours de pluie ici ou l&agrave;. &Eacute;vitez les hordes de touristes en pr&eacute;f&eacute;rant Bali en mai, septembre ou octobre.</p>\r\n\r\n<p>-&nbsp;<em>Saison pluvieuse :</em>&nbsp;de janvier &agrave; avril.</p>\r\n\r\n<p>En g&eacute;n&eacute;ral, le mois de juillet est le plus frais et le plus sec de l&#39;ann&eacute;e, alors qu&#39;en janvier la pluviosit&eacute; atteint son maximum (il pleut deux fois plus au nord qu&#39;au sud de l&#39;&icirc;le). M&ecirc;me en saison s&egrave;che il peut pleuvoir, mais plut&ocirc;t en fin de journ&eacute;e ou la nuit. Juin est un bon plan&nbsp;: tout est vert apr&egrave;s la mousson, et on trouve des prix int&eacute;ressants car la haute saison n&#39;a pas encore totalement d&eacute;marr&eacute;.</p>\r\n\r\n<p>La temp&eacute;rature moyenne est de 26 &deg;C. Bali dispose vraiment d&rsquo;un climat id&eacute;al. La temp&eacute;rature est agr&eacute;able quasiment tout le temps. Il peut faire tr&egrave;s chaud, mais ce n&rsquo;est jamais insupportable.&nbsp;<br />\r\nSe m&eacute;fier des coups de soleil : m&ecirc;me quand la temp&eacute;rature est tol&eacute;rable, on br&ucirc;le en moins de 1h !&nbsp;<br />\r\nLes jours gardent toujours la m&ecirc;me amplitude. Le soleil se l&egrave;ve, quelle que soit la saison, vers 6h et se couche au plus tard &agrave; 18h.</p>\r\n\r\n<p><br />\r\n&nbsp;</p>', 3, 1, 0, NULL, '2015-12-17 13:46:48', 0, NULL, 0),
(207, 23, 'Cuisine Balinaise', '<p>Sp&eacute;cialit&eacute;s balinaises</p>\r\n\r\n<p>-&nbsp;<em>Urab :&nbsp;</em>d&eacute;licieux m&eacute;lange de noix de coco, haricots ou autres l&eacute;gumes finement hach&eacute;s et parfum&eacute;s d&#39;&eacute;pices et de piments. Plat essentiellement balinais.</p>\r\n\r\n<p>-&nbsp;<em>Ayam batutu :</em>&nbsp;poulet farci grill&eacute;, servi avec des l&eacute;gumes, du tapioca et de la noix de coco. Sp&eacute;cialit&eacute; de Bali.</p>\r\n\r\n<p>-&nbsp;<em>Bebek betutu :</em>&nbsp;une savoureuse sp&eacute;cialit&eacute; balinaise de canard. Farci et longuement cuit &agrave; l&#39;&eacute;touff&eacute;e dans une feuille de bananier, il se commande toujours la veille.</p>\r\n\r\n<p>-&nbsp;<em>Babi guling :</em>&nbsp;cochon farci et r&ocirc;ti &agrave; la broche. Excellent quand il n&#39;est pas trop gras. On le trouve surtout &agrave; Bali, le reste de l&#39;archipel &eacute;tant en grande majorit&eacute; musulman.</p>\r\n\r\n<p>&nbsp;</p>\r\n\r\n<p>Boissons balinaises</p>\r\n\r\n<p>-&nbsp;<em>Dans les endroits touristiques</em>, et plus particuli&egrave;rement &agrave; Bali, les restos proposent des vins australiens (bons mais chers), mais aussi du&nbsp;<em>vin balinais</em>&nbsp;(de raisin) qui se boit fort bien sous ces latitudes. Ils sont aussi servis en carafe ou au verre. Le ros&eacute; est un peu sucr&eacute;, mais il se &laquo; pique &raquo; rapidement. Le blanc est plus sec, donc meilleur.</p>\r\n\r\n<p>-&nbsp;<em>Les jus de fruits</em>&nbsp;frais font fureur, &agrave; Bali notamment. Pass&eacute;s au mixeur, ils gardent toute leur saveur. Go&ucirc;tez celui &agrave; l&#39;avocat (<em>apokat</em>), qui ressemble un peu au parfum des marrons glac&eacute;s car il est m&eacute;lang&eacute; &agrave; de la poudre de chocolat ! D&eacute;licieux. Les jus de fruits sont g&eacute;n&eacute;ralement servis avec de la glace pil&eacute;e (demandez-les pr&eacute;c&eacute;d&eacute;s du mot&nbsp;<em>es</em>), chaleur oblige !<br />\r\nEn principe, la glace est faite avec de l&#39;eau bouillie ou st&eacute;rilis&eacute;e, surtout dans les lieux touristiques. Vous serez surpris sur les march&eacute;s par toutes les boissons color&eacute;es dont les Indon&eacute;siens sont friands. Certaines ont de belles couleurs fluorescentes. Elles sont agr&eacute;ables &agrave; l&#39;&oelig;il mais, &agrave; notre avis, inutile de toutes les tester. L&#39;<em>es campur</em>&nbsp;que l&#39;on trouve sur de nombreuses cartes de restos est un m&eacute;lange de fruits, de gel&eacute;e et de glace pil&eacute;e. Il existe des tas de variantes.</p>\r\n\r\n<p>&nbsp;</p>', 4, 1, 0, NULL, '2015-12-17 13:58:08', 0, NULL, 0),
(208, 30, 'Jour 1 : Tunis – Lang Kawi', '<p><span style="line-height:1.6em">Arriv&eacute;e &agrave; l&rsquo;a&eacute;roport de Lang Kawi Accueil puis transfert a votre h&ocirc;tel.</span></p>\r\n\r\n<p><span style="line-height:1.6em">Diner Libre et nuit&eacute;e &agrave; l&#39;h&ocirc;tel.</span></p>', 1, 1, 0, NULL, '2015-12-22 11:01:15', 0, NULL, 0),
(209, 30, 'Jour 2 : Lang Kawi', '<p><span style="line-height:1.6em">Petit d&eacute;jeuner &agrave; l&rsquo;h&ocirc;tel. Puis Visite de la ferme de crocodile qui&nbsp;dispose d&#39;un large &eacute;ventail de crododiles&nbsp;dont certains tr&egrave;s rares. Ensuite, visite dela c&eacute;l&egrave;bre plage de sable noire et de&nbsp;Selayang Hot Spring la source d&rsquo;eau chaudequi est connue par son effet gu&eacute;rissant. Poursuivre au Mus&eacute;e Galleria Perdana, qui rassemble&nbsp;2500 cadeaux offerts &agrave; l&rsquo;ancien premier&nbsp;ministre Mahatir Mohamed, expos&eacute;s dans ce mus&eacute;e bien am&eacute;nag&eacute; et original. Apr&egrave;s vous allez d&eacute;couvrir la diversit&eacute; de la plus grande collection des animaux sauvages au plus grand parc couvert en Asie le Parc de Wild Life.</span></p>\r\n\r\n<p>Diner Libre et nuit&eacute;e &agrave; l&#39;h&ocirc;tel.</p>', 2, 1, 0, NULL, '2015-12-22 11:01:28', 0, NULL, 0),
(210, 30, 'Jour 3 : Lang Kawi', '<p><span style="line-height:1.6em">Petit d&eacute;jeuner &agrave; l&rsquo;h&ocirc;tel.</span></p>\r\n\r\n<p>Journ&eacute;e libre pour profiter de faire votre shopping dans les nombreux centres commerciaux qui se trouvent non loin de votre h&ocirc;tel. Diner Libre et nuit&eacute;e &agrave; l&#39;h&ocirc;tel.</p>', 3, 1, 0, NULL, '2015-12-22 11:01:41', 0, NULL, 0),
(211, 30, 'Jour 4 : Lang Kawi', '<p><span style="line-height:1.6em">Petit d&eacute;jeuner &agrave; l&rsquo;h&ocirc;tel.&nbsp;</span><span style="line-height:1.6em">Journ&eacute;e libre pour profiter de faire votre shopping dans les nombreux centres commerciaux qui se trouvent non loin de votre h&ocirc;tel. Diner Libre et nuit&eacute;e &agrave; l&#39;h&ocirc;tel.</span></p>', 4, 1, 0, NULL, '2015-12-22 11:01:58', 0, NULL, 0),
(212, 30, 'Jour 5: Lang Kawi – Kuala Lumpur :', '<p><span style="line-height:1.6em">Petit d&eacute;jeuner &agrave; l&rsquo;h&ocirc;tel. Puis transfert &agrave; l&#39;a&eacute;roport de Lang Kawi pour le d&eacute;part a Kuala Lumpur.</span></p>\r\n\r\n<p><span style="line-height:1.6em">Arriv&eacute;e &agrave; Kuala a&eacute;roport, &nbsp;Accueil par nos repr&eacute;sentants et transfert &agrave; votre h&ocirc;tel. D&icirc;ner Libre et nuit&eacute;e &agrave; l&#39;h&ocirc;tel.</span></p>', 5, 1, 0, NULL, '2015-12-22 11:02:13', 0, NULL, 0),
(213, 30, 'Jour 6 : Kuala Lumpur :', '<p><span style="line-height:1.6em">Petit d&eacute;jeuner &agrave; l&rsquo;h&ocirc;tel. Puis visite du Mus&eacute;e National Museum Negara, le Mus&eacute;e des Arts Kraft, le Palais du Roi. Un petit tour &agrave; faire aussi &agrave; Merdeka Square, la place de l&#39;ind&eacute;pendance ctte immense place qui demeure le c&oelig;ur historique de la capitaleo&ugrave; se d&eacute;roulent les c&eacute;r&eacute;monies nationales.</span></p>\r\n\r\n<p>Diner Libre et nuit&eacute;e &agrave; l&#39;h&ocirc;tel.</p>', 6, 1, 0, NULL, '2015-12-22 11:02:27', 0, NULL, 0),
(214, 30, 'Jour 7 : Kuala Lumpur :', '<p><span style="line-height:1.6em">Petit d&eacute;jeuner &agrave; l&rsquo;h&ocirc;tel.</span></p>\r\n\r\n<p>Journ&eacute;e libre pour profiter de faire votre shopping dans les nombreux centres commerciaux qui se trouvent non loin de votre h&ocirc;tel. Diner Libre et nuit&eacute;e &agrave; l&#39;h&ocirc;tel.</p>', 7, 1, 0, NULL, '2015-12-22 11:02:38', 0, NULL, 0),
(215, 30, 'Jour 8 : Kuala Lumpur :', '<p><span style="line-height:1.6em">Petit d&eacute;jeuner &agrave; l&rsquo;h&ocirc;tel.</span></p>\r\n\r\n<p>D&eacute;part de l&#39;H&ocirc;tel, transfert &agrave; l&rsquo;&eacute;norme complexe de loisir Genting qui&nbsp;se trouve sur une montagne, ce qui lui conf&egrave;re un climat tr&egrave;s diff&eacute;rent du reste de la p&eacute;ninsule Malaisienne: il y fait frais et la cit&eacute; est souvent enfouie dans le brouillard, profitez du parc d&rsquo;attraction et des meilleures vues des paysages magnifiques.</p>\r\n\r\n<p>Retour &agrave; Kuala Lumpur. D&icirc;ner Libre et nuit&eacute;e &agrave; l&#39;h&ocirc;tel.</p>', 8, 1, 0, NULL, '2015-12-22 11:03:02', 0, NULL, 0),
(216, 30, 'Jour 9 : Kuala Lumpur :', '<p><span style="line-height:1.6em">Petit d&eacute;jeuner &agrave; l&rsquo;h&ocirc;tel.</span></p>\r\n\r\n<p>Journ&eacute;e libre pour profiter de visiter la ville et les centres commerciaux.</p>\r\n\r\n<p>Le soir Diner spectacle avec danses culturelles. Nuit&eacute;e &agrave; l&#39;h&ocirc;tel.</p>', 9, 1, 0, NULL, '2015-12-22 11:03:19', 0, NULL, 0),
(217, 30, 'Jour 10 : Kuala Lumpur – Tunis :', '<p><span style="line-height:1.6em">Petit d&eacute;jeuner, puis transfert &agrave; l&rsquo;a&eacute;roport et retour &agrave; Tunis.</span></p>', 10, 1, 0, NULL, '2015-12-22 11:03:32', 0, NULL, 0),
(218, 30, 'Le Forfait de base comprend:', '<p>Les transferts A&eacute;roport-H&ocirc;tel-A&eacute;roport &agrave; Kuala Lumpur et Lang Kawi</p>\r\n\r\n<p>4 nuit&eacute;es &agrave; Lang Kawi.</p>\r\n\r\n<p>5 nuit&eacute;es &agrave; Kuala Lumpur.</p>\r\n\r\n<p>Demi-journ&eacute;e Visite de la ville de Kuala Lumpur.</p>\r\n\r\n<p>Demi-journ&eacute;e Visite de la ville de Lang Kawi.</p>\r\n\r\n<p>&nbsp;D&icirc;ner spectacle dans un restaurant local.</p>', 11, 1, 1, NULL, '2015-12-22 11:04:15', 0, NULL, 0),
(228, 32, 'Jour 01: Tunis-Barcelone', '<p>Arriver &agrave; Barcelone.</p>\r\n\r\n<p>Transferts &agrave; l&#39;h&ocirc;tel.</p>\r\n\r\n<p>check In et installation.</p>\r\n\r\n<p>&nbsp;</p>', 1, 1, 0, NULL, '2015-12-23 08:17:18', 0, NULL, 0),
(229, 32, 'Jour 2: Barcelone', '<p>Petit-d&eacute;jeuner &agrave; l&#39;h&ocirc;tel.</p>\r\n\r\n<p>D&eacute;part pour la visite de la ville de barcelone.</p>\r\n\r\n<p>Temsp libre.</p>\r\n\r\n<p>Nuit &agrave; l&#39;h&ocirc;tel.</p>', 2, 1, 0, NULL, '2015-12-23 08:19:12', 0, NULL, 0),
(230, 32, 'Jour 3-7: Barcelone', '<p>Journ&eacute;es libres pour shopping et d&eacute;tente.</p>', 3, 1, 0, NULL, '2015-12-23 08:19:53', 0, NULL, 0),
(231, 32, 'Jour 8: Barcelone', '<p>Petit-d&eacute;jeuner &agrave; l&#39;h&ocirc;tel.</p>\r\n\r\n<p>D&eacute;part &agrave; l&#39;a&eacute;roport de Barcelone pour prendre le vol &agrave; Tunis.</p>\r\n\r\n<p>Arriver &agrave; Tunis.</p>', 8, 1, 0, NULL, '2015-12-23 08:21:29', 0, NULL, 0),
(232, 33, 'Jour 01: Tunis-Madrid', '<p>Arriver &agrave; Madrid..</p>\r\n\r\n<p>Transferts &agrave; l&#39;h&ocirc;tel.</p>\r\n\r\n<p>check In et installation.</p>', 1, 1, 0, NULL, '2015-12-23 08:25:52', 0, NULL, 0),
(233, 33, 'Jour 2: Madrid', '<p><span style="line-height:1.6em">Petit-d&eacute;jeuner &agrave; l&#39;h&ocirc;tel.</span></p>\r\n\r\n<p>D&eacute;part pour la visite de la ville de Madrid.</p>\r\n\r\n<p>Temsp libre.</p>\r\n\r\n<p>Nuit &agrave; l&#39;h&ocirc;tel.</p>', 2, 1, 0, NULL, '2015-12-23 08:26:20', 0, NULL, 0),
(234, 33, 'Jour 3-7: Madrid', '<p><span style="line-height:1.6em">Journ&eacute;es libres pour shopping et d&eacute;tente.</span></p>', 3, 1, 0, NULL, '2015-12-23 08:26:43', 0, NULL, 0),
(235, 33, 'Jour 8: Madrid', '<p>Petit-d&eacute;jeuner &agrave; l&#39;h&ocirc;tel.</p>\r\n\r\n<p>D&eacute;part &agrave; l&#39;a&eacute;roport de Madrid pour prendre le vol &agrave; Tunis.</p>\r\n\r\n<p>Arriver &agrave; Tunis.</p>', 8, 1, 0, NULL, '2015-12-23 08:27:32', 0, NULL, 0),
(236, 32, 'Le Forfait de base comprend:', '<ul>\r\n	<li>7 nuits H&ocirc;tel au centre en petit-d&eacute;jeuner</li>\r\n	<li>Transfert A&eacute;roport &ndash;H&ocirc;tel &ndash; A&eacute;roport</li>\r\n	<li>Demi journ&eacute;e de visite Barcelona</li>\r\n	<li>Asistance 24/24</li>\r\n</ul>', 9, 1, 1, NULL, '2015-12-23 08:28:50', 0, NULL, 0),
(237, 32, 'Le forfait de base ne comprend pas', '<ul>\r\n	<li>L&rsquo;assurance &amp; le timbre de voyage</li>\r\n	<li>Les d&eacute;penses personnelles</li>\r\n	<li>D&rsquo;une fa&ccedil;on g&eacute;n&eacute;rale tout ce qui n&rsquo;est pas mentionn&eacute; dans la rubrique &laquo;&nbsp;<strong>Le forfait de base comprend&nbsp;&raquo;</strong></li>\r\n</ul>', 11, 1, 1, NULL, '2015-12-23 08:33:19', 0, NULL, 0);
INSERT INTO `ost_vo_descriptions` (`id`, `voyage_id`, `libelle`, `texte`, `ordre`, `visible`, `lateral`, `titre`, `updated_at`, `photoVisible`, `path`, `type`) VALUES
(238, 34, 'Jour 1: Tunis – Kuala Lumpur', '<p><span style="line-height:1.6em">Arriv&eacute;e &agrave; l&rsquo;a&eacute;roport international du Kuala Lumpur, Assistance&nbsp;et Transfert &agrave; l&rsquo;h&ocirc;tel Pr&eacute;sentation du Programme.</span></p>', 1, 1, 0, NULL, '2015-12-23 09:50:22', 0, NULL, 0),
(239, 34, 'Jour 2: Kuala Lumpur – City Tours', '<p><span style="line-height:1.6em">Petit d&eacute;jeun&eacute;e &agrave; l&rsquo;h&ocirc;tel. A 9h30 d&eacute;part vers l&rsquo;ambassade du Tha&iuml;lande pour le r&egrave;glement du visa. Puis d&eacute;part pour une journ&eacute;e de d&eacute;couverte&nbsp;des monuments culturels et religieux de Kuala Lumpur&nbsp;: Le Palais Royale, la Mosqu&eacute;e National, visite du Tour Jumelles Petronas et les cascade du Templer Park.</span></p>', 2, 1, 0, NULL, '2015-12-23 09:50:36', 0, NULL, 0),
(240, 34, 'Jour 3: Kuala Lumpur – Genting Highlands – Kuala Lumpur (EXTRA)', '<p>Petit d&eacute;jeun&eacute;e &agrave; l&rsquo;h&ocirc;tel &agrave; 10h &nbsp;d&eacute;part pour une journ&eacute;e d&rsquo;excursion&nbsp;: Visite du Temple Indien Batu Cavespuis continuation vers&nbsp;l&rsquo;&eacute;norme complexe de loisir Genting&nbsp;Highlands Theme Park Genting Highlands Cable Car, et&nbsp; Genting Highlands Casino.</p>\r\n\r\n<p>Le soir d&eacute;part pour un D&icirc;ner-buffet au plus haut restaurent tournant de la Tour de Kuala Lumpur (276 m&egrave;tre de hauteur). (R&eacute;servation obligatoire) (<strong>EXTRA)</strong></p>', 3, 1, 0, NULL, '2015-12-23 09:51:11', 0, NULL, 0),
(241, 34, 'Jour 4: Kuala Lumpur – Phuket', '<p><span style="line-height:1.6em">Petit d&eacute;jeuner &agrave; l&rsquo;h&ocirc;tel, regroupement &agrave; la r&eacute;ception transfert &agrave; l&rsquo;a&eacute;roport du Kuala Lumpur pour d&eacute;part vers le paradis du Tha&iuml;lande Phuket. Arriv&eacute;e, assistance et transfert vers l&rsquo;h&ocirc;tel. Attribution de la chambre et r&eacute;union avec le guide local pour pr&eacute;senter les excursions</span><strong style="line-height:1.6em">.</strong></p>', 4, 1, 0, NULL, '2015-12-23 09:51:30', 0, NULL, 0),
(242, 34, 'Jour 5: Phuket – Phi Phi Island – Phuket', '<p><span style="line-height:1.6em">Petit d&eacute;jeuner &agrave; l&rsquo;h&ocirc;tel, &agrave; 7h30 D&eacute;part pour une journ&eacute;e d&lsquo;excursion aux merveilleuses &icirc;les du monde Phi Phi Island. Le premier arr&ecirc;t est &agrave; la crique cach&eacute;e de Ao Ling (Monkey Bay, la Baie des singes) &agrave; Koh Phi Phi Don. Ensuite,&nbsp;D&eacute;part pour le site magnifique Hin Klang, profitez de la plong&eacute;e dans une eau si limpide au-dessus du r&eacute;cif de corail avec sa vie sous-marine color&eacute;e et fantastique&nbsp;se d&eacute;tendre ou nager dans Koh Mai Pai (Bamboo Island) avant d&#39;arriver &agrave; Koh Phi Phi Don pour un excellent Sp&eacute;cial Buffet s&eacute;lectionn&eacute; by Island Hopper. Le reste de la journ&eacute;e &agrave; Phi Phi Leh, en visitant la baie de Maya o&ugrave; s&rsquo;est tourn&eacute; le film hollywoodien &quot;La Plage&quot;, plong&eacute;e en apn&eacute;e dans l&rsquo;une des eaux les plus limpides de la plan&egrave;te.</span></p>', 5, 1, 0, NULL, '2015-12-23 09:51:42', 0, NULL, 0),
(243, 34, 'Jour 6: Phuket – James Bond Island – Phuket (EXTRA)', '<p><span style="line-height:1.6em">Petit d&eacute;jeuner &agrave; l&rsquo;h&ocirc;tel. D&eacute;part &agrave; 7h30 pour une journ&eacute;e d&rsquo;excursion pour d&eacute;couvrir l&rsquo;&icirc;le de James Bond, o&ugrave; le film &laquo;L&#39;Homme au pistolet d&#39;or&quot; avec Roger Moore et Christopher Lee a &eacute;t&eacute; tourn&eacute; en 1974, et visite en kayak les lagunes et les petits passages des grottes majestueuses. Ce voyage passionnant offre des vues sur le meilleur des paysages de Phang Nga Bay. Apr&egrave;s le d&eacute;jeuner (buffet &agrave; bord), vous aurez du temps libre pour profiter du soleil, la baignade et plong&eacute;e en apn&eacute;e &agrave; l&#39;&icirc;le de Lawa.</span></p>', 6, 1, 0, NULL, '2015-12-23 09:51:54', 0, NULL, 0),
(244, 34, 'Jour 7: Phuket – Island Safari – Phuket (EXTRA)', '<p><span style="line-height:1.6em">Petit d&eacute;jeuner &agrave; l&rsquo;h&ocirc;tel, &agrave; 7h30 D&eacute;part pour une journ&eacute;e d&rsquo;excursion vers l&rsquo;aventure et les jungles du Tha&iuml;lande ou vous allez faire du rafting &agrave; une distance de 5 km, le trekking d&#39;&eacute;l&eacute;phant (30 minute) et mini&nbsp;marche&nbsp;vers les cascades pour nager, Monkey Show, &eacute;l&eacute;phant show et un d&eacute;jeuner inclus.</span></p>\r\n\r\n<p>Le soir Diner Show FANTASEA &agrave; l&rsquo;Ultimate Cultural Theme Park (OPTION).</p>', 7, 1, 0, NULL, '2015-12-23 09:52:07', 0, NULL, 0),
(245, 34, 'Jour 8: Phuket – Kuala Lumpur – Tunis', '<p><span style="line-height:1.6em">Petit d&eacute;jeun&eacute;e &agrave; l&rsquo;h&ocirc;tel et d&eacute;part vers l&rsquo;a&eacute;roport du Phuket Vol vers Kuala Lumpur et retour &agrave; Tunis.</span></p>', 8, 1, 0, NULL, '2015-12-23 09:53:19', 0, NULL, 0),
(246, 34, 'Le Forfait de base comprend:', '<ul>\r\n	<li>Les Vols</li>\r\n	<li>Les transferts A&eacute;roport-H&ocirc;tel-A&eacute;roport</li>\r\n	<li>Transfert vers l&rsquo;Ambassade du Tha&iuml;lande en Malaisie&nbsp;</li>\r\n	<li>3&nbsp;nuit&eacute;es &agrave; Kuala Lumpur&nbsp;en Logement Petit D&eacute;jeuner.</li>\r\n	<li>4&nbsp;nuit&eacute;es &agrave;&nbsp;Phuket&nbsp;en Logement Petit D&eacute;jeuner.</li>\r\n	<li>Excursion &agrave; Kuala Lumpur City Tours</li>\r\n	<li>Excursion &agrave; Phuket Phi Phi Island&nbsp;</li>\r\n</ul>', 9, 1, 1, NULL, '2016-02-01 14:45:42', 0, NULL, 0),
(247, 34, 'Le forfait de base ne comprend pas', '<ul>\r\n	<li>Les Excursions et les Programmes en Option ou en Extra</li>\r\n	<li>Vol Kuala&nbsp;/ Phuket&nbsp; +/- 115 Euro par pax</li>\r\n	<li>Toutes Autres Prestations ou Services qui ne sont pas Mentionn&eacute;s Ci-dessus</li>\r\n</ul>', 10, 1, 1, NULL, '2015-12-23 09:55:27', 0, NULL, 0),
(248, 34, 'Les excursions en Extra', '<ul>\r\n	<li>Gentling highland avec ticket&nbsp;t&eacute;l&eacute;ph&eacute;rique: 199 tnd/personne</li>\r\n	<li>Restaurant Tournant (kl Tower) avec Transferts:298 tnd/personne</li>\r\n	<li>James Bond Island a Phuket:&nbsp;215 tnd/personne</li>\r\n	<li>Rafting and Ride on Elephant &agrave; Phuket: 215&nbsp;tnd/personne</li>\r\n	<li>Fantasia Diner Show a Phuket avec Transferts: 285&nbsp;&nbsp;tnd/personne</li>\r\n</ul>', 11, 1, 1, '11', '2015-12-23 10:01:18', 0, NULL, 0),
(249, 35, 'Jour 1: Tunis – Bangkok:', '<p><span style="line-height:1.6em">Arriv&eacute;e &agrave; l&rsquo;a&eacute;roport international du Bangkok, Assistance&nbsp;et Transfert &agrave; l&rsquo;h&ocirc;tel. Pr&eacute;sentation du Programme.</span></p>', 1, 1, 0, NULL, '2015-12-23 10:30:42', 0, NULL, 0),
(250, 35, 'Jour 2: Bangkok - City Tours :', '<p><span style="line-height:1.6em">Petit d&eacute;jeun&eacute;e &agrave; l&rsquo;h&ocirc;tel, &agrave; 10h d&eacute;part pour une journ&eacute;e d&lsquo;excursion&nbsp;City Tour Bangkok pour d&eacute;couvrir Chao Phraya le principal fleuve qui traverse Bankok, ensuite visite du Palais Royale le site le plus c&eacute;l&egrave;bre de Bangkok vous allez admirez les d&ocirc;mes dor&eacute;s, les cloch&eacute;s inspirant et les &eacute;normes statues en bronze vivement d&eacute;cor&eacute;es. Continuation vers le Temple Bouddha Wat Pho un des plus populaire de la ville et c&eacute;l&egrave;bre pour la grande statue de Bouddha Couch&eacute;. Enfin visite du Grand Centre Commercial MBK Center. D&icirc;ner libre et nuit&eacute;e &agrave; l&rsquo;h&ocirc;tel.</span></p>', 2, 1, 0, NULL, '2015-12-23 10:30:54', 0, NULL, 0),
(251, 35, 'Jour 3: Bangkok – Damnoen Saduak – Bangkok (EXTRA) :', '<p><span style="line-height:1.6em">Petit d&eacute;jeun&eacute;e &agrave; l&rsquo;h&ocirc;tel. D&eacute;part &agrave; 7h pour une excursion (matin&eacute;e) pour visiter le March&eacute; Flottant Damnoen Saduak, situ&eacute; &agrave; 110 km &agrave; l&rsquo;ouest de Bangkok, un march&eacute; toujours color&eacute; et anim&eacute;. Le soir DINER CROISIERE &agrave; BANGKOK (EXTRA). &nbsp;</span></p>', 3, 1, 0, NULL, '2015-12-23 10:31:09', 0, NULL, 0),
(252, 35, 'Jour 4: Bangkok – Phuket', '<p><span style="line-height:1.6em">Petit d&eacute;jeun&eacute;e &agrave; l&rsquo;h&ocirc;tel, regroupement &agrave; la r&eacute;ception et apr&egrave;s d&eacute;part vers l&rsquo;a&eacute;roport du Bangkok pour le d&eacute;part vers le paradis du Tha&iuml;lande Phuket. Arriv&eacute;e, assistance et transfert vers l&rsquo;h&ocirc;tel. Attribution de la chambre et r&eacute;union avec le guide local pour pr&eacute;senter les excursions.</span></p>', 4, 1, 0, NULL, '2015-12-23 10:31:23', 0, NULL, 0),
(253, 35, 'Jour 5: Phuket – Phi Phi Island – Phuket', '<p><span style="line-height:1.6em">Petit d&eacute;jeuner &agrave; l&rsquo;h&ocirc;tel, &agrave; 7h30 D&eacute;part pour une journ&eacute;e d&lsquo;excursion aux merveilleuses &icirc;les du monde Phi Phi Island. Le premier arr&ecirc;t est au crique cach&eacute;e de Ao Ling (Monkey Bay, la Baie des singes) &agrave; Koh Phi Phi Don. Ensuite, D&eacute;part pour le site magnifique Hin Klang, profitez de la plong&eacute;e dans une eau si limpide au-dessus du r&eacute;cif de corail avec sa vie sous-marine color&eacute;e et fantastique se d&eacute;tendre ou nager dans Koh Mai Pai (Bamboo Island) avant d&#39;arriver &agrave; Koh Phi Phi Don pour un excellent Sp&eacute;cial Buffet s&eacute;lectionn&eacute; by Island Hopper. Le reste de la journ&eacute;e &agrave; Phi Phi Leh, en visitant la baie de Maya o&ugrave; s&rsquo;est tourner le film hollywoodien &quot;La Plage&quot;, plong&eacute;e en apn&eacute;e dans l&rsquo;une des eaux les plus limpides de la plan&egrave;te.</span></p>', 5, 1, 0, NULL, '2015-12-23 10:32:19', 0, NULL, 0),
(254, 35, 'Jour 6: Phuket – James BondIsland – Phuket (EXTRA)', '<p><span style="line-height:1.6em">Petit d&eacute;jeuner &agrave; l&rsquo;h&ocirc;tel. D&eacute;part &agrave; 7h30 pour une journ&eacute;e d&rsquo;excursion pour d&eacute;couvrir l&rsquo;&icirc;le de James Bond, o&ugrave; le film &laquo;L&#39;Homme au pistolet d&#39;or&quot; avec Roger Moore et Christopher Lee a &eacute;t&eacute; tourn&eacute; en 1974, et visite en kayak les lagunes et les petits passages des grottes majestueuses. Ce voyage passionnant offre des vues sur le meilleur des paysages de Phang Nga Bay. &nbsp;Apr&egrave;s le d&eacute;jeuner (buffet &agrave; bord), vous aurez du temps libre pour profiter du soleil, la baignade et plong&eacute;e en apn&eacute;e &agrave; l&#39;&icirc;le de Lawa.</span></p>', 6, 1, 0, NULL, '2015-12-23 10:32:57', 0, NULL, 0),
(255, 35, 'Jour 7: Phuket – Island Safari – Phuket (EXTRA)', '<p><span style="line-height:1.6em">Petit d&eacute;jeuner &agrave; l&rsquo;h&ocirc;tel, &agrave; 7h30 D&eacute;part&nbsp; pour une journ&eacute;e d&rsquo;excursion vers les aventure et les jungle du Tha&iuml;lande ou vous allez faire du rafting &agrave; une distance de 5 km, le trekking d&#39;&eacute;l&eacute;phant (30 minute) et mini&nbsp;marche&nbsp;vers les cascades pour nager, monkey show, &eacute;l&eacute;phant show et un d&eacute;jeuner inclus.</span></p>\r\n\r\n<p>Le soir soir&eacute;e d&icirc;ner FANTASEA the ultimate cultural thempark (EXTRA)</p>', 7, 1, 0, NULL, '2015-12-23 10:33:58', 0, NULL, 0),
(256, 35, 'Jour 8: Phuket – Bangkok – Tunis', '<p><span style="line-height:1.6em">Petit d&eacute;jeun&eacute;e &agrave; l&rsquo;h&ocirc;tel et d&eacute;part vers l&rsquo;a&eacute;roport du Phuket. Vol vers Bangkok et Retour &agrave; Tunis.</span></p>', 8, 1, 0, NULL, '2015-12-23 10:36:17', 0, NULL, 0),
(257, 35, 'Le Forfait de base comprend:', '<ul>\r\n	<li>Les transferts A&eacute;roport-H&ocirc;tel-A&eacute;roport</li>\r\n	<li>3&nbsp;nuit&eacute;es Bangkok&nbsp;en Logement Petit D&eacute;jeuner.</li>\r\n	<li>4&nbsp;nuit&eacute;es &agrave;&nbsp;Phuket&nbsp;en Logement Petit D&eacute;jeuner.</li>\r\n	<li>Excursion &agrave;&nbsp;Bangkok City Tours Priv&eacute;e avec guide francophone</li>\r\n	<li>Excursion &agrave; Phuket Phi Phi Island&nbsp;</li>\r\n</ul>', 9, 1, 1, NULL, '2015-12-23 10:37:33', 0, NULL, 0),
(258, 35, 'Le forfait de base ne comprend pas', '<ul style="list-style-type:circle">\r\n	<li>Les Excursions et les Programmes en Option ou en Extra</li>\r\n	<li>Vol Bangkok &ndash; Phuket - Bangkok&nbsp; +/- 210 Euro par pax</li>\r\n	<li>Toutes Autres Prestations ou Services qui ne sont pas Mentionn&eacute;s Ci-dessus</li>\r\n</ul>', 10, 1, 1, NULL, '2015-12-23 10:37:22', 0, NULL, 0),
(259, 35, 'Les excursions en Extra', '<ul>\r\n	<li>March&eacute; Flottant Damnoen Saduak: 255 DT/personne</li>\r\n	<li>Diner croisi&egrave;re &agrave; Bangkok avec Transferts: 215&nbsp;DT/personne</li>\r\n	<li>James Bond Island a Phuket: 215&nbsp;DT/personne</li>\r\n	<li>Island Safari&nbsp;Rafting and Ride on Elephant &agrave; Phuket:&nbsp;215&nbsp;DT/personne</li>\r\n	<li>Fantasia Diner Show a Phuket avec Transferts: 285&nbsp;DT/personne</li>\r\n</ul>', 11, 1, 1, NULL, '2015-12-23 10:39:32', 0, NULL, 0),
(260, 36, 'Jour 1: Tunis - Phuket :', '<p><span style="line-height:1.6em">Arriv&eacute;e &agrave; l&rsquo;a&eacute;roport international du Phuket. Assistance et&nbsp;Transfert &agrave; l&rsquo;h&ocirc;tel (1 heure).</span></p>\r\n\r\n<p>Pr&eacute;sentation du Programme.</p>', 1, 1, 0, NULL, '2015-12-23 10:46:09', 0, NULL, 0),
(261, 36, 'Jour 2: Phuket - Phi Phi Island – Phuket', '<p><span style="line-height:1.6em">Petit d&eacute;jeuner &agrave; l&rsquo;h&ocirc;tel, &agrave; 7h30 D&eacute;part pour une journ&eacute;e d&lsquo;excursion aux merveilleuses &icirc;les du monde Phi Phi Island. Le premier arr&ecirc;t est &agrave; la crique cach&eacute;e de Ao Ling (Monkey Bay, la Baie des singes) &agrave; Koh Phi Phi Don. Ensuite,&nbsp;D&eacute;part pour le site magnifique Hin Klang, profitez de la plong&eacute;e dans une eau si limpide au-dessus du r&eacute;cif de corail avec sa vie sous-marine color&eacute;e et fantastique&nbsp;se d&eacute;tendre ou nager dans Koh Mai Pai (Bamboo Island) avant d&#39;arriver &agrave; Koh Phi Phi Don pour un excellent Sp&eacute;cial Buffet s&eacute;lectionn&eacute; by Island Hopper. Le reste de la journ&eacute;e &agrave; Phi Phi Leh, en visitant la baie de Maya o&ugrave; s&rsquo;est tourn&eacute; le film hollywoodien &quot;La Plage&quot;, plong&eacute;e en apn&eacute;e dans l&rsquo;une des eaux les plus limpides de la plan&egrave;te.</span></p>', 2, 1, 0, NULL, '2015-12-23 10:46:23', 0, NULL, 0),
(262, 36, 'Jour 3: Phuket - James Bond Island – Phuket (Extra)', '<p><span style="line-height:1.6em">Petit d&eacute;jeuner &agrave; l&rsquo;h&ocirc;tel. D&eacute;part &agrave; 7h30 pour une journ&eacute;e d&rsquo;excursion pour d&eacute;couvrir l&rsquo;&icirc;le de James Bond, o&ugrave; le film &laquo;L&#39;Homme au pistolet d&#39;or&quot; avec Roger Moore et Christopher Lee a &eacute;t&eacute; tourn&eacute; en 1974, et visite en kayak les lagunes et les petits passages des grottes majestueuses. Ce voyage passionnant offre des vues sur le meilleur des paysages de Phang Nga Bay. Apr&egrave;s le d&eacute;jeuner (buffet &agrave; bord), vous aurez du temps libre pour profiter du soleil, la baignade et plong&eacute;e en apn&eacute;e &agrave; l&#39;&icirc;le de Lawa.</span></p>', 3, 1, 0, NULL, '2015-12-23 10:46:36', 0, NULL, 0),
(263, 36, 'Jour 4: Phuket – Island Safari – Phuket (Extra)', '<p><span style="line-height:1.6em">Petit d&eacute;jeuner &agrave; l&rsquo;h&ocirc;tel, &agrave; 7h30 D&eacute;part pour une journ&eacute;e d&rsquo;excursion vers l&rsquo;aventure et les jungles du Tha&iuml;lande ou vous allez faire du rafting &agrave; une distance de 5 km, le trekking d&#39;&eacute;l&eacute;phant (30 minute) et mini&nbsp;marche&nbsp;vers les cascades pour nager, Monkey Show, &eacute;l&eacute;phant show et un d&eacute;jeuner inclus.</span></p>', 4, 1, 0, NULL, '2015-12-23 10:46:50', 0, NULL, 0),
(264, 36, 'Jour 5: Phuket – Diner Show FantaSea (Extra)', '<p><span style="line-height:1.6em">Petit&nbsp; d&eacute;jeuner &agrave; l&rsquo;h&ocirc;tel.</span></p>\r\n\r\n<p>Journ&eacute;e libre</p>\r\n\r\n<p>Le soir Diner Show FANTASEA &agrave; l&rsquo;Ultimate Cultural Theme Park (OPTION)</p>', 5, 1, 0, NULL, '2015-12-23 10:47:05', 0, NULL, 0),
(265, 36, 'Jour 5: Phuket – Diner Show FantaSea (Extra)', '<p><span style="line-height:1.6em">Petit&nbsp; d&eacute;jeuner &agrave; l&rsquo;h&ocirc;tel.</span></p>\r\n\r\n<p>Journ&eacute;e libre</p>\r\n\r\n<p>Le soir Diner Show FANTASEA &agrave; l&rsquo;Ultimate Cultural Theme Park (OPTION)</p>', 5, 1, 0, NULL, '2015-12-23 10:47:05', 0, NULL, 0),
(266, 36, 'Jour 6: Phuket – City tours (Extra)', '<p><span style="line-height:1.6em">Petit&nbsp; d&eacute;jeun&eacute;e &agrave; l&rsquo;h&ocirc;tel&nbsp;; demi-journ&eacute;e libre pour la d&eacute;tente sur la plage du Patong Beach ou vous pouvez faire un city tours avec notre guide local&nbsp;: les parcs des animaux, le plus grand bijoutier en Asie Gems Gallery et les plus fameux temples du Phuket etc&hellip;</span></p>', 6, 1, 0, NULL, '2015-12-23 10:47:16', 0, NULL, 0),
(267, 36, 'Jour 7 : Phuket – Tunis', '<p><span style="line-height:1.6em">Petit&nbsp; d&eacute;jeun&eacute;e &agrave; l&rsquo;h&ocirc;tel&nbsp;et d&eacute;part vers&nbsp; l&rsquo;a&eacute;roport du Phuket Retour a Tunis.</span></p>', 7, 1, 0, NULL, '2015-12-23 10:47:34', 0, NULL, 0),
(268, 36, 'Le Forfait de base comprend:', '<ul style="list-style-type:circle">\r\n	<li>Les transferts A&eacute;roport-H&ocirc;tel-A&eacute;roport</li>\r\n	<li>6 nuit&eacute;es &agrave; Phuket en Logement Petit D&eacute;jeuner</li>\r\n	<li>Excursion Phi Phi Island.</li>\r\n</ul>', 8, 1, 1, NULL, '2015-12-23 10:47:54', 0, NULL, 0),
(269, 36, 'N.B :', '<ul>\r\n	<li>\r\n	<h1><span style="font-size:13px; line-height:1.6em">Visa THAILANDE : A Tunis 55 TND.</span></h1>\r\n	</li>\r\n	<li>PASSEPORT&nbsp;: Valable pas moins de 6 mois de la date de Retour.</li>\r\n</ul>', 9, 1, 1, NULL, '2015-12-23 10:50:02', 0, NULL, 0),
(270, 27, 'Jour 01 :11 Février 2016 Tunis-Istanbul- Delhi', '<p><span style="line-height:1.6em">D&eacute;part de Tunis&nbsp; sur&nbsp;</span><strong style="line-height:1.6em">TK</strong><strong style="line-height:1.6em">662</strong><span style="line-height:1.6em">&nbsp; d&eacute;collage &agrave;&nbsp;</span><strong style="line-height:1.6em">11h35</strong><span style="line-height:1.6em">&nbsp;de Tunis. Arriv&eacute;e &agrave; Istanbul&nbsp; &agrave;&nbsp;&nbsp;</span><strong style="line-height:1.6em">15h25</strong><span style="line-height:1.6em">.Temps de transit &agrave; l&rsquo;a&eacute;roport d&rsquo;Istanbul .D&eacute;collage sur&nbsp;</span><strong style="line-height:1.6em">TK 716</strong><span style="line-height:1.6em">&nbsp;&agrave;&nbsp;&nbsp;</span><strong style="line-height:1.6em">19h45</strong><span style="line-height:1.6em">&nbsp; vers Delhi.</span></p>', 1, 1, 0, NULL, '2015-12-23 15:50:47', 0, NULL, 0),
(271, 27, 'Jour 02 : 12 Février 2016  Delhi (Petit déjeuner et  Diner)', '<p>Arriv&eacute;e &agrave; l&rsquo;a&eacute;roport international de Delhi &agrave;&nbsp;<strong>05h10</strong>&nbsp;heure locale. Assistance et transfert par notre correspondant local &agrave; l&rsquo;h&ocirc;tel. Petit d&eacute;jeuner &agrave; l&rsquo;h&ocirc;tel d&eacute;s arriv&eacute;e.&nbsp;<strong>Vous aurez quelques&nbsp; chambres&nbsp; pour vous reposer</strong>, le temps de&nbsp;&nbsp; la remise des chambres &agrave;&nbsp;<strong>12h00</strong>.</p>\r\n\r\n<p>Temps pour vous reposer un peu&nbsp; avant de partir vers&nbsp;&nbsp;<strong>14h00</strong>&nbsp;pour la&nbsp; d&eacute;couverte de&nbsp;<strong>New&nbsp; Delhi</strong>, la capitale de l&#39;union indienne.</p>\r\n\r\n<p>&nbsp;Elle r&eacute;unit l&rsquo;Old Delhi et le New Delhi en une seule agglom&eacute;ration. Vous commencerez votre visite par le New Delhi qui&nbsp; correspondant &agrave; la partie moderne comprenant&nbsp; la&nbsp; cit&eacute; r&eacute;sidentielle de la ville, les&nbsp; beaux jardins, les&nbsp; parcs immenses.&nbsp;</p>\r\n\r\n<p>&nbsp;Vous visiterez&nbsp;&nbsp;<strong>l&rsquo;India Gate</strong>, l&rsquo;arc de triomphe indien, &quot;<strong>Connaught Place</strong>&quot; et&nbsp;<strong>Jan Path</strong>, importantes art&egrave;res commerciales ainsi que&nbsp;&nbsp;<strong>Le Raj Ghat</strong>&nbsp;: beau parc d&#39;une grande simplicit&eacute;, o&ugrave; fut incin&eacute;r&eacute;e Gandhi. Vous pourrez au passage admirer de l&rsquo;ext&eacute;rieur le majestueux Tombeau d&rsquo;Humayun. D&eacute;jeuner libre. Puis visite du&nbsp;<strong>Temple Sikh</strong>&nbsp;et temps pour faire du shopping dans le centre de Delhi. Retour &agrave; l&rsquo;h&ocirc;tel en fin de journ&eacute;e,&nbsp;&nbsp;<strong>d&icirc;ner en buffet et nuit &agrave; l&rsquo;h&ocirc;tel.</strong></p>', 2, 1, 0, NULL, '2015-12-23 15:51:11', 0, NULL, 0),
(272, 27, 'Jour 03 : 13 Février 2016  Delhi –Agra (Petit déjeuner et  Diner) 03H30 de  route', '<p><span style="line-height:1.6em">R&eacute;veil matinal, petit d&eacute;jeuner &agrave; l&rsquo;h&ocirc;tel. Remise de vos chambres et&nbsp; d&eacute;part&nbsp; vers&nbsp;</span><strong style="line-height:1.6em">09h00</strong><span style="line-height:1.6em">&nbsp;en bus pour&nbsp;&nbsp;</span><strong style="line-height:1.6em">Agra</strong><span style="line-height:1.6em">&nbsp; (03h30 de route environ), l&rsquo;un des hauts lieux de l&#39;art et de l&#39;architecture mogholes la ville&nbsp; qui en fait la ville la plus c&eacute;l&egrave;bre&nbsp; de l&rsquo;Inde gr&acirc;ce&nbsp; au Taj Mahal.</span></p>\r\n\r\n<p>Arriv&eacute;e vers 13h00&nbsp; visite du&nbsp;<strong>Fort Rouge</strong>&nbsp; dont les hautes murailles de gr&egrave;s rose dominent la rivi&egrave;re Yamouna et marque la naissance du style imp&eacute;rial. Continuation de la visite avec le&nbsp; fameux &quot;<strong>Taj Mahal</strong>&quot;, lumineux mausol&eacute;e de marbre blanc incrust&eacute; de pierres semi-pr&eacute;cieuses, b&acirc;ti par l&#39;empereur Shah Jahan &agrave; la m&eacute;moire de son &eacute;pouse.<span style="line-height:1.6em">&nbsp;Mumtaz Mahal. Consid&eacute;r&eacute; comme la huiti&egrave;me merveille du monde, c&rsquo;est le monument le plus c&eacute;l&egrave;bre de toute l&#39;Inde. Transfert&nbsp; vers votre h&ocirc;tel et&nbsp; remise de vos chambres.&nbsp;</span><strong style="line-height:1.6em">Diner en buffet &agrave; l&rsquo;h&ocirc;tel et logement.</strong></p>', 3, 1, 0, NULL, '2015-12-23 15:51:36', 0, NULL, 0),
(273, 27, 'Jour04 : 14 Février 2016 Agra-Route vers Fatehpur Sikri –Jaipur (Petit déjeuner et  Diner)', '<p><span style="line-height:1.6em">Petit d&eacute;jeuner &agrave; l&rsquo;h&ocirc;tel. Route vers Jaipur. Arr&ecirc;t en route pour la visite de&nbsp;</span><strong style="line-height:1.6em">Fatehpur Sikri</strong><span style="line-height:1.6em">. Lieu des plus remarquables du point de vue artistique et architectural, Fatehpur Sikri est l&#39;ancienne capitale de l&#39;empereur Akbar,&nbsp; construite en 1571.</span></p>\r\n\r\n<p>La ville imp&eacute;riale renferme des b&acirc;timents en gr&egrave;s rose aux formes architecturales les plus vari&eacute;es: palais, pavillons, cours et bassins, mosqu&eacute;es, caravans&eacute;rail. Une fois la visite termin&eacute;e, continuation vers Jaipur. Arriv&eacute;e et installation &agrave; l&rsquo;h&ocirc;tel .D&eacute;jeuner libre. Apr&egrave;s midi d&eacute;part pour une visite panoramique de cette magnifique ville qui est l&rsquo;une des villes cl&eacute;s de ce qu&rsquo;on appelle le triangle d&rsquo;or compos&eacute; par Delhi, Agra , et Jaipur et sans conteste, Jaipur est assur&eacute;ment&nbsp; l&rsquo;une des plus belles villes indiennes&nbsp;.Une petite surprise agr&eacute;able vous attendra avant le d&icirc;ner .<strong>&nbsp;Diner en buffet &agrave; l&rsquo;h&ocirc;tel et logement.</strong></p>\r\n\r\n<p>&nbsp;</p>\r\n\r\n<p>&nbsp;</p>', 4, 1, 0, NULL, '2015-12-23 15:51:55', 0, NULL, 0),
(274, 27, 'Jour 05 : 15 Février 2016 Jaipur -Amber -Jaipur (Petit déjeuner et  Diner)', '<p><span style="line-height:1.6em">R&eacute;veil, petit d&eacute;jeuner et&nbsp;&nbsp;&nbsp; d&eacute;part matinal&nbsp; &nbsp;d&eacute;part pour une journ&eacute;e de visite de la ville de Jaipur capital du Rajasthan. Vous commencerez votre visite par le&nbsp;</span><strong style="line-height:1.6em">Fort d&#39;Amber</strong><span style="line-height:1.6em">&nbsp;</span><strong style="line-height:1.6em">(mont&eacute;e &agrave; dos d&rsquo;&eacute;l&eacute;phant / descente en Jeep)</strong><span style="line-height:1.6em">- situ&eacute; &agrave; 12 km du centre-ville le long d&#39;une falaise. En route arr&ecirc;t pour prendre la photo de&nbsp;</span><strong style="line-height:1.6em">Hawa Mahal &lsquo;Palais des Vents&rsquo; (ext&eacute;rieur).</strong><span style="line-height:1.6em">Puis visite&nbsp;</span><strong style="line-height:1.6em">du city Palace -</strong><span style="line-height:1.6em">&nbsp;dans lequel ce trouve le&nbsp; mus&eacute;e de l&#39;armurerie et les tr&eacute;sors personnels de la famille du Maharaja &laquo;&nbsp;Jai Singh&nbsp;&raquo;.D&eacute;jeuner libre. Reste de la journ&eacute;e libre &agrave; votre rythme dans la veille&nbsp; ville de Jaipur pour shopping.&nbsp;</span><strong style="line-height:1.6em">Diner en buffet &agrave; l&rsquo;h&ocirc;tel et logement.</strong></p>', 5, 1, 0, NULL, '2015-12-23 15:55:05', 0, NULL, 0),
(275, 27, 'Jour 06 : 16 Février 2016 Jaipur  -Delhi  (Petit déjeuner et  Diner)', '<p><span style="line-height:1.6em">R&eacute;veil&nbsp; matinal et petit d&eacute;jeuner retour &nbsp;vers Delhi, vous aurez &agrave; peu pr&ecirc;t&nbsp;</span><strong style="line-height:1.6em">05h00&nbsp; de route.&nbsp;</strong><span style="line-height:1.6em">D&eacute;jeuner libre. Arriv&eacute;e Delhi, temps libre&nbsp; au centre de Delhi pour shopping Retour en fin d&rsquo;apr&egrave;s midi vers votre&nbsp; h&ocirc;tel.&nbsp;&nbsp;</span><strong style="line-height:1.6em">Diner en buffet &agrave; l&rsquo;h&ocirc;tel et logement</strong><span style="line-height:1.6em">.</span></p>', 6, 1, 0, NULL, '2015-12-23 15:55:32', 0, NULL, 0),
(276, 27, 'Jour 07 : 17 Février 2016 Delhi (Petit déjeuner-Diner)', '<p><span style="line-height:1.6em">R&eacute;veil matinal et petit d&eacute;jeuner &agrave; l&rsquo;h&ocirc;tel. D&eacute;part vers 08h30 pour la visite du&nbsp;&nbsp;</span><strong style="line-height:1.6em">vieux</strong><span style="line-height:1.6em">&nbsp;&nbsp;</span><strong style="line-height:1.6em">Delhi</strong><span style="line-height:1.6em">. C&rsquo;est une fascinante cit&eacute; grouillante de vie avec sa foule color&eacute;e de marchands et&nbsp;</span><span style="line-height:1.6em">de badauds qui se pressent dans les petites ruelles et les nombreux bazars entourant la grande mosqu&eacute;e (Jama Masjid). La d&eacute;couverte commence par le d&eacute;part &agrave; partir du&nbsp;</span><strong style="line-height:1.6em">Fort Rouge (ext&eacute;rieur)</strong><span style="line-height:1.6em">: cette impressionnante forteresse de gr&egrave;s rouge, vaste citadelle du XI&egrave;me si&egrave;cle, est un haut lieu de la splendeur moghole et un t&eacute;moignage de ce que fut sa puissance. Continuation de la visite avec</span><strong style="line-height:1.6em">Jama Masjid</strong><span style="line-height:1.6em">: cette immense mosqu&eacute;e, la plus grande de l&#39;Inde, a &eacute;t&eacute; construite au XVII&egrave;me si&egrave;cle au coeur du bazar du vieux Delhi),&nbsp;</span><strong style="line-height:1.6em">le Raj Gat</strong><span style="line-height:1.6em">, tombeau de Gandhi. C&rsquo;est un beau parc d&#39;une grande simplicit&eacute;, o&ugrave; fut incin&eacute;r&eacute;e Gandhi, s&#39;&eacute;tend le long de la rivi&egrave;re Yamouna.&nbsp;</span><strong style="line-height:1.6em">&nbsp;Chandni Chowk</strong><span style="line-height:1.6em">: cette longue rue qui fut l&#39;axe principal de la ville moghole &agrave; travers le grand bazar, est rest&eacute;e tr&egrave;s populaire et anim&eacute;e. C&#39;est l&#39;art&egrave;re la plus importante du vieux Delhi.&nbsp;</span><strong style="line-height:1.6em">D&eacute;jeuner libre. Une surprise vous attendra &agrave; la porte de la Mosqu&eacute;e pour&nbsp; d&eacute;couvrir les bazars de Delhi.&nbsp;</strong><span style="line-height:1.6em">Apr&egrave;s midi libre&nbsp; pour le shopping, retour en fin de journ&eacute;e &agrave; votre&nbsp; h&ocirc;tel</span><strong style="line-height:1.6em">.&nbsp;</strong><strong style="line-height:1.6em">Diner en buffet &agrave; l&rsquo;h&ocirc;tel et logement.</strong></p>', 7, 1, 0, NULL, '2015-12-23 15:55:55', 0, NULL, 0),
(277, 27, 'Jour 08 : 18 Février 2016 Delhi –Istanbul', '<p><span style="line-height:1.6em">R&eacute;veil &agrave;&nbsp;&nbsp;</span><strong style="line-height:1.6em">03h00</strong><span style="line-height:1.6em">. Rassemblement&nbsp; du&nbsp; groupe &agrave; 03h30.Transfert&nbsp; vers l&rsquo;a&eacute;roport&nbsp; et d&eacute;collage sur&nbsp;</span><strong style="line-height:1.6em">TK 717 &agrave;&nbsp; 06h45</strong><span style="line-height:1.6em">.Arriv&eacute;e &agrave; Istanbul &agrave;&nbsp;</span><strong style="line-height:1.6em">10h40&nbsp;</strong><span style="line-height:1.6em">&nbsp;heure locale .Temps de transit &agrave; l&rsquo;a&eacute;roport d&rsquo;Istanbul et d&eacute;collage sur&nbsp;</span><strong style="line-height:1.6em">TK 663&nbsp; &agrave; 13h25</strong><span style="line-height:1.6em">.Arriv&eacute;e &agrave; Tunis&nbsp; &agrave;&nbsp;</span><strong style="line-height:1.6em">15h25</strong><span style="line-height:1.6em">&nbsp; heure locale.</span></p>', 8, 1, 0, NULL, '2015-12-23 15:56:36', 0, NULL, 0),
(278, 27, 'Détails de vol', '<p>11/02/2016 TK 662 d&eacute;collage &agrave; 11h35 de Tunis. Arriv&eacute;e &agrave; Istanbul &agrave; 15h25.Temps de transit &agrave; l&rsquo;a&eacute;roport d&rsquo;Istanbul .</p>\r\n\r\n<p>D&eacute;collage sur TK 716 &agrave; 19h45 vers Delhi. Arriv&eacute;e &agrave; l&rsquo;a&eacute;roport international de Delhi &agrave; 05h10 heure locale&nbsp;</p>\r\n\r\n<p>18/02/2016 d&eacute;collage sur TK 717 &agrave; 06h45.Arriv&eacute;e &agrave; Istanbul &agrave; 10h40 heure locale .</p>\r\n\r\n<p>Temps de transit &agrave; l&rsquo;a&eacute;roport d&rsquo;Istanbul et d&eacute;collage sur TK 663 &agrave; 13h25.Arriv&eacute;e &agrave; Tunis &agrave; 15h25 heure locale.</p>', 9, 1, 1, NULL, '2015-12-23 16:10:15', 0, NULL, 0),
(279, 23, 'Le Forfait de base comprend:', '<ul>\r\n	<li>Accueil et assistance &agrave; l&rsquo;a&eacute;roport</li>\r\n	<li>04 Nuits en villa double en pension compl&egrave;te</li>\r\n	<li>Transferts priv&eacute; Aller/retour.</li>\r\n	<li>Les entr&eacute;es aux monuments et parcs</li>\r\n	<li>Eau min&eacute;rale</li>\r\n	<li>Fleurs de bienvenue et Cake traditionnel de voyage de noces</li>\r\n	<li>02 heures de massage et SPA Balinaisiens</li>\r\n</ul>', 5, 1, 1, NULL, '2015-12-28 10:33:42', 0, NULL, 0),
(280, 23, 'Le forfait de base ne comprend pas', '<ul>\r\n	<li>Le Vol International</li>\r\n	<li>Le timbre de voyages et l&rsquo;assurance</li>\r\n	<li>Les activit&eacute;s payantes &agrave; Tanjung Benca (water sports)</li>\r\n	<li>Tout ce qui n&rsquo;est pas mentionn&eacute; dans la rubrique &laquo; Le tarif comprend &raquo;.</li>\r\n</ul>', 6, 1, 1, NULL, '2015-12-28 10:34:08', 0, NULL, 0),
(281, 38, 'Jour 1 : 21 Mars 2016 Tunis-Pékin', '<p><span style="line-height:1.6em">Arriv&eacute;e &agrave; P&eacute;kin &agrave;14 h40. Transfert &agrave;&nbsp; </span><strong style="line-height:1.6em">Rosedale&nbsp; H&ocirc;tel 4*</strong><span style="line-height:1.6em"> &nbsp;ou similaire。 </span></p>\r\n\r\n<p><span style="line-height:1.6em">Si le temps le permet, une tour panoramique en bus&nbsp;</span><span style="line-height:1.6em">dans la ville. </span></p>\r\n\r\n<p><span style="line-height:1.6em">Diner/buffet .Nuit &agrave; l&rsquo;H&ocirc;tel.</span></p>', 1, 1, 0, NULL, '2016-01-04 13:23:08', 0, NULL, 0),
(282, 38, 'Jour 2: 22 Mars 2016 Pékin', '<p><span style="line-height:1.6em">Petit d&eacute;jeuner &agrave; l&rsquo;h&ocirc;tel .</span></p>\r\n\r\n<p>Visite de la Place Tian An Men, la Cit&eacute; interdite, la Colline du charbon.</p>\r\n\r\n<p>Apr&egrave;s-midi. Visite du Temple du Ciel.</p>\r\n\r\n<p>A 19h30, spectacle des Arts Martiaux (Gong Fu de Shao Ling).</p>\r\n\r\n<p>Diner / banquet du Canard Laqu&eacute; Nuit &agrave; l&#39;h&ocirc;tel..</p>', 2, 1, 0, NULL, '2016-01-04 13:24:17', 0, NULL, 0),
(283, 38, 'Jour 3: 23 Mars 2016 Pekin', '<p><span style="line-height:1.6em">Petit d&eacute;jeuner &agrave; l&rsquo;h&ocirc;tel .</span></p>\r\n\r\n<p>D&eacute;part pour Excursion de la Grande Muraille Ba Da ling.</p>\r\n\r\n<p>Visite de l&rsquo;All&eacute;e Sacr&eacute;e du N&eacute;cropole des Ming.&nbsp; Au retour, visite d&rsquo;une des 3 sp&eacute;cialit&eacute;s de P&eacute;kin&nbsp;: une fabrique des objets en cloisonn&eacute;.</p>\r\n\r\n<p>Diner. Nuit &agrave; l&#39;h&ocirc;tel.</p>', 3, 1, 0, NULL, '2016-01-04 13:24:29', 0, NULL, 0),
(284, 38, 'Jour 4: 24 Mars 2016 Pékin', '<p><span style="line-height:1.6em">Petit d&eacute;jeuner &agrave; l&rsquo;h&ocirc;tel.</span></p>\r\n\r\n<p>Visite du Palais d&rsquo;Et&eacute;.</p>\r\n\r\n<p>Visite d&rsquo;une maison de perles.&nbsp;</p>\r\n\r\n<p><span style="line-height:1.6em">Visite de la vieille ville et promenade en pousse-pousse dans les vieille ruelles.</span></p>\r\n\r\n<p>Nuit &agrave; l&rsquo;h&ocirc;tel.</p>', 4, 1, 0, NULL, '2016-01-04 13:24:49', 0, NULL, 0),
(285, 38, 'Jour 5: 25 Mars 2016 Pékin', '<p><span style="line-height:1.6em">Petit d&eacute;jeuner &agrave; l&rsquo;h&ocirc;tel.</span></p>\r\n\r\n<p>Jour du cours&nbsp;: bus disponible pour conduire les clients aux March&eacute;s Silk Market ou Pearl Market. Diner.</p>\r\n\r\n<p>Nuit &agrave; l&rsquo;h&ocirc;tel.</p>\r\n\r\n<p>&nbsp;</p>', 5, 1, 0, NULL, '2016-01-04 13:25:22', 0, NULL, 0),
(286, 38, 'Jour 6: 26 Mars 2016 Pékin-Shanghai', '<p><span style="line-height:1.6em">Petit d&eacute;jeuner &agrave; l&rsquo;h&ocirc;tel.</span></p>\r\n\r\n<p>A 9 h 15, d&eacute;part en TGV pour Shanghai, arriv&eacute;e &agrave; 14h &agrave; Shanghai, transfert &agrave; Oc&eacute;an h&ocirc;tel.</p>\r\n\r\n<p>Tour panoramique de Shanghai&nbsp;:</p>\r\n\r\n<p>visite de la promenade &laquo;&nbsp;Bund&nbsp;&raquo; et promenade dans la Rue Nanjing .Diner/buffet au restaurant de Novotel.</p>\r\n\r\n<p>&nbsp;Nuit &agrave; l&rsquo;h&ocirc;tel</p>', 6, 1, 0, NULL, '2016-01-04 13:25:38', 0, NULL, 0),
(287, 38, 'Jour 7: 27 Mars 2016 Shanghai', '<p><span style="line-height:1.6em">Petit D&eacute;jeuner &agrave; l&rsquo;H&ocirc;tel.</span></p>\r\n\r\n<p>Mont&eacute;&nbsp; &agrave;&nbsp;l a Tour de Finance de 492 m&egrave;tres de hauteur,&nbsp; jusqu&rsquo;&agrave; 474 m&egrave;tres pour une vue panoramique de la ville.</p>\r\n\r\n<p>(Ou bien&nbsp;:Mont&eacute;&nbsp; &agrave;&nbsp;l a Tour de t&eacute;l&eacute;vison jusqu&rsquo;&agrave; 263 m&egrave;tres pour une vue panoramique de la ville, puis, visite du Mus&eacute; de Shanghai au pieds de la Tour. Puis, croisiere sur le Fleuve Huang Pu).</p>\r\n\r\n<p>Visite d&rsquo;une manufacture de la Soie.</p>\r\n\r\n<p>L&rsquo;apr&egrave;s-midi, Visite de la vieille ville et le Jardin de Mandarin Yu. Diner/buffet au restaurant de Novotel.</p>\r\n\r\n<p>Le soir, spectacle accorbatique .</p>\r\n\r\n<p>Nuit &agrave;&nbsp; l&rsquo;h&ocirc;tel .</p>', 7, 1, 0, NULL, '2016-01-04 13:25:56', 0, NULL, 0),
(288, 38, 'Jour 8: 28 Mars 2016 Shanghai', '<p><span style="line-height:1.6em">Petit d&eacute;jeuner &agrave;&nbsp; l&rsquo;h&ocirc;tel.</span></p>\r\n\r\n<p>Excursion &agrave; Zhujiajiao, un petit village sur l&rsquo;eau.&nbsp; Croisi&egrave;re sur le petit canal.</p>\r\n\r\n<p>Retour &agrave; Shanghai. Une exp&eacute;rience sur le seul train de ligne magn&eacute;tique du monde jusqu&rsquo; &agrave; 430 km &agrave; l&rsquo;heure.</p>\r\n\r\n<p>Diner. Nuit &agrave; l&rsquo;h&ocirc;tel.</p>', 8, 1, 0, NULL, '2016-01-04 13:26:12', 0, NULL, 0),
(289, 38, 'Jour 9: 29 Mars 2016 Shanghai-Tunis', '<p><span style="line-height:1.6em">Petit d&eacute;jeuner &agrave; l&rsquo;h&ocirc;tel.</span></p>\r\n\r\n<p>Visite du Mus&eacute;e de Shanghai.</p>\r\n\r\n<p>L&rsquo;apr&egrave;s-midi, temps libre.&nbsp;&nbsp;&nbsp;&nbsp;&nbsp;</p>\r\n\r\n<p>Le soir, apr&egrave;s le diner, &agrave; 23h45, envol pour Doha.</p>\r\n\r\n<p>&nbsp;</p>', 9, 1, 0, NULL, '2016-01-04 13:26:27', 0, NULL, 0),
(290, 38, 'Inclus dans le package', '<p><strong>Vol international</strong></p>\r\n\r\n<p><strong>Les transferts n&eacute;cessaires</strong></p>\r\n\r\n<p><strong>H&eacute;bergement dans des h&ocirc;tels 4*</strong></p>\r\n\r\n<p><strong>Les petits d&eacute;jeuners</strong></p>\r\n\r\n<p><strong>Les diners buffet.</strong></p>\r\n\r\n<p><strong>L&rsquo;assurance en chine</strong></p>\r\n\r\n<p><strong>Visites et excursions de P&eacute;kin&nbsp;:</strong></p>\r\n\r\n<ul>\r\n	<li>Tour panoramique de P&eacute;kin</li>\r\n	<li>Visite de la Place Tian An Men</li>\r\n	<li>Visite du temple du ciel</li>\r\n	<li>Spectacle des arts Gong Fu de Shao Ling.</li>\r\n	<li>Excursion de la Grande Muraille Ba Da ling</li>\r\n	<li>Visite de l&rsquo;All&eacute;e Sacr&eacute;e du N&eacute;cropole des Ming</li>\r\n	<li>Visite du Palais d&rsquo;Et&eacute;</li>\r\n	<li>Visite maison de perles</li>\r\n	<li>Visite de la vieille ville de P&eacute;kin</li>\r\n</ul>\r\n\r\n<p>&nbsp;</p>\r\n\r\n<p><strong>Visites et excursions de Shanghai&nbsp;:</strong>&nbsp;</p>\r\n\r\n<ul>\r\n	<li>Tour panoramique de Shanghai&nbsp;</li>\r\n	<li>visite de la promenade &laquo;&nbsp;Bund&nbsp;&raquo; Shanghai</li>\r\n	<li>Mont&eacute; &agrave;&nbsp;l a Tour de Finance Shanghai</li>\r\n	<li>Visite d&rsquo;une manufacture de la Soie</li>\r\n	<li>Visite de la vieille ville et le Jardin de Mandarin Yu</li>\r\n	<li>spectacle acrobatique</li>\r\n	<li>Excursion &agrave; Zhujiajiao</li>\r\n	<li>Visite du Mus&eacute;e de Shanghai</li>\r\n</ul>\r\n\r\n<p>&nbsp;</p>', 10, 1, 1, NULL, '2016-01-04 15:22:57', 0, NULL, 0),
(291, 39, 'Voyage en Combiné : Vienne & Budapest', '<p>Transfet A&eacute;roport &ndash; H&ocirc;tel &ndash; A&eacute;roport &agrave; Vienne</p>\r\n\r\n<p>- 2 nuits H&ocirc;tel en chambre double en BB 3* au centre de Vienne</p>\r\n\r\n<p>- Demi-journ&eacute;e de visite de Vienne et du Schonbrunn Palace&nbsp;</p>\r\n\r\n<p>- Ticket de Bus Vienne -&nbsp; Budapest&nbsp;&nbsp;</p>\r\n\r\n<p>- 5 Nuits H&ocirc;tel en chambre double en BB 3* au centre de Budapest&nbsp;&nbsp;</p>\r\n\r\n<p>- Demi &ndash;journ&eacute;e de visite du Ch&acirc;teau Royal et Place des H&eacute;ros&nbsp;Budapest&nbsp;</p>\r\n\r\n<p>- Ticket de Bus Budapest - Vienne&nbsp;</p>', 1, 1, 0, NULL, '2016-01-07 08:13:01', 0, NULL, 0),
(292, 40, 'Package:', '<ul>\r\n	<li>7 nuits H&ocirc;tel au centre en BB</li>\r\n	<li>Transfert A&eacute;roport &ndash;H&ocirc;tel &ndash; A&eacute;roport</li>\r\n	<li>&nbsp;Demi journ&eacute;e de visite Amestrdam</li>\r\n	<li>&nbsp;Asistance 24/24</li>\r\n</ul>', 1, 1, 0, NULL, '2016-01-07 08:21:25', 0, NULL, 0),
(293, 41, 'Package:', '<ul>\r\n	<li>7 nuits H&ocirc;tel au centre en BB</li>\r\n	<li>Transfert A&eacute;roport &ndash;H&ocirc;tel &ndash; A&eacute;roport</li>\r\n	<li>Demi journ&eacute;e de visite de Bucarest</li>\r\n	<li>Asistance 24/24</li>\r\n</ul>', 1, 1, 0, NULL, '2016-01-07 16:13:14', 0, NULL, 0),
(294, 42, 'Excursion une journée Grenada : Mercredi, en bus avec groupe et guide : durée 10h00', '<p><span style="line-height:1.6em">D&eacute;part &nbsp;pour Grenade sur la route de Pedrizas. Visite de l&#39;Alhambra, trois palais, la cour de Charles V et les jardins du Generalife. D&eacute;jeuner et temps libre dans le centre de la ville pour visiter l&#39;ext&eacute;rieur de la chapelle royale et La Alcaicer&iacute;a. Retour par le m&ecirc;me itin&eacute;raire.&nbsp;</span></p>', 1, 1, 0, NULL, '2016-01-07 16:21:22', 0, NULL, 0),
(295, 42, 'Excursion uen journée de Cordoba : Jeudi, en bus avec groupe et guide : durée 10h00', '<p><span style="line-height:1.6em">D&eacute;part pour Cordoba via Antequera. En arrivant, visite panoramique du pont romain, le quartier juif, la synagogue et la mosqu&eacute;e (c&eacute;l&egrave;bre monument en Occident islamique, construit sur une ancienne mosqu&eacute;e et les mat&eacute;riaux de la basilique chr&eacute;tienne de San Vicente). Temps libre pour visiter ses c&eacute;l&egrave;bres m&egrave;tres &agrave; l&#39;heure du retour.</span></p>\r\n\r\n<p>&nbsp;</p>', 2, 1, 0, NULL, '2016-01-07 16:21:33', 0, NULL, 0),
(296, 42, 'Excursion uen journée de Seville : Vendredi, en bus avec groupe et guide : durée 10h00', '<p><span style="line-height:1.6em">D&eacute;part pour S&eacute;ville. Un panoramique de la ville: Paseo de Col&oacute;n, la Plaza de Toros de la Maestranza Th&eacute;&acirc;tre et Torre del Oro, panoramique du fleuve Guadalquivir, Plaza de Am&eacute;rica, Avenida de las Palmeras, le parc Maria Luisa, Place d&#39;Espagne. En arrivant dans le quartier historique &agrave; pied, visite compl&egrave;te de la cath&eacute;drale, la Giralda et visite &agrave; l&#39;&eacute;tranger Barrio de Santa Cruz. &Agrave; l&#39;heure convenue, le retour par le m&ecirc;me chemin.</span></p>', 3, 1, 0, NULL, '2016-01-07 16:21:44', 0, NULL, 0),
(297, 42, 'Package:', '<ul>\r\n	<li><strong>7 nuits H&ocirc;tel Malaga (</strong><strong>Torremolinos ) 4*</strong></li>\r\n	<li><strong>Transfert A&eacute;roport H&ocirc;tel A&eacute;roport</strong></li>\r\n	<li><strong>Une journ&eacute;e de visite Seville 10h avec pickup in /out.</strong></li>\r\n	<li><strong>Une journ&eacute;e de visite Grenada 10h avec pick up in/ out.</strong></li>\r\n	<li><strong>U</strong><strong>ne journ&eacute;e de visite Cordoba 10h avec pick up in / out.</strong></li>\r\n	<li><strong>Asistance 24/24</strong></li>\r\n	<li><strong>Vols</strong></li>\r\n</ul>', 4, 1, 1, NULL, '2016-01-07 16:22:21', 0, NULL, 0),
(298, 42, 'NB:', '<p><strong>le circuit sera sur demande pour les 02 mois de Juillet &amp; Aout 2016</strong></p>', 5, 1, 1, NULL, '2016-01-07 16:23:28', 0, NULL, 0),
(299, 43, 'Package:', '<ul>\r\n	<li>Transfet A&eacute;roport &ndash; H&ocirc;tel &ndash; A&eacute;roport &agrave; Vienne</li>\r\n	<li>2 nuits H&ocirc;tel en chambre double en BB 3* au centre de Vienne</li>\r\n	<li>Demi-journ&eacute;e de visite de Vienne: Schonbrunn palace</li>\r\n	<li>Ticket de Bus Vienne - Prague</li>\r\n	<li>5 Nuits H&ocirc;tel en chambre double en BB 3* au centre de Prague</li>\r\n	<li>Demi &ndash;journ&eacute;e de visite de Prague</li>\r\n	<li>un D&icirc;ner de croisi&egrave;re sur le Vltava</li>\r\n	<li>Ticket de Bus Prague &ndash; Vienne</li>\r\n</ul>', 1, 1, 0, NULL, '2016-02-09 10:58:42', 0, NULL, 0),
(300, 44, 'Packages :', '<ul>\r\n	<li>&nbsp;7 nuits H&ocirc;tel au centre (Mestre) en BB</li>\r\n	<li>Transfert A&eacute;roport &ndash;H&ocirc;tel &ndash; A&eacute;roport</li>\r\n	<li>Excursion en gondola</li>\r\n	<li>&nbsp;Asistance 24/24</li>\r\n</ul>', 1, 1, 1, NULL, '2016-01-07 16:39:34', 0, NULL, 0),
(301, 44, 'Ce Package ne comprend pas', '<ul>\r\n	<li>Les d&eacute;penses &agrave; caract&egrave;re personnel.</li>\r\n	<li>Les frais de Visa.</li>\r\n	<li>Le timbre de voyage.</li>\r\n</ul>\r\n\r\n<p>&nbsp;</p>\r\n\r\n<p><strong><em>&nbsp;</em></strong></p>\r\n\r\n<p><strong>&nbsp;</strong></p>\r\n\r\n<p><strong>&nbsp;</strong></p>\r\n\r\n<p><strong>&nbsp;</strong></p>\r\n\r\n<p>&nbsp;</p>', 2, 1, 1, NULL, '2016-01-07 16:40:43', 0, NULL, 0),
(302, 45, 'Package:', '<ul>\r\n	<li>7 nuits H&ocirc;tel au centre en BB</li>\r\n	<li>Transfert A&eacute;roport &ndash;H&ocirc;tel &ndash; A&eacute;roport</li>\r\n	<li>Demi- journ&eacute;e de visite de Lisbonne</li>\r\n	<li>Asistance 24/24</li>\r\n</ul>', 1, 1, 0, NULL, '2016-01-07 16:45:26', 0, NULL, 0),
(314, 47, 'Package:', '<p><strong>Package: 2 Nuits en BB + Transferts IN / Out</strong></p>\r\n\r\n<p><strong>3* H&ocirc;tel Rialto &nbsp;</strong></p>\r\n\r\n<p><cite><strong>4* H&ocirc;tel Tryp Apolo Barcelona&nbsp;</strong></cite></p>\r\n\r\n<p><cite><strong>Visites&nbsp; Barcelone: &nbsp;&nbsp;</strong></cite></p>\r\n\r\n<p>Sagrada Familia, Park Guell, Quartier Qothique, Casa Battlo, Casa Mila, Camp Nou, Montjuic, La Rambla, Fontaine Magique de Montjuic, Mus&eacute;e Picasso, Palais De La Musique Catalane, Place De Catalogne, Parc De La Ciutadella,...</p>\r\n\r\n<p>&nbsp;</p>\r\n\r\n<p>&nbsp;</p>\r\n\r\n<p>NB: les h&ocirc;tels seront sous r&eacute;serve de la disponibilit&eacute; (h&ocirc;tels mentionn&eacute;es ou similaires)</p>', 1, 1, 0, NULL, '2016-01-25 15:47:33', 0, NULL, 0),
(315, 48, 'Jour 1: Arriver à Belgrade', '<p>&Agrave; l&#39;arriv&eacute;e &agrave; l&#39;a&eacute;roport de Belgrade Nikola Tesla, votre chauffeur vous attendra avec une pancarte.&nbsp;<span style="line-height:1.6em">Transfert direct &agrave; la station de ski de Kopaonik . Dur&eacute;e de transfert &agrave; environ 4 heures et en fonction des conditions m&eacute;t&eacute;orologiques . D&egrave;s votre arriv&eacute;e &agrave; l&#39;H&ocirc;tel familiale Angella .Dinet et Nuit &agrave; l&#39;h&ocirc;tel.</span></p>\r\n\r\n<p>&nbsp;</p>', 1, 1, 0, NULL, '2016-01-29 09:12:57', 0, NULL, 0),
(316, 48, 'Jour 02: Ski et activités-Night life', '<p>Petit-d&eacute;jeuner &agrave; l&#39;h&ocirc;tel, vous pouvez profiter des installations Kopaonik Ski Resort et les &nbsp;diverses activit&eacute;s d&#39;hiver, . D&icirc;ner et nuit &agrave; l&#39;h&ocirc;tel.<br />\r\n&nbsp;</p>', 2, 1, 0, NULL, '2016-01-29 09:15:36', 0, NULL, 0),
(317, 48, 'Jour 3-6', '<p>Journ&eacute;e libres</p>', 3, 1, 0, NULL, '2016-01-29 09:16:16', 0, NULL, 0),
(318, 48, 'Jour 7:', '<p>Apr&egrave;s petit-d&eacute;jeuner&nbsp;vous serez transf&eacute;rer &agrave; l&#39;a&eacute;roport Nikola Tesla de Belgrade environ 4 heures en route pour prendre le vol &agrave; Tunis.</p>\r\n\r\n<p>&nbsp;Fin des services.</p>', 4, 1, 0, NULL, '2016-01-29 09:18:06', 0, NULL, 0),
(319, 48, 'Le Forfait de base comprend:', '<p>7 Nuits &agrave; l&#39;h&ocirc;tel Kopaonik Ski Resort 4*</p>\r\n\r\n<p>Les petits-d&eacute;jeuners et les diners</p>\r\n\r\n<p>Les transferts n&eacute;cessaires</p>\r\n\r\n<p>Wellness et Spa au centre de l&#39;h&ocirc;tel: Jaccuzi, Hammam, Sauna, Gym</p>\r\n\r\n<p>Wifi</p>', 5, 1, 1, NULL, '2016-01-29 09:26:00', 0, NULL, 0),
(320, 48, 'Le forfait de base ne comprend pas', '<p>Vol Internatioanl</p>\r\n\r\n<p>Tous les excursions et services en option.</p>\r\n\r\n<p>Les Boissons pendant les repas</p>\r\n\r\n<p>Les d&eacute;penses personnels</p>\r\n\r\n<p>Les services optionnel: Ski School, Ski equipement, Ski Pass.</p>\r\n\r\n<p>&nbsp;</p>', 6, 1, 1, NULL, '2016-01-29 09:26:20', 0, NULL, 0),
(321, 49, 'Jour 01: Tunis – Istanbul', '<p>Arriv&eacute;e &agrave; l&rsquo;a&eacute;roport Atat&uuml;rk. Accueil, assistance et transfert &agrave; l&rsquo;h&ocirc;tel.</p>\r\n\r\n<p>Installation &agrave; l&rsquo;h&ocirc;tel, d&icirc;ner libre et logement.</p>', 2, 1, 0, NULL, '2016-02-10 08:14:09', 0, NULL, 0),
(322, 49, 'Jour 02 : Istanbul', '<p>Apr&egrave;s le petit d&eacute;jeuner, d&eacute;part pour <strong>une &frac12; journ&eacute;e de d&eacute;couverte</strong> avec un guide pour voir&nbsp;les plus beaux monuments d&rsquo;Istanbul&nbsp;: La Mosqu&eacute;e Bleue, la seule &agrave; poss&eacute;der six minarets et l&rsquo;Hippodrome Romain. Visite du mus&eacute;e de l&rsquo;art Islamique de la place du Palais Topkapi et Tour au Grand Bazar, le plus grand march&eacute; couvert au Monde.&nbsp;Apr&egrave;s midi libre. D&icirc;ner libre et logement.</p>', 3, 1, 0, NULL, '2016-02-10 08:14:17', 0, NULL, 0),
(323, 49, 'Jour 03 Istanbul :', '<p>Petit d&eacute;jeuner, puis journ&eacute;e libre pour se d&eacute;tendre et faire du shopping.</p>\r\n\r\n<p>D&eacute;jeuner et d&icirc;ner libre.</p>\r\n\r\n<p>Retour &agrave; l&rsquo;h&ocirc;tel et logement.</p>', 4, 1, 0, NULL, '2016-02-10 08:14:29', 0, NULL, 0),
(324, 49, 'Jour 04: Istanbul', '<p>Apr&egrave;s le petit d&eacute;jeuner, d&eacute;part pour une&nbsp;<strong>&frac12; journ&eacute;e de&nbsp;</strong><strong>promenade en bateau</strong> sur le Bosphore pour contempler la silhouette d&rsquo;Istanbul et travers&eacute;e de la mer noire, par le pont Intercontinental, reliant l&rsquo;Europe &agrave; l&rsquo;Asie et vue de la Forteresse de Rumeli Hisari.&nbsp;Un arr&ecirc;t au caf&eacute; Pierre Loti avec une vue sur la Corne d&#39;Or, en t&eacute;l&eacute;ph&eacute;rique.&nbsp;D&icirc;ner libre. Retour &agrave; l&rsquo;h&ocirc;tel et logement. &nbsp; &nbsp;&nbsp;</p>', 5, 1, 0, NULL, '2016-02-10 08:14:37', 0, NULL, 0),
(325, 49, 'Jour 05: Istanbul', '<p>Petit d&eacute;jeuner puis d&eacute;part <strong>aux &icirc;les des Princes</strong>, archipel de neuf &icirc;les dans la mer de Marmara. Arr&ecirc;t sur l&rsquo;&icirc;le de Buyukada. Promenade pour d&eacute;couvrir l&rsquo;&icirc;le et d&eacute;jeuner.Temps libre au centre de l&rsquo;&icirc;le.&nbsp;Retour &agrave; Istanbul, d&icirc;ner libre. Logement &agrave; l&rsquo;h&ocirc;tel.</p>\r\n\r\n<p>&nbsp;</p>', 6, 1, 0, NULL, '2016-02-10 08:14:47', 0, NULL, 0),
(326, 49, 'Jour 06: Istanbul', '<p>Petit d&eacute;jeuner, puis journ&eacute;e et D&eacute;jeuner libre.</p>\r\n\r\n<p>D&icirc;ner libre.&nbsp;Retour &agrave; l&rsquo;h&ocirc;tel et logement.</p>', 7, 1, 0, NULL, '2016-02-10 08:14:56', 0, NULL, 0),
(327, 49, 'Jour 07: Istanbul - Tunis', '<p>Petit d&eacute;jeuner, puis transfert &agrave; l&rsquo;a&eacute;roport et retour &agrave; Tunis.</p>', 8, 1, 0, NULL, '2016-02-10 08:15:09', 0, NULL, 0);
INSERT INTO `ost_vo_descriptions` (`id`, `voyage_id`, `libelle`, `texte`, `ordre`, `visible`, `lateral`, `titre`, `updated_at`, `photoVisible`, `path`, `type`) VALUES
(328, 49, 'Le Forfait de base comprend:', '<ul>\r\n	<li>Vol Tunis-Istanbul-Tunis via Turkish Airlines.&nbsp;<strong>NB/Tarif groupe&nbsp;: Apr&egrave;s confirmation, billet non modifiable non remboursable</strong></li>\r\n	<li>Transferts a&eacute;roport-h&ocirc;tel- a&eacute;roport.</li>\r\n	<li>Assistance &agrave; l&rsquo;a&eacute;roport.</li>\r\n	<li>H&eacute;bergement en petit-d&eacute;jeuner &agrave; l&rsquo;h&ocirc;tel</li>\r\n	<li>Demi-journ&eacute;e City tour Istanbul</li>\r\n	<li>Demi-journ&eacute;e croisi&egrave;re Bosphore.</li>\r\n	<li>Une journ&eacute;e enti&egrave;re Ile au prince avec d&eacute;jeuner.</li>\r\n	<li>Guides durant les excursions.</li>\r\n</ul>\r\n\r\n<p>&nbsp;</p>', 9, 1, 1, NULL, '2016-02-01 15:11:40', 0, NULL, 0),
(329, 49, 'Le forfait de base ne comprend pas', '<ul>\r\n	<li>Frais d&rsquo;assurance de voyages.</li>\r\n	<li>Frais de dossier&nbsp;: 25.00 DT</li>\r\n	<li>Les d&eacute;penses &agrave; titre personnels.</li>\r\n	<li>Timbre de voyage= 60 DT.</li>\r\n	<li>D&rsquo;une fa&ccedil;on g&eacute;n&eacute;rale tout ce qui n&rsquo;est pas mentionn&eacute; dans la rubrique <strong>&laquo;&nbsp;Le forfait de base comprend&nbsp;&raquo;</strong></li>\r\n</ul>', 10, 1, 1, NULL, '2016-02-01 15:11:47', 0, NULL, 0),
(330, 49, 'Note importante:', '<ul>\r\n	<li>Passeport valable 6 mois minimum de la date de d&eacute;part.</li>\r\n	<li>Pour les jeunes moins de 35 ans une autorisation parentale est obligatoire</li>\r\n</ul>', 11, 1, 1, NULL, '2016-02-01 15:11:56', 0, NULL, 0),
(336, 10, 'Package:', '<table border="1" cellpadding="0" cellspacing="0" style="width:630px">\r\n	<tbody>\r\n		<tr>\r\n			<td colspan="3" style="height:19px; width:630px">\r\n			<p><strong>&nbsp; &nbsp; &nbsp; &nbsp; &nbsp; &nbsp; &nbsp; &nbsp; &nbsp; &nbsp; &nbsp; &nbsp; &nbsp; &nbsp; &nbsp; &nbsp; &nbsp; &nbsp; &nbsp; &nbsp; &nbsp; &nbsp; &nbsp; &nbsp; &nbsp; &nbsp; &nbsp; &nbsp; &nbsp; &nbsp; &nbsp; &nbsp; &nbsp; &nbsp; Tarifs</strong></p>\r\n			</td>\r\n		</tr>\r\n		<tr>\r\n			<td style="height:24px; width:226px">\r\n			<p><strong>H&ocirc;tels Istanbul</strong></p>\r\n			</td>\r\n			<td style="height:24px; width:194px">\r\n			<p><strong>&nbsp; &nbsp; &nbsp; &nbsp; &nbsp;THE MERETTO 4*</strong></p>\r\n			</td>\r\n			<td style="height:24px; width:210px">\r\n			<p><strong>&nbsp; &nbsp; &nbsp; &nbsp; &nbsp;BLACK BIRD 4*</strong></p>\r\n			</td>\r\n		</tr>\r\n		<tr>\r\n			<td style="height:19px; width:226px">\r\n			<p><strong>Tarif par pax en chambre double</strong></p>\r\n			</td>\r\n			<td style="height:19px; width:194px">\r\n			<p><strong>&nbsp; &nbsp; &nbsp; &nbsp; &nbsp; &nbsp; &nbsp; 1675 DT</strong></p>\r\n			</td>\r\n			<td style="height:19px; width:210px">\r\n			<p><strong>&nbsp; &nbsp; &nbsp; &nbsp; &nbsp; &nbsp; 1800 &nbsp;DT</strong></p>\r\n			</td>\r\n		</tr>\r\n		<tr>\r\n			<td style="height:18px; width:226px">\r\n			<p><strong>Tarif 3&egrave;me personne</strong></p>\r\n			</td>\r\n			<td style="height:18px; width:194px">\r\n			<p><strong>&nbsp; &nbsp; &nbsp; &nbsp; &nbsp; &nbsp; &nbsp; 1675&nbsp;DT</strong></p>\r\n			</td>\r\n			<td style="height:18px; width:210px">\r\n			<p><strong>&nbsp; &nbsp; &nbsp; &nbsp; &nbsp; &nbsp;&nbsp;1800 &nbsp;DT</strong></p>\r\n			</td>\r\n		</tr>\r\n	</tbody>\r\n</table>', 1, 1, 0, NULL, '2016-02-01 15:54:03', 0, NULL, 0),
(337, 10, 'Inclus dans le package', '<ul>\r\n	<li>Vol International</li>\r\n	<li>07 Jours/ 06 Nuits&nbsp;&agrave; Istanbul en Logement Petit D&eacute;jeuner</li>\r\n	<li>Les transferts A&eacute;roport-H&ocirc;tel-A&eacute;roport.</li>\r\n	<li>1 journ&eacute;e de visite &agrave; Sabanja avec D&eacute;jeuner.</li>\r\n	<li>1 journ&eacute;e de visite Ile aux princes avec D&eacute;jeuner.</li>\r\n	<li>1 demi-journ&eacute;e de D&eacute;couverte Istanbul.</li>\r\n	<li>1 demi-journ&eacute;e&nbsp;excursion Bosphore</li>\r\n</ul>', 1, 1, 1, NULL, '2016-02-01 15:54:34', 0, NULL, 0),
(338, 10, 'Non inclus dans le package', '<ul>\r\n	<li>Extras et pourboires &nbsp;</li>\r\n	<li>Frais d&rsquo;assurance de voyages.</li>\r\n	<li>Frais de dossier : 25.00 DT</li>\r\n	<li>Les d&eacute;penses &agrave; titre personnels.</li>\r\n	<li>Timbre de voyage= 60 DT.</li>\r\n	<li>D&rsquo;une fa&ccedil;on g&eacute;n&eacute;rale tout ce qui n&rsquo;est pas mentionn&eacute; dans la rubrique Inclus dans le package&raquo;</li>\r\n</ul>', 2, 1, 1, NULL, '2016-02-01 15:54:52', 0, NULL, 0),
(339, 10, 'Note importante:', '<ul>\r\n	<li>Le tarif enfant mentionn&eacute; est valable pour les enfants logeant avec deux adultes.</li>\r\n	<li>Le tarif enfant dans une chambre s&eacute;par&eacute;e est celui du tarif adulte en &frac12; double.</li>\r\n	<li>Le billet d&rsquo;avion est calcul&eacute; sur la base d&rsquo;une classe de r&eacute;servation bien sp&eacute;ciale&nbsp;: non modifiable et non remboursable.</li>\r\n	<li>Ces tarifs sont calcul&eacute;s sur la base du taux de change actuel, ils pourront &ecirc;tre sujets de de modification suite &agrave; une d&eacute;valuation du dinar.</li>\r\n	<li>Offre sous r&eacute;serve</li>\r\n</ul>', 3, 1, 1, NULL, '2016-02-01 15:55:15', 0, NULL, 0),
(340, 51, 'Package:', '<ul>\r\n	<li>7 nuits H&ocirc;tel au centre en BB</li>\r\n	<li>Transfert A&eacute;roport &ndash;H&ocirc;tel &ndash; A&eacute;roport</li>\r\n	<li>Demi journ&eacute;e de visite Medina</li>\r\n	<li>Asistance 24/24</li>\r\n</ul>', 1, 1, 0, NULL, '2016-02-09 08:13:42', 0, NULL, 0),
(341, 49, 'Dates du Voyage', '<p>Du 20/03/2016 au 26/03/2016</p>', 1, 1, 1, '1', '2016-02-10 08:17:59', 0, NULL, 0),
(343, 52, 'Jour 01', 'Rendez-vous &agrave; l&rsquo;A&eacute;roport Tunis &ndash; Carthage &agrave; 09h30 pour prendre le vol LH1323 &agrave; 12h30 vers Frankfurt puis continuation sur le vol LH 404 &agrave; 17h10<br />\r\nArriv&eacute;e estim&eacute; &agrave; 19h55, accueil et transfert &agrave; l&rsquo;h&ocirc;tel Hilton Garden Inn New York-Times<br />\r\nSquare Central 4* au coeur de Manhattan; installation dans les chambres. Soir&eacute;e &agrave; Times Square<br />\r\nNuit &agrave; l&rsquo;h&ocirc;tel.', 1, 1, 0, NULL, '2016-02-19 11:12:12', 0, NULL, 0),
(344, 52, 'Jour 02', 'Petit d&eacute;jeuner &agrave; l&rsquo;h&ocirc;tel<br />\r\n9h Partant sur un autocar de luxe de l&rsquo;h&ocirc;tel avec un guide francophone en passant par Times Square, vous vous dirigerez vers Manhattan du centre visitant certain des attractions les plus importantes le long de la route comprenant: Times Square, Broadway, secteur de th&eacute;&acirc;tre, Nations Unies, l&#39;Empire State Building et les voisinages de Chinatown, de Little Italy, de Soho et du Greenwich Village.<br />\r\nVous atteindrez alors le secteur financier, le parc de Battery et World Trade Center. La visite,<br />\r\nContinuera vers le d&eacute;passement sup&eacute;rieur de c&ocirc;t&eacute; Ouest: Construction de Time Warner, Lincoln Center, la cath&eacute;drale de St John le divin et Central Park. Vous atteindrez alors Harlem o&ugrave; vous verrez la c&eacute;l&egrave;bre &laquo;ligne de Strivers&raquo;. Retournant vers le sud de Manhattan vous verrez le Museums Mile, qui obtient son nom des nombreux mus&eacute;es situ&eacute;s le long de ce bout droit de l&#39;avenue, telle que le mus&eacute;e de Guggenheim, le mus&eacute;e m&eacute;tropolitain, la collection de Frick et beaucoup d&#39;autres. Alors vous continuerez vers la partie la plus c&eacute;l&egrave;bre de la 5&egrave;me avenue o&ugrave; vous verrez les boutiques les plus &eacute;l&eacute;gantes, la cath&eacute;drale de St Patrick, le Rockefeller Center, la biblioth&egrave;que publique de New York. L&#39;excursion comprend &eacute;galement une courte promenade &agrave; pied de Strawberry Fields &agrave; Central Park et dans le site de World Trade Center.<br />\r\nApr&egrave;s Midi retour en bus vers l&rsquo;h&ocirc;tel<br />\r\nVous aurez la possibilit&eacute; d&rsquo;organiser avec l&rsquo;assistant un d&eacute;part pour visiter le statut de la libert&eacute; (transport par train &agrave; la charge du client) ou visiter le plus grand centre de ventes mat&eacute;rielles &eacute;lectroniques &agrave; cot&eacute; de l&#39;hotel Soir&eacute;e Libre<br />\r\nNuit &agrave; l&rsquo;h&ocirc;tel', 2, 1, 0, NULL, '2016-02-19 11:12:31', 0, NULL, 0),
(345, 52, 'Jour 3:', 'Petit d&eacute;jeuner &agrave; l&#39;h&ocirc;tel<br />\r\nCheck out et transfert vers 10h par bus vers Washington, arriv&eacute;e vers 16h puis installation &agrave; l&rsquo;h&ocirc;tel Washington Marriott at Metro Center 3*<br />\r\nDinner libre a washington avenue ,rue anim&eacute; par un grand nombre de restaurants et pubs.<br />\r\nNuit &agrave; l&rsquo;h&ocirc;tel', 3, 1, 0, NULL, '2016-02-19 11:12:49', 0, NULL, 0),
(346, 52, 'Jour 4:', 'Petit d&eacute;jeuner &agrave; l&rsquo;h&ocirc;tel Courtyard Marriott.<br />\r\nD&eacute;part pour une Demi-journ&eacute;e visite guid&eacute;e de Washington Cette visite dynamique vous pr&eacute;sente les sites les plus c&eacute;l&egrave;bres de la ville de Washington, notamment le Jefferson Memorial, le Washington Monument et l&#39;Air and Space Museum (mus&eacute;e de l&#39;Air et de l&#39;Espace). Apr&egrave;s un arr&ecirc;t photo devant la Maison Blanche et le Capitole, la visite se poursuit devant : Le m&eacute;morial de la Seconde Guerre mondiale, Le m&eacute;morial de Jefferso, Tidal Basin, Le monument Washington, Le m&eacute;morial de l&#39;Holocauste, Le ch&acirc;teau du Smithsonian, Le mus&eacute;e de l&#39;Air et de l&#39;Espace, Le Native American Museum (mus&eacute;e des Am&eacute;rindiens)<br />\r\nVers 13 arr&ecirc;ts au centre commercial pentagone city pour d&eacute;jeuner libre et retour vers h&ocirc;tel ou promenade &agrave; pied aux diff&eacute;rents &eacute;tages du centre pour shopping puis retour libre par m&eacute;tro a l&rsquo;h&ocirc;tel.<br />\r\nLe soir soir&eacute;e libre &agrave; Washington avenue Apr&egrave;s Midi Libre au centre-ville<br />\r\nNuit &agrave; l&rsquo;h&ocirc;tel', 4, 1, 0, NULL, '2016-02-19 11:13:05', 0, NULL, 0),
(347, 52, 'Jour 5:', 'Petit d&eacute;jeuner &agrave; l&rsquo;h&ocirc;tel Courtyard Marriott.<br />\r\n9h D&eacute;part vers A&eacute;roport Washington pour prendre le Vol direction Orlando arriv&eacute;e estim&eacute;e &agrave; 13H20 , accueil puis transfert &agrave; l&rsquo;h&ocirc;tel Embassy Suites Lake Buena Vista 4*.<br />\r\nNuit &agrave; l&rsquo;h&ocirc;tel', 5, 1, 0, NULL, '2016-02-19 11:13:54', 0, NULL, 0),
(348, 52, 'Jour 6:', 'Petit d&eacute;jeuner &agrave; l&rsquo;h&ocirc;tel<br />\r\nJourn&eacute;e Shopping au plus grand outlet de la Floride Premuim Outlet<br />\r\nNuit l&rsquo;h&ocirc;tel.', 6, 1, 0, NULL, '2016-02-19 11:14:06', 0, NULL, 0),
(349, 52, 'Jour 7:', 'Petit d&eacute;jeuner &agrave; l&rsquo;h&ocirc;tel<br />\r\nTransport et visite du parc d&rsquo;attraction Universal Studio; c&#39;est un resort regroupant deux parcs &agrave; th&egrave;mes : Universal Studios Florida, Universal&#39;s Islands of Adventure, Universal CityWalk.<br />\r\nNuit &agrave; l&rsquo;h&ocirc;tel', 7, 1, 0, NULL, '2016-02-19 11:15:26', 0, NULL, 0),
(350, 52, 'Jour 8:', 'Petit d&eacute;jeuner &agrave; l&rsquo;h&ocirc;tel<br />\r\nTransfert par bus vers Miami et installation &agrave; l&rsquo;h&ocirc;tel Miami Downtown 4*. Diner libre &agrave; oc&eacute;an drive Nuit Libre.', 8, 1, 0, NULL, '2016-02-19 11:15:54', 0, NULL, 0),
(351, 52, 'Jour 9:', 'Petit d&eacute;jeuner &agrave; l&rsquo;h&ocirc;tel<br />\r\nDemi-journ&eacute;e excursion avec un guide francophone pour D&eacute;couvrir les sites incontournables de Miami. Vous serez guid&eacute; &agrave; travers les diff&eacute;rents quartiers de la ville tels que Downtown (quartier des affaires), Little Havana (quartier cubain), Coconut Grove (quartier culturel tr&egrave;s anim&eacute;) ainsi que Coral Gables (quartier r&eacute;sidentiel hupp&eacute;) et son fameux h&ocirc;tel Biltmore. Vous contemplerez ensuite l&rsquo;architecture art-d&eacute;co de Miami Beach, les villas de star au bord de la mer et les kilom&egrave;tres de plages de la ville. Vous d&eacute;couvrirez l&rsquo;art, la musique et les personnalit&eacute;s qui font la renomm&eacute; de la &laquo; Magic City &raquo;.<br />\r\n13h fin de l&rsquo;excursion et retour vers l&rsquo;hotel ou arret au lincoln Road pour d&eacute;jeuner libre et profiter du shopping.<br />\r\nFin d&rsquo;apres midi retour par taxi vers l&rsquo;hotel pour profiter des plages<br />\r\nSoir&eacute;e libre d&rsquo;adieu Miami &agrave; Ocean Drive<br />\r\nNuit &agrave; l&rsquo;h&ocirc;tel', 9, 1, 0, NULL, '2016-02-19 11:16:08', 0, NULL, 0),
(352, 52, 'Jour 10:', 'Petit d&eacute;jeuner &agrave; l&rsquo;h&ocirc;tel<br />\r\nMatin&eacute;e libre jusqu&rsquo;&agrave; l&rsquo;heure de transfert vers l&rsquo;A&eacute;roport international de Miami pour prendre le vol &agrave; 16h40 vers Rome Nuit &agrave; bord.', 10, 1, 0, NULL, '2016-02-19 11:16:19', 0, NULL, 0),
(353, 52, 'Jour 11:', 'Arriv&eacute;e &agrave; Rome vers 07h50 puis continuation &agrave; 22h15 vers Tunis Arriv&eacute;e &agrave; Tunis &agrave; 23h35.', 11, 1, 0, NULL, '2016-02-19 11:16:32', 0, NULL, 0),
(354, 52, 'Le Forfait de base comprend:', '<ul>\r\n	<li>Billet D&rsquo;avion Tunis &ndash; New York et Miami &ndash; Tunis Lufthansa Apr&egrave;s confirmation, billet non modifiables non remboursable</li>\r\n	<li>Transport entre Washington &ndash; Orlando</li>\r\n	<li>02 nuits New York &agrave; Hotel logement petit d&eacute;jeuner.</li>\r\n	<li>02 nuits Washington &agrave; Hotel en logement petit d&eacute;jeuner.</li>\r\n	<li>03 nuits Orlando Hotel en logement petit d&eacute;jeuner.</li>\r\n	<li>02 nuits Miami Hotel Hilton Downtown / Hyatt Regency or similar en logement petit d&eacute;jeuner.</li>\r\n	<li>Les excursions mentionn&eacute;es dans le programme</li>\r\n	<li>&nbsp;Le transport terrestre entre New York &ndash; Washington &bull; &bull;</li>\r\n	<li>Le Transport terrestre entre Orlando et Miami</li>\r\n	<li>Transfert A&eacute;roports &ndash; H&ocirc;tels &ndash; A&eacute;roports.</li>\r\n	<li>Les tickets d&rsquo;entrer avec transferts sur SIC-Statue de la Libert&eacute;, l&#39;Empire State Building, Smithsonian Air et le mus&eacute;e de l&#39;espace, ORL excursion shopping &agrave; Outlet Mall, 2-Parc Universal Studios billet</li>\r\n</ul>', 12, 1, 1, NULL, '2016-02-19 11:21:05', 0, NULL, 0),
(355, 52, 'Le forfait de base ne comprend pas', '<ul>\r\n	<li>L&rsquo;assurance de voyage.</li>\r\n	<li>Les frais de Visa.</li>\r\n	<li>Tous ce qui n&rsquo;est pas inclus dans le programme.</li>\r\n</ul>', 13, 1, 1, NULL, '2016-02-19 11:21:34', 0, NULL, 0),
(356, 53, 'Jour 1: (TUNIS / VIENNE)', 'D&eacute;part vers Vienne, accueil puis transfert par bus &agrave;&nbsp;L&rsquo;h&ocirc;tel Ananas 4*.<br />\r\n&nbsp;', 1, 1, 0, NULL, '2016-02-20 08:28:19', 0, NULL, 0),
(357, 53, 'Jour 2 : (VIENNE)', '07h00 : petit d&eacute;jeuner &agrave; h&ocirc;tel.<br />\r\n09h00 : D&eacute;part par bus pour une visite guid&eacute;e de l&rsquo;ancienne capitale de l&rsquo;empire austro Hongrois : les jardins de belv&eacute;d&egrave;re, l&rsquo;ensemble monumental du ring, la cath&eacute;drale St-Etienne appel&eacute;e aussi Stephan dom d&acute;origine roman gothique et elle fait l&#39;embl&egrave;me de Vienne., la biblioth&egrave;que nationale, la c&eacute;l&egrave;bre grande roue (pas d&#39;entr&eacute;e aux monuments c&#39;est juste un passage). Continuation de la visite du centre-ville &agrave; pieds.<br />\r\nApr&egrave;s midi libre pour la d&eacute;couverte personnelle.<br />\r\n&nbsp;<br />\r\n&nbsp;', 2, 1, 0, NULL, '2016-02-20 08:28:31', 0, NULL, 0),
(358, 53, 'Jour 3 : (VIENNE/BRATISLAVA/PRAGUE)', '07h00 petit d&eacute;jeun&eacute; &agrave; h&ocirc;tel.<br />\r\n09h00 D&eacute;part de Vienne en direction de Bratislava Capitale Slovaque.<br />\r\nArr&ecirc;t et visite de Bratislava puis temps libre pour le d&eacute;jeuner (libre).<br />\r\nPoursuite vers Prague.<br />\r\nArriv&eacute;e &agrave; Prague, installation et Nuit&eacute;e &agrave; l&rsquo;h&ocirc;tel Panorama 4*.<br />\r\n&nbsp;<br />\r\n&nbsp;', 3, 1, 0, NULL, '2016-02-20 08:28:44', 0, NULL, 0),
(359, 53, 'Jour 4 : (PRAGUE)', '07h00 : Petit d&eacute;jeuner &agrave; h&ocirc;tel<br />\r\n9h00 : visite guid&eacute;e de la Vielle Ville de Prague : fond&eacute; au d&eacute;but du 13e si&egrave;cle tout autour du march&eacute; m&eacute;di&eacute;val dont se trouver le fameux pont Charles, le plus vieux pont de Prague b&acirc;ti au 14e si&egrave;cle avec 30 statues et 3 tours. Partout dans ce quartier on est surpris par l&acute;authenticit&eacute; et la beaut&eacute; de la ville m&eacute;di&eacute;vale qui a surv&eacute;cu jusqu&acute; &agrave; nos jours.<br />\r\nD&eacute;jeuner libre et apr&egrave;s-midi libre pour la d&eacute;couverte personnelle.<br />\r\nNuit&eacute;e &agrave; l&rsquo;h&ocirc;tel.<br />\r\n&nbsp;', 4, 1, 0, NULL, '2016-02-20 08:28:56', 0, NULL, 0),
(360, 53, 'Jour 5: Prague – Berlin : Visite de DRESDE', '07h00 : Petit d&eacute;jeuner &agrave; h&ocirc;tel<br />\r\n09h00 : D&eacute;part en bus avec votre guide direction Berlin. &nbsp; &nbsp; &nbsp; &nbsp; &nbsp; &nbsp; &nbsp; &nbsp; &nbsp; &nbsp; &nbsp; &nbsp; &nbsp; &nbsp; &nbsp; &nbsp; &nbsp; &nbsp; &nbsp; &nbsp; &nbsp; &nbsp;&nbsp;<br />\r\nArr&ecirc;t &agrave; DRESDE &nbsp;village de p&ecirc;cheurs est devenu une r&eacute;sidence thermale et royale, et la ville de Dresde est devenue plus tard la ville principale de la Saxe. Parmi les monuments historiques majeurs, citons la galerie Zwinger et l&rsquo;Albertinum, les &eacute;glises<br />\r\nHofkirche et Frauenkirche ou encore l&rsquo;op&eacute;ra Semperoper. Durant la seconde guerre mondiale, la ville a &eacute;t&eacute; presque enti&egrave;rement d&eacute;truite par les bombardements a&eacute;riens massifs, mais a &eacute;t&eacute; &agrave; nouveau reconstruite et restaur&eacute;e, en d&eacute;but d&rsquo;apr&egrave;s midi continuation vers BERLIN la capitale Allemande,<br />\r\nInstallation &agrave; votre h&ocirc;tel Holiday Inn Berlin City-West 3*.<br />\r\n&nbsp;', 5, 1, 0, NULL, '2016-02-20 08:29:09', 0, NULL, 0),
(361, 53, 'Jour 6 Berlin – Prague', 'Apr&egrave;s le petit d&eacute;jeuner d&eacute;part avec votre guide pour la visite de Berlin : la visite vous donnera un aper&ccedil;u de l&#39;histoire de Berlin - sous les rois de Prusse, au cours de Hitler Troisi&egrave;me Reich et la guerre froide. Vous verrez le mur de Berlin et l&#39;ancienne bande de la mort, le site d&#39;un bunker d&#39;Hitler et les nouvelles fouilles de soute, Checkpoint Charlie, le Reichstag avec sa coupole de verre, Colonne de la Victoire, Porte de Brandebourg, la Potsdamer Platz Sony Centre, les cath&eacute;drales jumeaux sur Gendarmenplatz , l&#39;&icirc;le aux mus&eacute;es, Palast der Republik, Tv-Tour, le Berliner Dom, Unter den Linden, synagogue juive et de nombreux autres sites.<br />\r\nEn fin d&rsquo;apr&egrave;s midi, retour &agrave; Prague installation &agrave; votre H&ocirc;tel Panorama 4*.<br />\r\nNuit&eacute;e &agrave; votre h&ocirc;tel. &nbsp; &nbsp; &nbsp; &nbsp;<br />\r\n&nbsp;<br />\r\n&nbsp;', 6, 1, 0, NULL, '2016-02-20 08:29:21', 0, NULL, 0),
(362, 53, 'Jour 7 : (PRAGUE)', 'Petit d&eacute;jeuner &agrave; l&rsquo;h&ocirc;tel.<br />\r\nJourn&eacute;e libre pour shopping et d&eacute;couverte personnelle.<br />\r\nRetour &agrave; Prague.<br />\r\nNuit&eacute;e &agrave; votre h&ocirc;tel.<br />\r\n&nbsp;', 7, 1, 0, NULL, '2016-02-20 08:29:32', 0, NULL, 0),
(363, 53, 'Jour 8 : (PRAGUE – VIENNE)', 'D&eacute;part de Prague en direction de L&rsquo;a&eacute;roport de Vienne, Assistance aux formalit&eacute;s d&acute;embarquement et envol vers Tunis.<br />\r\n&nbsp;', 8, 1, 0, NULL, '2016-02-20 08:29:45', 0, NULL, 0),
(364, 53, 'Le Forfait de base comprend:', '<ul>\r\n	<li>Billet d&#39;avion Tunis / Vienne / Tunis.</li>\r\n	<li>02 Nuit Vienne &agrave; l&rsquo;h&ocirc;tel Ananas 4* en LPD.</li>\r\n	<li>03 Nuit Prague &agrave; l&rsquo;h&ocirc;tel Panorama 4* en LPD.</li>\r\n	<li>02 Nuit Berlin &agrave; l&rsquo;h&ocirc;tel Holiday Inn Berlin City-West 3* en LPD.</li>\r\n	<li>Visite guid&eacute;e de Vienne.</li>\r\n	<li>Visite guid&eacute;e de Bratislava.</li>\r\n	<li>Visite guid&eacute;e de Prague.</li>\r\n	<li>Visite guid&eacute;e Dresden.</li>\r\n	<li>Visite guid&eacute;e de Berlin.</li>\r\n	<li>Transfert en Bus Touristique climatis&eacute;.</li>\r\n	<li>Assistance d&rsquo;un guide professionnel durant tout le circuit.</li>\r\n</ul>', 9, 1, 1, NULL, '2016-02-20 08:30:04', 0, NULL, 0),
(365, 53, 'Le forfait de base ne comprend pas', '<ul>\r\n	<li>Les frais de visa</li>\r\n	<li>L&rsquo;assurance de voyage.</li>\r\n	<li>Les d&eacute;penses personnelles</li>\r\n	<li>Tous ce qui n&rsquo;est pas inclus dans le programme.</li>\r\n</ul>', 10, 1, 1, NULL, '2016-02-20 08:30:24', 0, NULL, 0),
(367, 57, 'Jour 1.', 'Arriv&eacute;e &agrave; l&#39;a&eacute;roport de Lisbonne avec le vol TU318 vers 18h30. Accueil par notre guide francophone, et transfert &agrave; l&rsquo;h&ocirc;tel pour d&eacute;poser les bagages.<br />\r\nNuit &agrave; l&rsquo;h&ocirc;tel.', 1, 1, 0, '18 juillet. Arrivée à Lisbonne', '2016-04-16 10:29:40', 0, NULL, 0),
(368, 57, 'Jour 2.', 'Petit-d&eacute;jeuner &agrave; l&rsquo;h&ocirc;tel<br />\r\nMatin&eacute;e consacr&eacute;e &agrave; la visite guid&eacute;e panoramique de Lisbonne. Parcours des principaux sites et avenues de la ville, l&rsquo;avenue Liberdade, place du Rossio, bord&eacute;e d&#39;immeubles des 18e et 19e S. occup&eacute;s par des caf&eacute;s et petits commerces. La Pra&ccedil;a de Comer&ccedil;o, bord&eacute;e de b&acirc;timents classiques aux fa&ccedil;ades jaunes, et un magnifique Arc de Triomphe baroque du 19e. Le quartier commercial de Chiado avec ses caf&eacute;s et librairies typiques.<br />\r\nD&eacute;jeuner et apr&egrave;s-midi libre<br />\r\nNuit &agrave; l&rsquo;h&ocirc;tel.', 2, 1, 0, '19 juillet. Lisbonne panoramique', '2016-04-16 10:29:51', 0, NULL, 0),
(369, 57, 'Jour 3.', 'Petit-d&eacute;jeuner &agrave; l&rsquo;h&ocirc;tel et journ&eacute;e libre &agrave; Lisbonne<br />\r\nNuit &agrave; l&rsquo;h&ocirc;tel.<br />\r\n<br />\r\nEn Option : LISBONE-ESTORIL-CASCAIS-SINTRA<br />\r\nD&eacute;part en excursion de journ&eacute;e compl&egrave;te vers Estoril, station baln&eacute;aire connue pour les vertus curatives de ses eaux thermales, et par son Casino et ses jardins. Visite de Cascais, port de p&ecirc;che traditionnel, avec ses rues pi&eacute;tonnes bord&eacute;es de boutiques et restaurants, ce fut une ancienne r&eacute;sidence des rois de Portugal. Continuation vers Cabo de Roca, le point plus occidental de l&rsquo;Europe, et arriv&eacute;e &agrave; Sintra. D&eacute;jeuner dans restaurant local puis visite du centre historique de cette ville, devenue Patrimoine Mondial par l&rsquo;Unesco, avec ses fontaines, parcs et ses maisons aristocratiques appel&eacute;es &laquo;Quintas&quot;. Visite int&eacute;rieur du merveilleux Palacio National et son architecture typique du XV&egrave;me si&egrave;cle, elle fut l&rsquo;ancienne r&eacute;sidence de chasse de la famille royal portugaise. H&eacute;bergement &agrave; l&rsquo;h&ocirc;tel.', 3, 1, 0, '20 juillet. Lisbonne', '2016-04-16 10:30:38', 0, NULL, 0),
(370, 57, 'Jour 4.', 'Petit-d&eacute;jeuner &agrave; l&rsquo;h&ocirc;tel et d&eacute;part en bus vers Salamanque, ville Patrimoine mondial de l&rsquo;Unesco. Rencontre avec le guide local pour la visite &agrave; pied du centre historique : la &laquo; Plaza Mayor &raquo;, le coeur et &acirc;me de la ville, et sans doute la plus belle d&rsquo;Espagne. L&rsquo;Universit&eacute;, fond&eacute;e en 1218, c&rsquo;est le plus ancienne d&rsquo;Espagne, et donne &agrave; la ville un remarquable caract&egrave;re culturel. Ressort la magnifique fa&ccedil;ade de style plateresque dont le majestueux portail date de 1534. La Cath&eacute;drale vieille construite en un magnifique style romain avec sa tour-lanterne nervur&eacute;e, la maison des Coquilles, avec une originale fa&ccedil;ade d&eacute;cor&eacute;e avec plus de 300 coquilles St-Jacques, et avec un joli patio, qui m&ecirc;le des &eacute;l&eacute;ments m&eacute;di&eacute;vaux, mud&eacute;jares et Renaissance.<br />\r\nD&eacute;jeuner et apr&egrave;s-midi libre pour continuer la d&acute;couverte de la ville a vos soins. Le centre c&rsquo;est plein de coins d&eacute;couvrir.<br />\r\nNuit &agrave; l&rsquo;h&ocirc;tel &agrave; Salamanque.', 4, 0, 0, '21 juillet. Lisbonne-Salamanque (475kms)', '2016-04-16 10:29:29', 0, NULL, 0),
(371, 57, 'Jour 5.', 'Petit-d&eacute;jeuner.<br />\r\nD&eacute;part vers Avila, et visite guid&eacute;e panoramique du centre historique que se trouve compl&eacute;tement entour&eacute;e par une muraille du XI&egrave;me si&egrave;cle parfaitement conserv&eacute;e.<br />\r\nD&eacute;jeuner libre.<br />\r\nApr&egrave;s-midi poursuite vers Segovie, qui donne la bienvenue au visiteur avec l&rsquo;impressionnant aqueduc romain, d&rsquo;environ 18si&eacute;cles, construite par l&rsquo;empereur Trajano, est t&eacute;moin muet de l&rsquo;histoire d&rsquo;Espagne. Visite guid&eacute;e &agrave; travers des rues &eacute;troites et tortueuses, pour s&rsquo;amener &agrave; la Cath&eacute;dral, la Place Mayor, l&rsquo;&eacute;glise de la Vera Cruz, construite par les Templi&egrave;res, et le formidable Alcazar, construite sur un extr&ecirc;me de la ville en dominant toute la vall&eacute;e.<br />\r\nNuit &agrave; l&rsquo;h&ocirc;tel &agrave; Madrid', 5, 1, 0, '22 juillet. Salamanque-Avila-Ségovie-Madrid (268kms)', '2016-04-16 10:31:07', 0, NULL, 0),
(372, 57, 'Jour 6.', 'Petit-d&eacute;jeuner, puis d&eacute;part pour la visite guid&eacute;e panoramique de Madrid. D&eacute;couverte des avenues principales comme La Gran Via, la rue d&#39;Alcal&agrave;, le Paseo de la Castellana, mais &eacute;galement les incontournables de Madrid, tels que la place de Colomb, la place d&#39;Espagne et le tr&egrave;s c&eacute;l&egrave;bre Stade du Real Madrid (visite ext&eacute;rieure). Le Parc du Retiro, avec ses 130 ha, authentique poumon vert au coeur de la capitale abritant le magnifique Palacio de Cristal. Fin du tour avec Las Ventas, les plus importantes ar&egrave;nes d&rsquo;Espagne, construites en 1931 dans un style n&eacute;o mud&eacute;jar. D&eacute;jeuner et apr&egrave;s-midi libre<br />\r\nNuit &agrave; l&rsquo;h&ocirc;tel.<br />\r\n<br />\r\nEn Option : Visite guid&eacute;e du Madrid des Austrias, avec la place d&#39;Isabel II et son Op&eacute;ra, nous conduit vers la majestueuse Plaza d&#39;Oriente et le Palais Royal, entour&eacute; par la Cath&eacute;drale de l&#39;Almudena ainsi que par les Jardins de Sabatini. Le Madrid des Austrias, en plus de l&#39;architecture atypique de ses immeubles, rec&egrave;le d&#39;autres secrets comme, la Casa de la Vila, et la place de Santa Cruz,', 6, 1, 0, '23 juillet. Madrid panoramique', '2016-04-16 10:31:45', 0, NULL, 0),
(373, 57, 'Jour 7.', 'Petit-d&eacute;jeuner et journ&eacute;e libre pour la d&eacute;couverte de Madrid &agrave; votre rythme.<br />\r\nJourn&eacute;e libre<br />\r\nNuit &agrave; l&rsquo;h&ocirc;tel.<br />\r\n<br />\r\nEn Option : Excursion Escorial et Valle de los Caidos.<br />\r\nVisite guid&eacute;e du majestueux ensemble monumental, qui combine, dans son int&eacute;rieur, une d&eacute;coration luxueuse, avec l&rsquo;aust&eacute;rit&eacute; d&rsquo;un monast&egrave;re. L&rsquo;ensemble est form&eacute; d&rsquo;autres diff&eacute;rents b&acirc;timents : les Appartements Royaux qui abritent le palais des Bourbons, avec ses somptueuses tapisseries, et ses magnifiques appartements ; le Panth&eacute;on des Rois et sa chapelle o&ugrave; se trouvent les sarcophages de presque tous les rois d&#39;Espagne depuis Charles V, l&rsquo;&eacute;glise avec son immense retable, et la biblioth&egrave;que avec 40.000 livres et manuscrits du 5&eacute;me au 18&eacute;me si&egrave;cles. Aussi m&ecirc;me il y a un mus&eacute;e consacr&eacute; &agrave; la peinture religieuse avec oeuvres de Tintoreto, V&eacute;ron&egrave;se, Ribera, et Zurbaran. D&eacute;jeuner libre.<br />\r\nL&rsquo;apr&egrave;s-midi visite du &laquo; Valle de los Caidos &raquo; un grandiose monument fun&eacute;raire construit entre 1940 et 1956 &agrave; la m&eacute;moire des victimes de la Guerre civile de 1936.<br />\r\nEn option : Soir&eacute;e flamenco. Transfert &laquo; tablao &raquo;, pour profiter du d&icirc;ner typique et se laisser impr&eacute;gner de l&rsquo;ensorcellement du flamenco. Retour &agrave; l&rsquo;h&ocirc;tel en autocar et logement.', 7, 1, 0, '24 juillet. Madrid', '2016-04-16 10:32:22', 0, NULL, 0),
(374, 57, 'Jour 8.', 'Petit d&eacute;jeuner, puis temps libre pour continuer la visite de Madrid &agrave; votre rythme. Vers 17h00, transfert &agrave; l&rsquo;a&eacute;roport pour envol de retour, d&eacute;part vers 19h25.<br />\r\nEn option : Tol&egrave;de.<br />\r\nApr&egrave;s le petit d&eacute;jeuner, d&eacute;part pour la visite guid&eacute;e de la ville monumentale de Tol&egrave;de, une ville qui vous &eacute;tonnera par sa diversit&eacute; et son nombre de monuments historiques. Appel&eacute;e la &laquo; ville des trois cultures &raquo; par l&#39;h&eacute;ritage laiss&eacute; par les chr&eacute;tiens, les arabes et les juifs, la cit&eacute; est devenue Patrimoine de l&#39;Humanit&eacute; par l&#39;Unesco. La Cath&eacute;drale, c&#39;est l&#39;une des plus belles d&#39;Espagne, cette derni&egrave;re refl&egrave;te tous les stades du gothique espagnol, et h&eacute;berge une importante collection de toiles du Greco. L&#39;&eacute;glise de Santa Maria la Blanca, c&rsquo;est un magnifique exemple des &laquo; trois cultures &raquo;, qui &eacute;tait &agrave; l&rsquo;origine une synagogue, construite en style arabe almohade, et devenue &eacute;glise depuis 1405. Puis visite de la Synagogue du Transito, et finalement l&rsquo;incontournable &eacute;glise de Santo Tome, o&ugrave; s&rsquo;expose l&rsquo;oeuvre plus la connue d&rsquo;el Greco : &laquo; Les fun&eacute;railles du comte d&#39;Orgaz &raquo; Vers 16h00, transfert vers l&rsquo;a&eacute;roport de Madrid pour envol de retour d&eacute;part &agrave; 20h35', 8, 1, 0, '25 juillet. Départ', '2016-04-16 10:33:17', 0, NULL, 0),
(375, 57, 'Le Forfait de base comprend:', '<ul>\r\n	<li>Vols Tunis-Lisbonne-Madrid-Tunis (Tarifs groupe non modifiable te non remboursable).</li>\r\n	<li>Les guides locaux francophones pour l&rsquo;assistance &agrave; l&rsquo;a&eacute;roport et pour les visites du programme.</li>\r\n	<li>Les transferts et visites en car grand tourisme climatis&eacute; mentionn&eacute;s dans le programme.</li>\r\n	<li>&nbsp;L&rsquo;h&eacute;bergement dans les h&ocirc;tels 4* (ou similaires selon disponibilit&eacute;).</li>\r\n	<li>&nbsp; &nbsp; o 3 nuits &agrave; Lisbonne &agrave; l&rsquo;H&ocirc;tel Fenix Urban 4*.</li>\r\n	<li>&nbsp; &nbsp; o 1 nuit &agrave; Salamanque &agrave; l&rsquo;H&ocirc;tel Plaza Mayor 4*.</li>\r\n	<li>&nbsp; &nbsp; o 3 nuits &agrave; Madrid &agrave; l&rsquo;H&ocirc;tel Senator Gran V&iacute;a 4*.</li>\r\n	<li>Les petits d&eacute;jeuners buffet &agrave; l&rsquo;h&ocirc;tel.</li>\r\n</ul>', 9, 1, 1, NULL, '2016-04-16 10:38:05', 0, NULL, 0),
(376, 57, 'Le forfait de base ne comprend pas', '<ul>\r\n	<li>Les porteurs, pourboires, autres visites, entr&eacute;es ou tout extra personnel non mentionn&eacute;</li>\r\n	<li>Frais dossier groupe &amp; assistance : 280 DT</li>\r\n</ul>', 10, 1, 1, NULL, '2016-04-16 10:38:25', 0, NULL, 0),
(377, 57, 'EN OPTION :', '<ul>\r\n	<li>Suppl&eacute;ment demi-pension (7 repas midi, boissons non inclus) : 260 DT/pax</li>\r\n	<li>Excursion Estoril-Cascais-Sintra : 130dt adulte // 87dt enfant 2-11 ans (transport, guide et entr&eacute;es)</li>\r\n	<li>Visite Madrid des Austrias : 85dt adulte // 39dt enfant 2-11 ans (transport, guide et entr&eacute;es)</li>\r\n	<li>Excursion Escorial et &laquo;Valle de los Caidos&raquo; : 100dt adulte // 87dt enfant 2-11 ans (transport, guide et entr&eacute;es)</li>\r\n	<li>Excursion Tol&egrave;de : 151dt adulte // 78dt enfant 2-11 ans (transport, guide et entr&eacute;es)</li>\r\n	<li>Soir&eacute;e Flamenco :173dt adulte // 68dt enfant 2-11 ans (transport, diner et spectacle inclus)</li>\r\n	<li>LISBONNE -MADRID</li>\r\n	<li>30 pax, du 18 au 25 juillet 2016</li>\r\n</ul>', 11, 1, 1, NULL, '2016-04-16 10:37:48', 0, NULL, 0),
(378, 58, 'Inclus dans le package', '- Vol Via RAM : TUN-CMN-AGA // CMN-TUN<br />\r\n- 03 Nuit&eacute;es &agrave; l&#39;h&ocirc;tel Tivoli 4* Agadir en DP<br />\r\n- 02 Nuit&eacute;es &agrave; l&#39;h&ocirc;tel RYAD MOGADOR KASBAH 4* Marrakech en DP<br />\r\n- 01 Nuit&eacute;e &agrave; l&#39;h&ocirc;tel KENZI BASMA 4* Casablanca en DP<br />\r\n- City tour Agadir avec d&eacute;jeuner<br />\r\n- Diner chez Ali &agrave; Marrakech<br />\r\n- Tous les transferts n&eacute;cessaires<br />\r\n- Guide durant les tours et les transferts', 1, 1, 0, NULL, '2016-05-22 21:57:34', 0, NULL, 0),
(379, 58, 'Termes et conditions', '- La validit&eacute; du passeport doit &ecirc;tre de 03 mois au minimum &agrave; compter de la date de d&eacute;part.<br />\r\n- Les voyageurs moins de 35 ans voyageant seuls doivent obligatoirement &ecirc;tre munis d&#39;une autorisation parentale l&eacute;galis&eacute;e.', 2, 1, 0, NULL, '2016-05-22 22:00:13', 0, NULL, 0),
(380, 59, 'Jour 1', 'D&eacute;part&nbsp; pour <strong>TUNIS</strong>- <strong>MADRID,&nbsp;</strong>installation dans les Chambres et visite&nbsp;selon heure d&rsquo;arriv&eacute;e&nbsp;', 1, 1, 0, NULL, '2016-05-31 23:00:23', 0, NULL, 0),
(381, 59, 'Jour 2', 'Visite pour Madrid et d&eacute;part pour Paris', 2, 1, 0, NULL, '2016-05-31 23:01:37', 0, NULL, 0),
(382, 59, 'Jour 3', 'Une journ&eacute;e a Paris', 3, 1, 0, NULL, '2016-05-31 23:03:15', 0, NULL, 0),
(383, 59, 'Jour 4', 'Visite et une nuit &agrave; Amesterdam', 4, 1, 0, NULL, '2016-05-31 23:27:37', 0, NULL, 0),
(384, 59, 'Jour 5', 'Visite &agrave; Amesterdam', 5, 1, 0, NULL, '2016-05-31 23:27:11', 0, NULL, 0),
(385, 59, 'Jour 6 et 7', 'Visite de Berlin&nbsp;', 6, 1, 0, NULL, '2016-05-31 23:28:01', 0, NULL, 0),
(386, 59, 'Jour 8 et 9', 'Visite de Rome', 7, 1, 0, NULL, '2016-05-31 23:08:28', 0, NULL, 0),
(387, 59, 'Jour 10', 'Visite de Paris', 7, 1, 0, NULL, '2016-05-31 23:09:19', 0, NULL, 0),
(388, 59, 'Jour 11', 'Journ&eacute;e &agrave; Paris et retour a Tunis', 8, 1, 0, NULL, '2016-05-31 23:10:29', 0, NULL, 0),
(389, 8, 'Jour 1: Casablanca / Aéroport', 'Arriv&eacute;e &agrave; l&#39;a&eacute;roport Mohamed V de Casablanca.<br />\r\nAccueil, assistance et transfert &agrave; l&#39;h&ocirc;tel .<br />\r\nVisite de Casablanca, la capitale &eacute;conomique du Maroc avec la partie ext&eacute;rieure de la mosqu&eacute;e Hassan II, la m&eacute;dina , place MED 5&nbsp;. Nuit&eacute;e a l&#39;h&ocirc;tel<br />\r\n&nbsp;', 1, 1, 0, NULL, '2016-06-01 00:46:16', 0, NULL, 0),
(390, 8, 'Jour 2: Casablanca / Rabat/Casablanca', 'Apr&egrave;s le petit d&eacute;jeuner, rencontre avec le guide &agrave; partir de 09h30 du matin , d&eacute;part vers Rabat.<br />\r\nVisite de la capitale administrative et politique : Mausol&eacute;e MED V, Tour Hassan et Palais Royal (EXTERIEUR) .<br />\r\nRetour &agrave; l&#39;h&ocirc;tel Casablanca et logement.&nbsp;<br />\r\n&nbsp;', 2, 1, 0, NULL, '2016-06-01 00:49:11', 0, NULL, 0),
(391, 8, 'Jour 3: Casablanca / Marrakech', 'R&eacute;veil t&ocirc;t le matin et petit d&eacute;jeuner.<br />\r\nD&eacute;part pour Marrakech, instalation &agrave; l&rsquo;h&ocirc;tel , visite de Marrakech; &laquo; Perle du Sud &raquo;, fond&eacute;e au XI&egrave;me si&egrave;cle, visite de la Koutoubia, les Tombeaux S&acirc;adiens, le jardin de la M&eacute;nara et des souks et de l&#39;ancienne M&eacute;dina, ainsi que la fameuse place Djema&acirc; El Fna.<br />\r\nRetour &agrave; l&#39;h&ocirc;tel et logement.&nbsp;<br />\r\n&nbsp;', 3, 1, 0, NULL, '2016-06-01 00:53:54', 0, NULL, 0),
(392, 8, 'Jour 4: Marrakech', 'Petit d&eacute;jeuner : Visite de la ville moderne de Marrakech et shopping&nbsp;.&nbsp;<br />\r\n&nbsp;', 4, 1, 0, NULL, '2016-06-01 00:55:16', 0, NULL, 0),
(393, 8, 'Jour 5: Marrakech / Ourika', 'R&eacute;veil t&ocirc;t le matin et petit d&eacute;jeuner., excursion vers la vall&eacute;e de l &lsquo;ourika une journ&eacute;e de d&eacute;couverte et de d&eacute;tente ( dejeuner non inclus ).<br />\r\nD&icirc;ner spectacle sous tentes ca&iuml;dales dans le restaurant &laquo;Chez Ali&raquo; (en option).<br />\r\nRetour &agrave; l&#39;h&ocirc;tel et logement.<br />\r\n&nbsp;', 5, 1, 0, NULL, '2016-06-01 00:56:59', 0, NULL, 0),
(394, 8, 'Jour 6: Marrakesh / Casablanca', 'Petit d&eacute;jeuner &agrave; l&#39;h&ocirc;tel.<br />\r\nRetour &agrave; l&rsquo;hotel Casablanca . journ&eacute;e libre pour les derniers achats.<br />\r\n&nbsp;', 6, 1, 0, NULL, '2016-06-01 00:58:03', 0, NULL, 0),
(395, 8, 'Jour 7:  Casablanca / Aéroport', 'Petit d&eacute;jeuner &agrave; l&#39;h&ocirc;tel.<br />\r\nTransfert &agrave; l&#39;a&eacute;roport Mohamed V Casablanca pour vol retour .&nbsp;<br />\r\n&nbsp;', 7, 1, 0, NULL, '2016-06-01 00:58:51', 0, NULL, 0),
(396, 8, 'Tarif comprend :', '- 3 nuits en LPD &agrave; CASABLANCA<br />\r\n- 3&nbsp;nuits en LPD &agrave; MARRAKECH<br />\r\n- Le transport Climatis&eacute; de l&#39;arriv&eacute;e au depart<br />\r\n- Toutes les excursions mentionn&eacute;es au programme.<br />\r\n- Guides locaux pendant les excursions.<br />\r\n- Frais d&#39;entr&eacute;es aux monuments visit&eacute;s<br />\r\n- Notre assistance&nbsp; &nbsp; &nbsp; &nbsp;&nbsp;', 1, 1, 1, NULL, '2016-06-01 01:54:12', 0, NULL, 0),
(397, 8, 'Tarif ne comprend pas:', '- Diner avec spectacle Chez Ali : 90 dt<br />\r\n- D&eacute;jeuner Ourika&nbsp;: 55 dt<br />\r\n- Extras et pourboires&nbsp;', 2, 1, 1, NULL, '2016-06-01 01:55:34', 0, NULL, 0),
(398, 60, '.Jour 1', 'D&eacute;part TUNIS-LONDRES avec un transfert &agrave; la r&eacute;sidence&nbsp;<br />\r\nInstallation dans les chambres&nbsp;', 1, 1, 0, NULL, '2016-06-01 11:15:17', 0, NULL, 0),
(399, 60, 'Jour 2', 'A partir de 9&nbsp;:00 Petit d&eacute;jeuner et D&eacute;part pour Liverpool<br />\r\nVisite de la Ville', 2, 1, 0, NULL, '2016-06-01 12:34:43', 0, NULL, 0),
(400, 60, 'Jour 3', 'A partir de 9h00 petit d&eacute;jeuner<br />\r\nVisite du International Slavery Museum et The Beatles History<br />\r\nEnsuite vous avez un temps libre &nbsp;', 3, 1, 0, NULL, '2016-06-01 12:35:06', 0, NULL, 0),
(401, 60, 'Jour 4', 'A partir de 8h00 petit d&eacute;jeuner<br />\r\nVisite de Birkenhead<br />\r\nD&eacute;part pour Londres&nbsp;', 4, 1, 0, NULL, '2016-06-01 12:35:23', 0, NULL, 0),
(402, 60, 'Jour 5', 'A partir de 9h00 petit d&eacute;jeuner<br />\r\nVisite de London (Big Ben &agrave; Trafalgar square) et Croisi&egrave;re sur la Thamise', 5, 1, 0, NULL, '2016-06-01 12:35:38', 0, NULL, 0),
(403, 60, 'Jour 6', 'A partir de 9h00 petit d&eacute;jeuner<br />\r\nC&eacute;r&eacute;monie de rel&egrave;ve de la Garde Royale &agrave; Buckingham Palace<br />\r\nVisite de petite Venise et&nbsp;Oxford street&nbsp;', 6, 1, 0, NULL, '2016-06-01 11:24:04', 0, NULL, 0),
(404, 60, 'Jour 7', 'A partir de 9h00 visite du British Museum<br />\r\nhopping sur Oxford Street .', 7, 1, 0, NULL, '2016-06-01 11:25:42', 0, NULL, 0),
(405, 60, 'Jour 8', 'Transfert priv&eacute; A&eacute;roport de LONDRES<br />\r\nD&eacute;part Londres-Tunis&nbsp;', 8, 1, 0, NULL, '2016-06-01 11:26:33', 0, NULL, 0),
(406, 60, 'Description du voyage', 'S&eacute;jour en demi-pension dans une r&eacute;sidence &eacute;tudiante au centre de Londres<br />\r\nS&eacute;jour &agrave; Liverpool en chambres quadruples plus les activit&eacute;s<br />\r\n&nbsp;', 1, 1, 1, NULL, '2016-06-01 12:19:12', 0, NULL, 0);

-- --------------------------------------------------------

--
-- Structure de la table `ost_vo_destinations`
--

CREATE TABLE IF NOT EXISTS `ost_vo_destinations` (
  `id` int(11) NOT NULL,
  `Libelle` varchar(255) COLLATE utf8_unicode_ci NOT NULL
) ENGINE=InnoDB AUTO_INCREMENT=30 DEFAULT CHARSET=utf8 COLLATE=utf8_unicode_ci;

--
-- Contenu de la table `ost_vo_destinations`
--

INSERT INTO `ost_vo_destinations` (`id`, `Libelle`) VALUES
(1, 'Amérique'),
(7, 'Australie'),
(27, 'Europe'),
(28, 'Asie'),
(29, 'Afrique et Moyen Orient');

-- --------------------------------------------------------

--
-- Structure de la table `ost_vo_dossier`
--

CREATE TABLE IF NOT EXISTS `ost_vo_dossier` (
  `id` int(11) NOT NULL,
  `periode_id` int(11) DEFAULT NULL,
  `etat` int(11) NOT NULL,
  `libelle` varchar(50) COLLATE utf8_unicode_ci NOT NULL,
  `created` datetime NOT NULL,
  `date_validation` date DEFAULT NULL
) ENGINE=InnoDB AUTO_INCREMENT=2 DEFAULT CHARSET=utf8 COLLATE=utf8_unicode_ci;

--
-- Contenu de la table `ost_vo_dossier`
--

INSERT INTO `ost_vo_dossier` (`id`, `periode_id`, `etat`, `libelle`, `created`, `date_validation`) VALUES
(1, 75, 1, '123', '2016-08-09 11:13:38', NULL);

-- --------------------------------------------------------

--
-- Structure de la table `ost_vo_dossier_ligne`
--

CREATE TABLE IF NOT EXISTS `ost_vo_dossier_ligne` (
  `id` int(11) NOT NULL,
  `fournisseur_id` int(11) DEFAULT NULL,
  `dossier_id` int(11) DEFAULT NULL,
  `montantPrevesionnel` decimal(11,3) NOT NULL,
  `montantFinale` decimal(11,3) NOT NULL,
  `commentaire` longtext COLLATE utf8_unicode_ci,
  `impaye_id` int(11) DEFAULT NULL,
  `tva_id` int(11) DEFAULT NULL,
  `achat_fournisseur` decimal(11,3) DEFAULT NULL,
  `factureFournisseur_id` int(11) DEFAULT NULL
) ENGINE=InnoDB DEFAULT CHARSET=utf8 COLLATE=utf8_unicode_ci;

-- --------------------------------------------------------

--
-- Structure de la table `ost_vo_dossier_reservations`
--

CREATE TABLE IF NOT EXISTS `ost_vo_dossier_reservations` (
  `dossier_id` int(11) NOT NULL,
  `reservation_id` int(11) NOT NULL
) ENGINE=InnoDB DEFAULT CHARSET=utf8 COLLATE=utf8_unicode_ci;

-- --------------------------------------------------------

--
-- Structure de la table `ost_vo_hotel`
--

CREATE TABLE IF NOT EXISTS `ost_vo_hotel` (
  `id` int(11) NOT NULL,
  `categorie_id` int(11) DEFAULT NULL,
  `libelle` varchar(255) COLLATE utf8_unicode_ci NOT NULL
) ENGINE=InnoDB AUTO_INCREMENT=132 DEFAULT CHARSET=utf8 COLLATE=utf8_unicode_ci;

--
-- Contenu de la table `ost_vo_hotel`
--

INSERT INTO `ost_vo_hotel` (`id`, `categorie_id`, `libelle`) VALUES
(1, 5, 'Paris Palace'),
(2, 5, 'Hôtel El Royal'),
(3, 2, 'Dar Al Imen'),
(4, 2, 'Dar Al Imen Grandi'),
(5, 2, 'Carlton’s Paris'),
(6, 2, 'Sheraton Bruxelles'),
(7, 2, 'IBIS City West Amsterdam'),
(9, 2, 'Ramada Encore City center Vienne'),
(11, 2, 'Holiday Inn Berlin City West'),
(13, 2, 'Ipanema Porto'),
(14, 2, 'Real Park Lisbonne'),
(15, 2, 'Tryp Coimbra'),
(16, 1, 'Forest Hill'),
(17, 2, 'Mercure La Defense Paris'),
(18, 2, 'Principe Venice'),
(19, 2, 'Boscolo Astoria Florence'),
(20, 2, 'Sheraton Rome'),
(21, 2, 'Idou Anfa Casablanca'),
(22, 2, 'Golden Tulip Farah Marrakech'),
(23, 1, 'Tulip Inn Vienne'),
(24, 2, 'Ibis Gare de Midi'),
(25, 2, 'Melia KL'),
(26, 2, 'Andaman Embrace Resort & Spa Phuket'),
(27, 2, 'A-One Bangkok'),
(28, 3, 'Paradise Island Resort & Spa'),
(29, 3, 'Sun Island Resort & Spa'),
(30, 2, 'Holiday Resort HOTEL'),
(31, 2, 'Grand Pyramides Caire'),
(32, 2, 'Barcelona 505'),
(33, 2, 'Holiday In Nice'),
(34, 12, 'Amari Garden Pattaya'),
(35, 12, 'Avani Atrium Bangkok'),
(36, 2, 'Melia Kuala Lampur'),
(37, 3, 'Rivera'),
(38, 1, 'Rialto Barcelona'),
(39, 2, 'Old Inn'),
(40, 2, 'Old Inn Prague'),
(41, 2, 'Diwan Casa'),
(42, 2, 'RM Gueliz Hotel Marrakech'),
(43, 12, 'All Seasons'),
(44, 12, 'Baia Bursa'),
(45, 2, 'Inside Sisli'),
(46, 2, 'Royal Phuket'),
(47, 1, 'Regente Madrid'),
(48, 2, 'Corona Grenade'),
(49, 2, 'Las Palmeras Malaga'),
(50, 2, 'Catalonia Santa Justa Seville'),
(51, 1, 'Sant Ambrogio Milan'),
(52, 1, 'Freinze City Center'),
(53, 2, 'Grand Hotel Palatino'),
(54, 1, 'Tour Eiffel'),
(55, 2, 'Mercure Grande Arche'),
(56, 2, 'ATH Lasalle Vienne'),
(57, 2, 'Best Western Hung Budapest'),
(58, 2, 'Panorama Prague'),
(59, 3, 'Ramada Plaza Menam Riverside Bangkok'),
(60, 12, 'Siam Bayshore Pattaya'),
(61, 12, 'Kantary Ayutthaya'),
(62, 1, 'Oriente'),
(63, 2, 'Praga'),
(64, 12, 'Atlas Almohades City Center Casa'),
(65, 3, 'Palm Plaza Marrakech'),
(66, 12, 'Pera Tulip Taksim'),
(67, 12, 'Grand Yazici Bursa'),
(68, 3, 'Sun Island Resort & Spa Maldives'),
(69, 3, 'Hilton Mauritius Resort'),
(70, 2, 'Bekdas Deluxe Laleli'),
(71, 1, 'Buyuk Keban Old city'),
(72, 1, 'Santa Pera Old City'),
(73, 1, 'Laleli Gonen'),
(74, 2, 'Alkoclar Keban Taksim'),
(75, 2, 'All Season Old City'),
(76, 2, 'Avantgarde Hotel Taksim'),
(77, 2, 'Beyaz Saray Old City'),
(78, 2, 'Black Bird Old City'),
(79, 2, 'Cartoon Taksim'),
(80, 2, 'Carlton Old City'),
(81, 2, 'Darkhill Old City'),
(82, 2, 'Elite World Prestige Taksim'),
(83, 2, 'Golden Age Taksim'),
(84, 2, 'Gonen Taksim'),
(85, 2, 'Grand Anka Old City'),
(86, 2, 'Grand Gulsoy Old City'),
(87, 2, 'Grand Star taksim'),
(88, 2, 'Kervanskaray Taksim'),
(89, 2, 'Mercure Hôtel Taksim'),
(90, 2, 'Ottoman Palace Taksim'),
(91, 2, 'Ramada Taksim'),
(92, 3, 'Point Hotel Taksim'),
(93, 3, 'Wyndham Istanbul Old City'),
(94, 2, 'Petro Palace St Petersbourg'),
(95, 1, 'Eurostars Mitre Barcelone'),
(96, 2, 'Relax Comfort Barcelone'),
(97, 1, 'Best Western Los Condes Madrid'),
(98, 2, 'Best Western Mayorazgo madrid'),
(99, 2, 'Sawaddi Patong Resort & Spa Phuket'),
(100, 2, 'Duangjitt Resort Phuket'),
(101, 12, 'Novoltel Phuket Resort Phuket'),
(102, 2, 'The Ambassador Bangkok'),
(103, 2, 'Amari Atrium Bangkok'),
(104, 12, 'Novoltel Phuket Resort'),
(105, 12, 'Duangjitt Resort'),
(106, 12, 'Duangjitt Resort'),
(107, 2, 'Rosedale Pékin'),
(108, 2, 'Océan Shanghai'),
(109, 2, 'Mozart Vienne'),
(110, 2, 'Favorita Budapest'),
(111, 1, 'Best Western Blue square Amsterdam'),
(112, 2, 'Eden Manort Amsterdam'),
(113, 1, 'Tanzit Bukharest'),
(114, 2, 'Relax Comfort Bukharest'),
(115, 2, 'Torremolinos'),
(116, 1, 'Centrale Venise'),
(117, 2, 'Alexander Venise'),
(118, 1, 'Grand Ant Laleli'),
(119, 1, 'Alexandra malte'),
(120, 2, 'Mediterranea Malte'),
(121, 2, 'RYAD MOGADOR KASBAH'),
(122, 2, 'Kenzi Basma'),
(123, 2, 'Taksim Life'),
(124, 2, 'Hilton Garden Inn New York-Times Square Central'),
(125, 1, 'Washington Marriott at Metro Center'),
(126, 2, 'Embassy Suites Lake Buena Vista Orlando'),
(127, 2, 'Miami Downtown'),
(128, 2, 'Ananas Vienne'),
(129, 2, 'Fenix Urban Lisbonne'),
(130, 2, 'Plaza Mayor Salamanque'),
(131, 2, 'Senator Gran Vía Madrid');

-- --------------------------------------------------------

--
-- Structure de la table `ost_vo_info_pratiques`
--

CREATE TABLE IF NOT EXISTS `ost_vo_info_pratiques` (
  `id` int(11) NOT NULL,
  `voyage_id` int(11) DEFAULT NULL,
  `titre` varchar(255) COLLATE utf8_unicode_ci NOT NULL,
  `texte` longtext COLLATE utf8_unicode_ci NOT NULL,
  `ordre` int(11) NOT NULL
) ENGINE=InnoDB DEFAULT CHARSET=utf8 COLLATE=utf8_unicode_ci;

-- --------------------------------------------------------

--
-- Structure de la table `ost_vo_ligne`
--

CREATE TABLE IF NOT EXISTS `ost_vo_ligne` (
  `id` int(11) NOT NULL,
  `pack_id` int(11) DEFAULT NULL,
  `libelle` varchar(255) COLLATE utf8_unicode_ci NOT NULL,
  `adulteAchat` decimal(11,3) NOT NULL,
  `adulteVente` decimal(11,3) NOT NULL,
  `enfantAchat` decimal(11,3) DEFAULT NULL,
  `enfantVente` decimal(11,3) DEFAULT NULL,
  `obligatoire` tinyint(1) DEFAULT NULL,
  `periodeC_id` int(11) DEFAULT NULL,
  `periodeF_id` int(11) DEFAULT NULL,
  `enfant2achat` decimal(11,3) DEFAULT NULL,
  `enfant2vente` decimal(11,3) DEFAULT NULL,
  `bebe_achat` decimal(11,3) DEFAULT NULL,
  `bebe_vente` decimal(11,3) DEFAULT NULL
) ENGINE=InnoDB AUTO_INCREMENT=11 DEFAULT CHARSET=utf8 COLLATE=utf8_unicode_ci;

--
-- Contenu de la table `ost_vo_ligne`
--

INSERT INTO `ost_vo_ligne` (`id`, `pack_id`, `libelle`, `adulteAchat`, `adulteVente`, `enfantAchat`, `enfantVente`, `obligatoire`, `periodeC_id`, `periodeF_id`, `enfant2achat`, `enfant2vente`, `bebe_achat`, `bebe_vente`) VALUES
(3, NULL, 'Diner avec spectacle Chez Ali', 0.000, 104.000, 104.000, 104.000, 0, NULL, 80, 0.000, 0.000, 0.000, 0.000),
(4, NULL, 'Déjeuner Ourika', 0.000, 64.000, 0.000, 64.000, 0, NULL, 80, 0.000, 0.000, 0.000, 0.000),
(5, NULL, 'Diner avec spectacle Chez Ali', 0.000, 104.000, 104.000, 104.000, 0, NULL, 82, 0.000, 0.000, 0.000, 0.000),
(6, NULL, 'Déjeuner Ourika', 0.000, 64.000, 0.000, 64.000, 0, NULL, 82, 0.000, 0.000, 0.000, 0.000),
(7, NULL, 'Diner avec spectacle Chez Ali', 0.000, 104.000, 104.000, 104.000, 0, NULL, 83, 0.000, 0.000, 0.000, 0.000),
(8, NULL, 'Déjeuner Ourika', 0.000, 64.000, 0.000, 64.000, 0, NULL, 83, 0.000, 0.000, 0.000, 0.000),
(9, NULL, 'Diner avec spectacle Chez Ali', 0.000, 104.000, 104.000, 104.000, 0, NULL, 84, 0.000, 0.000, 0.000, 0.000),
(10, NULL, 'Déjeuner Ourika', 0.000, 64.000, 0.000, 64.000, 0, NULL, 84, 0.000, 0.000, 0.000, 0.000);

-- --------------------------------------------------------

--
-- Structure de la table `ost_vo_packs`
--

CREATE TABLE IF NOT EXISTS `ost_vo_packs` (
  `id` int(11) NOT NULL,
  `periode_id` int(11) DEFAULT NULL,
  `libelle` varchar(255) COLLATE utf8_unicode_ci NOT NULL,
  `singleAchat` decimal(11,3) NOT NULL,
  `singleVente` decimal(11,3) NOT NULL,
  `doubleAchat` decimal(11,3) NOT NULL,
  `doubleVente` decimal(11,3) NOT NULL,
  `tripleAchat` decimal(11,3) NOT NULL,
  `tripleVente` decimal(11,3) NOT NULL,
  `quadrupleAchat` decimal(11,3) NOT NULL,
  `quadrupleVente` decimal(11,3) NOT NULL,
  `updated_at` datetime DEFAULT NULL,
  `path` varchar(255) COLLATE utf8_unicode_ci DEFAULT NULL,
  `single` tinyint(1) DEFAULT NULL,
  `doublee` tinyint(1) DEFAULT NULL,
  `triple` tinyint(1) DEFAULT NULL,
  `quadruple` tinyint(1) DEFAULT NULL,
  `bebe_achat` decimal(11,3) NOT NULL,
  `bebe_vente` decimal(11,3) NOT NULL,
  `separer_enfant1achat` decimal(11,3) NOT NULL,
  `separer_enfant1vente` decimal(11,3) NOT NULL,
  `separer_enfant2achat` decimal(11,3) NOT NULL,
  `separer_enfant2vente` decimal(11,3) NOT NULL,
  `parent_enfant1achat` decimal(11,3) NOT NULL,
  `parent_enfant1vente` decimal(11,3) NOT NULL,
  `parent_enfant2achat` decimal(11,3) NOT NULL,
  `parent_enfant2vente` decimal(11,3) NOT NULL
) ENGINE=InnoDB AUTO_INCREMENT=78 DEFAULT CHARSET=utf8 COLLATE=utf8_unicode_ci;

--
-- Contenu de la table `ost_vo_packs`
--

INSERT INTO `ost_vo_packs` (`id`, `periode_id`, `libelle`, `singleAchat`, `singleVente`, `doubleAchat`, `doubleVente`, `tripleAchat`, `tripleVente`, `quadrupleAchat`, `quadrupleVente`, `updated_at`, `path`, `single`, `doublee`, `triple`, `quadruple`, `bebe_achat`, `bebe_vente`, `separer_enfant1achat`, `separer_enfant1vente`, `separer_enfant2achat`, `separer_enfant2vente`, `parent_enfant1achat`, `parent_enfant1vente`, `parent_enfant2achat`, `parent_enfant2vente`) VALUES
(2, 1, 'test', 4100.000, 4200.000, 3380.000, 3500.000, 3290.000, 3390.000, 0.000, 0.000, '2015-12-28 17:42:23', NULL, 1, 1, 1, 0, 0.000, 0.000, 0.000, 0.000, 0.000, 0.000, 0.000, 0.000, 0.000, 0.000),
(4, 3, 'Hôtel', 1180.000, 1250.000, 910.000, 980.000, 910.000, 980.000, 0.000, 0.000, '2016-01-14 13:45:04', NULL, 1, 1, 1, 0, 0.000, 0.000, 0.000, 0.000, 0.000, 0.000, 0.000, 0.000, 0.000, 0.000),
(15, 14, 'test', 2510.000, 2780.000, 1910.000, 2190.000, 1910.000, 2190.000, 0.000, 0.000, '2016-05-18 19:50:20', NULL, 1, 1, 1, 0, 0.000, 0.000, 0.000, 0.000, 0.000, 0.000, 0.000, 0.000, 0.000, 0.000),
(18, 17, 'test', 2510.000, 2580.000, 1910.000, 1980.000, 1910.000, 1980.000, 0.000, 0.000, '2016-05-18 19:50:12', NULL, 1, 1, 1, 0, 0.000, 0.000, 0.000, 0.000, 0.000, 0.000, 0.000, 0.000, 0.000, 0.000),
(19, 18, 'test', 2300.000, 2680.000, 1400.000, 1680.000, 1260.000, 1580.000, 0.000, 0.000, '2015-12-31 02:42:03', NULL, 1, 1, 1, 0, 0.000, 0.000, 0.000, 0.000, 0.000, 0.000, 0.000, 0.000, 0.000, 0.000),
(29, 28, 'Villa', 0.000, 0.000, 1550.000, 1680.000, 0.000, 0.000, 0.000, 0.000, '2016-05-11 15:34:03', NULL, 0, 1, 0, 0, 0.000, 0.000, 0.000, 0.000, 0.000, 0.000, 0.000, 0.000, 0.000, 0.000),
(33, 31, 'Hôtel', 0.000, 0.000, 2360.000, 2950.000, 0.000, 0.000, 0.000, 0.000, '2016-05-18 19:49:43', NULL, 0, 1, 0, 0, 0.000, 0.000, 0.000, 0.000, 0.000, 0.000, 0.000, 0.000, 0.000, 0.000),
(39, 38, 'test', 0.000, 0.000, 1784.000, 2230.000, 0.000, 0.000, 0.000, 0.000, '2016-05-17 19:19:52', NULL, 0, 1, 0, 0, 0.000, 0.000, 0.000, 0.000, 0.000, 0.000, 0.000, 0.000, 0.000, 0.000),
(42, 40, '1200', 0.000, 0.000, 968.000, 1200.000, 0.000, 0.000, 0.000, 0.000, '2016-03-31 18:40:09', NULL, 0, 1, 0, 0, 0.000, 0.000, 0.000, 0.000, 0.000, 0.000, 0.000, 0.000, 0.000, 0.000),
(43, 40, '1460', 0.000, 0.000, 1168.000, 1460.000, 0.000, 0.000, 0.000, 0.000, '2016-03-31 18:40:09', NULL, 0, 1, 0, 0, 0.000, 0.000, 0.000, 0.000, 0.000, 0.000, 0.000, 0.000, 0.000, 0.000),
(44, 41, 'test', 0.000, 0.000, 1056.000, 1320.000, 0.000, 0.000, 0.000, 0.000, '2016-03-31 18:40:53', NULL, 0, 1, 0, 0, 0.000, 0.000, 0.000, 0.000, 0.000, 0.000, 0.000, 0.000, 0.000, 0.000),
(45, 42, '2350', 0.000, 0.000, 1900.000, 2350.000, 0.000, 0.000, 0.000, 0.000, '2016-01-30 11:36:26', NULL, 0, 1, 0, 0, 0.000, 0.000, 0.000, 0.000, 0.000, 0.000, 0.000, 0.000, 0.000, 0.000),
(46, 44, 'test', 0.000, 0.000, 1890.000, 2350.000, 0.000, 0.000, 0.000, 0.000, '2016-01-31 05:18:29', NULL, 0, 1, 0, 0, 0.000, 0.000, 0.000, 0.000, 0.000, 0.000, 0.000, 0.000, 0.000, 0.000),
(47, 45, 'test', 0.000, 0.000, 1890.000, 2350.000, 0.000, 0.000, 0.000, 0.000, '2016-01-30 11:36:31', NULL, 0, 1, 0, 0, 0.000, 0.000, 0.000, 0.000, 0.000, 0.000, 0.000, 0.000, 0.000, 0.000),
(48, 47, 'test', 0.000, 0.000, 2880.000, 3600.000, 0.000, 0.000, 0.000, 0.000, '2016-02-15 10:55:35', NULL, 0, 1, 0, 0, 0.000, 0.000, 0.000, 0.000, 0.000, 0.000, 0.000, 0.000, 0.000, 0.000),
(49, 48, 'Hôtel', 0.000, 0.000, 0.000, 3500.000, 0.000, 0.000, 0.000, 0.000, '2016-02-28 10:50:29', NULL, 0, 1, 0, 0, 0.000, 0.000, 0.000, 0.000, 0.000, 0.000, 0.000, 0.000, 0.000, 0.000),
(50, 49, 'Hôtels', 0.000, 0.000, 0.000, 1730.000, 0.000, 0.000, 0.000, 0.000, '2016-05-19 09:12:12', NULL, 0, 1, 0, 0, 0.000, 0.000, 0.000, 0.000, 0.000, 0.000, 0.000, 0.000, 0.000, 0.000),
(51, 51, 'Hôtel', 0.000, 0.000, 0.000, 1180.000, 0.000, 0.000, 0.000, 0.000, '2016-01-07 16:14:30', NULL, 0, 1, 0, 0, 0.000, 0.000, 0.000, 0.000, 0.000, 0.000, 0.000, 0.000, 0.000, 0.000),
(52, 52, 'Hôtel', 0.000, 0.000, 0.000, 1980.000, 0.000, 0.000, 0.000, 0.000, '2016-01-07 16:20:49', NULL, 0, 1, 0, 0, 0.000, 0.000, 0.000, 0.000, 0.000, 0.000, 0.000, 0.000, 0.000, 0.000),
(53, 53, 'Hôtel', 0.000, 0.000, 0.000, 1920.000, 0.000, 0.000, 0.000, 0.000, '2016-05-19 09:12:26', NULL, 0, 1, 0, 0, 0.000, 0.000, 0.000, 0.000, 0.000, 0.000, 0.000, 0.000, 0.000, 0.000),
(55, 66, 'Période', 0.000, 0.000, 945.000, 1390.000, 0.000, 0.000, 0.000, 0.000, '2016-05-19 09:12:00', NULL, 0, 1, 0, 0, 0.000, 0.000, 0.000, 0.000, 0.000, 0.000, 0.000, 0.000, 0.000, 0.000),
(57, 68, 'Période', 850.000, 980.000, 555.000, 639.000, 555.000, 639.000, 0.000, 0.000, '2016-05-19 09:12:05', NULL, 1, 1, 1, 1, 130.000, 180.000, 130.000, 180.000, 555.000, 639.000, 130.000, 180.000, 555.000, 639.000),
(58, 69, 'Hôtel', 1725.000, 1855.000, 1475.000, 1620.000, 1455.000, 1585.000, 0.000, 0.000, '2016-05-19 09:12:02', NULL, 1, 1, 1, 1, 135.000, 180.000, 135.000, 180.000, 1475.000, 1620.000, 135.000, 180.000, 740.000, 870.000),
(59, 70, 'Hôtel', 0.000, 6600.000, 0.000, 4550.000, 0.000, 0.000, 0.000, 0.000, '2016-05-19 10:24:49', NULL, 1, 1, 1, 1, 0.000, 0.000, 0.000, 0.000, 0.000, 0.000, 0.000, 0.000, 0.000, 0.000),
(60, 71, 'Hôtels', 0.000, 2875.000, 0.000, 2085.000, 0.000, 2085.000, 0.000, 0.000, '2016-05-19 09:12:15', NULL, 1, 1, 1, 1, 0.000, 150.000, 0.000, 0.000, 0.000, 0.000, 0.000, 150.000, 0.000, 1912.000),
(61, 74, 'Hôtels', 0.000, 2538.000, 0.000, 1825.000, 0.000, 0.000, 0.000, 0.000, '2016-05-17 18:55:57', NULL, 1, 1, 1, 1, 0.000, 80.000, 0.000, 0.000, 0.000, 0.000, 0.000, 80.000, 0.000, 1250.000),
(62, 75, 'Standard Pack', 0.000, 1925.000, 0.000, 1575.000, 0.000, 1562.000, 0.000, 0.000, '2016-08-09 11:13:39', NULL, 1, 1, 1, 0, 0.000, 95.000, 0.000, 1575.000, 0.000, 1575.000, 0.000, 1050.000, 0.000, 1250.000),
(63, 76, 'Standard Pack', 0.000, 1925.000, 0.000, 1575.000, 0.000, 1562.000, 0.000, 0.000, '2016-05-22 21:48:23', NULL, 1, 1, 1, 0, 0.000, 95.000, 0.000, 1575.000, 0.000, 1575.000, 0.000, 1050.000, 0.000, 1250.000),
(64, 77, 'Standard Pack', 0.000, 1925.000, 0.000, 1575.000, 0.000, 1562.000, 0.000, 0.000, '2016-05-22 21:50:11', NULL, 1, 1, 1, 0, 0.000, 95.000, 0.000, 1575.000, 0.000, 1575.000, 0.000, 1050.000, 0.000, 1250.000),
(66, 78, 'Standars', 0.000, 0.000, 0.000, 0.000, 0.000, 2185.000, 0.000, 2185.000, '2016-06-01 01:05:10', NULL, 0, 0, 1, 1, 0.000, 0.000, 0.000, 0.000, 0.000, 0.000, 0.000, 0.000, 0.000, 0.000),
(69, 80, 'Pack 3 étoiles', 0.000, 1115.000, 0.000, 920.000, 0.000, 0.000, 0.000, 0.000, '2016-06-14 17:12:30', NULL, 1, 1, 0, 0, 0.000, 0.000, 0.000, 0.000, 0.000, 0.000, 0.000, 460.000, 0.000, 0.000),
(70, 80, 'Pack 4 étoiles', 0.000, 1507.000, 0.000, 1093.000, 0.000, 0.000, 0.000, 0.000, '2016-06-14 17:12:30', NULL, 1, 1, 0, 0, 0.000, 0.000, 0.000, 0.000, 0.000, 0.000, 0.000, 547.000, 0.000, 0.000),
(71, 82, 'Pack 3 étoiles', 0.000, 1115.000, 0.000, 920.000, 0.000, 0.000, 0.000, 0.000, '2016-06-14 17:12:30', NULL, 1, 1, 0, 0, 0.000, 0.000, 0.000, 0.000, 0.000, 0.000, 0.000, 460.000, 0.000, 0.000),
(72, 82, 'Pack 4 étoiles', 0.000, 1507.000, 0.000, 1093.000, 0.000, 0.000, 0.000, 0.000, '2016-06-14 17:12:30', NULL, 1, 1, 0, 0, 0.000, 0.000, 0.000, 0.000, 0.000, 0.000, 0.000, 547.000, 0.000, 0.000),
(73, 83, 'Pack 3 étoiles', 0.000, 1115.000, 0.000, 920.000, 0.000, 0.000, 0.000, 0.000, '2016-06-14 17:12:30', NULL, 1, 1, 0, 0, 0.000, 0.000, 0.000, 0.000, 0.000, 0.000, 0.000, 460.000, 0.000, 0.000),
(74, 83, 'Pack 4 étoiles', 0.000, 1507.000, 0.000, 1093.000, 0.000, 0.000, 0.000, 0.000, '2016-06-14 17:12:30', NULL, 1, 1, 0, 0, 0.000, 0.000, 0.000, 0.000, 0.000, 0.000, 0.000, 547.000, 0.000, 0.000),
(75, 84, 'Pack 3 étoiles', 0.000, 1115.000, 0.000, 920.000, 0.000, 0.000, 0.000, 0.000, '2016-06-14 17:12:30', NULL, 1, 1, 0, 0, 0.000, 0.000, 0.000, 0.000, 0.000, 0.000, 0.000, 460.000, 0.000, 0.000),
(76, 84, 'Pack 4 étoiles', 0.000, 1507.000, 0.000, 1093.000, 0.000, 0.000, 0.000, 0.000, '2016-06-14 17:12:30', NULL, 1, 1, 0, 0, 0.000, 0.000, 0.000, 0.000, 0.000, 0.000, 0.000, 547.000, 0.000, 0.000),
(77, 85, 'pack standards', 0.000, 0.000, 0.000, 0.000, 0.000, 0.000, 0.000, 1702.000, '2016-06-01 12:25:27', NULL, 0, 0, 0, 1, 0.000, 0.000, 0.000, 0.000, 0.000, 0.000, 0.000, 0.000, 0.000, 0.000);

-- --------------------------------------------------------

--
-- Structure de la table `ost_vo_periodes`
--

CREATE TABLE IF NOT EXISTS `ost_vo_periodes` (
  `id` int(11) NOT NULL,
  `voyage_id` int(11) DEFAULT NULL,
  `libelle` varchar(255) COLLATE utf8_unicode_ci NOT NULL,
  `prix` decimal(11,3) NOT NULL,
  `depart` date DEFAULT NULL,
  `retour` date DEFAULT NULL,
  `debutInscription` date NOT NULL,
  `finInscription` date NOT NULL,
  `nombreInscription` int(11) NOT NULL,
  `nombreInscriptionInitiale` int(11) NOT NULL,
  `min` int(11) NOT NULL,
  `max` int(11) NOT NULL,
  `departGarantie` tinyint(1) DEFAULT NULL,
  `nombre_visa` int(11) DEFAULT NULL,
  `type_visa` int(11) NOT NULL
) ENGINE=InnoDB AUTO_INCREMENT=86 DEFAULT CHARSET=utf8 COLLATE=utf8_unicode_ci;

--
-- Contenu de la table `ost_vo_periodes`
--

INSERT INTO `ost_vo_periodes` (`id`, `voyage_id`, `libelle`, `prix`, `depart`, `retour`, `debutInscription`, `finInscription`, `nombreInscription`, `nombreInscriptionInitiale`, `min`, `max`, `departGarantie`, `nombre_visa`, `type_visa`) VALUES
(1, 1, 'Détails de voyage', 3500.000, '2015-12-19', '2015-12-28', '2015-12-01', '2015-12-28', 0, 0, 1, 20, 1, NULL, 0),
(3, 3, 'Période 1', 980.000, '2016-01-13', '2016-01-17', '2015-12-01', '2016-01-14', 0, 0, 1, 20, 1, NULL, 0),
(14, 13, 'Détails de voyage', 2190.000, '2016-07-10', '2016-07-17', '2016-04-01', '2016-06-30', 0, 0, 1, 20, 1, NULL, 1),
(17, 16, 'Détails de voyage', 2150.000, '2016-07-17', '2016-07-24', '2016-04-01', '2016-07-15', 0, 0, 1, 20, 1, NULL, 1),
(18, 17, 'Détails de voyage', 1680.000, '2015-12-20', '2015-12-27', '2015-11-01', '2015-12-31', 0, 0, 1, 20, 1, NULL, 0),
(28, 23, 'Période 1', 1850.000, '2015-12-22', '2015-12-30', '2015-12-01', '2015-12-20', 2, 0, 1, 20, 0, NULL, 0),
(31, 24, 'Période 3', 2950.000, '2016-02-23', '2016-02-23', '2015-12-01', '2016-10-31', 0, 0, 1, 4, 0, NULL, 2),
(38, 30, 'Détails de voyage', 3200.000, '2015-12-22', '2016-10-31', '2015-12-22', '2016-10-31', 0, 0, 1, 2, 0, NULL, 2),
(40, 32, 'Période', 1780.000, '2016-01-04', '2016-03-31', '2015-12-23', '2016-03-31', 0, 0, 1, 2, 0, NULL, 2),
(41, 33, 'Période', 1580.000, '2015-12-22', '2016-03-31', '2015-12-22', '2016-03-31', 0, 0, 1, 2, 0, NULL, 2),
(42, 34, 'Période 1', 3350.000, '2016-01-11', '2016-01-31', '2015-12-22', '2016-01-30', 0, 0, 1, 2, 0, NULL, 2),
(44, 35, 'Période', 2500.000, '2016-01-11', '2016-01-31', '2015-12-23', '2016-01-31', 0, 0, 1, 2, 0, NULL, 2),
(45, 36, 'Période', 3350.000, '2016-01-11', '2016-01-31', '2015-12-23', '2016-01-30', 0, 0, 1, 2, 0, NULL, 2),
(47, 27, 'Période', 3600.000, '2016-02-11', '2016-02-18', '2015-12-23', '2016-02-11', 0, 0, 1, 2, 1, NULL, 1),
(48, 38, 'Période', 3500.000, '2016-03-21', '2016-03-29', '2016-01-04', '2016-02-28', 0, 0, 1, 25, 1, NULL, 0),
(49, 39, 'Circuit Vienne & Budapest', 1820.000, '2015-01-07', '2016-10-31', '2016-01-07', '2016-10-31', 0, 0, 1, 20, 0, NULL, 2),
(50, 40, 'Période 1', 1490.000, '2016-01-07', '2016-10-31', '2016-01-07', '2016-10-31', 0, 0, 1, 20, 0, NULL, 2),
(51, 41, 'Période', 1180.000, '2016-01-07', '2016-10-31', '2016-06-07', '2016-10-31', 0, 0, 1, 20, 0, NULL, 2),
(52, 42, 'Période', 2180.000, '2016-01-07', '2016-10-31', '2016-06-07', '2016-10-31', 0, 0, 1, 20, 0, NULL, 2),
(53, 43, 'Période', 1820.000, '2015-01-07', '2016-10-31', '2016-01-07', '2016-10-31', 0, 0, 1, 20, 0, NULL, 2),
(54, 44, 'Période', 1910.000, '2016-01-07', '2016-10-31', '2016-06-07', '2016-10-31', 0, 0, 1, 20, 0, NULL, 2),
(55, 45, 'Période', 1420.000, '2016-01-07', '2016-10-31', '2016-01-07', '2016-10-31', 0, 0, 1, 20, 0, NULL, 2),
(62, 47, 'Période', 255.000, '2016-01-25', '2016-03-31', '2016-01-25', '2016-03-31', 0, 0, 1, 20, 0, NULL, 1),
(63, 48, 'Période', 1400.000, '2016-01-29', '2016-03-20', '2016-01-29', '2016-03-20', 0, 0, 1, 20, 0, NULL, 2),
(64, 48, 'Période 1', 1300.000, '2016-01-29', '2016-03-31', '2016-01-29', '2016-03-31', 0, 0, 1, 20, 0, NULL, 2),
(66, 51, 'Période', 1390.000, '2016-02-09', '2016-10-31', '2016-02-09', '2016-10-31', 0, 0, 1, 20, 0, NULL, 1),
(68, 49, 'Istanbul', 1170.000, '2016-03-20', '2016-10-31', '2016-02-15', '2016-10-31', 0, 1, 1, 50, 1, NULL, 2),
(69, 50, 'Période', 1620.000, '2016-03-17', '2016-10-31', '2016-02-01', '2016-10-31', 0, 0, 1, 30, 1, NULL, 2),
(70, 52, 'Période', 4550.000, '2016-02-19', '2016-02-19', '2016-02-01', '2016-10-31', 0, 0, 1, 20, 0, NULL, 1),
(71, 53, 'Période', 2085.000, '2016-08-16', '2016-08-23', '2016-04-01', '2016-07-31', 0, 0, 1, 20, 1, NULL, 2),
(72, 55, 'Période', 2060.000, '2016-08-17', '2016-08-24', '2016-04-01', '2016-08-15', 0, 0, 1, 30, 1, NULL, 1),
(73, 56, 'Période', 1800.000, '2016-07-10', '2016-07-16', '2015-04-01', '2016-10-31', 0, 0, 1, 30, 0, NULL, 1),
(74, 57, 'Période', 1820.000, '2016-07-18', '2016-07-25', '2016-04-01', '2016-07-10', 0, 0, 1, 30, 1, NULL, 1),
(75, 58, 'Été 2016 -1', 1575.000, '2016-07-13', '2016-07-19', '2016-05-22', '2016-07-12', 0, 0, 1, 20, 1, NULL, 2),
(76, 58, 'Été 2016 -2', 1575.000, '2016-07-20', '2016-07-26', '2016-05-22', '2016-07-19', 0, 0, 1, 20, 1, NULL, 2),
(77, 58, 'Été 2016 -3', 1575.000, '2016-07-27', '2016-08-02', '2016-05-22', '2016-07-26', 0, 0, 1, 20, 1, NULL, 2),
(78, 59, 'Départ Août 2016', 2185.000, '2016-08-07', '2016-08-17', '2016-05-30', '2016-08-12', 0, 5, 10, 25, 0, NULL, 1),
(80, 8, 'Le charme du Maroc', 1460.000, '2016-07-08', '2016-07-14', '2016-05-30', '2016-07-13', 0, 0, 5, 15, 0, NULL, 2),
(82, 8, 'Le charme du Maroc', 1460.000, '2016-07-22', '2016-07-28', '2016-05-30', '2016-07-13', 0, 0, 5, 15, 0, NULL, 2),
(83, 8, 'Le charme du Maroc', 1460.000, '2016-08-05', '2016-08-11', '2016-05-30', '2016-07-13', 0, 0, 5, 15, 0, NULL, 2),
(84, 8, 'Le charme du Maroc', 1460.000, '2016-08-19', '2016-08-25', '2016-05-30', '2016-07-13', 0, 0, 5, 15, 0, NULL, 2),
(85, 60, 'Découvrir LONDRE autrement', 1702.000, '2016-07-24', '2016-07-31', '2016-05-30', '2016-07-30', 0, 0, 1, 15, 1, NULL, 1);

-- --------------------------------------------------------

--
-- Structure de la table `ost_vo_photos`
--

CREATE TABLE IF NOT EXISTS `ost_vo_photos` (
  `id` int(11) NOT NULL,
  `voyage_id` int(11) NOT NULL,
  `url` longtext COLLATE utf8_unicode_ci NOT NULL,
  `type` int(11) NOT NULL,
  `ordre` int(11) NOT NULL,
  `visible` tinyint(1) NOT NULL
) ENGINE=InnoDB AUTO_INCREMENT=140 DEFAULT CHARSET=utf8 COLLATE=utf8_unicode_ci;

--
-- Contenu de la table `ost_vo_photos`
--

INSERT INTO `ost_vo_photos` (`id`, `voyage_id`, `url`, `type`, `ordre`, `visible`) VALUES
(5, 1, '47a0c4eaa473c9d06c86a921546107c26d8463b7.png', 1, 0, 1),
(6, 3, '9813b04a8b8a0357fa610542f07499354cf304a6.png', 1, 0, 1),
(10, 23, '14d56a0027e1788458683c5d7f216e25b95775dd.png', 1, 0, 1),
(12, 24, '398b23b2e9581d9bee9ae6756da15a1a42f8c5b0.png', 1, 0, 1),
(15, 27, '0772c6b5a3061251a33053a165dd69c703515d23.png', 1, 0, 1),
(24, 13, 'bae5540d225fe568e442f0081a6dc3ab790a23bc.png', 1, 0, 1),
(25, 35, '35abe978fe1e9e4e4927f792ad5d23a0fe00be42.png', 1, 0, 1),
(27, 32, '8f1cef07c6e86c0a61594629fddc44a88f3fce15.png', 1, 0, 1),
(28, 33, 'eac9e264c3b9f1490d3368e20c7b8bfb07342fa6.png', 1, 0, 1),
(31, 36, 'bf95455907a4c4cef9f9da608a9f9ab70ce71fdd.png', 1, 0, 1),
(32, 30, 'e93cfb5ce577f46a8837e3ff055913c3cc17d5d5.png', 1, 0, 1),
(33, 17, '1cb5ef7e2f09481ffc554786dda8e23bfd2650ff.png', 1, 0, 1),
(35, 16, 'f9eb0a7954a72633854ef8f3ee442b5fb3f1febe.png', 1, 0, 1),
(36, 38, '710ec05a3e8215fde7d68df2e150efe09a79208c.png', 1, 0, 1),
(37, 38, '679eb12c4d280bc9dec5acafa2fa964b164fc3c0.png', 2, 1, 1),
(38, 42, '040ea5633f6010c892421e0400c195942049d2f4.png', 1, 0, 1),
(39, 42, 'c3fcb12604b5a54077d893c9c2234896676dcb3d.png', 2, 1, 1),
(41, 10, '9d036e606f595a9be0e49de06d4b9e3dc000d683.png', 2, 1, 1),
(43, 49, 'f5cd33318d9bef4c533a12a5fa93d21d637ef63e.png', 1, 0, 1),
(44, 49, 'f4eb726f8d551a00ed33d6253e9d11aaa3dcd2eb.png', 2, 1, 1),
(45, 50, 'e899f7284acfb04bc662106a3091f7cc221a2d1b.png', 1, 0, 1),
(46, 50, '8daefd00906ac10cd267c24e607ff7c32bba31b8.png', 2, 1, 1),
(47, 50, '348230f783e4bb1bf68a17033602ee8c14b2ae96.png', 2, 2, 1),
(48, 50, '60b142cde819a0f1ce558a2a963962db2e89d926.png', 2, 3, 1),
(49, 50, 'fa191be79bc3d8c43b1e2c625405a083f36a76f0.png', 2, 4, 1),
(50, 34, 'cc06a88f813b6abe03658c35028928a8b91cc595.png', 1, 0, 1),
(51, 34, '07bdee7a65f912951830edec615ae6a0b7d3a58b.png', 2, 1, 1),
(52, 45, '11d49a7b92f127556c1d686b1ed68f49fe0580e8.png', 1, 0, 1),
(53, 45, '1f66fde0ce54247e182f371ff0a9a6bf2349ba53.png', 2, 1, 1),
(55, 40, '3319285331e3914a310e000082f23a9923579ad5.png', 1, 0, 1),
(56, 40, '092e7c9a017c0ee5ac2411793738aa8615684324.png', 2, 1, 1),
(57, 41, '8aa84c218dd612b5e87f43840aa30e14fb45555a.png', 1, 0, 1),
(58, 41, '5fe3aaa224e825e9fee138c050ca493e9557bc85.png', 2, 1, 1),
(59, 48, 'fc527f239a88c09b9f8ee44b02533e8c186d4138.png', 1, 0, 1),
(60, 48, '2a5e6ef882b04b23b2ac470ef98c0bc0da17788f.png', 2, 1, 1),
(61, 44, 'cb16bd98b3bf7a8e5633a55d8df77f5b1478ff53.png', 1, 0, 1),
(62, 44, '9b614a24e2e5756081b94bb7fed78e6f7cc449ed.png', 2, 1, 1),
(63, 39, '675eb73afeedf7855fc0c2c03799c9118c619fea.png', 1, 0, 1),
(64, 39, 'a92bc8588560db931b6b35d838aa8b397e97c24f.png', 2, 1, 1),
(65, 43, '59b025e9b410e7ed47138b58f25050e2e0175d12.png', 1, 0, 1),
(66, 43, '12995fedc761fcc205f8144111da2324928793b5.png', 2, 1, 1),
(67, 47, '07cb2be6097ec84e3b0b0d41ae92c8bbcaee2042.png', 1, 0, 1),
(68, 47, 'ddb66d8b3129ee2d637bc568633b6b86d97a4691.png', 2, 1, 1),
(69, 51, '8b3d1ea972b45bdd5d573c77b7b1a2eb145ad431.png', 1, 0, 1),
(70, 51, 'd57bb08debdc14422e537c91b29afa65b3c49375.png', 2, 1, 1),
(71, 53, 'b4e59b5d77297945770ef3bf04058773e4952282.png', 1, 0, 1),
(72, 53, 'bc9a472724b82a0687ca0551689af229d4e39735.png', 2, 1, 1),
(73, 52, '97bc0679d55831bc9b959e69a6edebe3e1cf26f9.png', 1, 0, 1),
(74, 52, 'ab3edbb4addfc1e4b976b78a944e42f708c90c03.png', 2, 1, 1),
(75, 10, 'ab7bbd9a133b95e97bc06fe6ef21456b846609de.png', 1, 0, 1),
(77, 55, '64d1cbf32d260720377a8c7c60d93c9cda0aeb7e.png', 2, 1, 1),
(78, 55, 'edfaaded9d8d07844f12e9a36bc7ff587c480074.png', 2, 2, 1),
(79, 55, '409a0e06c9a66f5ed9d4b746764ccf38ab6d21ee.png', 2, 3, 1),
(80, 55, '5ecfafc6c5792f38af438e5932729a4b906bb3a6.png', 2, 4, 1),
(81, 55, 'e4383a5ba684c49b22a9e81919b903f0d839b504.png', 2, 5, 1),
(82, 55, 'eaeb8e6b8bff6ee59126938eb6a344be0c8807d0.png', 2, 6, 1),
(83, 55, '9daefa95f7b83a8af1d13ce8d058f777a6ec4348.png', 1, 0, 1),
(84, 55, '81a2f8372db989827de93cbbea2ecaccc5554772.png', 2, 0, 1),
(85, 55, 'e6e030ad006b9acb8ccf8f5d8a3aa42a11cd06c3.png', 2, 8, 1),
(86, 55, '60a546a012cbf710db315000703de994c54db1c8.png', 2, 9, 1),
(87, 55, '6756607fe78d993be7d6f2d821d2311205264b8d.png', 2, 10, 1),
(88, 57, 'b36e53890afae09f6a90d2dba9f9ce485e88cad9.png', 1, 0, 1),
(89, 57, 'ccf0d1aab8d8ba37855d4691ebeddb48a9069126.png', 2, 1, 1),
(90, 57, '1755810259d342680fa24209cd2eb756d0212649.png', 2, 2, 1),
(91, 57, 'e04ee4ff7b16cf19eb5ceda549d1518ae97de647.png', 2, 10, 1),
(92, 57, '41b0650b321fbfe1661abccd6a54d2caea472c2a.png', 2, 9, 1),
(93, 57, '355b75860ef69398b75b7271fbdc54530db82288.png', 2, 8, 1),
(94, 57, 'd1bfd8296a45c2fcdb5c3e6883c4e746a6524f7a.png', 2, 6, 1),
(95, 57, '6f03b2d8780bc61f9f73fe781fe35af81c23d79a.png', 2, 1, 1),
(96, 57, '9a24159b0c4ff987d561f29a297952d2fe6e872d.png', 2, 1, 1),
(97, 57, '1aa48da711322471bf67c1822057c9a0746a2d47.png', 2, 1, 1),
(99, 57, 'e06ac853e75a50087ee7d3f8cc98bc272db4ba31.png', 2, 1, 1),
(100, 56, '0041a1cbdf78caec467ffa26613133cc8997efe8.png', 1, 0, 1),
(101, 56, 'e6d513d115fef169109d17954482e494fad4b2b9.png', 2, 1, 1),
(102, 56, '687b04a7f95d6c057f20cce8ba696c7f29b1e94b.png', 2, 2, 1),
(103, 56, '696ed1b354916d95a2f9d4efbef99d801aed8fe7.png', 2, 3, 1),
(104, 56, '9c9514ba2b2cae4e91374c11b269af62065bbe44.png', 2, 4, 1),
(105, 56, '51629baa1a89fd54df395275fa2e2f03c545f0c8.png', 2, 5, 1),
(106, 56, 'f226900f25f764eabaf49d324c317610d47ac9d8.png', 2, 6, 1),
(107, 56, '20da1bf16952a560499dfbeca31ce689e4f19cc0.png', 2, 7, 1),
(108, 56, 'fae9480dbf1dbc9b662f9a3eaa0f51728321c92a.png', 2, 8, 1),
(109, 56, 'bdc76c8b24d6a28d8da6063c9e662b0dbfc29a50.png', 2, 9, 1),
(110, 56, '4352c6d13dc3bce30398e229c40a54625fb594c3.png', 2, 10, 1),
(111, 58, '66f5a667c12ef95b8d313c0a7dc933f469155a75.png', 1, 1, 1),
(112, 58, '5191aea142758194db311d58869747c105342d19.png', 2, 1, 1),
(113, 58, '2438744e5c82c57c9a24a86a63a38f6a910652f8.png', 2, 2, 1),
(114, 58, 'a1993718258ade4486b7203672cb03594a11e59a.png', 1, 3, 1),
(115, 58, '8b111e95d1faef8ac06d965090634bcaef37afea.png', 2, 4, 1),
(116, 58, '88c8f44d7afd9ccef86b077a4ae164693ebd8465.png', 2, 5, 1),
(117, 58, '808ca343b21afe09574711003d1fbd5635cef93b.png', 2, 6, 1),
(118, 58, '8cfea7b38e905870a3f3c657b2e684fd576bb5cb.png', 2, 7, 1),
(119, 58, '48af43859373a28eb9a360049c15041aadd6c3c1.png', 2, 8, 1),
(120, 58, 'dc5d7c0558b4b188eabcaa4b8f1b705010143aee.png', 2, 9, 1),
(121, 58, 'd7f72eaf8ad90e84b6c3f74dc16732a523402950.png', 2, 10, 1),
(122, 58, 'ce095920ecb553f963f7692ba2f5198a726811c4.png', 2, 11, 1),
(123, 58, '741948d1d6fae0fe5923cda3cbb8fb48edd587ec.png', 2, 12, 1),
(124, 58, 'a64994aab4597271b6ea73c73fc49e62e66b3e19.png', 2, 13, 1),
(125, 58, '90726cbcf1076961db23a7bcf6120344a2e8bef7.png', 2, 14, 1),
(127, 59, 'a1294889271997bc9316802ef91576184d237190.jpeg', 1, 1, 1),
(128, 59, '8f22931490e62ef50c463f095ed0285ace15a97f.jpeg', 2, 2, 1),
(129, 59, '55461b3bc6382f5249e16cb13f1c991b265ba7a0.jpeg', 2, 3, 1),
(130, 59, '7c584ec5b7e2988f12fb957443f46692bfb328fb.jpeg', 2, 4, 1),
(131, 59, 'fd5eb91cb0c1d3279b1e7bcaaee8df5fd81e3a6d.jpeg', 2, 5, 1),
(132, 8, '950161ab1c1cec434062159628bcea0271beabdb.jpeg', 2, 1, 1),
(133, 8, '2dd0d721c1e23db08bb90d5edcb597fb3509087d.jpeg', 2, 2, 1),
(134, 8, '0f48f79ead2908419adef13f6ed34690d65a3010.jpeg', 2, 3, 1),
(135, 60, 'a20bfd68d24784cca4560cf4b731690bef55470a.jpeg', 1, 1, 1),
(136, 60, 'bc88d8987fbdcf94d29ebf6680479fcea16e926a.jpeg', 2, 1, 1),
(137, 60, '50076147b722fea30edc02224ba21059e5dc3e92.jpeg', 2, 3, 1),
(138, 60, '22ea6d12f4c000249598d8c0f7853b141668bda4.jpeg', 2, 3, 1),
(139, 8, 'a04f63d23a32cc4a6923c6d27fc88de9d7f001f8.jpeg', 1, 1, 1);

-- --------------------------------------------------------

--
-- Structure de la table `ost_vo_plan_voyage`
--

CREATE TABLE IF NOT EXISTS `ost_vo_plan_voyage` (
  `id` int(11) NOT NULL,
  `company_id` int(11) DEFAULT NULL,
  `periode_id` int(11) DEFAULT NULL,
  `description` longtext COLLATE utf8_unicode_ci NOT NULL,
  `ordre` int(11) NOT NULL
) ENGINE=InnoDB AUTO_INCREMENT=10 DEFAULT CHARSET=utf8 COLLATE=utf8_unicode_ci;

--
-- Contenu de la table `ost_vo_plan_voyage`
--

INSERT INTO `ost_vo_plan_voyage` (`id`, `company_id`, `periode_id`, `description`, `ordre`) VALUES
(1, 1, 75, 'AT 571 13JUL &nbsp;TUNCMN 1115 1405', 1),
(2, 1, 75, 'AT 221 13JUL CMNAGA 1610 1710', 2),
(3, 1, 75, 'AT 572 19JUL CMNTUN 1415 1650', 3),
(4, 1, 76, '<span style="background-color:rgb(249, 249, 249); color:rgb(0, 0, 0); font-family:open+sans,sans-serif">AT 571 20JUL &nbsp;TUNCMN 1115 1405</span>', 1),
(5, 1, 76, '<span style="color:rgb(0, 0, 0); font-family:open+sans,sans-serif">AT 221 20JUL CMNAGA 1610 1710</span>', 2),
(6, 1, 76, 'AT 572 19JUL CMNTUN 1415 1650', 3),
(7, 1, 77, 'AT 571 27JUL TUNCMN 1115 1405', 1),
(8, 1, 77, 'AT 221 27JUL CMNAGA 1610 1710', 2),
(9, 1, 77, 'AT 572 02AUG CMNTUN 1415 1650', 3);

-- --------------------------------------------------------

--
-- Structure de la table `ost_vo_reservations`
--

CREATE TABLE IF NOT EXISTS `ost_vo_reservations` (
  `id` int(11) NOT NULL,
  `voyage_id` int(11) DEFAULT NULL,
  `client_id` int(11) DEFAULT NULL,
  `commentaire` longtext COLLATE utf8_unicode_ci,
  `responsable_id` int(11) DEFAULT NULL,
  `code` varchar(255) COLLATE utf8_unicode_ci DEFAULT NULL,
  `etat` int(11) NOT NULL,
  `frontOffice` tinyint(1) NOT NULL,
  `validated` datetime DEFAULT NULL,
  `created` datetime NOT NULL,
  `updated` datetime NOT NULL,
  `coordonnees` longtext COLLATE utf8_unicode_ci NOT NULL COMMENT '(DC2Type:array)',
  `supplements` longtext COLLATE utf8_unicode_ci NOT NULL COMMENT '(DC2Type:array)',
  `circuits` longtext COLLATE utf8_unicode_ci NOT NULL COMMENT '(DC2Type:array)',
  `frais` longtext COLLATE utf8_unicode_ci NOT NULL COMMENT '(DC2Type:array)',
  `pack_id` int(11) DEFAULT NULL,
  `timbre` decimal(11,3) NOT NULL,
  `remise` decimal(11,3) NOT NULL,
  `amicale_id` int(11) DEFAULT NULL,
  `validated_amicale` datetime DEFAULT NULL,
  `frais_dossier` decimal(11,3) NOT NULL,
  `remise_internet` decimal(11,3) NOT NULL,
  `observation` longtext COLLATE utf8_unicode_ci,
  `type_payement` int(11) NOT NULL,
  `montant_payement_electronique` decimal(11,3) DEFAULT NULL,
  `status_payement` varchar(255) COLLATE utf8_unicode_ci DEFAULT NULL,
  `responsableAmicale_id` int(11) DEFAULT NULL,
  `devis` tinyint(1) NOT NULL,
  `clientArray` longtext COLLATE utf8_unicode_ci NOT NULL COMMENT '(DC2Type:array)',
  `path` longtext COLLATE utf8_unicode_ci NOT NULL COMMENT '(DC2Type:array)',
  `marge_b2b` decimal(11,3) NOT NULL,
  `depart` date DEFAULT NULL,
  `voucherpdf` varchar(255) COLLATE utf8_unicode_ci DEFAULT NULL,
  `frais_annulation_achat` decimal(11,3) NOT NULL,
  `frais_annulation_vente` decimal(11,3) NOT NULL
) ENGINE=InnoDB AUTO_INCREMENT=5 DEFAULT CHARSET=utf8 COLLATE=utf8_unicode_ci;

--
-- Contenu de la table `ost_vo_reservations`
--

INSERT INTO `ost_vo_reservations` (`id`, `voyage_id`, `client_id`, `commentaire`, `responsable_id`, `code`, `etat`, `frontOffice`, `validated`, `created`, `updated`, `coordonnees`, `supplements`, `circuits`, `frais`, `pack_id`, `timbre`, `remise`, `amicale_id`, `validated_amicale`, `frais_dossier`, `remise_internet`, `observation`, `type_payement`, `montant_payement_electronique`, `status_payement`, `responsableAmicale_id`, `devis`, `clientArray`, `path`, `marge_b2b`, `depart`, `voucherpdf`, `frais_annulation_achat`, `frais_annulation_vente`) VALUES
(1, 3, 4, NULL, 4, NULL, 1, 1, NULL, '2015-12-09 14:24:41', '2016-03-01 12:49:55', 'a:4:{i:0;s:4:"fsqf";i:1;s:9:"222222222";i:2;s:18:"qscfQSf@hotmail.fr";i:3;N;}', 'a:0:{}', 'a:0:{}', 'a:0:{}', 4, 0.500, 0.000, NULL, NULL, 0.000, 0.000, NULL, 0, NULL, NULL, NULL, 0, 'a:0:{}', 'a:0:{}', 0.000, NULL, NULL, 0.000, 0.000),
(2, 23, 4, NULL, 4, NULL, 2, 1, '2016-05-11 15:34:03', '2015-12-17 14:10:50', '2016-07-20 13:37:40', 'a:4:{i:0;s:1:"u";i:1;s:4:"tyuy";i:2;s:7:"tryuryu";i:3;s:7:"rturryu";}', 'a:0:{}', 'a:0:{}', 'a:0:{}', 29, 0.500, 0.000, NULL, NULL, 0.000, 0.000, NULL, 0, NULL, NULL, NULL, 0, 'a:0:{}', 'a:0:{}', 0.000, NULL, NULL, 0.000, 0.000),
(3, 58, 4, NULL, NULL, NULL, 1, 1, NULL, '2016-05-22 22:03:47', '2016-05-22 22:03:47', 'a:4:{i:0;N;i:1;N;i:2;N;i:3;N;}', 'a:0:{}', 'a:0:{}', 'a:0:{}', 62, 0.500, 0.000, NULL, NULL, 0.000, 0.000, '', 1, NULL, NULL, NULL, 0, 'a:12:{s:9:"nomPrenom";N;s:3:"tel";N;s:4:"tel2";N;s:3:"fax";N;s:5:"email";N;s:7:"adresse";N;s:10:"codeDouane";N;s:10:"codePostal";N;s:11:"commentaire";N;s:5:"ville";N;s:17:"registreCommercie";N;s:16:"matriculeFiscale";N;}', 'a:0:{}', 0.000, NULL, NULL, 0.000, 0.000),
(4, 58, 4, NULL, 4, NULL, 1, 1, NULL, '2016-05-22 22:04:15', '2016-06-04 14:27:22', 'a:4:{i:0;N;i:1;N;i:2;N;i:3;N;}', 'a:0:{}', 'a:0:{}', 'a:0:{}', 62, 0.500, 0.000, NULL, NULL, 0.000, 0.000, '', 1, NULL, NULL, NULL, 0, 'a:12:{s:9:"nomPrenom";N;s:3:"tel";N;s:4:"tel2";N;s:3:"fax";N;s:5:"email";N;s:7:"adresse";N;s:10:"codeDouane";N;s:10:"codePostal";N;s:11:"commentaire";N;s:5:"ville";N;s:17:"registreCommercie";N;s:16:"matriculeFiscale";N;}', 'a:0:{}', 0.000, NULL, NULL, 0.000, 0.000);

-- --------------------------------------------------------

--
-- Structure de la table `ost_vo_reservations_chambres`
--

CREATE TABLE IF NOT EXISTS `ost_vo_reservations_chambres` (
  `id` int(11) NOT NULL,
  `reservation_id` int(11) DEFAULT NULL,
  `type` int(11) NOT NULL
) ENGINE=InnoDB AUTO_INCREMENT=7 DEFAULT CHARSET=utf8 COLLATE=utf8_unicode_ci;

--
-- Contenu de la table `ost_vo_reservations_chambres`
--

INSERT INTO `ost_vo_reservations_chambres` (`id`, `reservation_id`, `type`) VALUES
(1, 1, 2),
(2, 2, 2),
(3, 3, 1),
(4, 3, 2),
(5, 4, 1),
(6, 4, 2);

-- --------------------------------------------------------

--
-- Structure de la table `ost_vo_reservations_lignes`
--

CREATE TABLE IF NOT EXISTS `ost_vo_reservations_lignes` (
  `id` int(11) NOT NULL,
  `personne_id` int(11) DEFAULT NULL,
  `code` varchar(255) COLLATE utf8_unicode_ci NOT NULL,
  `libelle` varchar(255) COLLATE utf8_unicode_ci NOT NULL,
  `achat` decimal(11,3) NOT NULL,
  `vente` decimal(11,3) NOT NULL
) ENGINE=InnoDB AUTO_INCREMENT=11 DEFAULT CHARSET=utf8 COLLATE=utf8_unicode_ci;

--
-- Contenu de la table `ost_vo_reservations_lignes`
--

INSERT INTO `ost_vo_reservations_lignes` (`id`, `personne_id`, `code`, `libelle`, `achat`, `vente`) VALUES
(1, 1, 'chambre_double', 'Logement chambre double', 910.000, 980.000),
(2, 2, 'chambre_double', 'Logement chambre double', 910.000, 980.000),
(3, 3, 'chambre_double', 'Logement chambre double', 1550.000, 1680.000),
(4, 4, 'chambre_double', 'Logement chambre double', 1550.000, 1680.000),
(5, 5, 'chambre_adulte_single', '[Adulte] Logement chambre single', 0.000, 1925.000),
(6, 6, 'chambre_adulte_double', '[Adulte] Logement chambre double', 0.000, 1575.000),
(7, 7, 'chambre_adulte_double', '[Adulte] Logement chambre double', 0.000, 1575.000),
(8, 8, 'chambre_adulte_single', '[Adulte] Logement chambre single', 0.000, 1925.000),
(9, 9, 'chambre_adulte_double', '[Adulte] Logement chambre double', 0.000, 1575.000),
(10, 10, 'chambre_adulte_double', '[Adulte] Logement chambre double', 0.000, 1575.000);

-- --------------------------------------------------------

--
-- Structure de la table `ost_vo_reservation_gestion_etats`
--

CREATE TABLE IF NOT EXISTS `ost_vo_reservation_gestion_etats` (
  `id` int(11) NOT NULL,
  `libelle` varchar(255) COLLATE utf8_unicode_ci NOT NULL,
  `ordre` int(11) NOT NULL,
  `type` int(11) NOT NULL
) ENGINE=InnoDB DEFAULT CHARSET=utf8 COLLATE=utf8_unicode_ci;

-- --------------------------------------------------------

--
-- Structure de la table `ost_vo_reservation_personnes`
--

CREATE TABLE IF NOT EXISTS `ost_vo_reservation_personnes` (
  `id` int(11) NOT NULL,
  `chambre_id` int(11) DEFAULT NULL,
  `enfant` tinyint(1) DEFAULT NULL,
  `nom_prenom` varchar(255) COLLATE utf8_unicode_ci NOT NULL,
  `age` int(11) DEFAULT NULL,
  `passport` varchar(100) COLLATE utf8_unicode_ci DEFAULT NULL,
  `chambreContingent_id` int(11) DEFAULT NULL,
  `visas` longtext COLLATE utf8_unicode_ci NOT NULL COMMENT '(DC2Type:array)'
) ENGINE=InnoDB AUTO_INCREMENT=11 DEFAULT CHARSET=utf8 COLLATE=utf8_unicode_ci;

--
-- Contenu de la table `ost_vo_reservation_personnes`
--

INSERT INTO `ost_vo_reservation_personnes` (`id`, `chambre_id`, `enfant`, `nom_prenom`, `age`, `passport`, `chambreContingent_id`, `visas`) VALUES
(1, 1, 0, 'test', NULL, 'test', NULL, 'a:0:{}'),
(2, 1, 0, 'tsdt', NULL, 'tsts', NULL, 'a:0:{}'),
(3, 2, 1, 'utyu', 2, 'juyu', NULL, 'a:0:{}'),
(4, 2, 1, 'ryury', 3, 'ury-ur', NULL, 'a:0:{}'),
(5, 3, 0, '', NULL, '', NULL, 'a:0:{}'),
(6, 4, 0, '', NULL, '', NULL, 'a:0:{}'),
(7, 4, 0, '', NULL, '', NULL, 'a:0:{}'),
(8, 5, 0, '', NULL, '', NULL, 'a:0:{}'),
(9, 6, 0, '', NULL, '', NULL, 'a:0:{}'),
(10, 6, 0, '', NULL, '', NULL, 'a:0:{}');

-- --------------------------------------------------------

--
-- Structure de la table `ost_vo_reservation_personne_billets`
--

CREATE TABLE IF NOT EXISTS `ost_vo_reservation_personne_billets` (
  `id` int(11) NOT NULL,
  `personne_id` int(11) DEFAULT NULL,
  `libelle` varchar(255) COLLATE utf8_unicode_ci NOT NULL
) ENGINE=InnoDB DEFAULT CHARSET=utf8 COLLATE=utf8_unicode_ci;

-- --------------------------------------------------------

--
-- Structure de la table `ost_vo_reservation_personne_billets_logs`
--

CREATE TABLE IF NOT EXISTS `ost_vo_reservation_personne_billets_logs` (
  `id` int(11) NOT NULL,
  `etat_id` int(11) DEFAULT NULL,
  `billet_id` int(11) DEFAULT NULL,
  `commentaire` varchar(255) COLLATE utf8_unicode_ci DEFAULT NULL,
  `byUser` varchar(255) COLLATE utf8_unicode_ci NOT NULL,
  `createdAt` datetime NOT NULL
) ENGINE=InnoDB DEFAULT CHARSET=utf8 COLLATE=utf8_unicode_ci;

-- --------------------------------------------------------

--
-- Structure de la table `ost_vo_reservation_personne_hotels`
--

CREATE TABLE IF NOT EXISTS `ost_vo_reservation_personne_hotels` (
  `id` int(11) NOT NULL,
  `personne_id` int(11) DEFAULT NULL,
  `libelle` varchar(255) COLLATE utf8_unicode_ci NOT NULL
) ENGINE=InnoDB DEFAULT CHARSET=utf8 COLLATE=utf8_unicode_ci;

-- --------------------------------------------------------

--
-- Structure de la table `ost_vo_reservation_personne_hotels_logs`
--

CREATE TABLE IF NOT EXISTS `ost_vo_reservation_personne_hotels_logs` (
  `id` int(11) NOT NULL,
  `etat_id` int(11) DEFAULT NULL,
  `hotel_id` int(11) DEFAULT NULL,
  `commentaire` varchar(255) COLLATE utf8_unicode_ci DEFAULT NULL,
  `byUser` varchar(255) COLLATE utf8_unicode_ci NOT NULL,
  `createdAt` datetime NOT NULL
) ENGINE=InnoDB DEFAULT CHARSET=utf8 COLLATE=utf8_unicode_ci;

-- --------------------------------------------------------

--
-- Structure de la table `ost_vo_reservation_personne_visas`
--

CREATE TABLE IF NOT EXISTS `ost_vo_reservation_personne_visas` (
  `id` int(11) NOT NULL,
  `personne_id` int(11) DEFAULT NULL,
  `libelle` varchar(255) COLLATE utf8_unicode_ci NOT NULL
) ENGINE=InnoDB AUTO_INCREMENT=2 DEFAULT CHARSET=utf8 COLLATE=utf8_unicode_ci;

--
-- Contenu de la table `ost_vo_reservation_personne_visas`
--

INSERT INTO `ost_vo_reservation_personne_visas` (`id`, `personne_id`, `libelle`) VALUES
(1, 8, 'Visa schengen');

-- --------------------------------------------------------

--
-- Structure de la table `ost_vo_reservation_personne_visas_logs`
--

CREATE TABLE IF NOT EXISTS `ost_vo_reservation_personne_visas_logs` (
  `id` int(11) NOT NULL,
  `etat_id` int(11) DEFAULT NULL,
  `visa_id` int(11) DEFAULT NULL,
  `commentaire` varchar(255) COLLATE utf8_unicode_ci DEFAULT NULL,
  `byUser` varchar(255) COLLATE utf8_unicode_ci NOT NULL,
  `createdAt` datetime NOT NULL
) ENGINE=InnoDB DEFAULT CHARSET=utf8 COLLATE=utf8_unicode_ci;

-- --------------------------------------------------------

--
-- Structure de la table `ost_vo_themes`
--

CREATE TABLE IF NOT EXISTS `ost_vo_themes` (
  `id` int(11) NOT NULL,
  `libelle` varchar(255) COLLATE utf8_unicode_ci NOT NULL,
  `themeCategorie_id` int(11) DEFAULT NULL
) ENGINE=InnoDB AUTO_INCREMENT=18 DEFAULT CHARSET=utf8 COLLATE=utf8_unicode_ci;

--
-- Contenu de la table `ost_vo_themes`
--

INSERT INTO `ost_vo_themes` (`id`, `libelle`, `themeCategorie_id`) VALUES
(1, 'Voyages de Noces', 2),
(13, 'Long séjour', 1),
(15, 'Voyages en groupe', 4),
(16, 'Famille', 5),
(17, 'Jeunes', 6);

-- --------------------------------------------------------

--
-- Structure de la table `ost_vo_themes_categories`
--

CREATE TABLE IF NOT EXISTS `ost_vo_themes_categories` (
  `id` int(11) NOT NULL,
  `libelle` varchar(255) COLLATE utf8_unicode_ci NOT NULL
) ENGINE=InnoDB AUTO_INCREMENT=7 DEFAULT CHARSET=utf8 COLLATE=utf8_unicode_ci;

--
-- Contenu de la table `ost_vo_themes_categories`
--

INSERT INTO `ost_vo_themes_categories` (`id`, `libelle`) VALUES
(1, 'Long Séjour'),
(2, 'Voyages de Noces'),
(3, 'Moyen courrier'),
(4, 'Voyages en groupe'),
(5, 'Famille'),
(6, 'Jeunes');

-- --------------------------------------------------------

--
-- Structure de la table `ost_vo_visas`
--

CREATE TABLE IF NOT EXISTS `ost_vo_visas` (
  `id` int(11) NOT NULL,
  `voyage_id` int(11) DEFAULT NULL,
  `titre` varchar(255) COLLATE utf8_unicode_ci NOT NULL,
  `texte` longtext COLLATE utf8_unicode_ci NOT NULL,
  `ordre` int(11) NOT NULL
) ENGINE=InnoDB DEFAULT CHARSET=utf8 COLLATE=utf8_unicode_ci;

-- --------------------------------------------------------

--
-- Structure de la table `ost_vo_voyages`
--

CREATE TABLE IF NOT EXISTS `ost_vo_voyages` (
  `id` int(11) NOT NULL,
  `nbr_jour` int(11) NOT NULL,
  `nbr_nuit` int(11) NOT NULL,
  `prix` decimal(11,3) DEFAULT NULL,
  `description_courte` longtext COLLATE utf8_unicode_ci NOT NULL,
  `created` datetime NOT NULL,
  `updated` datetime NOT NULL,
  `destination_id` int(11) DEFAULT NULL,
  `libelle` varchar(255) COLLATE utf8_unicode_ci NOT NULL,
  `slug` varchar(128) COLLATE utf8_unicode_ci NOT NULL,
  `type` int(11) NOT NULL,
  `aPartirDe` tinyint(1) DEFAULT NULL,
  `etat` tinyint(1) NOT NULL,
  `responsable_name` varchar(255) COLLATE utf8_unicode_ci DEFAULT NULL,
  `responsable_tel1` varchar(255) COLLATE utf8_unicode_ci DEFAULT NULL,
  `responsable_tel2` varchar(255) COLLATE utf8_unicode_ci DEFAULT NULL,
  `prix_compris` varchar(255) COLLATE utf8_unicode_ci DEFAULT NULL,
  `villes` varchar(255) COLLATE utf8_unicode_ci DEFAULT NULL,
  `titre_promtion` varchar(255) COLLATE utf8_unicode_ci DEFAULT NULL,
  `vol` tinyint(1) DEFAULT NULL,
  `bateau` tinyint(1) DEFAULT NULL,
  `autocar` tinyint(1) DEFAULT NULL,
  `train` tinyint(1) DEFAULT NULL,
  `hotels` tinyint(1) DEFAULT NULL,
  `min_age1` decimal(4,2) DEFAULT NULL,
  `max_age1` decimal(4,2) DEFAULT NULL,
  `min_age2` decimal(4,2) DEFAULT NULL,
  `max_age2` decimal(4,2) DEFAULT NULL,
  `updated_at` datetime DEFAULT NULL,
  `path` varchar(255) COLLATE utf8_unicode_ci DEFAULT NULL,
  `comprend` longtext COLLATE utf8_unicode_ci,
  `ne_comprend_pas` longtext COLLATE utf8_unicode_ci,
  `description_liste` varchar(255) COLLATE utf8_unicode_ci DEFAULT NULL,
  `typeVisas` longtext COLLATE utf8_unicode_ci NOT NULL COMMENT '(DC2Type:array)',
  `description_detail` varchar(255) COLLATE utf8_unicode_ci DEFAULT NULL
) ENGINE=InnoDB AUTO_INCREMENT=61 DEFAULT CHARSET=utf8 COLLATE=utf8_unicode_ci;

--
-- Contenu de la table `ost_vo_voyages`
--

INSERT INTO `ost_vo_voyages` (`id`, `nbr_jour`, `nbr_nuit`, `prix`, `description_courte`, `created`, `updated`, `destination_id`, `libelle`, `slug`, `type`, `aPartirDe`, `etat`, `responsable_name`, `responsable_tel1`, `responsable_tel2`, `prix_compris`, `villes`, `titre_promtion`, `vol`, `bateau`, `autocar`, `train`, `hotels`, `min_age1`, `max_age1`, `min_age2`, `max_age2`, `updated_at`, `path`, `comprend`, `ne_comprend_pas`, `description_liste`, `typeVisas`, `description_detail`) VALUES
(1, 10, 9, 3500.000, 'La Thaïlande est un pays où on peut vivre l''ambiance des grandes villes asiatiques à Bangkok, l''incroyable culture et monuments historiques au nord et le charme des plages et jungles tropicales au sud. Nous proposons des voyages organisés en Thaïlande selon vos envies et budgets.', '2015-12-09 09:14:35', '2016-04-04 14:25:18', 28, 'Bangkok-Ayuthaya-Pattaya', 'bangkok-ayuthaya-pattaya', 1, 1, 0, NULL, NULL, NULL, NULL, NULL, NULL, NULL, NULL, NULL, NULL, NULL, 0.00, 0.00, NULL, NULL, '2016-04-04 14:25:18', NULL, NULL, NULL, NULL, 'a:0:{}', NULL),
(3, 5, 4, 980.000, 'Barcelone est la captivante capitale de la Catalogne, une cité inoubliable pour sa richesse architecturale, culturelle et sa vie trépidante. Berceau des œuvres de Gaudi, du FC Barcelone mais aussi réputée pour ses nombreux musées, ses Concerts, ses boites de nuits, sa cuisine, ses plages.. Barcelone est un petit paradis du tourisme au cœur de l’Europe.', '2015-12-09 09:55:14', '2016-04-04 05:14:23', 27, 'Barcelone Spécial Solde Hiver', 'barcelone-special-solde-hiver', 1, 1, 0, NULL, NULL, NULL, NULL, NULL, NULL, NULL, NULL, NULL, NULL, NULL, 0.00, 0.00, NULL, NULL, '2016-04-04 05:14:23', NULL, NULL, NULL, NULL, 'a:0:{}', NULL),
(8, 7, 6, 920.000, 'Si vous aimez vibrer au rythme des mille et une nuits, découvrir une destination aux coutumes royales qui a su préserver un charme unique, alors le Maroc est la destination qu’il vous faut.', '2015-12-09 10:42:02', '2016-09-01 14:01:42', 29, 'Le charme du Maroc', 'le-charme-du-maroc', 1, 1, 0, NULL, NULL, NULL, NULL, 'CASABLANCA / RABAT / MARRAKECH', NULL, 0, 0, 1, 0, 1, 2.00, 12.00, NULL, NULL, '2016-09-01 14:01:42', NULL, NULL, NULL, NULL, 'a:0:{}', NULL),
(10, 7, 6, 1675.000, 'Istanbul est une merveille pour chaque visiteur. Des couchers du soleil spectaculaires avec les minarets profilés à l’horizon, des édifices ou le destin du monde a été décidé, des bazars agglomérés, voici seulement quelques unes des attractions avec lesquelles l’ancienne ville attire ses visiteurs.', '2015-12-09 11:03:46', '2016-05-22 15:58:28', 27, 'Istanbul & Sabanja', 'istanbul-sabanja', 2, 1, 0, NULL, NULL, NULL, NULL, NULL, NULL, NULL, NULL, NULL, NULL, NULL, 0.00, 2.00, 3.00, 12.00, '2016-05-22 15:58:28', NULL, NULL, NULL, NULL, 'a:0:{}', NULL),
(13, 8, 7, 2190.000, 'Pleine de lumière, Lisbonne est une ville où il fait toujours bon de vivre. Vous découvrirez ses nombreux trésors et ses impressionnants monuments, qui feront de votre visite un moment mémorable. Ce pays d’une beauté peu conventionnelle, vous fera littéralement chavirer.', '2015-12-09 13:15:22', '2016-05-22 15:58:28', 27, 'Portugal Coimbra-Porto-Lisbonne', 'portugal-coimbra-porto-lisbonne', 1, 1, 0, NULL, NULL, NULL, NULL, NULL, NULL, NULL, NULL, NULL, NULL, NULL, 0.00, 2.00, 3.00, 11.00, '2016-05-22 15:58:28', NULL, NULL, NULL, NULL, 'a:1:{i:0;s:13:"Visa schengen";}', NULL),
(16, 7, 6, 2150.000, 'Avant de choisir votre hôtel à Paris parmi les forfaits pas chers, découvrez ce que l’une des plus belles capitales de l’Europe peut vous offrir en tant que destination de rêve. Ses 20 arrondissements délicieusement différents, ses parcs aux charmes illimités, ses monuments célèbres et ses attractions à ne pas manquer promettent un voyage inoubliable, quel que soit votre âge.', '2015-12-09 14:12:41', '2016-05-22 15:58:27', 27, 'Paris & Disneyland', 'paris-disneyland', 1, 1, 0, NULL, NULL, NULL, NULL, NULL, NULL, NULL, NULL, NULL, NULL, NULL, 0.00, 2.00, 3.00, 11.00, '2016-05-22 15:58:27', NULL, NULL, NULL, NULL, 'a:1:{i:0;s:13:"Visa schengen";}', NULL),
(17, 8, 7, 1680.000, 'Voyage combiné', '2015-12-10 07:48:29', '2016-04-04 05:14:33', 27, 'Paris-Bruxelles-Amsterdam', 'paris-bruxelles-amsterdam', 1, 0, 0, NULL, NULL, NULL, NULL, NULL, NULL, NULL, NULL, NULL, NULL, NULL, 0.00, 0.00, NULL, NULL, '2016-04-04 05:14:33', NULL, NULL, NULL, NULL, 'a:0:{}', NULL),
(23, 5, 4, 1680.000, 'Découvrez les richesses de Bali et profitez d''un séjour de rêves au coeur d''une nature splendide et surprenante. Ce voyage vous permet de découvrir Bali avec sa richesse et sa diversité, à travers ses temples étonnants, sa nature magnifique et sa culture authentique.', '2015-12-10 14:48:58', '2016-05-22 15:58:26', 28, 'Bali Voyage de Noce', 'bali-voyage-de-noce', 2, 1, 0, NULL, NULL, NULL, NULL, NULL, NULL, NULL, NULL, NULL, NULL, NULL, 0.00, 0.00, NULL, NULL, '2016-05-22 15:58:26', NULL, NULL, NULL, NULL, 'a:0:{}', NULL),
(24, 8, 7, 2950.000, 'Découvrez le monde magique de l’Île Maurice avec ses paysages paradisiaques, sa beauté époustouflante et son charme incontestable. Destination idéale pour les voyages de noces.', '2015-12-11 10:18:27', '2016-05-22 15:58:25', 29, 'Ile Maurice Spécial Voyage de Noce', 'ile-maurice-special-voyage-de-noce', 2, 1, 0, NULL, NULL, NULL, NULL, NULL, NULL, NULL, NULL, NULL, NULL, NULL, 0.00, 2.00, 3.00, 12.00, '2016-05-22 15:58:25', NULL, NULL, NULL, NULL, 'a:0:{}', NULL),
(27, 8, 7, 3600.000, 'Avec une variété infinie d’endroits à explorer, l’Inde est un pays charmant et fascinant.', '2015-12-11 15:55:38', '2016-04-04 03:53:20', 28, 'L''Inde Février 2016', 'l-inde-fevrier-2016-1', 1, 0, 0, NULL, NULL, NULL, NULL, NULL, NULL, NULL, NULL, NULL, NULL, NULL, 0.00, 0.00, NULL, NULL, '2016-04-04 03:53:20', NULL, NULL, NULL, NULL, 'a:0:{}', NULL),
(30, 10, 9, 3200.000, 'Nos voyages organisés en Malaisie vous permettent de découvrir ce pays d’aventures et de rêves. Vous pouvez profiter de sa diversité culturelle, sa jungle montagneuse, ses plages superbes, ses kampungs typiquement malais aux maisons en bois sur pilotis, ses îles tropicales, ses temples colorés des villes coloniales…', '2015-12-22 10:57:08', '2016-05-22 15:58:24', 28, 'Malaisie:  Lang Kawi & Kuala Lumpur', 'malaisie-lang-kawi-kuala-lumpur', 2, 1, 0, NULL, NULL, NULL, NULL, NULL, NULL, NULL, NULL, NULL, NULL, NULL, 0.00, 2.00, 3.00, 12.00, '2016-05-22 15:58:24', NULL, NULL, NULL, NULL, 'a:0:{}', NULL),
(32, 8, 7, 1200.000, 'Barcelone, Intellectuelle ou balnéaire, conservatrice ou délurée, Barcelone est la destination idéale le temps d´un week-end! Les plus grands artistes et architectes ont ici laissé leur griffe pour le bonheur du promeneur et des grands curieux. Profondément marquée par le passage des JO, Barcelone en a profité pour réhabiliter ses quartiers sombres et offre aujourd´hui un cadre pittoresque & design au bord de la Méditerranée.', '2015-12-23 08:09:27', '2016-05-22 15:58:24', 27, 'Barcelone', 'barcelone', 2, 1, 0, NULL, NULL, NULL, NULL, NULL, NULL, NULL, NULL, NULL, NULL, NULL, 0.00, 0.00, NULL, NULL, '2016-05-22 15:58:24', NULL, NULL, NULL, NULL, 'a:0:{}', NULL),
(33, 8, 7, 1320.000, 'Madrid a de nombreux atouts : des galeries d''art étonnantes, une vie nocturne animée et incessante, une élégance et une ambiance circulant à travers les rues et les places de la ville, une récente ascension comme capitale de la mode en Espagne, une scène flamenco et jazz en plein essor, des restaurants et des bars à tapas réputés, et une population qui excelle dans l''art de mener la belle vie. \r\n \r\nOn la considère souvent comme la plus espagnole des villes d''Espagne, c''est aussi la cité la plus passionnée d''Europe. Très peu d''habitants sont madrilènes d''origine, ce qui en fait sans doute l''une des capitales les plus ouvertes et les plus accueillantes.', '2015-12-23 08:22:49', '2016-05-22 15:58:23', 27, 'City break culturel à Madrid', 'city-break-culturel-a-madrid', 2, 1, 0, NULL, NULL, NULL, NULL, NULL, NULL, NULL, NULL, NULL, NULL, NULL, 0.00, 0.00, NULL, NULL, '2016-05-22 15:58:23', NULL, NULL, NULL, NULL, 'a:0:{}', NULL),
(34, 8, 7, 2350.000, 'La Malaisie reste inoubliable une fois visitée. Avec un mélange de traditions, cultures et vie moderne, la Malaisie est un "must" pour les amoureux d''Asie.  \r\n\r\nQuand on dit Thaïlande déjà on s''imagine sur des plages au sable fin, entourés d''eau turquoise et végétation luxuriante. A tout cela on ajoute des temples et des monuments comme on ne voit pas ailleurs et on obtient une destination qui doit etre visitée au moins une fois dans la vie!', '2015-12-23 08:57:55', '2016-05-22 15:58:21', 28, 'Kuala Lampur & Phuket', 'kuala-lampur-phuket', 2, 1, 0, NULL, NULL, NULL, NULL, NULL, NULL, NULL, NULL, NULL, NULL, NULL, 0.00, 0.00, NULL, NULL, '2016-05-22 15:58:21', NULL, NULL, NULL, NULL, 'a:0:{}', NULL),
(35, 8, 7, 2350.000, 'La Thaïlande est un pays où on peut vivre l''ambiance des grandes villes asiatiques à Bangkok, l''incroyable culture et monuments historiques au nord et le charme des plages et jungles tropicales au sud. Nous proposons des voyages organisés en Thaïlande selon vos envies et budgets. Nous proposons des circuits pour découvrir le charme de ce pays avec extensions balnéaires et des séjours combinés entre Bangkok & Phuket .', '2015-12-23 10:20:13', '2016-05-22 15:57:29', 28, 'Bangkok & Phuket', 'bangkok-phuket', 2, 1, 0, NULL, NULL, NULL, NULL, NULL, NULL, NULL, NULL, NULL, NULL, NULL, 0.00, 0.00, NULL, NULL, '2016-05-22 15:57:29', NULL, NULL, NULL, NULL, 'a:0:{}', NULL),
(36, 7, 6, 2350.000, 'La Thaïlande est un pays où on peut vivre l''ambiance des grandes villes asiatiques à Bangkok, l''incroyable culture et monuments historiques au nord et le charme des plages et jungles tropicales au sud. Nous proposons des voyages organisés en Thaïlande selon vos envies et budgets. Nous proposons des circuits pour découvrir le charme de ce pays avec extensions balnéaires et des séjours combinés entre Bangkok & Phuket .', '2015-12-23 10:43:47', '2016-05-22 15:58:14', 28, 'La Perle Phuket', 'la-perle-phuket', 2, 1, 0, NULL, NULL, NULL, NULL, NULL, NULL, NULL, NULL, NULL, NULL, NULL, 0.00, 0.00, NULL, NULL, '2016-05-22 15:58:14', NULL, NULL, NULL, NULL, 'a:0:{}', NULL),
(38, 9, 8, 3500.000, 'Des paysages fascinants, des traditions et des coutumes du fond du siècle qui se mêlent avec une modernité éclatante. Nous vous invitons à nous rejoindre à la découverte de la Chine qui ne cesse de se moderniser, tout en restant authentique et traditionnelle.', '2016-01-04 13:19:07', '2016-05-22 15:58:14', 28, 'Chine: Pékin & Shanghai', 'chine-pekin-shanghai', 1, 1, 0, NULL, NULL, NULL, NULL, NULL, NULL, NULL, NULL, NULL, NULL, NULL, 0.00, 0.00, NULL, NULL, '2016-05-22 15:58:14', NULL, NULL, NULL, NULL, 'a:0:{}', NULL),
(39, 8, 7, 1820.000, 'D’emblée, Vienne émerveille par son cadre romantique et son architecture flamboyante qui lui a valu d’être inscrite au patrimoine mondial de l’humanité par l’UNESCO. Ses monuments, nombreux et tous remarquables, s’inscrivent parfaitement dans la logique de prestige de la ville.', '2016-01-07 08:09:20', '2016-05-22 15:58:13', 27, 'Vienne & Budapest', 'vienne-budapest', 2, 1, 0, NULL, NULL, NULL, NULL, NULL, NULL, NULL, NULL, NULL, NULL, NULL, 1.00, 2.00, 3.00, 4.00, '2016-05-22 15:58:13', NULL, NULL, NULL, NULL, 'a:0:{}', NULL),
(40, 8, 7, 1490.000, 'Depuis ses tous premiers jours, Amsterdam est un lieu de commerce animé qui accueille les autres cultures à bras ouverts. Découvrez toutes les facettes de cette charmante ville bordée de canaux, dont sa riche histoire et le développement de sa société si tolérante. Ou projetez vous directement dans le présent et découvrez l’architecture de la ville et ses quartiers colorés. Si vous êtes ambitieux, vous apprendrez peut-être même quelques mots de néerlandais, qui sait!', '2016-01-07 08:19:24', '2016-05-22 15:58:12', 27, 'La Magie d’Amsterdam', 'la-magie-d-amsterdam', 2, 1, 0, NULL, NULL, NULL, NULL, NULL, NULL, 1, 0, 0, 0, 1, 1.00, 2.00, 3.00, 4.00, '2016-05-22 15:58:12', NULL, NULL, NULL, NULL, 'a:0:{}', NULL),
(41, 8, 7, 1180.000, 'Bucarest possède une âme que l''on se plaît à découvrir : une foule estudiantine joyeuse et exubérante s''est donné pour lieu de ralliement les bars en terrasse du centre historique, des couples de tous âges fréquentent aussi bien le théâtre ou l''Opéra que les cinémas projetant des films en version originale, et les familles aiment à se détendre le week-end dans les parcs de la ville. Un tableau qui tient presque du miracle quand on songe à la Révolution qui a littéralement déchiré cette ville il y a une vingtaine d''années.', '2016-01-07 16:11:24', '2016-05-22 15:58:11', 27, 'Roumanie : Bucarest', 'roumanie-bucarest', 2, 1, 0, NULL, NULL, NULL, NULL, NULL, NULL, NULL, NULL, NULL, NULL, NULL, 1.00, 2.00, 3.00, 4.00, '2016-05-22 15:58:11', NULL, NULL, NULL, NULL, 'a:0:{}', NULL),
(42, 8, 7, 2180.000, 'Explorez l''Espagne avec une tournée . Visitez la région coloré espagnol qui est célèbre pour l''architecture mauresque, les corridas, et, bien sûr, le flamenco! Séjournez dans de grands hôtels et profitez des visites guidées...', '2016-01-07 16:18:18', '2016-05-22 15:58:10', 27, 'Circuit Andalousie', 'circuit-andalousie', 2, 1, 0, NULL, NULL, NULL, NULL, NULL, NULL, 1, 0, 0, 0, 1, 1.00, 2.00, 3.00, 4.00, '2016-05-22 15:58:10', NULL, NULL, NULL, NULL, 'a:0:{}', NULL),
(43, 8, 7, 1820.000, 'République Tchèque, Autriche... Les deux grandes capitales d’Europe Centrale. C’est au travers de ce superbe circuit que vous découvrirez la prestigieuse dynastie des Habsbourg , du Moyen-Âge au début du siècle passé, régna sur tout le centre de l’Europe.', '2016-01-07 16:29:13', '2016-05-22 15:57:47', 27, 'Vienne & Prague', 'vienne-prague', 2, 1, 0, NULL, NULL, NULL, NULL, NULL, NULL, NULL, NULL, NULL, NULL, NULL, 1.00, 2.00, 3.00, 4.00, '2016-05-22 15:57:47', NULL, NULL, NULL, NULL, 'a:0:{}', NULL),
(44, 8, 7, 1910.000, 'Une chose est sure c’est qu’à Venise, il y en a pour tout les goûts…les amoureux à l’instar des pigeons roucouleront place Saint Marc, les timides oseront tout derrière leurs masques pendant le carnaval…les uns visiteront les musées, les autres flâneront au gré des canaux, d’autres encore iront admirer l’artisanat sur les îles plus calme de Venise (la dentelle à Burano et le verre à Murano).\r\nVous passerez tous sur le grand Canal et serez surpris par l’architecture.\r\nSans oublier une petite balade nocturne où se dévoile Venise la mystérieuse…', '2016-01-07 16:35:35', '2016-05-22 15:57:47', 27, 'Venise', 'venise', 2, 1, 0, NULL, NULL, NULL, NULL, NULL, NULL, NULL, NULL, NULL, NULL, NULL, 1.00, 2.00, 3.00, 4.00, '2016-05-22 15:57:47', NULL, NULL, NULL, NULL, 'a:0:{}', NULL),
(45, 8, 7, 1420.000, 'Bienvenue à Lisbonne ! « Lisa », comme l''appellent ses habitants, est d''une beauté peu conventionnelle. Ses maisons pastel balafrées de tags, sa vie nocturne débridée font penser à La Havane, ses eaux bleues, ses tramways et son pont évoquent San Francisco, ses boutiques chics et ses docks réhabilités rappellent Londres, tandis que l''Alfama arbore un air de médina nord-africai', '2016-01-07 16:43:46', '2016-05-22 15:57:47', 27, 'L''Ame de Lisbonne', 'l-ame-de-lisbonne', 2, 1, 0, NULL, NULL, NULL, NULL, NULL, NULL, NULL, NULL, NULL, NULL, NULL, 1.00, 2.00, 3.00, 4.00, '2016-05-22 15:57:47', NULL, NULL, NULL, NULL, 'a:0:{}', NULL),
(47, 3, 2, 255.000, 'Barcelone, la ville balnéaire de l’Espagne', '2016-01-25 15:41:47', '2016-05-22 15:57:47', 27, 'Weekend à Barcelone', 'weekend-a-barcelone', 2, 1, 0, NULL, NULL, NULL, NULL, NULL, NULL, NULL, NULL, NULL, NULL, NULL, 0.00, 2.00, 3.00, 12.00, '2016-05-22 15:57:47', NULL, NULL, NULL, NULL, 'a:0:{}', NULL),
(48, 7, 6, 1400.000, 'Kopaonik, le plus grand massif serbe, s’étend du nord-est vers le sud-est dans une longueur de 80 km, atteignant dans sa partie centrale une largeur de 40 km. La plus haute partie de Kopaonik est le vaste plateau Ravni Kopaonik, d’où s’érige Suvo Rudiste avec le plus haut sommet de Kopaonik – le Mont Pancic, 2017m.\r\n\r\nKopaonik possède un climat subalpin. Grâce à presque 200 jours ensoleillés durant l’année, Kopaonik mérite son surnom de « montagne du soleil ».', '2016-01-29 08:54:13', '2016-05-22 15:57:46', 27, 'Ski Package Tour à KOPAONIK', 'ski-package-tour-a-kopaonik', 2, 1, 0, NULL, NULL, NULL, NULL, NULL, NULL, 0, 0, 0, 0, 0, 3.00, 6.00, 7.00, 12.00, '2016-05-22 15:57:46', NULL, NULL, NULL, NULL, 'a:0:{}', NULL),
(49, 7, 6, 1170.000, 'Autre ville cosmopolite: Istanbul. Toute l''année, elle charme les visiteurs avec son centre historique, ses mosquées et autres monuments byzantins, ses anciennes citernes souterraines et ses croisières sur le Bosphore.', '2016-02-01 14:56:58', '2016-05-22 15:57:46', 27, 'Istanbul', 'istanbul', 1, 1, 0, NULL, NULL, NULL, NULL, NULL, NULL, NULL, NULL, NULL, NULL, NULL, 2.00, 6.00, 7.00, 12.00, '2016-05-22 15:57:46', NULL, NULL, NULL, NULL, 'a:0:{}', NULL),
(50, 7, 6, 1620.000, 'Istanbul est une merveille pour chaque visiteur. Des couchers du soleil spectaculaires avec les minarets profilés à l’horizon, des édifices ou le destin du monde a été décidé, des bazars agglomérés, voici seulement quelques unes des attractions avec lesquelles l’ancienne ville attire ses visiteurs.', '2016-02-01 15:50:33', '2016-05-22 15:57:43', 27, 'Istanbul & Bursa', 'istanbul-bursa-1', 1, 1, 0, NULL, NULL, NULL, NULL, NULL, NULL, NULL, NULL, NULL, NULL, NULL, 0.00, 2.00, 3.00, 12.00, '2016-05-22 15:57:43', NULL, NULL, NULL, NULL, 'a:0:{}', NULL),
(51, 8, 7, 1390.000, 'Malte est la terre des temples mégalithiques, de la grotte de Calypso et des citadelles médiévales. Encore hantée par le souvenir des chevaliers de l''ordre de Saint-Jean de Jérusalem, l''île de Malte occupe depuis la plus haute Antiquité une position stratégique au centre du bassin méditerranéen.\r\n \r\nLes voyageurs qui souhaitent se tenir à l''écart de ces réjouissances ont la possibilité de quitter Malte, l''île principale, pour se retirer sur les petites îles de Gozo ou de Comino et y savourer un calme absolu', '2016-02-09 08:07:49', '2016-05-22 15:57:43', 27, 'Ile de Malte', 'ile-de-malte', 2, 1, 0, NULL, NULL, NULL, NULL, NULL, NULL, NULL, NULL, NULL, NULL, NULL, 0.00, 2.00, 3.00, 12.00, '2016-05-22 15:57:43', NULL, NULL, NULL, NULL, 'a:0:{}', NULL),
(52, 10, 9, 4550.000, 'Situé au nord-est des USA, New York est le cœur économique et culturel du pays. Ville de tous les superlatifs, cette dernière ne manque pas à sa réputation. Captivante, surpassée, électrique celle que l’on surnomme « The Big Apple » se croque en toute saison.', '2016-02-19 10:35:00', '2016-05-22 15:57:43', 1, 'New York, Washington, Orlando & Miami', 'new-york-washington-orlando-miami', 2, 1, 0, NULL, NULL, NULL, NULL, NULL, NULL, NULL, NULL, NULL, NULL, NULL, 2.00, 6.00, 7.00, 11.00, '2016-05-22 15:57:43', NULL, NULL, NULL, NULL, 'a:1:{i:0;s:8:"Visa USA";}', NULL),
(53, 8, 7, 2085.000, 'Ce circuit permet la découverte des trois plus prestigieuses capitales d’Europe Centrale.', '2016-02-20 08:22:03', '2016-05-22 15:57:41', 27, 'Vienne-Prague-Bratislava', 'vienne-prague-bratislava', 1, 1, 0, NULL, NULL, NULL, NULL, NULL, NULL, NULL, NULL, NULL, NULL, NULL, 0.00, 2.00, 3.00, 12.00, '2016-05-22 15:57:41', NULL, NULL, NULL, NULL, 'a:1:{i:0;s:13:"Visa schengen";}', NULL),
(55, 8, 7, 2060.000, 'Portugal est l''un des 10 plus beaux pays européens. Un pays de petites dimensions qui réussit à être incroyablement belle ainsi que surprenante. Une culture spécifique, influencée par de nombreuses civilisations. Pour des vacances comme dans les films vous avez besoin seulement d’envie de l’explorer.', '2016-04-06 11:35:40', '2016-05-22 15:57:41', 27, 'Porto-Lisbonne', 'porto-lisbonne', 1, 1, 0, NULL, NULL, NULL, NULL, NULL, NULL, NULL, NULL, NULL, NULL, NULL, 0.00, 2.00, 3.00, 11.00, '2016-05-22 15:57:41', NULL, NULL, NULL, NULL, 'a:1:{i:0;s:13:"Visa schengen";}', NULL),
(56, 7, 6, 1800.000, 'Voyage inoubliable combiné Madrid & Ibiza', '2016-04-15 17:13:24', '2016-05-22 15:57:40', 27, 'Madrid-Ibiza', 'madrid-ibiza', 1, 1, 0, NULL, NULL, NULL, NULL, NULL, NULL, NULL, NULL, NULL, NULL, NULL, 0.00, 2.00, 3.00, 11.00, '2016-05-22 15:57:40', NULL, NULL, NULL, NULL, 'a:1:{i:0;s:13:"Visa schengen";}', NULL),
(57, 8, 7, 1820.000, 'TIME 2 TRAVEL vous propose un voyage d’exception en groupe à la découverte des plus beaux pays L''Espagne & Portugal', '2016-04-16 10:13:42', '2016-05-22 15:57:39', 27, 'Madrid & Lisbonne', 'madrid-lisbonne', 1, 0, 0, NULL, NULL, NULL, NULL, NULL, NULL, NULL, NULL, NULL, NULL, NULL, 0.00, 2.00, 3.00, 11.00, '2016-05-22 15:57:39', NULL, NULL, NULL, NULL, 'a:1:{i:0;s:13:"Visa schengen";}', NULL),
(58, 7, 6, 1575.000, 'Vol Via Royal Air Maroc + Transfert + 03 Nuitées en DP à Aghadir + City tour Agadir avec déjeuner + 02 Nuitées DP à Marrakech + Dîner spectacle che Ali + 01 Nuitée en DP à Casa.', '2016-05-22 16:23:02', '2016-08-09 11:13:38', 29, 'Summer In Morocco', 'summer-in-morocco', 1, 1, 1, 'Mr Akrem Melki', '71 940 453', '71 940 590', 'Vol+Hôtel+Transfert+Excursion', 'AGADIR / MARRAKECH / CASABLANCA', NULL, 1, 0, 1, 0, 1, 2.00, 5.99, 6.00, 11.99, '2016-08-09 11:13:39', NULL, NULL, NULL, NULL, 'a:0:{}', NULL),
(59, 10, 9, 2185.000, 'Offrez-vous un séjour en Europe pour retrouver toute votre vitalité\r\nHébergement de 3 ou 4 personnes en demi Pension, HÔTEL ou résidence', '2016-05-30 17:56:28', '2016-06-01 12:46:24', 27, 'Tour de l’Europe 2016', 'tour-de-l-europe-2016', 1, 1, 1, NULL, NULL, NULL, NULL, 'PARIS / ESPAGNE / ALLEMAGNE / ITALIE', NULL, 0, 0, 0, 0, 1, NULL, NULL, NULL, NULL, '2016-06-01 12:46:24', NULL, NULL, NULL, NULL, 'a:1:{i:0;s:13:"Visa schengen";}', NULL),
(60, 8, 7, 1702.000, 'S''il y a bien une destination incontournable lorsque l''on se rend au Royaume Uni, c''est bien LONDRE. Cette métropole et capitale cosmopolite a bien des aspects attirants à vous offrir', '2016-06-01 01:29:24', '2016-06-01 12:54:52', 27, 'Voyage culturel à LONDRES', 'voyage-culturel-a-londres', 1, 1, 1, NULL, NULL, NULL, NULL, 'LONDRES  / Liverpool', NULL, 1, 0, 0, 0, 1, NULL, NULL, NULL, NULL, '2016-06-01 12:54:52', NULL, NULL, NULL, NULL, 'a:1:{i:0;s:13:"Visa schengen";}', NULL);

-- --------------------------------------------------------

--
-- Structure de la table `ost_vo_voyages_lignes_amicales`
--

CREATE TABLE IF NOT EXISTS `ost_vo_voyages_lignes_amicales` (
  `ligne_id` int(11) NOT NULL,
  `amicale_id` int(11) NOT NULL
) ENGINE=InnoDB DEFAULT CHARSET=utf8 COLLATE=utf8_unicode_ci;

-- --------------------------------------------------------

--
-- Structure de la table `ost_vo_voyages_packs_amicales`
--

CREATE TABLE IF NOT EXISTS `ost_vo_voyages_packs_amicales` (
  `pack_id` int(11) NOT NULL,
  `amicale_id` int(11) NOT NULL
) ENGINE=InnoDB DEFAULT CHARSET=utf8 COLLATE=utf8_unicode_ci;

-- --------------------------------------------------------

--
-- Structure de la table `ost_vo_voyages_packs_hotels`
--

CREATE TABLE IF NOT EXISTS `ost_vo_voyages_packs_hotels` (
  `pack_id` int(11) NOT NULL,
  `hotel_id` int(11) NOT NULL
) ENGINE=InnoDB DEFAULT CHARSET=utf8 COLLATE=utf8_unicode_ci;

--
-- Contenu de la table `ost_vo_voyages_packs_hotels`
--

INSERT INTO `ost_vo_voyages_packs_hotels` (`pack_id`, `hotel_id`) VALUES
(2, 59),
(2, 60),
(2, 61),
(4, 38),
(15, 13),
(15, 14),
(15, 15),
(18, 17),
(19, 7),
(19, 16),
(19, 24),
(33, 69),
(42, 95),
(43, 96),
(44, 97),
(45, 36),
(45, 101),
(49, 107),
(50, 109),
(50, 110),
(51, 113),
(51, 114),
(52, 115),
(53, 109),
(53, 110),
(57, 118),
(58, 118),
(58, 123),
(59, 124),
(59, 125),
(59, 126),
(59, 127),
(60, 11),
(60, 58),
(60, 128),
(61, 129),
(61, 130),
(61, 131),
(69, 3);

-- --------------------------------------------------------

--
-- Structure de la table `ost_vo_voyages_pays`
--

CREATE TABLE IF NOT EXISTS `ost_vo_voyages_pays` (
  `voyageorganise_id` int(11) NOT NULL,
  `pays_id` int(11) NOT NULL
) ENGINE=InnoDB DEFAULT CHARSET=utf8 COLLATE=utf8_unicode_ci;

--
-- Contenu de la table `ost_vo_voyages_pays`
--

INSERT INTO `ost_vo_voyages_pays` (`voyageorganise_id`, `pays_id`) VALUES
(1, 60),
(3, 27),
(8, 41),
(10, 61),
(13, 51),
(16, 1),
(17, 1),
(17, 11),
(17, 47),
(23, 33),
(24, 163),
(27, 32),
(30, 40),
(32, 27),
(33, 27),
(34, 40),
(34, 60),
(35, 60),
(36, 60),
(38, 16),
(39, 10),
(39, 31),
(40, 47),
(41, 53),
(42, 27),
(43, 10),
(43, 52),
(44, 36),
(45, 51),
(47, 27),
(48, 238),
(49, 61),
(50, 61),
(51, 159),
(52, 25),
(53, 6),
(53, 9),
(53, 31),
(53, 52),
(55, 51),
(56, 27),
(57, 27),
(58, 41),
(59, 1),
(59, 6),
(59, 27),
(59, 36),
(59, 47),
(60, 54);

-- --------------------------------------------------------

--
-- Structure de la table `ost_vo_voyages_themes`
--

CREATE TABLE IF NOT EXISTS `ost_vo_voyages_themes` (
  `voyageorganise_id` int(11) NOT NULL,
  `theme_id` int(11) NOT NULL
) ENGINE=InnoDB DEFAULT CHARSET=utf8 COLLATE=utf8_unicode_ci;

--
-- Contenu de la table `ost_vo_voyages_themes`
--

INSERT INTO `ost_vo_voyages_themes` (`voyageorganise_id`, `theme_id`) VALUES
(8, 1),
(8, 16),
(8, 17),
(10, 1),
(13, 13),
(16, 13),
(23, 1),
(24, 1),
(30, 1),
(32, 1),
(33, 1),
(34, 1),
(35, 1),
(36, 1),
(39, 1),
(40, 1),
(43, 1),
(44, 1),
(45, 1),
(49, 1),
(50, 1),
(51, 1),
(52, 1),
(52, 13),
(53, 13),
(55, 1),
(55, 13),
(56, 1),
(57, 1),
(57, 13),
(58, 1),
(59, 15),
(60, 15),
(60, 16),
(60, 17);

--
-- Index pour les tables exportées
--

--
-- Index pour la table `ConfigurationCaisse`
--
ALTER TABLE `ConfigurationCaisse`
  ADD PRIMARY KEY (`id`),
  ADD KEY `IDX_87B20AA35FAD855C` (`movCredit_id`),
  ADD KEY `IDX_87B20AA38B88B0A0` (`movDebit_id`);

--
-- Index pour la table `ext_log_entries`
--
ALTER TABLE `ext_log_entries`
  ADD PRIMARY KEY (`id`),
  ADD KEY `log_class_lookup_idx` (`object_class`),
  ADD KEY `log_date_lookup_idx` (`logged_at`),
  ADD KEY `log_user_lookup_idx` (`username`),
  ADD KEY `log_version_lookup_idx` (`object_id`,`object_class`,`version`);

--
-- Index pour la table `ext_translations`
--
ALTER TABLE `ext_translations`
  ADD PRIMARY KEY (`id`),
  ADD UNIQUE KEY `lookup_unique_idx` (`locale`,`object_class`,`field`,`foreign_key`),
  ADD KEY `translations_lookup_idx` (`locale`,`object_class`,`foreign_key`);

--
-- Index pour la table `Groupe`
--
ALTER TABLE `Groupe`
  ADD PRIMARY KEY (`id`);

--
-- Index pour la table `ost_agence`
--
ALTER TABLE `ost_agence`
  ADD PRIMARY KEY (`id`),
  ADD UNIQUE KEY `UNIQ_22CCF5A5F2A4DFE3` (`impressionBackground_id`),
  ADD UNIQUE KEY `UNIQ_22CCF5A5B73A3B7` (`cachetNumrique_id`);

--
-- Index pour la table `ost_agence_cachetnumerique`
--
ALTER TABLE `ost_agence_cachetnumerique`
  ADD PRIMARY KEY (`id`);

--
-- Index pour la table `ost_agence_impression_background`
--
ALTER TABLE `ost_agence_impression_background`
  ADD PRIMARY KEY (`id`);

--
-- Index pour la table `ost_amicale`
--
ALTER TABLE `ost_amicale`
  ADD PRIMARY KEY (`id`),
  ADD UNIQUE KEY `UNIQ_D039855989D9B62` (`slug`);

--
-- Index pour la table `ost_amicale_produit`
--
ALTER TABLE `ost_amicale_produit`
  ADD PRIMARY KEY (`id_amicale`,`id_produit`),
  ADD KEY `IDX_E2087EBCDA6E7061` (`id_amicale`),
  ADD KEY `IDX_E2087EBCF7384557` (`id_produit`);

--
-- Index pour la table `ost_attachment`
--
ALTER TABLE `ost_attachment`
  ADD PRIMARY KEY (`object_id`,`file_id`,`type`);

--
-- Index pour la table `ost_be_centre`
--
ALTER TABLE `ost_be_centre`
  ADD PRIMARY KEY (`id`),
  ADD UNIQUE KEY `UNIQ_3BA6332C989D9B62` (`slug`),
  ADD KEY `IDX_3BA6332C3243BB18` (`hotel_id`),
  ADD KEY `IDX_3BA6332CA73F0036` (`ville_id`);

--
-- Index pour la table `ost_be_configuration_voucher`
--
ALTER TABLE `ost_be_configuration_voucher`
  ADD PRIMARY KEY (`id`);

--
-- Index pour la table `ost_be_dossier`
--
ALTER TABLE `ost_be_dossier`
  ADD PRIMARY KEY (`id`),
  ADD KEY `IDX_2F020FBEF347EFB` (`produit_id`);

--
-- Index pour la table `ost_be_dossier_ligne`
--
ALTER TABLE `ost_be_dossier_ligne`
  ADD PRIMARY KEY (`id`),
  ADD KEY `IDX_E6401B9D670C757F` (`fournisseur_id`),
  ADD KEY `IDX_E6401B9D611C0C56` (`dossier_id`),
  ADD KEY `IDX_E6401B9D13DD0342` (`impaye_id`),
  ADD KEY `IDX_E6401B9D56DF0769` (`factureFournisseur_id`),
  ADD KEY `IDX_E6401B9D4D79775F` (`tva_id`);

--
-- Index pour la table `ost_be_dossier_reservations`
--
ALTER TABLE `ost_be_dossier_reservations`
  ADD PRIMARY KEY (`dossier_id`,`reservation_id`),
  ADD KEY `IDX_934D7AF5611C0C56` (`dossier_id`),
  ADD KEY `IDX_934D7AF5B83297E7` (`reservation_id`);

--
-- Index pour la table `ost_be_photo`
--
ALTER TABLE `ost_be_photo`
  ADD PRIMARY KEY (`id`),
  ADD KEY `IDX_7097A702E0975F98` (`id_centre`),
  ADD KEY `IDX_7097A702F347EFB` (`produit_id`);

--
-- Index pour la table `ost_be_produit`
--
ALTER TABLE `ost_be_produit`
  ADD PRIMARY KEY (`id`),
  ADD UNIQUE KEY `UNIQ_3BEF03AE989D9B62` (`slug`);

--
-- Index pour la table `ost_be_produit_centre`
--
ALTER TABLE `ost_be_produit_centre`
  ADD PRIMARY KEY (`produit_id`,`centre_id`),
  ADD KEY `IDX_233DF8C5F347EFB` (`produit_id`),
  ADD KEY `IDX_233DF8C5463CD7C3` (`centre_id`);

--
-- Index pour la table `ost_be_reservations`
--
ALTER TABLE `ost_be_reservations`
  ADD PRIMARY KEY (`id`),
  ADD KEY `IDX_375E597153C59D72` (`responsable_id`),
  ADD KEY `IDX_375E5971F347EFB` (`produit_id`),
  ADD KEY `IDX_375E5971357C0A59` (`tarif_id`),
  ADD KEY `IDX_375E597119EB6921` (`client_id`),
  ADD KEY `IDX_375E5971463CD7C3` (`centre_id`),
  ADD KEY `IDX_375E5971FEBD183` (`amicale_id`),
  ADD KEY `IDX_375E5971F06C2258` (`responsableAmicale_id`);

--
-- Index pour la table `ost_be_tarif`
--
ALTER TABLE `ost_be_tarif`
  ADD PRIMARY KEY (`id`),
  ADD KEY `IDX_6A51AAD3F347EFB` (`produit_id`);

--
-- Index pour la table `ost_billetterie_airoport`
--
ALTER TABLE `ost_billetterie_airoport`
  ADD PRIMARY KEY (`id`);

--
-- Index pour la table `ost_billetterie_dossier`
--
ALTER TABLE `ost_billetterie_dossier`
  ADD PRIMARY KEY (`id`);

--
-- Index pour la table `ost_billetterie_dossier_ligne`
--
ALTER TABLE `ost_billetterie_dossier_ligne`
  ADD PRIMARY KEY (`id`),
  ADD KEY `IDX_FF7F974D670C757F` (`fournisseur_id`),
  ADD KEY `IDX_FF7F974D611C0C56` (`dossier_id`),
  ADD KEY `IDX_FF7F974D13DD0342` (`impaye_id`),
  ADD KEY `IDX_FF7F974D56DF0769` (`factureFournisseur_id`),
  ADD KEY `IDX_FF7F974D4D79775F` (`tva_id`);

--
-- Index pour la table `ost_billetterie_dossier_reservations`
--
ALTER TABLE `ost_billetterie_dossier_reservations`
  ADD PRIMARY KEY (`dossier_id`,`billetteriereservation_id`),
  ADD KEY `IDX_5F9C9A51611C0C56` (`dossier_id`),
  ADD KEY `IDX_5F9C9A51E841C113` (`billetteriereservation_id`);

--
-- Index pour la table `ost_billetterie_reservation`
--
ALTER TABLE `ost_billetterie_reservation`
  ADD PRIMARY KEY (`id`),
  ADD KEY `IDX_803A574C53C59D72` (`responsable_id`),
  ADD KEY `IDX_803A574C19EB6921` (`client_id`),
  ADD KEY `IDX_803A574CFEBD183` (`amicale_id`),
  ADD KEY `IDX_803A574CF06C2258` (`responsableAmicale_id`);

--
-- Index pour la table `ost_billetterie_reservation_ligne`
--
ALTER TABLE `ost_billetterie_reservation_ligne`
  ADD PRIMARY KEY (`id`),
  ADD KEY `IDX_51C2ED96B83297E7` (`reservation_id`),
  ADD KEY `IDX_51C2ED96979B1AD6` (`company_id`);

--
-- Index pour la table `ost_billetterie_reservation_ligne_trajet`
--
ALTER TABLE `ost_billetterie_reservation_ligne_trajet`
  ADD PRIMARY KEY (`id`),
  ADD KEY `IDX_14CED629B0E8B6D8` (`reservationLigne_id`),
  ADD KEY `IDX_14CED629DE219720` (`airoportDepart_id`),
  ADD KEY `IDX_14CED62930E0E5FB` (`airoportArrivee_id`);

--
-- Index pour la table `ost_billetterie_reservation_typevol`
--
ALTER TABLE `ost_billetterie_reservation_typevol`
  ADD PRIMARY KEY (`id`),
  ADD UNIQUE KEY `UNIQ_525EABF7913067AD` (`reservationB_id`);

--
-- Index pour la table `ost_canned_response`
--
ALTER TABLE `ost_canned_response`
  ADD PRIMARY KEY (`canned_id`),
  ADD UNIQUE KEY `title` (`title`),
  ADD KEY `dept_id` (`dept_id`),
  ADD KEY `active` (`isenabled`);

--
-- Index pour la table `ost_client`
--
ALTER TABLE `ost_client`
  ADD PRIMARY KEY (`id`),
  ADD KEY `IDX_81496B59FEBD183` (`amicale_id`),
  ADD KEY `IDX_81496B59A6E44244` (`pays_id`);

--
-- Index pour la table `ost_com_facture`
--
ALTER TABLE `ost_com_facture`
  ADD PRIMARY KEY (`id`),
  ADD KEY `IDX_C8D3535B19EB6921` (`client_id`),
  ADD KEY `IDX_C8D3535BFEBD183` (`amicale_id`),
  ADD KEY `IDX_C8D3535B53C59D72` (`responsable_id`),
  ADD KEY `IDX_C8D3535BA76AAAE1` (`validatedPar_id`),
  ADD KEY `IDX_C8D3535BBE5B0FBB` (`pointvente_id`);

--
-- Index pour la table `ost_com_facture_fournisseur`
--
ALTER TABLE `ost_com_facture_fournisseur`
  ADD PRIMARY KEY (`id`),
  ADD KEY `IDX_73AFA8F1670C757F` (`fournisseur_id`);

--
-- Index pour la table `ost_com_facture_ligne`
--
ALTER TABLE `ost_com_facture_ligne`
  ADD PRIMARY KEY (`id`),
  ADD KEY `IDX_6F6FABBF7F2DEE08` (`facture_id`),
  ADD KEY `IDX_6F6FABBF601A244C` (`reservationVO_id`),
  ADD KEY `IDX_6F6FABBF4D295EAE` (`reservationPR_id`),
  ADD KEY `IDX_6F6FABBF9AC7F56A` (`reservationBE_id`),
  ADD KEY `IDX_6F6FABBFE4426FEE` (`reservationT_id`),
  ADD KEY `IDX_6F6FABBF67F05A51` (`reservationRB_id`),
  ADD KEY `IDX_6F6FABBF4773709E` (`reservationSHT_id`),
  ADD KEY `IDX_6F6FABBFC95377FB` (`reservationM_id`),
  ADD KEY `IDX_6F6FABBFCEC9A386` (`reservationDIV_id`),
  ADD KEY `IDX_6F6FABBF913067AD` (`reservationB_id`),
  ADD KEY `IDX_6F6FABBFBBCA8CF` (`reservationMICE_id`),
  ADD KEY `IDX_6F6FABBFAFD64064` (`reservationSHE_id`);

--
-- Index pour la table `ost_com_fournisseur`
--
ALTER TABLE `ost_com_fournisseur`
  ADD PRIMARY KEY (`id`),
  ADD KEY `IDX_53D9DA93A6E44244` (`pays_id`),
  ADD KEY `IDX_53D9DA9363DB213B` (`typeActivite_id`);

--
-- Index pour la table `ost_com_impaye`
--
ALTER TABLE `ost_com_impaye`
  ADD PRIMARY KEY (`id`),
  ADD KEY `IDX_48E9A784670C757F` (`fournisseur_id`);

--
-- Index pour la table `ost_com_log_fac_print`
--
ALTER TABLE `ost_com_log_fac_print`
  ADD PRIMARY KEY (`id`),
  ADD KEY `IDX_FDEA4F818F77905C` (`printedBy_id`),
  ADD KEY `IDX_FDEA4F817F2DEE08` (`facture_id`);

--
-- Index pour la table `ost_com_piece`
--
ALTER TABLE `ost_com_piece`
  ADD PRIMARY KEY (`id`),
  ADD KEY `IDX_8AB3821619EB6921` (`client_id`),
  ADD KEY `IDX_8AB38216670C757F` (`fournisseur_id`),
  ADD KEY `IDX_8AB38216BE5B0FBB` (`pointvente_id`),
  ADD KEY `IDX_8AB38216FEBD183` (`amicale_id`);

--
-- Index pour la table `ost_com_reglement`
--
ALTER TABLE `ost_com_reglement`
  ADD PRIMARY KEY (`id`),
  ADD KEY `IDX_40D4C4D8C40FCFA8` (`piece_id`),
  ADD KEY `IDX_40D4C4D8B83297E7` (`reservation_id`),
  ADD KEY `IDX_40D4C4D8601A244C` (`reservationVO_id`),
  ADD KEY `IDX_40D4C4D84D295EAE` (`reservationPR_id`),
  ADD KEY `IDX_40D4C4D87BBD6A38` (`reservationsBilletterie_id`),
  ADD KEY `IDX_40D4C4D899E8E100` (`reservationMaritime_id`),
  ADD KEY `IDX_40D4C4D89AC7F56A` (`reservationBE_id`),
  ADD KEY `IDX_40D4C4D8E4426FEE` (`reservationT_id`),
  ADD KEY `IDX_40D4C4D867F05A51` (`reservationRB_id`),
  ADD KEY `IDX_40D4C4D8CEC9A386` (`reservationDIV_id`),
  ADD KEY `IDX_40D4C4D8BBCA8CF` (`reservationMICE_id`),
  ADD KEY `IDX_40D4C4D8AFD64064` (`reservationSHE_id`),
  ADD KEY `IDX_40D4C4D8BE5B0FBB` (`pointvente_id`);

--
-- Index pour la table `ost_com_reglements_fournisseurs`
--
ALTER TABLE `ost_com_reglements_fournisseurs`
  ADD PRIMARY KEY (`id`),
  ADD KEY `IDX_2F8382CC40FCFA8` (`piece_id`),
  ADD KEY `IDX_2F8382C13DD0342` (`impaye_id`);

--
-- Index pour la table `ost_com_tarif`
--
ALTER TABLE `ost_com_tarif`
  ADD PRIMARY KEY (`id`);

--
-- Index pour la table `ost_contact`
--
ALTER TABLE `ost_contact`
  ADD PRIMARY KEY (`id`),
  ADD KEY `IDX_4592A77CA6E44244` (`pays_id`),
  ADD KEY `IDX_4592A77C670C757F` (`fournisseur_id`),
  ADD KEY `IDX_4592A77C19EB6921` (`client_id`);

--
-- Index pour la table `ost_content`
--
ALTER TABLE `ost_content`
  ADD PRIMARY KEY (`id`),
  ADD UNIQUE KEY `name` (`name`);

--
-- Index pour la table `ost_contrat_media`
--
ALTER TABLE `ost_contrat_media`
  ADD PRIMARY KEY (`id`),
  ADD KEY `IDX_E883DC611823061F` (`contrat_id`);

--
-- Index pour la table `ost_c_caisse_config`
--
ALTER TABLE `ost_c_caisse_config`
  ADD PRIMARY KEY (`id`),
  ADD KEY `IDX_75FFDC3B5FAD855C` (`movCredit_id`),
  ADD KEY `IDX_75FFDC3B8B88B0A0` (`movDebit_id`);

--
-- Index pour la table `ost_c_sessioncaisse`
--
ALTER TABLE `ost_c_sessioncaisse`
  ADD PRIMARY KEY (`id`),
  ADD KEY `IDX_4EB4DBA4A76ED395` (`user_id`),
  ADD KEY `IDX_4EB4DBA487F7F7A5` (`whoValidation_id`),
  ADD KEY `IDX_4EB4DBA4BE5B0FBB` (`pointvente_id`);

--
-- Index pour la table `ost_c_typeligne`
--
ALTER TABLE `ost_c_typeligne`
  ADD PRIMARY KEY (`id`);

--
-- Index pour la table `ost_department`
--
ALTER TABLE `ost_department`
  ADD PRIMARY KEY (`dept_id`),
  ADD UNIQUE KEY `dept_name` (`dept_name`),
  ADD KEY `manager_id` (`manager_id`),
  ADD KEY `autoresp_email_id` (`autoresp_email_id`),
  ADD KEY `tpl_id` (`tpl_id`);

--
-- Index pour la table `ost_devise`
--
ALTER TABLE `ost_devise`
  ADD PRIMARY KEY (`id`);

--
-- Index pour la table `ost_div_dossier`
--
ALTER TABLE `ost_div_dossier`
  ADD PRIMARY KEY (`id`);

--
-- Index pour la table `ost_div_dossier_ligne`
--
ALTER TABLE `ost_div_dossier_ligne`
  ADD PRIMARY KEY (`id`),
  ADD KEY `IDX_DD4E1551670C757F` (`fournisseur_id`),
  ADD KEY `IDX_DD4E1551611C0C56` (`dossier_id`),
  ADD KEY `IDX_DD4E155113DD0342` (`impaye_id`),
  ADD KEY `IDX_DD4E155156DF0769` (`factureFournisseur_id`),
  ADD KEY `IDX_DD4E15514D79775F` (`tva_id`);

--
-- Index pour la table `ost_div_dossier_reservations`
--
ALTER TABLE `ost_div_dossier_reservations`
  ADD PRIMARY KEY (`dossier_id`,`reservation_id`),
  ADD KEY `IDX_3AE02FBB611C0C56` (`dossier_id`),
  ADD KEY `IDX_3AE02FBBB83297E7` (`reservation_id`);

--
-- Index pour la table `ost_div_reservations`
--
ALTER TABLE `ost_div_reservations`
  ADD PRIMARY KEY (`id`),
  ADD KEY `IDX_57705D5119EB6921` (`client_id`),
  ADD KEY `IDX_57705D5153C59D72` (`responsable_id`),
  ADD KEY `IDX_57705D51FEBD183` (`amicale_id`),
  ADD KEY `IDX_57705D51F06C2258` (`responsableAmicale_id`),
  ADD KEY `IDX_57705D51F347EFB` (`produit_id`);

--
-- Index pour la table `ost_div_reservations_ligne`
--
ALTER TABLE `ost_div_reservations_ligne`
  ADD PRIMARY KEY (`id`),
  ADD KEY `IDX_D8557F9EB83297E7` (`reservation_id`);

--
-- Index pour la table `ost_draft`
--
ALTER TABLE `ost_draft`
  ADD PRIMARY KEY (`id`);

--
-- Index pour la table `ost_emails`
--
ALTER TABLE `ost_emails`
  ADD PRIMARY KEY (`id`);

--
-- Index pour la table `ost_emails_produits`
--
ALTER TABLE `ost_emails_produits`
  ADD PRIMARY KEY (`email_id`,`produit_id`),
  ADD KEY `IDX_9DAE2F2BA832C1C9` (`email_id`),
  ADD KEY `IDX_9DAE2F2BF347EFB` (`produit_id`);

--
-- Index pour la table `ost_email_template`
--
ALTER TABLE `ost_email_template`
  ADD PRIMARY KEY (`id`),
  ADD UNIQUE KEY `template_lookup` (`tpl_id`,`code_name`);

--
-- Index pour la table `ost_email_template_group`
--
ALTER TABLE `ost_email_template_group`
  ADD PRIMARY KEY (`tpl_id`);

--
-- Index pour la table `ost_etat`
--
ALTER TABLE `ost_etat`
  ADD PRIMARY KEY (`id`),
  ADD KEY `IDX_EF17987BF347EFB` (`produit_id`);

--
-- Index pour la table `ost_faq`
--
ALTER TABLE `ost_faq`
  ADD PRIMARY KEY (`faq_id`),
  ADD UNIQUE KEY `question` (`question`),
  ADD KEY `category_id` (`category_id`),
  ADD KEY `ispublished` (`ispublished`);

--
-- Index pour la table `ost_faq_category`
--
ALTER TABLE `ost_faq_category`
  ADD PRIMARY KEY (`category_id`),
  ADD KEY `ispublic` (`ispublic`);

--
-- Index pour la table `ost_faq_topic`
--
ALTER TABLE `ost_faq_topic`
  ADD PRIMARY KEY (`faq_id`,`topic_id`);

--
-- Index pour la table `ost_file_chunk`
--
ALTER TABLE `ost_file_chunk`
  ADD PRIMARY KEY (`file_id`,`chunk_id`);

--
-- Index pour la table `ost_filter`
--
ALTER TABLE `ost_filter`
  ADD PRIMARY KEY (`id`),
  ADD KEY `target` (`target`),
  ADD KEY `email_id` (`email_id`);

--
-- Index pour la table `ost_filter_rule`
--
ALTER TABLE `ost_filter_rule`
  ADD PRIMARY KEY (`id`),
  ADD UNIQUE KEY `filter` (`filter_id`,`what`,`how`,`val`),
  ADD KEY `filter_id` (`filter_id`);

--
-- Index pour la table `ost_font_themes_selections`
--
ALTER TABLE `ost_font_themes_selections`
  ADD PRIMARY KEY (`notreselection_id`,`selection_id`),
  ADD KEY `IDX_35A3E08547232DE5` (`notreselection_id`),
  ADD KEY `IDX_35A3E085E48EFE78` (`selection_id`);

--
-- Index pour la table `ost_form`
--
ALTER TABLE `ost_form`
  ADD PRIMARY KEY (`id`);

--
-- Index pour la table `ost_form_entry`
--
ALTER TABLE `ost_form_entry`
  ADD PRIMARY KEY (`id`),
  ADD KEY `entry_lookup` (`object_type`,`object_id`);

--
-- Index pour la table `ost_form_entry_values`
--
ALTER TABLE `ost_form_entry_values`
  ADD PRIMARY KEY (`entry_id`,`field_id`);

--
-- Index pour la table `ost_form_field`
--
ALTER TABLE `ost_form_field`
  ADD PRIMARY KEY (`id`);

--
-- Index pour la table `ost_front_accueil`
--
ALTER TABLE `ost_front_accueil`
  ADD PRIMARY KEY (`id`),
  ADD KEY `IDX_A340FE8F321C7CD4` (`photo1_id`),
  ADD KEY `IDX_A340FE8F20A9D33A` (`photo2_id`),
  ADD KEY `IDX_A340FE8F9815B45F` (`photo3_id`);

--
-- Index pour la table `ost_front_config`
--
ALTER TABLE `ost_front_config`
  ADD PRIMARY KEY (`id`);

--
-- Index pour la table `ost_front_contactinfo`
--
ALTER TABLE `ost_front_contactinfo`
  ADD PRIMARY KEY (`id`);

--
-- Index pour la table `ost_front_contactmotif`
--
ALTER TABLE `ost_front_contactmotif`
  ADD PRIMARY KEY (`id`);

--
-- Index pour la table `ost_front_destination`
--
ALTER TABLE `ost_front_destination`
  ADD PRIMARY KEY (`id`);

--
-- Index pour la table `ost_front_footer`
--
ALTER TABLE `ost_front_footer`
  ADD PRIMARY KEY (`id`);

--
-- Index pour la table `ost_front_location_lieuprise`
--
ALTER TABLE `ost_front_location_lieuprise`
  ADD PRIMARY KEY (`id`);

--
-- Index pour la table `ost_front_location_lieuremise`
--
ALTER TABLE `ost_front_location_lieuremise`
  ADD PRIMARY KEY (`id`);

--
-- Index pour la table `ost_front_location_voiture`
--
ALTER TABLE `ost_front_location_voiture`
  ADD PRIMARY KEY (`id`);

--
-- Index pour la table `ost_front_media_accueil`
--
ALTER TABLE `ost_front_media_accueil`
  ADD PRIMARY KEY (`id`);

--
-- Index pour la table `ost_front_notreselection`
--
ALTER TABLE `ost_front_notreselection`
  ADD PRIMARY KEY (`id`);

--
-- Index pour la table `ost_front_omra`
--
ALTER TABLE `ost_front_omra`
  ADD PRIMARY KEY (`id`),
  ADD KEY `IDX_3E2E39A168C9E5AF` (`voyage_id`);

--
-- Index pour la table `ost_front_partenaire`
--
ALTER TABLE `ost_front_partenaire`
  ADD PRIMARY KEY (`id`);

--
-- Index pour la table `ost_front_selection`
--
ALTER TABLE `ost_front_selection`
  ADD PRIMARY KEY (`id`);

--
-- Index pour la table `ost_front_silder`
--
ALTER TABLE `ost_front_silder`
  ADD PRIMARY KEY (`id`);

--
-- Index pour la table `ost_front_topdestination`
--
ALTER TABLE `ost_front_topdestination`
  ADD PRIMARY KEY (`id`),
  ADD KEY `IDX_52D43B90816C6140` (`destination_id`);

--
-- Index pour la table `ost_front_topprogramme`
--
ALTER TABLE `ost_front_topprogramme`
  ADD PRIMARY KEY (`id`),
  ADD KEY `IDX_AC57A2E359027487` (`theme_id`);

--
-- Index pour la table `ost_front_tvoyage`
--
ALTER TABLE `ost_front_tvoyage`
  ADD PRIMARY KEY (`id`);

--
-- Index pour la table `ost_group`
--
ALTER TABLE `ost_group`
  ADD PRIMARY KEY (`id`),
  ADD UNIQUE KEY `UNIQ_911316A5E237E06` (`name`);

--
-- Index pour la table `ost_groups`
--
ALTER TABLE `ost_groups`
  ADD PRIMARY KEY (`group_id`),
  ADD KEY `group_active` (`group_enabled`);

--
-- Index pour la table `ost_group_dept_access`
--
ALTER TABLE `ost_group_dept_access`
  ADD UNIQUE KEY `group_dept` (`group_id`,`dept_id`),
  ADD KEY `dept_id` (`dept_id`);

--
-- Index pour la table `ost_help_topic`
--
ALTER TABLE `ost_help_topic`
  ADD PRIMARY KEY (`topic_id`),
  ADD UNIQUE KEY `topic` (`topic`,`topic_pid`),
  ADD KEY `topic_pid` (`topic_pid`),
  ADD KEY `priority_id` (`priority_id`),
  ADD KEY `dept_id` (`dept_id`),
  ADD KEY `staff_id` (`staff_id`,`team_id`),
  ADD KEY `sla_id` (`sla_id`),
  ADD KEY `page_id` (`page_id`);

--
-- Index pour la table `ost_list`
--
ALTER TABLE `ost_list`
  ADD PRIMARY KEY (`id`),
  ADD KEY `type` (`type`);

--
-- Index pour la table `ost_list_items`
--
ALTER TABLE `ost_list_items`
  ADD PRIMARY KEY (`id`),
  ADD KEY `list_item_lookup` (`list_id`);

--
-- Index pour la table `ost_maritime_dossier`
--
ALTER TABLE `ost_maritime_dossier`
  ADD PRIMARY KEY (`id`);

--
-- Index pour la table `ost_maritime_dossier_ligne`
--
ALTER TABLE `ost_maritime_dossier_ligne`
  ADD PRIMARY KEY (`id`),
  ADD KEY `IDX_3EBE275B670C757F` (`fournisseur_id`),
  ADD KEY `IDX_3EBE275B611C0C56` (`dossier_id`),
  ADD KEY `IDX_3EBE275B13DD0342` (`impaye_id`),
  ADD KEY `IDX_3EBE275B56DF0769` (`factureFournisseur_id`),
  ADD KEY `IDX_3EBE275B4D79775F` (`tva_id`);

--
-- Index pour la table `ost_maritime_dossier_reservations`
--
ALTER TABLE `ost_maritime_dossier_reservations`
  ADD PRIMARY KEY (`dossierm_id`,`maritimereservation_id`),
  ADD KEY `IDX_5BDC68D8D5DE7544` (`dossierm_id`),
  ADD KEY `IDX_5BDC68D8ACAA5ACD` (`maritimereservation_id`);

--
-- Index pour la table `ost_maritime_reservation`
--
ALTER TABLE `ost_maritime_reservation`
  ADD PRIMARY KEY (`id`),
  ADD KEY `IDX_276511AC53C59D72` (`responsable_id`),
  ADD KEY `IDX_276511AC19EB6921` (`client_id`),
  ADD KEY `IDX_276511ACFEBD183` (`amicale_id`),
  ADD KEY `IDX_276511ACF06C2258` (`responsableAmicale_id`);

--
-- Index pour la table `ost_media`
--
ALTER TABLE `ost_media`
  ADD PRIMARY KEY (`id`),
  ADD KEY `IDX_EFDD4A3A73F0036` (`ville_id`),
  ADD KEY `IDX_EFDD4A3CB35D94E` (`Hotel_id`);

--
-- Index pour la table `ost_mice_configuration_voucher`
--
ALTER TABLE `ost_mice_configuration_voucher`
  ADD PRIMARY KEY (`id`);

--
-- Index pour la table `ost_mice_dossier`
--
ALTER TABLE `ost_mice_dossier`
  ADD PRIMARY KEY (`id`);

--
-- Index pour la table `ost_mice_dossier_ligne`
--
ALTER TABLE `ost_mice_dossier_ligne`
  ADD PRIMARY KEY (`id`),
  ADD KEY `IDX_7ED3FF57670C757F` (`fournisseur_id`),
  ADD KEY `IDX_7ED3FF57611C0C56` (`dossier_id`),
  ADD KEY `IDX_7ED3FF5713DD0342` (`impaye_id`),
  ADD KEY `IDX_7ED3FF5756DF0769` (`factureFournisseur_id`),
  ADD KEY `IDX_7ED3FF574D79775F` (`tva_id`);

--
-- Index pour la table `ost_mice_dossier_reservations`
--
ALTER TABLE `ost_mice_dossier_reservations`
  ADD PRIMARY KEY (`dossier_id`,`reservation_id`),
  ADD KEY `IDX_98A7772F611C0C56` (`dossier_id`),
  ADD KEY `IDX_98A7772FB83297E7` (`reservation_id`);

--
-- Index pour la table `ost_mice_reservations`
--
ALTER TABLE `ost_mice_reservations`
  ADD PRIMARY KEY (`id`),
  ADD KEY `IDX_769A2F33A6E44244` (`pays_id`),
  ADD KEY `IDX_769A2F3319EB6921` (`client_id`),
  ADD KEY `IDX_769A2F3353C59D72` (`responsable_id`),
  ADD KEY `IDX_769A2F33FEBD183` (`amicale_id`),
  ADD KEY `IDX_769A2F33F06C2258` (`responsableAmicale_id`);

--
-- Index pour la table `ost_mice_services`
--
ALTER TABLE `ost_mice_services`
  ADD PRIMARY KEY (`id`),
  ADD KEY `IDX_CEBE313A140649EB` (`typeservice_id`);

--
-- Index pour la table `ost_mice_type_services`
--
ALTER TABLE `ost_mice_type_services`
  ADD PRIMARY KEY (`id`);

--
-- Index pour la table `ost_modalite_paiement`
--
ALTER TABLE `ost_modalite_paiement`
  ADD PRIMARY KEY (`id`);

--
-- Index pour la table `ost_modalite_paiement_agence`
--
ALTER TABLE `ost_modalite_paiement_agence`
  ADD PRIMARY KEY (`modalitepaiement_id`,`produit_id`),
  ADD KEY `IDX_EEEB6F66AEE8A773` (`modalitepaiement_id`),
  ADD KEY `IDX_EEEB6F66F347EFB` (`produit_id`);

--
-- Index pour la table `ost_modalite_paiement_a_domicile`
--
ALTER TABLE `ost_modalite_paiement_a_domicile`
  ADD PRIMARY KEY (`modalitepaiement_id`,`produit_id`),
  ADD KEY `IDX_1C71E229AEE8A773` (`modalitepaiement_id`),
  ADD KEY `IDX_1C71E229F347EFB` (`produit_id`);

--
-- Index pour la table `ost_modalite_paiement_cheque_facilite`
--
ALTER TABLE `ost_modalite_paiement_cheque_facilite`
  ADD PRIMARY KEY (`modalitepaiement_id`,`produit_id`),
  ADD KEY `IDX_E71E36D9AEE8A773` (`modalitepaiement_id`),
  ADD KEY `IDX_E71E36D9F347EFB` (`produit_id`);

--
-- Index pour la table `ost_modalite_paiement_cheque_versable`
--
ALTER TABLE `ost_modalite_paiement_cheque_versable`
  ADD PRIMARY KEY (`modalitepaiement_id`,`produit_id`),
  ADD KEY `IDX_F114D299AEE8A773` (`modalitepaiement_id`),
  ADD KEY `IDX_F114D299F347EFB` (`produit_id`);

--
-- Index pour la table `ost_modalite_paiement_mondat_postal`
--
ALTER TABLE `ost_modalite_paiement_mondat_postal`
  ADD PRIMARY KEY (`modalitepaiement_id`,`produit_id`),
  ADD KEY `IDX_413D638AEE8A773` (`modalitepaiement_id`),
  ADD KEY `IDX_413D638F347EFB` (`produit_id`);

--
-- Index pour la table `ost_modalite_paiement_paiement_partiel`
--
ALTER TABLE `ost_modalite_paiement_paiement_partiel`
  ADD PRIMARY KEY (`modalitepaiement_id`,`produit_id`),
  ADD KEY `IDX_C254BDDAAEE8A773` (`modalitepaiement_id`),
  ADD KEY `IDX_C254BDDAF347EFB` (`produit_id`);

--
-- Index pour la table `ost_modalite_paiement_paiement_total`
--
ALTER TABLE `ost_modalite_paiement_paiement_total`
  ADD PRIMARY KEY (`modalitepaiement_id`,`produit_id`),
  ADD KEY `IDX_A216CAC7AEE8A773` (`modalitepaiement_id`),
  ADD KEY `IDX_A216CAC7F347EFB` (`produit_id`);

--
-- Index pour la table `ost_modalite_paiement_versement_bancaire`
--
ALTER TABLE `ost_modalite_paiement_versement_bancaire`
  ADD PRIMARY KEY (`modalitepaiement_id`,`produit_id`),
  ADD KEY `IDX_F96D467AEE8A773` (`modalitepaiement_id`),
  ADD KEY `IDX_F96D467F347EFB` (`produit_id`);

--
-- Index pour la table `ost_note`
--
ALTER TABLE `ost_note`
  ADD PRIMARY KEY (`id`),
  ADD KEY `ext_id` (`ext_id`);

--
-- Index pour la table `ost_organization`
--
ALTER TABLE `ost_organization`
  ADD PRIMARY KEY (`id`);

--
-- Index pour la table `ost_periodes`
--
ALTER TABLE `ost_periodes`
  ADD PRIMARY KEY (`id`),
  ADD KEY `IDX_4E91DA48F965414C` (`saison_id`);

--
-- Index pour la table `ost_plugin`
--
ALTER TABLE `ost_plugin`
  ADD PRIMARY KEY (`id`);

--
-- Index pour la table `ost_pointvente`
--
ALTER TABLE `ost_pointvente`
  ADD PRIMARY KEY (`id`);

--
-- Index pour la table `ost_produit`
--
ALTER TABLE `ost_produit`
  ADD PRIMARY KEY (`id`),
  ADD KEY `IDX_2055AD634D79775F` (`tva_id`);

--
-- Index pour la table `ost_pr_configuration_voucher`
--
ALTER TABLE `ost_pr_configuration_voucher`
  ADD PRIMARY KEY (`id`);

--
-- Index pour la table `ost_pr_descriptions`
--
ALTER TABLE `ost_pr_descriptions`
  ADD PRIMARY KEY (`id`),
  ADD KEY `IDX_11E6ED8C62BB7AEE` (`programme_id`);

--
-- Index pour la table `ost_pr_dossier`
--
ALTER TABLE `ost_pr_dossier`
  ADD PRIMARY KEY (`id`),
  ADD KEY `IDX_C4F871D3F384C1CF` (`periode_id`);

--
-- Index pour la table `ost_pr_dossier_ligne`
--
ALTER TABLE `ost_pr_dossier_ligne`
  ADD PRIMARY KEY (`id`),
  ADD KEY `IDX_58A49035670C757F` (`fournisseur_id`),
  ADD KEY `IDX_58A49035611C0C56` (`dossier_id`),
  ADD KEY `IDX_58A4903513DD0342` (`impaye_id`),
  ADD KEY `IDX_58A4903556DF0769` (`factureFournisseur_id`),
  ADD KEY `IDX_58A490354D79775F` (`tva_id`);

--
-- Index pour la table `ost_pr_dossier_reservations`
--
ALTER TABLE `ost_pr_dossier_reservations`
  ADD PRIMARY KEY (`dossier_id`,`reservation_id`),
  ADD KEY `IDX_B3875B51611C0C56` (`dossier_id`),
  ADD KEY `IDX_B3875B51B83297E7` (`reservation_id`);

--
-- Index pour la table `ost_pr_info_pratiques`
--
ALTER TABLE `ost_pr_info_pratiques`
  ADD PRIMARY KEY (`id`),
  ADD KEY `IDX_E6BC25EC62BB7AEE` (`programme_id`);

--
-- Index pour la table `ost_pr_ligne`
--
ALTER TABLE `ost_pr_ligne`
  ADD PRIMARY KEY (`id`),
  ADD KEY `IDX_AF376C8FF384C1CF` (`periode_id`);

--
-- Index pour la table `ost_pr_periodes`
--
ALTER TABLE `ost_pr_periodes`
  ADD PRIMARY KEY (`id`),
  ADD KEY `IDX_5C7E146F62BB7AEE` (`programme_id`);

--
-- Index pour la table `ost_pr_photos`
--
ALTER TABLE `ost_pr_photos`
  ADD PRIMARY KEY (`id`),
  ADD KEY `IDX_1386B4568C9E5AF` (`voyage_id`);

--
-- Index pour la table `ost_pr_programmes`
--
ALTER TABLE `ost_pr_programmes`
  ADD PRIMARY KEY (`id`),
  ADD UNIQUE KEY `UNIQ_3BE18C6D989D9B62` (`slug`),
  ADD KEY `IDX_3BE18C6D3243BB18` (`hotel_id`);

--
-- Index pour la table `ost_pr_programme_themes`
--
ALTER TABLE `ost_pr_programme_themes`
  ADD PRIMARY KEY (`programme_id`,`theme_id`),
  ADD KEY `IDX_9BDE0C0D62BB7AEE` (`programme_id`),
  ADD KEY `IDX_9BDE0C0D59027487` (`theme_id`);

--
-- Index pour la table `ost_pr_reservations`
--
ALTER TABLE `ost_pr_reservations`
  ADD PRIMARY KEY (`id`),
  ADD KEY `IDX_D8C5E10353C59D72` (`responsable_id`),
  ADD KEY `IDX_D8C5E10362BB7AEE` (`programme_id`),
  ADD KEY `IDX_D8C5E103F384C1CF` (`periode_id`),
  ADD KEY `IDX_D8C5E10319EB6921` (`client_id`),
  ADD KEY `IDX_D8C5E103FEBD183` (`amicale_id`),
  ADD KEY `IDX_D8C5E103F06C2258` (`responsableAmicale_id`);

--
-- Index pour la table `ost_pr_reservations_lignes`
--
ALTER TABLE `ost_pr_reservations_lignes`
  ADD PRIMARY KEY (`id`),
  ADD KEY `IDX_B83E2EAEA21BD112` (`personne_id`);

--
-- Index pour la table `ost_pr_reservation_personnes`
--
ALTER TABLE `ost_pr_reservation_personnes`
  ADD PRIMARY KEY (`id`),
  ADD KEY `IDX_686A2A218385C843` (`reservationA_id`),
  ADD KEY `IDX_686A2A21CE75F14` (`reservationE_id`);

--
-- Index pour la table `ost_pr_themes`
--
ALTER TABLE `ost_pr_themes`
  ADD PRIMARY KEY (`id`),
  ADD KEY `IDX_1C0CB94212529D24` (`themeCategorie_id`);

--
-- Index pour la table `ost_pr_themes_categories`
--
ALTER TABLE `ost_pr_themes_categories`
  ADD PRIMARY KEY (`id`);

--
-- Index pour la table `ost_resa_hotels`
--
ALTER TABLE `ost_resa_hotels`
  ADD PRIMARY KEY (`id`),
  ADD UNIQUE KEY `UNIQ_A77B75833243BB18` (`hotel_id`);

--
-- Index pour la table `ost_resa_resarvation`
--
ALTER TABLE `ost_resa_resarvation`
  ADD PRIMARY KEY (`id`),
  ADD KEY `IDX_467D7B5553C59D72` (`responsable_id`),
  ADD KEY `IDX_467D7B5519EB6921` (`client_id`),
  ADD KEY `IDX_467D7B553243BB18` (`hotel_id`),
  ADD KEY `IDX_467D7B55FEBD183` (`amicale_id`),
  ADD KEY `IDX_467D7B55F06C2258` (`responsableAmicale_id`);

--
-- Index pour la table `ost_seo`
--
ALTER TABLE `ost_seo`
  ADD PRIMARY KEY (`id`);

--
-- Index pour la table `ost_sequence`
--
ALTER TABLE `ost_sequence`
  ADD PRIMARY KEY (`id`);

--
-- Index pour la table `ost_she_reservation`
--
ALTER TABLE `ost_she_reservation`
  ADD PRIMARY KEY (`id`),
  ADD KEY `IDX_5C23BF163243BB18` (`hotel_id`),
  ADD KEY `IDX_5C23BF1619EB6921` (`client_id`),
  ADD KEY `IDX_5C23BF1653C59D72` (`responsable_id`),
  ADD KEY `IDX_5C23BF16FEBD183` (`amicale_id`),
  ADD KEY `IDX_5C23BF16F06C2258` (`responsableAmicale_id`);

--
-- Index pour la table `ost_she_reservation_ligne`
--
ALTER TABLE `ost_she_reservation_ligne`
  ADD PRIMARY KEY (`id`),
  ADD KEY `IDX_4DF19E58B83297E7` (`reservation_id`),
  ADD KEY `IDX_4DF19E589B177F54` (`chambre_id`),
  ADD KEY `IDX_4DF19E58C5CAAFBC` (`arrangement_id`);

--
-- Index pour la table `ost_sht_amenagement`
--
ALTER TABLE `ost_sht_amenagement`
  ADD PRIMARY KEY (`id`),
  ADD UNIQUE KEY `UNIQ_388FDD3D989D9B62` (`slug`),
  ADD KEY `IDX_388FDD3DD8E3B1F4` (`id_typeamenagement`);

--
-- Index pour la table `ost_sht_arrangement`
--
ALTER TABLE `ost_sht_arrangement`
  ADD PRIMARY KEY (`id`),
  ADD UNIQUE KEY `UNIQ_9E34AA5989D9B62` (`slug`);

--
-- Index pour la table `ost_sht_categorie`
--
ALTER TABLE `ost_sht_categorie`
  ADD PRIMARY KEY (`id`),
  ADD UNIQUE KEY `UNIQ_F76966BB989D9B62` (`slug`);

--
-- Index pour la table `ost_sht_chaine`
--
ALTER TABLE `ost_sht_chaine`
  ADD PRIMARY KEY (`id`),
  ADD UNIQUE KEY `UNIQ_E29C2867989D9B62` (`slug`);

--
-- Index pour la table `ost_sht_chambre`
--
ALTER TABLE `ost_sht_chambre`
  ADD PRIMARY KEY (`id`),
  ADD UNIQUE KEY `UNIQ_BF15F82C989D9B62` (`slug`);

--
-- Index pour la table `ost_sht_configuration_payement`
--
ALTER TABLE `ost_sht_configuration_payement`
  ADD PRIMARY KEY (`id`);

--
-- Index pour la table `ost_sht_configuration_remise_internet`
--
ALTER TABLE `ost_sht_configuration_remise_internet`
  ADD PRIMARY KEY (`id`);

--
-- Index pour la table `ost_sht_configuration_voucher`
--
ALTER TABLE `ost_sht_configuration_voucher`
  ADD PRIMARY KEY (`id`);

--
-- Index pour la table `ost_sht_contrat`
--
ALTER TABLE `ost_sht_contrat`
  ADD PRIMARY KEY (`id`),
  ADD KEY `IDX_1A2885403243BB18` (`hotel_id`);

--
-- Index pour la table `ost_sht_dossier`
--
ALTER TABLE `ost_sht_dossier`
  ADD PRIMARY KEY (`id`),
  ADD KEY `IDX_4754FCE43243BB18` (`hotel_id`);

--
-- Index pour la table `ost_sht_dossier_ligne`
--
ALTER TABLE `ost_sht_dossier_ligne`
  ADD PRIMARY KEY (`id`),
  ADD KEY `IDX_EC63D067670C757F` (`fournisseur_id`),
  ADD KEY `IDX_EC63D067611C0C56` (`dossier_id`),
  ADD KEY `IDX_EC63D06713DD0342` (`impaye_id`),
  ADD KEY `IDX_EC63D06756DF0769` (`factureFournisseur_id`),
  ADD KEY `IDX_EC63D0674D79775F` (`tva_id`);

--
-- Index pour la table `ost_sht_dossier_ligne_she`
--
ALTER TABLE `ost_sht_dossier_ligne_she`
  ADD PRIMARY KEY (`id`),
  ADD KEY `IDX_B8750E24670C757F` (`fournisseur_id`),
  ADD KEY `IDX_B8750E24611C0C56` (`dossier_id`),
  ADD KEY `IDX_B8750E2413DD0342` (`impaye_id`),
  ADD KEY `IDX_B8750E2456DF0769` (`factureFournisseur_id`),
  ADD KEY `IDX_B8750E244D79775F` (`tva_id`);

--
-- Index pour la table `ost_sht_dossier_reservations`
--
ALTER TABLE `ost_sht_dossier_reservations`
  ADD PRIMARY KEY (`dossier_id`,`reservation_id`),
  ADD KEY `IDX_C1B044A5611C0C56` (`dossier_id`),
  ADD KEY `IDX_C1B044A5B83297E7` (`reservation_id`);

--
-- Index pour la table `ost_sht_dossier_reservations_she`
--
ALTER TABLE `ost_sht_dossier_reservations_she`
  ADD PRIMARY KEY (`dossiershe_id`,`reservationmonde_id`),
  ADD KEY `IDX_71E1F22C43760F88` (`dossiershe_id`),
  ADD KEY `IDX_71E1F22C8B5BA843` (`reservationmonde_id`);

--
-- Index pour la table `ost_sht_dossier_she`
--
ALTER TABLE `ost_sht_dossier_she`
  ADD PRIMARY KEY (`id`);

--
-- Index pour la table `ost_sht_fichetechnique`
--
ALTER TABLE `ost_sht_fichetechnique`
  ADD PRIMARY KEY (`id`);

--
-- Index pour la table `ost_sht_frais_dossier`
--
ALTER TABLE `ost_sht_frais_dossier`
  ADD PRIMARY KEY (`id`);

--
-- Index pour la table `ost_sht_hotels`
--
ALTER TABLE `ost_sht_hotels`
  ADD PRIMARY KEY (`id`),
  ADD UNIQUE KEY `UNIQ_92448DAE989D9B62` (`slug`),
  ADD UNIQUE KEY `UNIQ_92448DAE7A71939B` (`ficheTechnique_id`),
  ADD UNIQUE KEY `UNIQ_92448DAEF05725D6` (`saisonBase_id`),
  ADD KEY `IDX_92448DAE3129D93D` (`chaine_id`),
  ADD KEY `IDX_92448DAEA73F0036` (`ville_id`),
  ADD KEY `IDX_92448DAEBCF5E72D` (`categorie_id`);

--
-- Index pour la table `ost_sht_hotelschambre`
--
ALTER TABLE `ost_sht_hotelschambre`
  ADD PRIMARY KEY (`id`),
  ADD UNIQUE KEY `UNIQ_534A5F03DA5256D` (`image_id`),
  ADD KEY `IDX_534A5F09B177F54` (`chambre_id`),
  ADD KEY `IDX_534A5F03243BB18` (`hotel_id`);

--
-- Index pour la table `ost_sht_hotels_amenagements`
--
ALTER TABLE `ost_sht_hotels_amenagements`
  ADD PRIMARY KEY (`id_hotel`,`id_amenagement`),
  ADD KEY `IDX_B926764DEDD61FE9` (`id_hotel`),
  ADD KEY `IDX_B926764D57E799D6` (`id_amenagement`);

--
-- Index pour la table `ost_sht_hotels_arrangements`
--
ALTER TABLE `ost_sht_hotels_arrangements`
  ADD PRIMARY KEY (`id_hotel`,`id_arrangement`),
  ADD KEY `IDX_47C301ACEDD61FE9` (`id_hotel`),
  ADD KEY `IDX_47C301AC668B0E4E` (`id_arrangement`);

--
-- Index pour la table `ost_sht_hotels_chambre`
--
ALTER TABLE `ost_sht_hotels_chambre`
  ADD PRIMARY KEY (`id_hotel`,`id_chambre`),
  ADD KEY `IDX_D8484704EDD61FE9` (`id_hotel`),
  ADD KEY `IDX_D84847041B944D8F` (`id_chambre`);

--
-- Index pour la table `ost_sht_hotels_localisations`
--
ALTER TABLE `ost_sht_hotels_localisations`
  ADD PRIMARY KEY (`id_hotel`,`id_localisation`),
  ADD KEY `IDX_19328193EDD61FE9` (`id_hotel`),
  ADD KEY `IDX_193281939C12BBFD` (`id_localisation`);

--
-- Index pour la table `ost_sht_hotels_options`
--
ALTER TABLE `ost_sht_hotels_options`
  ADD PRIMARY KEY (`id_hotel`,`id_option`),
  ADD KEY `IDX_CD74597CEDD61FE9` (`id_hotel`),
  ADD KEY `IDX_CD74597C7CB1B55D` (`id_option`);

--
-- Index pour la table `ost_sht_hotels_stopsales`
--
ALTER TABLE `ost_sht_hotels_stopsales`
  ADD PRIMARY KEY (`id`),
  ADD KEY `IDX_64D515253243BB18` (`hotel_id`);

--
-- Index pour la table `ost_sht_hotels_tags`
--
ALTER TABLE `ost_sht_hotels_tags`
  ADD PRIMARY KEY (`id_hotel`,`id_tag`),
  ADD KEY `IDX_D65966A8EDD61FE9` (`id_hotel`),
  ADD KEY `IDX_D65966A89D2D5FD9` (`id_tag`);

--
-- Index pour la table `ost_sht_hotels_themes`
--
ALTER TABLE `ost_sht_hotels_themes`
  ADD PRIMARY KEY (`id_hotel`,`id_theme`),
  ADD KEY `IDX_E3F1ADCEEDD61FE9` (`id_hotel`),
  ADD KEY `IDX_E3F1ADCE79F0A638` (`id_theme`);

--
-- Index pour la table `ost_sht_hotels_vues`
--
ALTER TABLE `ost_sht_hotels_vues`
  ADD PRIMARY KEY (`id_hotel`,`id_vue`),
  ADD KEY `IDX_5549C70DEDD61FE9` (`id_hotel`),
  ADD KEY `IDX_5549C70D5E093DCE` (`id_vue`);

--
-- Index pour la table `ost_sht_localistion`
--
ALTER TABLE `ost_sht_localistion`
  ADD PRIMARY KEY (`id`),
  ADD UNIQUE KEY `UNIQ_29DB60F9989D9B62` (`slug`);

--
-- Index pour la table `ost_sht_option`
--
ALTER TABLE `ost_sht_option`
  ADD PRIMARY KEY (`id`);

--
-- Index pour la table `ost_sht_pays`
--
ALTER TABLE `ost_sht_pays`
  ADD PRIMARY KEY (`id`);

--
-- Index pour la table `ost_sht_reduction`
--
ALTER TABLE `ost_sht_reduction`
  ADD PRIMARY KEY (`id`),
  ADD UNIQUE KEY `UNIQ_FF3E4E7989D9B62` (`slug`);

--
-- Index pour la table `ost_sht_region`
--
ALTER TABLE `ost_sht_region`
  ADD PRIMARY KEY (`id`),
  ADD UNIQUE KEY `UNIQ_79248AFD989D9B62` (`slug`);

--
-- Index pour la table `ost_sht_reservation`
--
ALTER TABLE `ost_sht_reservation`
  ADD PRIMARY KEY (`id`),
  ADD KEY `IDX_35B2C0493243BB18` (`hotel_id`),
  ADD KEY `IDX_35B2C04919EB6921` (`client_id`),
  ADD KEY `IDX_35B2C04953C59D72` (`responsable_id`),
  ADD KEY `IDX_35B2C049FEBD183` (`amicale_id`),
  ADD KEY `IDX_35B2C049F06C2258` (`responsableAmicale_id`);

--
-- Index pour la table `ost_sht_reservation_chambre`
--
ALTER TABLE `ost_sht_reservation_chambre`
  ADD PRIMARY KEY (`id`),
  ADD KEY `IDX_754DC6479B177F54` (`chambre_id`),
  ADD KEY `IDX_754DC647B83297E7` (`reservation_id`),
  ADD KEY `IDX_754DC647C5CAAFBC` (`arrangement_id`);

--
-- Index pour la table `ost_sht_reservation_chambre_jour`
--
ALTER TABLE `ost_sht_reservation_chambre_jour`
  ADD PRIMARY KEY (`id`),
  ADD KEY `IDX_14CD0F7DD5B2B34` (`saisonCalcule_id`),
  ADD KEY `IDX_14CD0F7D6353055F` (`saisonContingent_id`),
  ADD KEY `IDX_14CD0F7D9B177F54` (`chambre_id`);

--
-- Index pour la table `ost_sht_reservation_jour`
--
ALTER TABLE `ost_sht_reservation_jour`
  ADD PRIMARY KEY (`id`),
  ADD KEY `IDX_C0779528F965414C` (`saison_id`),
  ADD KEY `IDX_C0779528A21BD112` (`personne_id`);

--
-- Index pour la table `ost_sht_reservation_ligne`
--
ALTER TABLE `ost_sht_reservation_ligne`
  ADD PRIMARY KEY (`id`),
  ADD KEY `IDX_8951250A7793FA21` (`supplement_id`),
  ADD KEY `IDX_8951250AC03CB092` (`reduction_id`),
  ADD KEY `IDX_8951250A220C6AD0` (`jour_id`);

--
-- Index pour la table `ost_sht_reservation_personne`
--
ALTER TABLE `ost_sht_reservation_personne`
  ADD PRIMARY KEY (`id`),
  ADD KEY `IDX_CAC4B6738C110DC6` (`reservationChambreAdulte_id`),
  ADD KEY `IDX_CAC4B67368606A56` (`reservationChambreEnfant_id`);

--
-- Index pour la table `ost_sht_saison`
--
ALTER TABLE `ost_sht_saison`
  ADD PRIMARY KEY (`id`),
  ADD UNIQUE KEY `UNIQ_B696AE0D2EEF7AE7` (`saisonReduc_id`),
  ADD UNIQUE KEY `UNIQ_B696AE0D89DE2F5C` (`saisonSupp_id`),
  ADD UNIQUE KEY `UNIQ_B696AE0D93F83878` (`saisonWeekend_id`),
  ADD KEY `IDX_B696AE0D1FCD6BE3` (`arr_base`),
  ADD KEY `IDX_B696AE0D3243BB18` (`hotel_id`),
  ADD KEY `IDX_B696AE0D1823061F` (`contrat_id`),
  ADD KEY `IDX_B696AE0DD7B8829F` (`contratFile_id`);

--
-- Index pour la table `ost_sht_saisons_amicales`
--
ALTER TABLE `ost_sht_saisons_amicales`
  ADD PRIMARY KEY (`id_saison`,`id_amicale`),
  ADD KEY `IDX_34550E21E6E7606B` (`id_saison`),
  ADD KEY `IDX_34550E21DA6E7061` (`id_amicale`);

--
-- Index pour la table `ost_sht_saison_arrangement`
--
ALTER TABLE `ost_sht_saison_arrangement`
  ADD PRIMARY KEY (`id`),
  ADD KEY `IDX_EA4BA05EC5CAAFBC` (`arrangement_id`),
  ADD KEY `IDX_EA4BA05EF965414C` (`saison_id`);

--
-- Index pour la table `ost_sht_saison_autresreduc`
--
ALTER TABLE `ost_sht_saison_autresreduc`
  ADD PRIMARY KEY (`id`),
  ADD KEY `IDX_2FAAA705C03CB092` (`reduction_id`),
  ADD KEY `IDX_2FAAA705F965414C` (`saison_id`);

--
-- Index pour la table `ost_sht_saison_autressupp`
--
ALTER TABLE `ost_sht_saison_autressupp`
  ADD PRIMARY KEY (`id`),
  ADD KEY `IDX_30EF15B67793FA21` (`supplement_id`),
  ADD KEY `IDX_30EF15B6F965414C` (`saison_id`);

--
-- Index pour la table `ost_sht_saison_chambres`
--
ALTER TABLE `ost_sht_saison_chambres`
  ADD PRIMARY KEY (`id`),
  ADD KEY `IDX_160ACD859B177F54` (`chambre_id`),
  ADD KEY `IDX_160ACD85F965414C` (`saison_id`);

--
-- Index pour la table `ost_sht_saison_chambres_frais`
--
ALTER TABLE `ost_sht_saison_chambres_frais`
  ADD PRIMARY KEY (`id`),
  ADD KEY `IDX_879636A3F965414C` (`saison_id`),
  ADD KEY `IDX_879636A39B177F54` (`chambre_id`);

--
-- Index pour la table `ost_sht_saison_chambres_frais_lignes`
--
ALTER TABLE `ost_sht_saison_chambres_frais_lignes`
  ADD PRIMARY KEY (`id`),
  ADD KEY `IDX_1C737BB8EC285501` (`entete_id`),
  ADD KEY `IDX_1C737BB8C5CAAFBC` (`arrangement_id`);

--
-- Index pour la table `ost_sht_saison_contingent`
--
ALTER TABLE `ost_sht_saison_contingent`
  ADD PRIMARY KEY (`id`),
  ADD KEY `IDX_7C9C1E8BF965414C` (`saison_id`);

--
-- Index pour la table `ost_sht_saison_reduc`
--
ALTER TABLE `ost_sht_saison_reduc`
  ADD PRIMARY KEY (`id`);

--
-- Index pour la table `ost_sht_saison_supp`
--
ALTER TABLE `ost_sht_saison_supp`
  ADD PRIMARY KEY (`id`);

--
-- Index pour la table `ost_sht_saison_suppchambres`
--
ALTER TABLE `ost_sht_saison_suppchambres`
  ADD PRIMARY KEY (`id`),
  ADD KEY `IDX_CC8F7E249B177F54` (`chambre_id`),
  ADD KEY `IDX_CC8F7E24F965414C` (`saison_id`);

--
-- Index pour la table `ost_sht_saison_vue`
--
ALTER TABLE `ost_sht_saison_vue`
  ADD PRIMARY KEY (`id`),
  ADD KEY `IDX_A9535FFCC8733BD3` (`vue_id`),
  ADD KEY `IDX_A9535FFCF965414C` (`saison_id`);

--
-- Index pour la table `ost_sht_saison_vue_chambres`
--
ALTER TABLE `ost_sht_saison_vue_chambres`
  ADD PRIMARY KEY (`saisonvue_id`,`chambre_id`),
  ADD KEY `IDX_C8E30EEAF67413E6` (`saisonvue_id`),
  ADD KEY `IDX_C8E30EEA9B177F54` (`chambre_id`);

--
-- Index pour la table `ost_sht_saison_weekend`
--
ALTER TABLE `ost_sht_saison_weekend`
  ADD PRIMARY KEY (`id`);

--
-- Index pour la table `ost_sht_saison_weekend_lignes`
--
ALTER TABLE `ost_sht_saison_weekend_lignes`
  ADD PRIMARY KEY (`id`),
  ADD KEY `IDX_F818A0B293F83878` (`saisonWeekend_id`),
  ADD KEY `IDX_F818A0B29B177F54` (`chambre_id`);

--
-- Index pour la table `ost_sht_supplement`
--
ALTER TABLE `ost_sht_supplement`
  ADD PRIMARY KEY (`id`),
  ADD UNIQUE KEY `UNIQ_7CE3F9C8989D9B62` (`slug`);

--
-- Index pour la table `ost_sht_tag`
--
ALTER TABLE `ost_sht_tag`
  ADD PRIMARY KEY (`id`),
  ADD UNIQUE KEY `UNIQ_CE4FEED1989D9B62` (`slug`);

--
-- Index pour la table `ost_sht_theme`
--
ALTER TABLE `ost_sht_theme`
  ADD PRIMARY KEY (`id`),
  ADD UNIQUE KEY `UNIQ_D4FFC48989D9B62` (`slug`),
  ADD KEY `IDX_D4FFC4812529D24` (`themeCategorie_id`);

--
-- Index pour la table `ost_sht_theme_categorie`
--
ALTER TABLE `ost_sht_theme_categorie`
  ADD PRIMARY KEY (`id`),
  ADD UNIQUE KEY `UNIQ_6824B172989D9B62` (`slug`);

--
-- Index pour la table `ost_sht_type_amenagement`
--
ALTER TABLE `ost_sht_type_amenagement`
  ADD PRIMARY KEY (`id`),
  ADD UNIQUE KEY `UNIQ_8B50235989D9B62` (`slug`);

--
-- Index pour la table `ost_sht_ville`
--
ALTER TABLE `ost_sht_ville`
  ADD PRIMARY KEY (`id`),
  ADD UNIQUE KEY `UNIQ_D9F9C283989D9B62` (`slug`),
  ADD KEY `IDX_D9F9C28398260155` (`region_id`),
  ADD KEY `IDX_D9F9C283A6E44244` (`pays_id`);

--
-- Index pour la table `ost_sht_vue`
--
ALTER TABLE `ost_sht_vue`
  ADD PRIMARY KEY (`id`),
  ADD UNIQUE KEY `UNIQ_D6B8CC6989D9B62` (`slug`);

--
-- Index pour la table `ost_sla`
--
ALTER TABLE `ost_sla`
  ADD PRIMARY KEY (`id`),
  ADD UNIQUE KEY `name` (`name`);

--
-- Index pour la table `ost_sous_etat`
--
ALTER TABLE `ost_sous_etat`
  ADD PRIMARY KEY (`id`),
  ADD KEY `IDX_4E095BD9D5E86FF` (`etat_id`),
  ADD KEY `IDX_4E095BD9A76ED395` (`user_id`),
  ADD KEY `IDX_4E095BD94773709E` (`reservationSHT_id`),
  ADD KEY `IDX_4E095BD94D295EAE` (`reservationPR_id`),
  ADD KEY `IDX_4E095BD9601A244C` (`reservationVO_id`),
  ADD KEY `IDX_4E095BD9913067AD` (`reservationB_id`),
  ADD KEY `IDX_4E095BD9C95377FB` (`reservationM_id`),
  ADD KEY `IDX_4E095BD99AC7F56A` (`reservationBE_id`),
  ADD KEY `IDX_4E095BD9E4426FEE` (`reservationT_id`),
  ADD KEY `IDX_4E095BD967F05A51` (`reservationRB_id`),
  ADD KEY `IDX_4E095BD9AFD64064` (`reservationSHE_id`);

--
-- Index pour la table `ost_syslog`
--
ALTER TABLE `ost_syslog`
  ADD PRIMARY KEY (`log_id`),
  ADD KEY `log_type` (`log_type`);

--
-- Index pour la table `ost_team`
--
ALTER TABLE `ost_team`
  ADD PRIMARY KEY (`team_id`),
  ADD UNIQUE KEY `name` (`name`),
  ADD KEY `isnabled` (`isenabled`),
  ADD KEY `lead_id` (`lead_id`);

--
-- Index pour la table `ost_team_member`
--
ALTER TABLE `ost_team_member`
  ADD PRIMARY KEY (`team_id`,`staff_id`);

--
-- Index pour la table `ost_ticket`
--
ALTER TABLE `ost_ticket`
  ADD PRIMARY KEY (`ticket_id`),
  ADD KEY `user_id` (`user_id`),
  ADD KEY `dept_id` (`dept_id`),
  ADD KEY `staff_id` (`staff_id`),
  ADD KEY `team_id` (`team_id`),
  ADD KEY `status_id` (`status_id`),
  ADD KEY `created` (`created`),
  ADD KEY `closed` (`closed`),
  ADD KEY `duedate` (`duedate`),
  ADD KEY `topic_id` (`topic_id`),
  ADD KEY `sla_id` (`sla_id`);

--
-- Index pour la table `ost_ticket_attachment`
--
ALTER TABLE `ost_ticket_attachment`
  ADD PRIMARY KEY (`attach_id`),
  ADD KEY `ticket_id` (`ticket_id`),
  ADD KEY `ref_id` (`ref_id`),
  ADD KEY `file_id` (`file_id`);

--
-- Index pour la table `ost_ticket_collaborator`
--
ALTER TABLE `ost_ticket_collaborator`
  ADD PRIMARY KEY (`id`),
  ADD UNIQUE KEY `collab` (`ticket_id`,`user_id`);

--
-- Index pour la table `ost_ticket_email_info`
--
ALTER TABLE `ost_ticket_email_info`
  ADD PRIMARY KEY (`id`),
  ADD KEY `email_mid` (`email_mid`);

--
-- Index pour la table `ost_ticket_event`
--
ALTER TABLE `ost_ticket_event`
  ADD KEY `ticket_state` (`ticket_id`,`state`,`timestamp`),
  ADD KEY `ticket_stats` (`timestamp`,`state`);

--
-- Index pour la table `ost_ticket_lock`
--
ALTER TABLE `ost_ticket_lock`
  ADD PRIMARY KEY (`lock_id`),
  ADD UNIQUE KEY `ticket_id` (`ticket_id`),
  ADD KEY `staff_id` (`staff_id`);

--
-- Index pour la table `ost_ticket_priority`
--
ALTER TABLE `ost_ticket_priority`
  ADD PRIMARY KEY (`priority_id`),
  ADD UNIQUE KEY `priority` (`priority`),
  ADD KEY `priority_urgency` (`priority_urgency`),
  ADD KEY `ispublic` (`ispublic`);

--
-- Index pour la table `ost_ticket_status`
--
ALTER TABLE `ost_ticket_status`
  ADD PRIMARY KEY (`id`),
  ADD UNIQUE KEY `name` (`name`),
  ADD KEY `state` (`state`);

--
-- Index pour la table `ost_ticket_thread`
--
ALTER TABLE `ost_ticket_thread`
  ADD PRIMARY KEY (`id`),
  ADD KEY `ticket_id` (`ticket_id`),
  ADD KEY `staff_id` (`staff_id`),
  ADD KEY `pid` (`pid`);

--
-- Index pour la table `ost_timezone`
--
ALTER TABLE `ost_timezone`
  ADD PRIMARY KEY (`id`);

--
-- Index pour la table `ost_transfert_reservation_ligne`
--
ALTER TABLE `ost_transfert_reservation_ligne`
  ADD PRIMARY KEY (`id`),
  ADD KEY `IDX_B9E30B00B83297E7` (`reservation_id`);

--
-- Index pour la table `ost_transfer_reservation`
--
ALTER TABLE `ost_transfer_reservation`
  ADD PRIMARY KEY (`id`),
  ADD KEY `IDX_38E092B353C59D72` (`responsable_id`),
  ADD KEY `IDX_38E092B319EB6921` (`client_id`),
  ADD KEY `IDX_38E092B3FEBD183` (`amicale_id`),
  ADD KEY `IDX_38E092B3F06C2258` (`responsableAmicale_id`);

--
-- Index pour la table `ost_tsk_etat`
--
ALTER TABLE `ost_tsk_etat`
  ADD PRIMARY KEY (`id`);

--
-- Index pour la table `ost_tsk_notification`
--
ALTER TABLE `ost_tsk_notification`
  ADD PRIMARY KEY (`id`),
  ADD KEY `IDX_FC6B1952F4E25B21` (`who_id`),
  ADD KEY `IDX_FC6B195245A9EF83` (`assignedTo_id`);

--
-- Index pour la table `ost_tsk_priority`
--
ALTER TABLE `ost_tsk_priority`
  ADD PRIMARY KEY (`id`);

--
-- Index pour la table `ost_tsk_task`
--
ALTER TABLE `ost_tsk_task`
  ADD PRIMARY KEY (`id`),
  ADD KEY `IDX_4A4A5CC7C54C8C93` (`type_id`),
  ADD KEY `IDX_4A4A5CC7497B19F9` (`priority_id`),
  ADD KEY `IDX_4A4A5CC73174800F` (`createdBy_id`),
  ADD KEY `IDX_4A4A5CC745A9EF83` (`assignedTo_id`);

--
-- Index pour la table `ost_tsk_taskslog`
--
ALTER TABLE `ost_tsk_taskslog`
  ADD PRIMARY KEY (`id`),
  ADD KEY `IDX_3A136FD33174800F` (`createdBy_id`),
  ADD KEY `IDX_3A136FD345A9EF83` (`assignedTo_id`);

--
-- Index pour la table `ost_tsk_type`
--
ALTER TABLE `ost_tsk_type`
  ADD PRIMARY KEY (`id`);

--
-- Index pour la table `ost_tva`
--
ALTER TABLE `ost_tva`
  ADD PRIMARY KEY (`id`);

--
-- Index pour la table `ost_type_activite`
--
ALTER TABLE `ost_type_activite`
  ADD PRIMARY KEY (`id`);

--
-- Index pour la table `ost_user_gouvernorat`
--
ALTER TABLE `ost_user_gouvernorat`
  ADD PRIMARY KEY (`id`),
  ADD KEY `IDX_C874F3D7A6E44244` (`pays_id`);

--
-- Index pour la table `ost_user_group`
--
ALTER TABLE `ost_user_group`
  ADD PRIMARY KEY (`user_id`,`group_id`),
  ADD KEY `IDX_AC4E16D0A76ED395` (`user_id`),
  ADD KEY `IDX_AC4E16D0FE54D947` (`group_id`);

--
-- Index pour la table `ost_user_logo`
--
ALTER TABLE `ost_user_logo`
  ADD PRIMARY KEY (`id`),
  ADD UNIQUE KEY `UNIQ_BC1242D19EB6921` (`client_id`);

--
-- Index pour la table `ost_vo_chambre`
--
ALTER TABLE `ost_vo_chambre`
  ADD PRIMARY KEY (`id`),
  ADD KEY `IDX_6C28A07A635D1086` (`contingent_id`);

--
-- Index pour la table `ost_vo_company`
--
ALTER TABLE `ost_vo_company`
  ADD PRIMARY KEY (`id`);

--
-- Index pour la table `ost_vo_configuration_voucher`
--
ALTER TABLE `ost_vo_configuration_voucher`
  ADD PRIMARY KEY (`id`);

--
-- Index pour la table `ost_vo_contingents`
--
ALTER TABLE `ost_vo_contingents`
  ADD PRIMARY KEY (`id`),
  ADD KEY `IDX_7B4B07E068C9E5AF` (`voyage_id`),
  ADD KEY `IDX_7B4B07E03243BB18` (`hotel_id`),
  ADD KEY `IDX_7B4B07E01919B217` (`pack_id`);

--
-- Index pour la table `ost_vo_descriptions`
--
ALTER TABLE `ost_vo_descriptions`
  ADD PRIMARY KEY (`id`),
  ADD KEY `IDX_E254754968C9E5AF` (`voyage_id`);

--
-- Index pour la table `ost_vo_destinations`
--
ALTER TABLE `ost_vo_destinations`
  ADD PRIMARY KEY (`id`);

--
-- Index pour la table `ost_vo_dossier`
--
ALTER TABLE `ost_vo_dossier`
  ADD PRIMARY KEY (`id`),
  ADD KEY `IDX_9469A4B2F384C1CF` (`periode_id`);

--
-- Index pour la table `ost_vo_dossier_ligne`
--
ALTER TABLE `ost_vo_dossier_ligne`
  ADD PRIMARY KEY (`id`),
  ADD KEY `IDX_B3591492670C757F` (`fournisseur_id`),
  ADD KEY `IDX_B3591492611C0C56` (`dossier_id`),
  ADD KEY `IDX_B359149213DD0342` (`impaye_id`),
  ADD KEY `IDX_B359149256DF0769` (`factureFournisseur_id`),
  ADD KEY `IDX_B35914924D79775F` (`tva_id`);

--
-- Index pour la table `ost_vo_dossier_reservations`
--
ALTER TABLE `ost_vo_dossier_reservations`
  ADD PRIMARY KEY (`dossier_id`,`reservation_id`),
  ADD KEY `IDX_570B2AA611C0C56` (`dossier_id`),
  ADD KEY `IDX_570B2AAB83297E7` (`reservation_id`);

--
-- Index pour la table `ost_vo_hotel`
--
ALTER TABLE `ost_vo_hotel`
  ADD PRIMARY KEY (`id`),
  ADD KEY `IDX_3BF21D5CBCF5E72D` (`categorie_id`);

--
-- Index pour la table `ost_vo_info_pratiques`
--
ALTER TABLE `ost_vo_info_pratiques`
  ADD PRIMARY KEY (`id`),
  ADD KEY `IDX_AEE5EE2368C9E5AF` (`voyage_id`);

--
-- Index pour la table `ost_vo_ligne`
--
ALTER TABLE `ost_vo_ligne`
  ADD PRIMARY KEY (`id`),
  ADD KEY `IDX_6F5198061919B217` (`pack_id`),
  ADD KEY `IDX_6F5198061C721E64` (`periodeC_id`),
  ADD KEY `IDX_6F5198062BACEE56` (`periodeF_id`);

--
-- Index pour la table `ost_vo_packs`
--
ALTER TABLE `ost_vo_packs`
  ADD PRIMARY KEY (`id`),
  ADD KEY `IDX_815F23A2F384C1CF` (`periode_id`);

--
-- Index pour la table `ost_vo_periodes`
--
ALTER TABLE `ost_vo_periodes`
  ADD PRIMARY KEY (`id`),
  ADD KEY `IDX_A252F96B68C9E5AF` (`voyage_id`);

--
-- Index pour la table `ost_vo_photos`
--
ALTER TABLE `ost_vo_photos`
  ADD PRIMARY KEY (`id`),
  ADD KEY `IDX_959C363568C9E5AF` (`voyage_id`);

--
-- Index pour la table `ost_vo_plan_voyage`
--
ALTER TABLE `ost_vo_plan_voyage`
  ADD PRIMARY KEY (`id`),
  ADD KEY `IDX_544FC9D979B1AD6` (`company_id`),
  ADD KEY `IDX_544FC9DF384C1CF` (`periode_id`);

--
-- Index pour la table `ost_vo_reservations`
--
ALTER TABLE `ost_vo_reservations`
  ADD PRIMARY KEY (`id`),
  ADD KEY `IDX_2B7779C668C9E5AF` (`voyage_id`),
  ADD KEY `IDX_2B7779C619EB6921` (`client_id`),
  ADD KEY `IDX_2B7779C653C59D72` (`responsable_id`),
  ADD KEY `IDX_2B7779C61919B217` (`pack_id`),
  ADD KEY `IDX_2B7779C6FEBD183` (`amicale_id`),
  ADD KEY `IDX_2B7779C6F06C2258` (`responsableAmicale_id`);

--
-- Index pour la table `ost_vo_reservations_chambres`
--
ALTER TABLE `ost_vo_reservations_chambres`
  ADD PRIMARY KEY (`id`),
  ADD KEY `IDX_246F872BB83297E7` (`reservation_id`);

--
-- Index pour la table `ost_vo_reservations_lignes`
--
ALTER TABLE `ost_vo_reservations_lignes`
  ADD PRIMARY KEY (`id`),
  ADD KEY `IDX_29FAE891A21BD112` (`personne_id`);

--
-- Index pour la table `ost_vo_reservation_gestion_etats`
--
ALTER TABLE `ost_vo_reservation_gestion_etats`
  ADD PRIMARY KEY (`id`);

--
-- Index pour la table `ost_vo_reservation_personnes`
--
ALTER TABLE `ost_vo_reservation_personnes`
  ADD PRIMARY KEY (`id`),
  ADD KEY `IDX_42B3F65C9B177F54` (`chambre_id`),
  ADD KEY `IDX_42B3F65C43851422` (`chambreContingent_id`);

--
-- Index pour la table `ost_vo_reservation_personne_billets`
--
ALTER TABLE `ost_vo_reservation_personne_billets`
  ADD PRIMARY KEY (`id`),
  ADD KEY `IDX_A0D277C4A21BD112` (`personne_id`);

--
-- Index pour la table `ost_vo_reservation_personne_billets_logs`
--
ALTER TABLE `ost_vo_reservation_personne_billets_logs`
  ADD PRIMARY KEY (`id`),
  ADD KEY `IDX_67DD3DCED5E86FF` (`etat_id`),
  ADD KEY `IDX_67DD3DCE44973C78` (`billet_id`);

--
-- Index pour la table `ost_vo_reservation_personne_hotels`
--
ALTER TABLE `ost_vo_reservation_personne_hotels`
  ADD PRIMARY KEY (`id`),
  ADD KEY `IDX_2CFE7066A21BD112` (`personne_id`);

--
-- Index pour la table `ost_vo_reservation_personne_hotels_logs`
--
ALTER TABLE `ost_vo_reservation_personne_hotels_logs`
  ADD PRIMARY KEY (`id`),
  ADD KEY `IDX_568CA142D5E86FF` (`etat_id`),
  ADD KEY `IDX_568CA1423243BB18` (`hotel_id`);

--
-- Index pour la table `ost_vo_reservation_personne_visas`
--
ALTER TABLE `ost_vo_reservation_personne_visas`
  ADD PRIMARY KEY (`id`),
  ADD KEY `IDX_3E1435A0A21BD112` (`personne_id`);

--
-- Index pour la table `ost_vo_reservation_personne_visas_logs`
--
ALTER TABLE `ost_vo_reservation_personne_visas_logs`
  ADD PRIMARY KEY (`id`),
  ADD KEY `IDX_40923193D5E86FF` (`etat_id`),
  ADD KEY `IDX_4092319399C772A6` (`visa_id`);

--
-- Index pour la table `ost_vo_themes`
--
ALTER TABLE `ost_vo_themes`
  ADD PRIMARY KEY (`id`),
  ADD KEY `IDX_88A8E43212529D24` (`themeCategorie_id`);

--
-- Index pour la table `ost_vo_themes_categories`
--
ALTER TABLE `ost_vo_themes_categories`
  ADD PRIMARY KEY (`id`);

--
-- Index pour la table `ost_vo_visas`
--
ALTER TABLE `ost_vo_visas`
  ADD PRIMARY KEY (`id`),
  ADD KEY `IDX_2D62B51768C9E5AF` (`voyage_id`);

--
-- Index pour la table `ost_vo_voyages`
--
ALTER TABLE `ost_vo_voyages`
  ADD PRIMARY KEY (`id`),
  ADD UNIQUE KEY `UNIQ_A911B37C989D9B62` (`slug`),
  ADD KEY `IDX_A911B37C816C6140` (`destination_id`);

--
-- Index pour la table `ost_vo_voyages_lignes_amicales`
--
ALTER TABLE `ost_vo_voyages_lignes_amicales`
  ADD PRIMARY KEY (`ligne_id`,`amicale_id`),
  ADD KEY `IDX_3C00B0A85A438E76` (`ligne_id`),
  ADD KEY `IDX_3C00B0A8FEBD183` (`amicale_id`);

--
-- Index pour la table `ost_vo_voyages_packs_amicales`
--
ALTER TABLE `ost_vo_voyages_packs_amicales`
  ADD PRIMARY KEY (`pack_id`,`amicale_id`),
  ADD KEY `IDX_275F44341919B217` (`pack_id`),
  ADD KEY `IDX_275F4434FEBD183` (`amicale_id`);

--
-- Index pour la table `ost_vo_voyages_packs_hotels`
--
ALTER TABLE `ost_vo_voyages_packs_hotels`
  ADD PRIMARY KEY (`pack_id`,`hotel_id`),
  ADD KEY `IDX_CBF1E0101919B217` (`pack_id`),
  ADD KEY `IDX_CBF1E0103243BB18` (`hotel_id`);

--
-- Index pour la table `ost_vo_voyages_pays`
--
ALTER TABLE `ost_vo_voyages_pays`
  ADD PRIMARY KEY (`voyageorganise_id`,`pays_id`),
  ADD KEY `IDX_387E6EE8D56295CC` (`voyageorganise_id`),
  ADD KEY `IDX_387E6EE8A6E44244` (`pays_id`);

--
-- Index pour la table `ost_vo_voyages_themes`
--
ALTER TABLE `ost_vo_voyages_themes`
  ADD PRIMARY KEY (`voyageorganise_id`,`theme_id`),
  ADD KEY `IDX_3604E664D56295CC` (`voyageorganise_id`),
  ADD KEY `IDX_3604E66459027487` (`theme_id`);

--
-- AUTO_INCREMENT pour les tables exportées
--

--
-- AUTO_INCREMENT pour la table `ConfigurationCaisse`
--
ALTER TABLE `ConfigurationCaisse`
  MODIFY `id` int(11) NOT NULL AUTO_INCREMENT;
--
-- AUTO_INCREMENT pour la table `ext_log_entries`
--
ALTER TABLE `ext_log_entries`
  MODIFY `id` int(11) NOT NULL AUTO_INCREMENT;
--
-- AUTO_INCREMENT pour la table `ext_translations`
--
ALTER TABLE `ext_translations`
  MODIFY `id` int(11) NOT NULL AUTO_INCREMENT;
--
-- AUTO_INCREMENT pour la table `Groupe`
--
ALTER TABLE `Groupe`
  MODIFY `id` int(11) NOT NULL AUTO_INCREMENT;
--
-- AUTO_INCREMENT pour la table `ost_agence`
--
ALTER TABLE `ost_agence`
  MODIFY `id` int(11) NOT NULL AUTO_INCREMENT,AUTO_INCREMENT=2;
--
-- AUTO_INCREMENT pour la table `ost_agence_cachetnumerique`
--
ALTER TABLE `ost_agence_cachetnumerique`
  MODIFY `id` int(11) NOT NULL AUTO_INCREMENT,AUTO_INCREMENT=2;
--
-- AUTO_INCREMENT pour la table `ost_agence_impression_background`
--
ALTER TABLE `ost_agence_impression_background`
  MODIFY `id` int(11) NOT NULL AUTO_INCREMENT,AUTO_INCREMENT=2;
--
-- AUTO_INCREMENT pour la table `ost_amicale`
--
ALTER TABLE `ost_amicale`
  MODIFY `id` int(11) NOT NULL AUTO_INCREMENT,AUTO_INCREMENT=15;
--
-- AUTO_INCREMENT pour la table `ost_be_centre`
--
ALTER TABLE `ost_be_centre`
  MODIFY `id` int(11) NOT NULL AUTO_INCREMENT,AUTO_INCREMENT=20;
--
-- AUTO_INCREMENT pour la table `ost_be_configuration_voucher`
--
ALTER TABLE `ost_be_configuration_voucher`
  MODIFY `id` int(11) NOT NULL AUTO_INCREMENT;
--
-- AUTO_INCREMENT pour la table `ost_be_dossier`
--
ALTER TABLE `ost_be_dossier`
  MODIFY `id` int(11) NOT NULL AUTO_INCREMENT;
--
-- AUTO_INCREMENT pour la table `ost_be_dossier_ligne`
--
ALTER TABLE `ost_be_dossier_ligne`
  MODIFY `id` int(11) NOT NULL AUTO_INCREMENT;
--
-- AUTO_INCREMENT pour la table `ost_be_photo`
--
ALTER TABLE `ost_be_photo`
  MODIFY `id` int(11) NOT NULL AUTO_INCREMENT,AUTO_INCREMENT=95;
--
-- AUTO_INCREMENT pour la table `ost_be_produit`
--
ALTER TABLE `ost_be_produit`
  MODIFY `id` int(11) NOT NULL AUTO_INCREMENT,AUTO_INCREMENT=42;
--
-- AUTO_INCREMENT pour la table `ost_be_reservations`
--
ALTER TABLE `ost_be_reservations`
  MODIFY `id` int(11) NOT NULL AUTO_INCREMENT,AUTO_INCREMENT=20;
--
-- AUTO_INCREMENT pour la table `ost_be_tarif`
--
ALTER TABLE `ost_be_tarif`
  MODIFY `id` int(11) NOT NULL AUTO_INCREMENT,AUTO_INCREMENT=50;
--
-- AUTO_INCREMENT pour la table `ost_billetterie_airoport`
--
ALTER TABLE `ost_billetterie_airoport`
  MODIFY `id` int(11) NOT NULL AUTO_INCREMENT;
--
-- AUTO_INCREMENT pour la table `ost_billetterie_dossier`
--
ALTER TABLE `ost_billetterie_dossier`
  MODIFY `id` int(11) NOT NULL AUTO_INCREMENT,AUTO_INCREMENT=3;
--
-- AUTO_INCREMENT pour la table `ost_billetterie_dossier_ligne`
--
ALTER TABLE `ost_billetterie_dossier_ligne`
  MODIFY `id` int(11) NOT NULL AUTO_INCREMENT,AUTO_INCREMENT=3;
--
-- AUTO_INCREMENT pour la table `ost_billetterie_reservation`
--
ALTER TABLE `ost_billetterie_reservation`
  MODIFY `id` int(11) NOT NULL AUTO_INCREMENT,AUTO_INCREMENT=16;
--
-- AUTO_INCREMENT pour la table `ost_billetterie_reservation_ligne`
--
ALTER TABLE `ost_billetterie_reservation_ligne`
  MODIFY `id` int(11) NOT NULL AUTO_INCREMENT,AUTO_INCREMENT=11;
--
-- AUTO_INCREMENT pour la table `ost_billetterie_reservation_ligne_trajet`
--
ALTER TABLE `ost_billetterie_reservation_ligne_trajet`
  MODIFY `id` int(11) NOT NULL AUTO_INCREMENT;
--
-- AUTO_INCREMENT pour la table `ost_billetterie_reservation_typevol`
--
ALTER TABLE `ost_billetterie_reservation_typevol`
  MODIFY `id` int(11) NOT NULL AUTO_INCREMENT;
--
-- AUTO_INCREMENT pour la table `ost_canned_response`
--
ALTER TABLE `ost_canned_response`
  MODIFY `canned_id` int(10) unsigned NOT NULL AUTO_INCREMENT;
--
-- AUTO_INCREMENT pour la table `ost_client`
--
ALTER TABLE `ost_client`
  MODIFY `id` int(11) NOT NULL AUTO_INCREMENT,AUTO_INCREMENT=315;
--
-- AUTO_INCREMENT pour la table `ost_com_facture`
--
ALTER TABLE `ost_com_facture`
  MODIFY `id` int(11) NOT NULL AUTO_INCREMENT,AUTO_INCREMENT=52;
--
-- AUTO_INCREMENT pour la table `ost_com_facture_fournisseur`
--
ALTER TABLE `ost_com_facture_fournisseur`
  MODIFY `id` int(11) NOT NULL AUTO_INCREMENT,AUTO_INCREMENT=6;
--
-- AUTO_INCREMENT pour la table `ost_com_facture_ligne`
--
ALTER TABLE `ost_com_facture_ligne`
  MODIFY `id` int(11) NOT NULL AUTO_INCREMENT,AUTO_INCREMENT=60;
--
-- AUTO_INCREMENT pour la table `ost_com_fournisseur`
--
ALTER TABLE `ost_com_fournisseur`
  MODIFY `id` int(11) NOT NULL AUTO_INCREMENT,AUTO_INCREMENT=406;
--
-- AUTO_INCREMENT pour la table `ost_com_impaye`
--
ALTER TABLE `ost_com_impaye`
  MODIFY `id` int(11) NOT NULL AUTO_INCREMENT,AUTO_INCREMENT=18;
--
-- AUTO_INCREMENT pour la table `ost_com_log_fac_print`
--
ALTER TABLE `ost_com_log_fac_print`
  MODIFY `id` int(11) NOT NULL AUTO_INCREMENT,AUTO_INCREMENT=35;
--
-- AUTO_INCREMENT pour la table `ost_com_piece`
--
ALTER TABLE `ost_com_piece`
  MODIFY `id` int(11) NOT NULL AUTO_INCREMENT,AUTO_INCREMENT=358;
--
-- AUTO_INCREMENT pour la table `ost_com_reglement`
--
ALTER TABLE `ost_com_reglement`
  MODIFY `id` int(11) NOT NULL AUTO_INCREMENT,AUTO_INCREMENT=353;
--
-- AUTO_INCREMENT pour la table `ost_com_reglements_fournisseurs`
--
ALTER TABLE `ost_com_reglements_fournisseurs`
  MODIFY `id` int(11) NOT NULL AUTO_INCREMENT,AUTO_INCREMENT=11;
--
-- AUTO_INCREMENT pour la table `ost_com_tarif`
--
ALTER TABLE `ost_com_tarif`
  MODIFY `id` int(11) NOT NULL AUTO_INCREMENT,AUTO_INCREMENT=2;
--
-- AUTO_INCREMENT pour la table `ost_contact`
--
ALTER TABLE `ost_contact`
  MODIFY `id` int(11) NOT NULL AUTO_INCREMENT;
--
-- AUTO_INCREMENT pour la table `ost_content`
--
ALTER TABLE `ost_content`
  MODIFY `id` int(10) unsigned NOT NULL AUTO_INCREMENT;
--
-- AUTO_INCREMENT pour la table `ost_contrat_media`
--
ALTER TABLE `ost_contrat_media`
  MODIFY `id` int(11) NOT NULL AUTO_INCREMENT,AUTO_INCREMENT=140;
--
-- AUTO_INCREMENT pour la table `ost_c_caisse_config`
--
ALTER TABLE `ost_c_caisse_config`
  MODIFY `id` int(11) NOT NULL AUTO_INCREMENT,AUTO_INCREMENT=2;
--
-- AUTO_INCREMENT pour la table `ost_c_sessioncaisse`
--
ALTER TABLE `ost_c_sessioncaisse`
  MODIFY `id` int(11) NOT NULL AUTO_INCREMENT,AUTO_INCREMENT=9;
--
-- AUTO_INCREMENT pour la table `ost_c_typeligne`
--
ALTER TABLE `ost_c_typeligne`
  MODIFY `id` int(11) NOT NULL AUTO_INCREMENT,AUTO_INCREMENT=4;
--
-- AUTO_INCREMENT pour la table `ost_department`
--
ALTER TABLE `ost_department`
  MODIFY `dept_id` int(11) unsigned NOT NULL AUTO_INCREMENT;
--
-- AUTO_INCREMENT pour la table `ost_devise`
--
ALTER TABLE `ost_devise`
  MODIFY `id` int(11) NOT NULL AUTO_INCREMENT;
--
-- AUTO_INCREMENT pour la table `ost_div_dossier`
--
ALTER TABLE `ost_div_dossier`
  MODIFY `id` int(11) NOT NULL AUTO_INCREMENT;
--
-- AUTO_INCREMENT pour la table `ost_div_dossier_ligne`
--
ALTER TABLE `ost_div_dossier_ligne`
  MODIFY `id` int(11) NOT NULL AUTO_INCREMENT;
--
-- AUTO_INCREMENT pour la table `ost_div_reservations`
--
ALTER TABLE `ost_div_reservations`
  MODIFY `id` int(11) NOT NULL AUTO_INCREMENT;
--
-- AUTO_INCREMENT pour la table `ost_div_reservations_ligne`
--
ALTER TABLE `ost_div_reservations_ligne`
  MODIFY `id` int(11) NOT NULL AUTO_INCREMENT;
--
-- AUTO_INCREMENT pour la table `ost_draft`
--
ALTER TABLE `ost_draft`
  MODIFY `id` int(11) unsigned NOT NULL AUTO_INCREMENT;
--
-- AUTO_INCREMENT pour la table `ost_emails`
--
ALTER TABLE `ost_emails`
  MODIFY `id` int(11) NOT NULL AUTO_INCREMENT,AUTO_INCREMENT=8;
--
-- AUTO_INCREMENT pour la table `ost_email_template`
--
ALTER TABLE `ost_email_template`
  MODIFY `id` int(11) unsigned NOT NULL AUTO_INCREMENT;
--
-- AUTO_INCREMENT pour la table `ost_email_template_group`
--
ALTER TABLE `ost_email_template_group`
  MODIFY `tpl_id` int(11) NOT NULL AUTO_INCREMENT;
--
-- AUTO_INCREMENT pour la table `ost_etat`
--
ALTER TABLE `ost_etat`
  MODIFY `id` int(11) NOT NULL AUTO_INCREMENT,AUTO_INCREMENT=7;
--
-- AUTO_INCREMENT pour la table `ost_faq`
--
ALTER TABLE `ost_faq`
  MODIFY `faq_id` int(10) unsigned NOT NULL AUTO_INCREMENT;
--
-- AUTO_INCREMENT pour la table `ost_faq_category`
--
ALTER TABLE `ost_faq_category`
  MODIFY `category_id` int(10) unsigned NOT NULL AUTO_INCREMENT;
--
-- AUTO_INCREMENT pour la table `ost_filter`
--
ALTER TABLE `ost_filter`
  MODIFY `id` int(11) unsigned NOT NULL AUTO_INCREMENT;
--
-- AUTO_INCREMENT pour la table `ost_filter_rule`
--
ALTER TABLE `ost_filter_rule`
  MODIFY `id` int(11) unsigned NOT NULL AUTO_INCREMENT;
--
-- AUTO_INCREMENT pour la table `ost_form`
--
ALTER TABLE `ost_form`
  MODIFY `id` int(11) unsigned NOT NULL AUTO_INCREMENT;
--
-- AUTO_INCREMENT pour la table `ost_form_entry`
--
ALTER TABLE `ost_form_entry`
  MODIFY `id` int(11) unsigned NOT NULL AUTO_INCREMENT;
--
-- AUTO_INCREMENT pour la table `ost_form_field`
--
ALTER TABLE `ost_form_field`
  MODIFY `id` int(11) unsigned NOT NULL AUTO_INCREMENT;
--
-- AUTO_INCREMENT pour la table `ost_front_accueil`
--
ALTER TABLE `ost_front_accueil`
  MODIFY `id` int(11) NOT NULL AUTO_INCREMENT;
--
-- AUTO_INCREMENT pour la table `ost_front_config`
--
ALTER TABLE `ost_front_config`
  MODIFY `id` int(11) NOT NULL AUTO_INCREMENT,AUTO_INCREMENT=2;
--
-- AUTO_INCREMENT pour la table `ost_front_contactinfo`
--
ALTER TABLE `ost_front_contactinfo`
  MODIFY `id` int(11) NOT NULL AUTO_INCREMENT,AUTO_INCREMENT=2;
--
-- AUTO_INCREMENT pour la table `ost_front_contactmotif`
--
ALTER TABLE `ost_front_contactmotif`
  MODIFY `id` int(11) NOT NULL AUTO_INCREMENT;
--
-- AUTO_INCREMENT pour la table `ost_front_destination`
--
ALTER TABLE `ost_front_destination`
  MODIFY `id` int(11) NOT NULL AUTO_INCREMENT,AUTO_INCREMENT=7;
--
-- AUTO_INCREMENT pour la table `ost_front_footer`
--
ALTER TABLE `ost_front_footer`
  MODIFY `id` int(11) NOT NULL AUTO_INCREMENT,AUTO_INCREMENT=2;
--
-- AUTO_INCREMENT pour la table `ost_front_location_lieuprise`
--
ALTER TABLE `ost_front_location_lieuprise`
  MODIFY `id` int(11) NOT NULL AUTO_INCREMENT,AUTO_INCREMENT=11;
--
-- AUTO_INCREMENT pour la table `ost_front_location_lieuremise`
--
ALTER TABLE `ost_front_location_lieuremise`
  MODIFY `id` int(11) NOT NULL AUTO_INCREMENT,AUTO_INCREMENT=11;
--
-- AUTO_INCREMENT pour la table `ost_front_location_voiture`
--
ALTER TABLE `ost_front_location_voiture`
  MODIFY `id` int(11) NOT NULL AUTO_INCREMENT,AUTO_INCREMENT=18;
--
-- AUTO_INCREMENT pour la table `ost_front_media_accueil`
--
ALTER TABLE `ost_front_media_accueil`
  MODIFY `id` int(11) NOT NULL AUTO_INCREMENT;
--
-- AUTO_INCREMENT pour la table `ost_front_notreselection`
--
ALTER TABLE `ost_front_notreselection`
  MODIFY `id` int(11) NOT NULL AUTO_INCREMENT,AUTO_INCREMENT=9;
--
-- AUTO_INCREMENT pour la table `ost_front_omra`
--
ALTER TABLE `ost_front_omra`
  MODIFY `id` int(11) NOT NULL AUTO_INCREMENT;
--
-- AUTO_INCREMENT pour la table `ost_front_partenaire`
--
ALTER TABLE `ost_front_partenaire`
  MODIFY `id` int(11) NOT NULL AUTO_INCREMENT,AUTO_INCREMENT=13;
--
-- AUTO_INCREMENT pour la table `ost_front_selection`
--
ALTER TABLE `ost_front_selection`
  MODIFY `id` int(11) NOT NULL AUTO_INCREMENT,AUTO_INCREMENT=15;
--
-- AUTO_INCREMENT pour la table `ost_front_silder`
--
ALTER TABLE `ost_front_silder`
  MODIFY `id` int(11) NOT NULL AUTO_INCREMENT,AUTO_INCREMENT=8;
--
-- AUTO_INCREMENT pour la table `ost_front_topdestination`
--
ALTER TABLE `ost_front_topdestination`
  MODIFY `id` int(11) NOT NULL AUTO_INCREMENT;
--
-- AUTO_INCREMENT pour la table `ost_front_topprogramme`
--
ALTER TABLE `ost_front_topprogramme`
  MODIFY `id` int(11) NOT NULL AUTO_INCREMENT;
--
-- AUTO_INCREMENT pour la table `ost_front_tvoyage`
--
ALTER TABLE `ost_front_tvoyage`
  MODIFY `id` int(11) NOT NULL AUTO_INCREMENT,AUTO_INCREMENT=5;
--
-- AUTO_INCREMENT pour la table `ost_group`
--
ALTER TABLE `ost_group`
  MODIFY `id` int(11) NOT NULL AUTO_INCREMENT,AUTO_INCREMENT=8;
--
-- AUTO_INCREMENT pour la table `ost_groups`
--
ALTER TABLE `ost_groups`
  MODIFY `group_id` int(10) unsigned NOT NULL AUTO_INCREMENT;
--
-- AUTO_INCREMENT pour la table `ost_help_topic`
--
ALTER TABLE `ost_help_topic`
  MODIFY `topic_id` int(11) unsigned NOT NULL AUTO_INCREMENT;
--
-- AUTO_INCREMENT pour la table `ost_list`
--
ALTER TABLE `ost_list`
  MODIFY `id` int(11) unsigned NOT NULL AUTO_INCREMENT;
--
-- AUTO_INCREMENT pour la table `ost_list_items`
--
ALTER TABLE `ost_list_items`
  MODIFY `id` int(11) unsigned NOT NULL AUTO_INCREMENT;
--
-- AUTO_INCREMENT pour la table `ost_maritime_dossier`
--
ALTER TABLE `ost_maritime_dossier`
  MODIFY `id` int(11) NOT NULL AUTO_INCREMENT;
--
-- AUTO_INCREMENT pour la table `ost_maritime_dossier_ligne`
--
ALTER TABLE `ost_maritime_dossier_ligne`
  MODIFY `id` int(11) NOT NULL AUTO_INCREMENT;
--
-- AUTO_INCREMENT pour la table `ost_maritime_reservation`
--
ALTER TABLE `ost_maritime_reservation`
  MODIFY `id` int(11) NOT NULL AUTO_INCREMENT,AUTO_INCREMENT=4;
--
-- AUTO_INCREMENT pour la table `ost_media`
--
ALTER TABLE `ost_media`
  MODIFY `id` int(11) NOT NULL AUTO_INCREMENT,AUTO_INCREMENT=3079;
--
-- AUTO_INCREMENT pour la table `ost_mice_configuration_voucher`
--
ALTER TABLE `ost_mice_configuration_voucher`
  MODIFY `id` int(11) NOT NULL AUTO_INCREMENT;
--
-- AUTO_INCREMENT pour la table `ost_mice_dossier`
--
ALTER TABLE `ost_mice_dossier`
  MODIFY `id` int(11) NOT NULL AUTO_INCREMENT;
--
-- AUTO_INCREMENT pour la table `ost_mice_dossier_ligne`
--
ALTER TABLE `ost_mice_dossier_ligne`
  MODIFY `id` int(11) NOT NULL AUTO_INCREMENT;
--
-- AUTO_INCREMENT pour la table `ost_mice_reservations`
--
ALTER TABLE `ost_mice_reservations`
  MODIFY `id` int(11) NOT NULL AUTO_INCREMENT;
--
-- AUTO_INCREMENT pour la table `ost_mice_services`
--
ALTER TABLE `ost_mice_services`
  MODIFY `id` int(11) NOT NULL AUTO_INCREMENT;
--
-- AUTO_INCREMENT pour la table `ost_mice_type_services`
--
ALTER TABLE `ost_mice_type_services`
  MODIFY `id` int(11) NOT NULL AUTO_INCREMENT;
--
-- AUTO_INCREMENT pour la table `ost_modalite_paiement`
--
ALTER TABLE `ost_modalite_paiement`
  MODIFY `id` int(11) NOT NULL AUTO_INCREMENT,AUTO_INCREMENT=2;
--
-- AUTO_INCREMENT pour la table `ost_note`
--
ALTER TABLE `ost_note`
  MODIFY `id` int(11) unsigned NOT NULL AUTO_INCREMENT;
--
-- AUTO_INCREMENT pour la table `ost_organization`
--
ALTER TABLE `ost_organization`
  MODIFY `id` int(11) unsigned NOT NULL AUTO_INCREMENT;
--
-- AUTO_INCREMENT pour la table `ost_periodes`
--
ALTER TABLE `ost_periodes`
  MODIFY `id` int(11) NOT NULL AUTO_INCREMENT,AUTO_INCREMENT=5698;
--
-- AUTO_INCREMENT pour la table `ost_plugin`
--
ALTER TABLE `ost_plugin`
  MODIFY `id` int(11) unsigned NOT NULL AUTO_INCREMENT;
--
-- AUTO_INCREMENT pour la table `ost_pointvente`
--
ALTER TABLE `ost_pointvente`
  MODIFY `id` int(11) NOT NULL AUTO_INCREMENT,AUTO_INCREMENT=4;
--
-- AUTO_INCREMENT pour la table `ost_produit`
--
ALTER TABLE `ost_produit`
  MODIFY `id` int(11) NOT NULL AUTO_INCREMENT,AUTO_INCREMENT=13;
--
-- AUTO_INCREMENT pour la table `ost_pr_configuration_voucher`
--
ALTER TABLE `ost_pr_configuration_voucher`
  MODIFY `id` int(11) NOT NULL AUTO_INCREMENT;
--
-- AUTO_INCREMENT pour la table `ost_pr_descriptions`
--
ALTER TABLE `ost_pr_descriptions`
  MODIFY `id` int(11) NOT NULL AUTO_INCREMENT,AUTO_INCREMENT=149;
--
-- AUTO_INCREMENT pour la table `ost_pr_dossier`
--
ALTER TABLE `ost_pr_dossier`
  MODIFY `id` int(11) NOT NULL AUTO_INCREMENT;
--
-- AUTO_INCREMENT pour la table `ost_pr_dossier_ligne`
--
ALTER TABLE `ost_pr_dossier_ligne`
  MODIFY `id` int(11) NOT NULL AUTO_INCREMENT;
--
-- AUTO_INCREMENT pour la table `ost_pr_info_pratiques`
--
ALTER TABLE `ost_pr_info_pratiques`
  MODIFY `id` int(11) NOT NULL AUTO_INCREMENT,AUTO_INCREMENT=7;
--
-- AUTO_INCREMENT pour la table `ost_pr_ligne`
--
ALTER TABLE `ost_pr_ligne`
  MODIFY `id` int(11) NOT NULL AUTO_INCREMENT;
--
-- AUTO_INCREMENT pour la table `ost_pr_periodes`
--
ALTER TABLE `ost_pr_periodes`
  MODIFY `id` int(11) NOT NULL AUTO_INCREMENT,AUTO_INCREMENT=72;
--
-- AUTO_INCREMENT pour la table `ost_pr_photos`
--
ALTER TABLE `ost_pr_photos`
  MODIFY `id` int(11) NOT NULL AUTO_INCREMENT,AUTO_INCREMENT=294;
--
-- AUTO_INCREMENT pour la table `ost_pr_programmes`
--
ALTER TABLE `ost_pr_programmes`
  MODIFY `id` int(11) NOT NULL AUTO_INCREMENT,AUTO_INCREMENT=51;
--
-- AUTO_INCREMENT pour la table `ost_pr_reservations`
--
ALTER TABLE `ost_pr_reservations`
  MODIFY `id` int(11) NOT NULL AUTO_INCREMENT,AUTO_INCREMENT=10;
--
-- AUTO_INCREMENT pour la table `ost_pr_reservations_lignes`
--
ALTER TABLE `ost_pr_reservations_lignes`
  MODIFY `id` int(11) NOT NULL AUTO_INCREMENT,AUTO_INCREMENT=18;
--
-- AUTO_INCREMENT pour la table `ost_pr_reservation_personnes`
--
ALTER TABLE `ost_pr_reservation_personnes`
  MODIFY `id` int(11) NOT NULL AUTO_INCREMENT,AUTO_INCREMENT=18;
--
-- AUTO_INCREMENT pour la table `ost_pr_themes`
--
ALTER TABLE `ost_pr_themes`
  MODIFY `id` int(11) NOT NULL AUTO_INCREMENT,AUTO_INCREMENT=8;
--
-- AUTO_INCREMENT pour la table `ost_pr_themes_categories`
--
ALTER TABLE `ost_pr_themes_categories`
  MODIFY `id` int(11) NOT NULL AUTO_INCREMENT,AUTO_INCREMENT=4;
--
-- AUTO_INCREMENT pour la table `ost_resa_resarvation`
--
ALTER TABLE `ost_resa_resarvation`
  MODIFY `id` int(11) NOT NULL AUTO_INCREMENT;
--
-- AUTO_INCREMENT pour la table `ost_seo`
--
ALTER TABLE `ost_seo`
  MODIFY `id` int(11) NOT NULL AUTO_INCREMENT,AUTO_INCREMENT=2;
--
-- AUTO_INCREMENT pour la table `ost_sequence`
--
ALTER TABLE `ost_sequence`
  MODIFY `id` int(11) unsigned NOT NULL AUTO_INCREMENT;
--
-- AUTO_INCREMENT pour la table `ost_she_reservation`
--
ALTER TABLE `ost_she_reservation`
  MODIFY `id` int(11) NOT NULL AUTO_INCREMENT;
--
-- AUTO_INCREMENT pour la table `ost_she_reservation_ligne`
--
ALTER TABLE `ost_she_reservation_ligne`
  MODIFY `id` int(11) NOT NULL AUTO_INCREMENT;
--
-- AUTO_INCREMENT pour la table `ost_sht_amenagement`
--
ALTER TABLE `ost_sht_amenagement`
  MODIFY `id` int(11) NOT NULL AUTO_INCREMENT,AUTO_INCREMENT=165;
--
-- AUTO_INCREMENT pour la table `ost_sht_arrangement`
--
ALTER TABLE `ost_sht_arrangement`
  MODIFY `id` int(11) NOT NULL AUTO_INCREMENT,AUTO_INCREMENT=17;
--
-- AUTO_INCREMENT pour la table `ost_sht_categorie`
--
ALTER TABLE `ost_sht_categorie`
  MODIFY `id` int(11) NOT NULL AUTO_INCREMENT,AUTO_INCREMENT=16;
--
-- AUTO_INCREMENT pour la table `ost_sht_chaine`
--
ALTER TABLE `ost_sht_chaine`
  MODIFY `id` int(11) NOT NULL AUTO_INCREMENT,AUTO_INCREMENT=49;
--
-- AUTO_INCREMENT pour la table `ost_sht_chambre`
--
ALTER TABLE `ost_sht_chambre`
  MODIFY `id` int(11) NOT NULL AUTO_INCREMENT,AUTO_INCREMENT=206;
--
-- AUTO_INCREMENT pour la table `ost_sht_configuration_payement`
--
ALTER TABLE `ost_sht_configuration_payement`
  MODIFY `id` int(11) NOT NULL AUTO_INCREMENT,AUTO_INCREMENT=2;
--
-- AUTO_INCREMENT pour la table `ost_sht_configuration_remise_internet`
--
ALTER TABLE `ost_sht_configuration_remise_internet`
  MODIFY `id` int(11) NOT NULL AUTO_INCREMENT,AUTO_INCREMENT=2;
--
-- AUTO_INCREMENT pour la table `ost_sht_configuration_voucher`
--
ALTER TABLE `ost_sht_configuration_voucher`
  MODIFY `id` int(11) NOT NULL AUTO_INCREMENT,AUTO_INCREMENT=2;
--
-- AUTO_INCREMENT pour la table `ost_sht_contrat`
--
ALTER TABLE `ost_sht_contrat`
  MODIFY `id` int(11) NOT NULL AUTO_INCREMENT,AUTO_INCREMENT=849;
--
-- AUTO_INCREMENT pour la table `ost_sht_dossier`
--
ALTER TABLE `ost_sht_dossier`
  MODIFY `id` int(11) NOT NULL AUTO_INCREMENT,AUTO_INCREMENT=16;
--
-- AUTO_INCREMENT pour la table `ost_sht_dossier_ligne`
--
ALTER TABLE `ost_sht_dossier_ligne`
  MODIFY `id` int(11) NOT NULL AUTO_INCREMENT,AUTO_INCREMENT=16;
--
-- AUTO_INCREMENT pour la table `ost_sht_dossier_ligne_she`
--
ALTER TABLE `ost_sht_dossier_ligne_she`
  MODIFY `id` int(11) NOT NULL AUTO_INCREMENT;
--
-- AUTO_INCREMENT pour la table `ost_sht_dossier_she`
--
ALTER TABLE `ost_sht_dossier_she`
  MODIFY `id` int(11) NOT NULL AUTO_INCREMENT;
--
-- AUTO_INCREMENT pour la table `ost_sht_fichetechnique`
--
ALTER TABLE `ost_sht_fichetechnique`
  MODIFY `id` int(11) NOT NULL AUTO_INCREMENT,AUTO_INCREMENT=302;
--
-- AUTO_INCREMENT pour la table `ost_sht_frais_dossier`
--
ALTER TABLE `ost_sht_frais_dossier`
  MODIFY `id` int(11) NOT NULL AUTO_INCREMENT,AUTO_INCREMENT=3;
--
-- AUTO_INCREMENT pour la table `ost_sht_hotels`
--
ALTER TABLE `ost_sht_hotels`
  MODIFY `id` int(11) NOT NULL AUTO_INCREMENT,AUTO_INCREMENT=331;
--
-- AUTO_INCREMENT pour la table `ost_sht_hotelschambre`
--
ALTER TABLE `ost_sht_hotelschambre`
  MODIFY `id` int(11) NOT NULL AUTO_INCREMENT,AUTO_INCREMENT=587;
--
-- AUTO_INCREMENT pour la table `ost_sht_hotels_stopsales`
--
ALTER TABLE `ost_sht_hotels_stopsales`
  MODIFY `id` int(11) NOT NULL AUTO_INCREMENT,AUTO_INCREMENT=38;
--
-- AUTO_INCREMENT pour la table `ost_sht_localistion`
--
ALTER TABLE `ost_sht_localistion`
  MODIFY `id` int(11) NOT NULL AUTO_INCREMENT,AUTO_INCREMENT=13;
--
-- AUTO_INCREMENT pour la table `ost_sht_option`
--
ALTER TABLE `ost_sht_option`
  MODIFY `id` int(11) NOT NULL AUTO_INCREMENT,AUTO_INCREMENT=15;
--
-- AUTO_INCREMENT pour la table `ost_sht_pays`
--
ALTER TABLE `ost_sht_pays`
  MODIFY `id` int(11) NOT NULL AUTO_INCREMENT,AUTO_INCREMENT=239;
--
-- AUTO_INCREMENT pour la table `ost_sht_reduction`
--
ALTER TABLE `ost_sht_reduction`
  MODIFY `id` int(11) NOT NULL AUTO_INCREMENT,AUTO_INCREMENT=32;
--
-- AUTO_INCREMENT pour la table `ost_sht_region`
--
ALTER TABLE `ost_sht_region`
  MODIFY `id` int(11) NOT NULL AUTO_INCREMENT,AUTO_INCREMENT=35;
--
-- AUTO_INCREMENT pour la table `ost_sht_reservation`
--
ALTER TABLE `ost_sht_reservation`
  MODIFY `id` int(11) NOT NULL AUTO_INCREMENT,AUTO_INCREMENT=566;
--
-- AUTO_INCREMENT pour la table `ost_sht_reservation_chambre`
--
ALTER TABLE `ost_sht_reservation_chambre`
  MODIFY `id` int(11) NOT NULL AUTO_INCREMENT,AUTO_INCREMENT=729;
--
-- AUTO_INCREMENT pour la table `ost_sht_reservation_chambre_jour`
--
ALTER TABLE `ost_sht_reservation_chambre_jour`
  MODIFY `id` int(11) NOT NULL AUTO_INCREMENT,AUTO_INCREMENT=1328;
--
-- AUTO_INCREMENT pour la table `ost_sht_reservation_jour`
--
ALTER TABLE `ost_sht_reservation_jour`
  MODIFY `id` int(11) NOT NULL AUTO_INCREMENT,AUTO_INCREMENT=3434;
--
-- AUTO_INCREMENT pour la table `ost_sht_reservation_ligne`
--
ALTER TABLE `ost_sht_reservation_ligne`
  MODIFY `id` int(11) NOT NULL AUTO_INCREMENT,AUTO_INCREMENT=6719;
--
-- AUTO_INCREMENT pour la table `ost_sht_reservation_personne`
--
ALTER TABLE `ost_sht_reservation_personne`
  MODIFY `id` int(11) NOT NULL AUTO_INCREMENT,AUTO_INCREMENT=1542;
--
-- AUTO_INCREMENT pour la table `ost_sht_saison`
--
ALTER TABLE `ost_sht_saison`
  MODIFY `id` int(11) NOT NULL AUTO_INCREMENT,AUTO_INCREMENT=4616;
--
-- AUTO_INCREMENT pour la table `ost_sht_saison_arrangement`
--
ALTER TABLE `ost_sht_saison_arrangement`
  MODIFY `id` int(11) NOT NULL AUTO_INCREMENT,AUTO_INCREMENT=9557;
--
-- AUTO_INCREMENT pour la table `ost_sht_saison_autresreduc`
--
ALTER TABLE `ost_sht_saison_autresreduc`
  MODIFY `id` int(11) NOT NULL AUTO_INCREMENT,AUTO_INCREMENT=51;
--
-- AUTO_INCREMENT pour la table `ost_sht_saison_autressupp`
--
ALTER TABLE `ost_sht_saison_autressupp`
  MODIFY `id` int(11) NOT NULL AUTO_INCREMENT,AUTO_INCREMENT=1577;
--
-- AUTO_INCREMENT pour la table `ost_sht_saison_chambres`
--
ALTER TABLE `ost_sht_saison_chambres`
  MODIFY `id` int(11) NOT NULL AUTO_INCREMENT,AUTO_INCREMENT=19190;
--
-- AUTO_INCREMENT pour la table `ost_sht_saison_chambres_frais`
--
ALTER TABLE `ost_sht_saison_chambres_frais`
  MODIFY `id` int(11) NOT NULL AUTO_INCREMENT,AUTO_INCREMENT=306;
--
-- AUTO_INCREMENT pour la table `ost_sht_saison_chambres_frais_lignes`
--
ALTER TABLE `ost_sht_saison_chambres_frais_lignes`
  MODIFY `id` int(11) NOT NULL AUTO_INCREMENT,AUTO_INCREMENT=1639;
--
-- AUTO_INCREMENT pour la table `ost_sht_saison_contingent`
--
ALTER TABLE `ost_sht_saison_contingent`
  MODIFY `id` int(11) NOT NULL AUTO_INCREMENT;
--
-- AUTO_INCREMENT pour la table `ost_sht_saison_reduc`
--
ALTER TABLE `ost_sht_saison_reduc`
  MODIFY `id` int(11) NOT NULL AUTO_INCREMENT,AUTO_INCREMENT=4597;
--
-- AUTO_INCREMENT pour la table `ost_sht_saison_supp`
--
ALTER TABLE `ost_sht_saison_supp`
  MODIFY `id` int(11) NOT NULL AUTO_INCREMENT,AUTO_INCREMENT=4597;
--
-- AUTO_INCREMENT pour la table `ost_sht_saison_suppchambres`
--
ALTER TABLE `ost_sht_saison_suppchambres`
  MODIFY `id` int(11) NOT NULL AUTO_INCREMENT,AUTO_INCREMENT=3577;
--
-- AUTO_INCREMENT pour la table `ost_sht_saison_vue`
--
ALTER TABLE `ost_sht_saison_vue`
  MODIFY `id` int(11) NOT NULL AUTO_INCREMENT,AUTO_INCREMENT=2662;
--
-- AUTO_INCREMENT pour la table `ost_sht_saison_weekend`
--
ALTER TABLE `ost_sht_saison_weekend`
  MODIFY `id` int(11) NOT NULL AUTO_INCREMENT,AUTO_INCREMENT=124;
--
-- AUTO_INCREMENT pour la table `ost_sht_saison_weekend_lignes`
--
ALTER TABLE `ost_sht_saison_weekend_lignes`
  MODIFY `id` int(11) NOT NULL AUTO_INCREMENT,AUTO_INCREMENT=320;
--
-- AUTO_INCREMENT pour la table `ost_sht_supplement`
--
ALTER TABLE `ost_sht_supplement`
  MODIFY `id` int(11) NOT NULL AUTO_INCREMENT,AUTO_INCREMENT=66;
--
-- AUTO_INCREMENT pour la table `ost_sht_tag`
--
ALTER TABLE `ost_sht_tag`
  MODIFY `id` int(11) NOT NULL AUTO_INCREMENT,AUTO_INCREMENT=27;
--
-- AUTO_INCREMENT pour la table `ost_sht_theme`
--
ALTER TABLE `ost_sht_theme`
  MODIFY `id` int(11) NOT NULL AUTO_INCREMENT,AUTO_INCREMENT=30;
--
-- AUTO_INCREMENT pour la table `ost_sht_theme_categorie`
--
ALTER TABLE `ost_sht_theme_categorie`
  MODIFY `id` int(11) NOT NULL AUTO_INCREMENT;
--
-- AUTO_INCREMENT pour la table `ost_sht_type_amenagement`
--
ALTER TABLE `ost_sht_type_amenagement`
  MODIFY `id` int(11) NOT NULL AUTO_INCREMENT,AUTO_INCREMENT=13;
--
-- AUTO_INCREMENT pour la table `ost_sht_ville`
--
ALTER TABLE `ost_sht_ville`
  MODIFY `id` int(11) NOT NULL AUTO_INCREMENT,AUTO_INCREMENT=78;
--
-- AUTO_INCREMENT pour la table `ost_sht_vue`
--
ALTER TABLE `ost_sht_vue`
  MODIFY `id` int(11) NOT NULL AUTO_INCREMENT,AUTO_INCREMENT=20;
--
-- AUTO_INCREMENT pour la table `ost_sla`
--
ALTER TABLE `ost_sla`
  MODIFY `id` int(11) unsigned NOT NULL AUTO_INCREMENT;
--
-- AUTO_INCREMENT pour la table `ost_sous_etat`
--
ALTER TABLE `ost_sous_etat`
  MODIFY `id` int(11) NOT NULL AUTO_INCREMENT,AUTO_INCREMENT=12;
--
-- AUTO_INCREMENT pour la table `ost_syslog`
--
ALTER TABLE `ost_syslog`
  MODIFY `log_id` int(11) unsigned NOT NULL AUTO_INCREMENT;
--
-- AUTO_INCREMENT pour la table `ost_team`
--
ALTER TABLE `ost_team`
  MODIFY `team_id` int(10) unsigned NOT NULL AUTO_INCREMENT;
--
-- AUTO_INCREMENT pour la table `ost_ticket`
--
ALTER TABLE `ost_ticket`
  MODIFY `ticket_id` int(11) unsigned NOT NULL AUTO_INCREMENT;
--
-- AUTO_INCREMENT pour la table `ost_ticket_attachment`
--
ALTER TABLE `ost_ticket_attachment`
  MODIFY `attach_id` int(11) unsigned NOT NULL AUTO_INCREMENT;
--
-- AUTO_INCREMENT pour la table `ost_ticket_collaborator`
--
ALTER TABLE `ost_ticket_collaborator`
  MODIFY `id` int(11) unsigned NOT NULL AUTO_INCREMENT;
--
-- AUTO_INCREMENT pour la table `ost_ticket_email_info`
--
ALTER TABLE `ost_ticket_email_info`
  MODIFY `id` int(11) unsigned NOT NULL AUTO_INCREMENT;
--
-- AUTO_INCREMENT pour la table `ost_ticket_lock`
--
ALTER TABLE `ost_ticket_lock`
  MODIFY `lock_id` int(11) unsigned NOT NULL AUTO_INCREMENT;
--
-- AUTO_INCREMENT pour la table `ost_ticket_priority`
--
ALTER TABLE `ost_ticket_priority`
  MODIFY `priority_id` tinyint(4) NOT NULL AUTO_INCREMENT;
--
-- AUTO_INCREMENT pour la table `ost_ticket_status`
--
ALTER TABLE `ost_ticket_status`
  MODIFY `id` int(11) NOT NULL AUTO_INCREMENT;
--
-- AUTO_INCREMENT pour la table `ost_ticket_thread`
--
ALTER TABLE `ost_ticket_thread`
  MODIFY `id` int(11) unsigned NOT NULL AUTO_INCREMENT;
--
-- AUTO_INCREMENT pour la table `ost_timezone`
--
ALTER TABLE `ost_timezone`
  MODIFY `id` int(11) unsigned NOT NULL AUTO_INCREMENT,AUTO_INCREMENT=31;
--
-- AUTO_INCREMENT pour la table `ost_transfert_reservation_ligne`
--
ALTER TABLE `ost_transfert_reservation_ligne`
  MODIFY `id` int(11) NOT NULL AUTO_INCREMENT;
--
-- AUTO_INCREMENT pour la table `ost_transfer_reservation`
--
ALTER TABLE `ost_transfer_reservation`
  MODIFY `id` int(11) NOT NULL AUTO_INCREMENT;
--
-- AUTO_INCREMENT pour la table `ost_tsk_etat`
--
ALTER TABLE `ost_tsk_etat`
  MODIFY `id` int(11) NOT NULL AUTO_INCREMENT;
--
-- AUTO_INCREMENT pour la table `ost_tsk_notification`
--
ALTER TABLE `ost_tsk_notification`
  MODIFY `id` int(11) NOT NULL AUTO_INCREMENT;
--
-- AUTO_INCREMENT pour la table `ost_tsk_priority`
--
ALTER TABLE `ost_tsk_priority`
  MODIFY `id` int(11) NOT NULL AUTO_INCREMENT;
--
-- AUTO_INCREMENT pour la table `ost_tsk_task`
--
ALTER TABLE `ost_tsk_task`
  MODIFY `id` int(11) NOT NULL AUTO_INCREMENT;
--
-- AUTO_INCREMENT pour la table `ost_tsk_taskslog`
--
ALTER TABLE `ost_tsk_taskslog`
  MODIFY `id` int(11) NOT NULL AUTO_INCREMENT;
--
-- AUTO_INCREMENT pour la table `ost_tsk_type`
--
ALTER TABLE `ost_tsk_type`
  MODIFY `id` int(11) NOT NULL AUTO_INCREMENT;
--
-- AUTO_INCREMENT pour la table `ost_tva`
--
ALTER TABLE `ost_tva`
  MODIFY `id` int(11) NOT NULL AUTO_INCREMENT,AUTO_INCREMENT=4;
--
-- AUTO_INCREMENT pour la table `ost_type_activite`
--
ALTER TABLE `ost_type_activite`
  MODIFY `id` int(11) NOT NULL AUTO_INCREMENT;
--
-- AUTO_INCREMENT pour la table `ost_user_gouvernorat`
--
ALTER TABLE `ost_user_gouvernorat`
  MODIFY `id` int(11) NOT NULL AUTO_INCREMENT;
--
-- AUTO_INCREMENT pour la table `ost_user_logo`
--
ALTER TABLE `ost_user_logo`
  MODIFY `id` int(11) NOT NULL AUTO_INCREMENT;
--
-- AUTO_INCREMENT pour la table `ost_vo_chambre`
--
ALTER TABLE `ost_vo_chambre`
  MODIFY `id` int(11) NOT NULL AUTO_INCREMENT,AUTO_INCREMENT=10;
--
-- AUTO_INCREMENT pour la table `ost_vo_company`
--
ALTER TABLE `ost_vo_company`
  MODIFY `id` int(11) NOT NULL AUTO_INCREMENT,AUTO_INCREMENT=2;
--
-- AUTO_INCREMENT pour la table `ost_vo_configuration_voucher`
--
ALTER TABLE `ost_vo_configuration_voucher`
  MODIFY `id` int(11) NOT NULL AUTO_INCREMENT;
--
-- AUTO_INCREMENT pour la table `ost_vo_contingents`
--
ALTER TABLE `ost_vo_contingents`
  MODIFY `id` int(11) NOT NULL AUTO_INCREMENT,AUTO_INCREMENT=2;
--
-- AUTO_INCREMENT pour la table `ost_vo_descriptions`
--
ALTER TABLE `ost_vo_descriptions`
  MODIFY `id` int(11) NOT NULL AUTO_INCREMENT,AUTO_INCREMENT=407;
--
-- AUTO_INCREMENT pour la table `ost_vo_destinations`
--
ALTER TABLE `ost_vo_destinations`
  MODIFY `id` int(11) NOT NULL AUTO_INCREMENT,AUTO_INCREMENT=30;
--
-- AUTO_INCREMENT pour la table `ost_vo_dossier`
--
ALTER TABLE `ost_vo_dossier`
  MODIFY `id` int(11) NOT NULL AUTO_INCREMENT,AUTO_INCREMENT=2;
--
-- AUTO_INCREMENT pour la table `ost_vo_dossier_ligne`
--
ALTER TABLE `ost_vo_dossier_ligne`
  MODIFY `id` int(11) NOT NULL AUTO_INCREMENT;
--
-- AUTO_INCREMENT pour la table `ost_vo_hotel`
--
ALTER TABLE `ost_vo_hotel`
  MODIFY `id` int(11) NOT NULL AUTO_INCREMENT,AUTO_INCREMENT=132;
--
-- AUTO_INCREMENT pour la table `ost_vo_info_pratiques`
--
ALTER TABLE `ost_vo_info_pratiques`
  MODIFY `id` int(11) NOT NULL AUTO_INCREMENT;
--
-- AUTO_INCREMENT pour la table `ost_vo_ligne`
--
ALTER TABLE `ost_vo_ligne`
  MODIFY `id` int(11) NOT NULL AUTO_INCREMENT,AUTO_INCREMENT=11;
--
-- AUTO_INCREMENT pour la table `ost_vo_packs`
--
ALTER TABLE `ost_vo_packs`
  MODIFY `id` int(11) NOT NULL AUTO_INCREMENT,AUTO_INCREMENT=78;
--
-- AUTO_INCREMENT pour la table `ost_vo_periodes`
--
ALTER TABLE `ost_vo_periodes`
  MODIFY `id` int(11) NOT NULL AUTO_INCREMENT,AUTO_INCREMENT=86;
--
-- AUTO_INCREMENT pour la table `ost_vo_photos`
--
ALTER TABLE `ost_vo_photos`
  MODIFY `id` int(11) NOT NULL AUTO_INCREMENT,AUTO_INCREMENT=140;
--
-- AUTO_INCREMENT pour la table `ost_vo_plan_voyage`
--
ALTER TABLE `ost_vo_plan_voyage`
  MODIFY `id` int(11) NOT NULL AUTO_INCREMENT,AUTO_INCREMENT=10;
--
-- AUTO_INCREMENT pour la table `ost_vo_reservations`
--
ALTER TABLE `ost_vo_reservations`
  MODIFY `id` int(11) NOT NULL AUTO_INCREMENT,AUTO_INCREMENT=5;
--
-- AUTO_INCREMENT pour la table `ost_vo_reservations_chambres`
--
ALTER TABLE `ost_vo_reservations_chambres`
  MODIFY `id` int(11) NOT NULL AUTO_INCREMENT,AUTO_INCREMENT=7;
--
-- AUTO_INCREMENT pour la table `ost_vo_reservations_lignes`
--
ALTER TABLE `ost_vo_reservations_lignes`
  MODIFY `id` int(11) NOT NULL AUTO_INCREMENT,AUTO_INCREMENT=11;
--
-- AUTO_INCREMENT pour la table `ost_vo_reservation_gestion_etats`
--
ALTER TABLE `ost_vo_reservation_gestion_etats`
  MODIFY `id` int(11) NOT NULL AUTO_INCREMENT;
--
-- AUTO_INCREMENT pour la table `ost_vo_reservation_personnes`
--
ALTER TABLE `ost_vo_reservation_personnes`
  MODIFY `id` int(11) NOT NULL AUTO_INCREMENT,AUTO_INCREMENT=11;
--
-- AUTO_INCREMENT pour la table `ost_vo_reservation_personne_billets`
--
ALTER TABLE `ost_vo_reservation_personne_billets`
  MODIFY `id` int(11) NOT NULL AUTO_INCREMENT;
--
-- AUTO_INCREMENT pour la table `ost_vo_reservation_personne_billets_logs`
--
ALTER TABLE `ost_vo_reservation_personne_billets_logs`
  MODIFY `id` int(11) NOT NULL AUTO_INCREMENT;
--
-- AUTO_INCREMENT pour la table `ost_vo_reservation_personne_hotels`
--
ALTER TABLE `ost_vo_reservation_personne_hotels`
  MODIFY `id` int(11) NOT NULL AUTO_INCREMENT;
--
-- AUTO_INCREMENT pour la table `ost_vo_reservation_personne_hotels_logs`
--
ALTER TABLE `ost_vo_reservation_personne_hotels_logs`
  MODIFY `id` int(11) NOT NULL AUTO_INCREMENT;
--
-- AUTO_INCREMENT pour la table `ost_vo_reservation_personne_visas`
--
ALTER TABLE `ost_vo_reservation_personne_visas`
  MODIFY `id` int(11) NOT NULL AUTO_INCREMENT,AUTO_INCREMENT=2;
--
-- AUTO_INCREMENT pour la table `ost_vo_reservation_personne_visas_logs`
--
ALTER TABLE `ost_vo_reservation_personne_visas_logs`
  MODIFY `id` int(11) NOT NULL AUTO_INCREMENT;
--
-- AUTO_INCREMENT pour la table `ost_vo_themes`
--
ALTER TABLE `ost_vo_themes`
  MODIFY `id` int(11) NOT NULL AUTO_INCREMENT,AUTO_INCREMENT=18;
--
-- AUTO_INCREMENT pour la table `ost_vo_themes_categories`
--
ALTER TABLE `ost_vo_themes_categories`
  MODIFY `id` int(11) NOT NULL AUTO_INCREMENT,AUTO_INCREMENT=7;
--
-- AUTO_INCREMENT pour la table `ost_vo_visas`
--
ALTER TABLE `ost_vo_visas`
  MODIFY `id` int(11) NOT NULL AUTO_INCREMENT;
--
-- AUTO_INCREMENT pour la table `ost_vo_voyages`
--
ALTER TABLE `ost_vo_voyages`
  MODIFY `id` int(11) NOT NULL AUTO_INCREMENT,AUTO_INCREMENT=61;
--
-- Contraintes pour les tables exportées
--

--
-- Contraintes pour la table `ConfigurationCaisse`
--
ALTER TABLE `ConfigurationCaisse`
  ADD CONSTRAINT `FK_87B20AA35FAD855C` FOREIGN KEY (`movCredit_id`) REFERENCES `ost_c_typeligne` (`id`),
  ADD CONSTRAINT `FK_87B20AA38B88B0A0` FOREIGN KEY (`movDebit_id`) REFERENCES `ost_c_typeligne` (`id`);

--
-- Contraintes pour la table `ost_agence`
--
ALTER TABLE `ost_agence`
  ADD CONSTRAINT `FK_22CCF5A5B73A3B7` FOREIGN KEY (`cachetNumrique_id`) REFERENCES `ost_agence_cachetnumerique` (`id`),
  ADD CONSTRAINT `FK_22CCF5A5F2A4DFE3` FOREIGN KEY (`impressionBackground_id`) REFERENCES `ost_agence_impression_background` (`id`);

--
-- Contraintes pour la table `ost_amicale_produit`
--
ALTER TABLE `ost_amicale_produit`
  ADD CONSTRAINT `FK_E2087EBCDA6E7061` FOREIGN KEY (`id_amicale`) REFERENCES `ost_amicale` (`id`),
  ADD CONSTRAINT `FK_E2087EBCF7384557` FOREIGN KEY (`id_produit`) REFERENCES `ost_produit` (`id`);

--
-- Contraintes pour la table `ost_be_centre`
--
ALTER TABLE `ost_be_centre`
  ADD CONSTRAINT `FK_3BA6332C3243BB18` FOREIGN KEY (`hotel_id`) REFERENCES `ost_sht_hotels` (`id`) ON DELETE CASCADE,
  ADD CONSTRAINT `FK_3BA6332CA73F0036` FOREIGN KEY (`ville_id`) REFERENCES `ost_sht_ville` (`id`);

--
-- Contraintes pour la table `ost_be_dossier`
--
ALTER TABLE `ost_be_dossier`
  ADD CONSTRAINT `FK_2F020FBEF347EFB` FOREIGN KEY (`produit_id`) REFERENCES `ost_be_produit` (`id`);

--
-- Contraintes pour la table `ost_be_dossier_ligne`
--
ALTER TABLE `ost_be_dossier_ligne`
  ADD CONSTRAINT `FK_E6401B9D13DD0342` FOREIGN KEY (`impaye_id`) REFERENCES `ost_com_impaye` (`id`),
  ADD CONSTRAINT `FK_E6401B9D4D79775F` FOREIGN KEY (`tva_id`) REFERENCES `ost_tva` (`id`),
  ADD CONSTRAINT `FK_E6401B9D56DF0769` FOREIGN KEY (`factureFournisseur_id`) REFERENCES `ost_com_facture_fournisseur` (`id`),
  ADD CONSTRAINT `FK_E6401B9D611C0C56` FOREIGN KEY (`dossier_id`) REFERENCES `ost_be_dossier` (`id`) ON DELETE CASCADE,
  ADD CONSTRAINT `FK_E6401B9D670C757F` FOREIGN KEY (`fournisseur_id`) REFERENCES `ost_com_fournisseur` (`id`);

--
-- Contraintes pour la table `ost_be_dossier_reservations`
--
ALTER TABLE `ost_be_dossier_reservations`
  ADD CONSTRAINT `FK_934D7AF5611C0C56` FOREIGN KEY (`dossier_id`) REFERENCES `ost_be_dossier` (`id`) ON DELETE CASCADE,
  ADD CONSTRAINT `FK_934D7AF5B83297E7` FOREIGN KEY (`reservation_id`) REFERENCES `ost_be_reservations` (`id`) ON DELETE CASCADE;

--
-- Contraintes pour la table `ost_be_photo`
--
ALTER TABLE `ost_be_photo`
  ADD CONSTRAINT `FK_7097A702E0975F98` FOREIGN KEY (`id_centre`) REFERENCES `ost_be_centre` (`id`) ON DELETE CASCADE,
  ADD CONSTRAINT `FK_7097A702F347EFB` FOREIGN KEY (`produit_id`) REFERENCES `ost_be_produit` (`id`) ON DELETE CASCADE;

--
-- Contraintes pour la table `ost_be_produit_centre`
--
ALTER TABLE `ost_be_produit_centre`
  ADD CONSTRAINT `FK_233DF8C5463CD7C3` FOREIGN KEY (`centre_id`) REFERENCES `ost_be_centre` (`id`),
  ADD CONSTRAINT `FK_233DF8C5F347EFB` FOREIGN KEY (`produit_id`) REFERENCES `ost_be_produit` (`id`);

--
-- Contraintes pour la table `ost_be_reservations`
--
ALTER TABLE `ost_be_reservations`
  ADD CONSTRAINT `FK_375E597119EB6921` FOREIGN KEY (`client_id`) REFERENCES `ost_client` (`id`) ON DELETE CASCADE,
  ADD CONSTRAINT `FK_375E5971357C0A59` FOREIGN KEY (`tarif_id`) REFERENCES `ost_be_tarif` (`id`),
  ADD CONSTRAINT `FK_375E5971463CD7C3` FOREIGN KEY (`centre_id`) REFERENCES `ost_be_centre` (`id`),
  ADD CONSTRAINT `FK_375E597153C59D72` FOREIGN KEY (`responsable_id`) REFERENCES `ost_user` (`id`),
  ADD CONSTRAINT `FK_375E5971F06C2258` FOREIGN KEY (`responsableAmicale_id`) REFERENCES `ost_client` (`id`),
  ADD CONSTRAINT `FK_375E5971F347EFB` FOREIGN KEY (`produit_id`) REFERENCES `ost_be_produit` (`id`),
  ADD CONSTRAINT `FK_375E5971FEBD183` FOREIGN KEY (`amicale_id`) REFERENCES `ost_amicale` (`id`);

--
-- Contraintes pour la table `ost_be_tarif`
--
ALTER TABLE `ost_be_tarif`
  ADD CONSTRAINT `FK_6A51AAD3F347EFB` FOREIGN KEY (`produit_id`) REFERENCES `ost_be_produit` (`id`) ON DELETE CASCADE;

--
-- Contraintes pour la table `ost_billetterie_dossier_ligne`
--
ALTER TABLE `ost_billetterie_dossier_ligne`
  ADD CONSTRAINT `FK_FF7F974D13DD0342` FOREIGN KEY (`impaye_id`) REFERENCES `ost_com_impaye` (`id`),
  ADD CONSTRAINT `FK_FF7F974D4D79775F` FOREIGN KEY (`tva_id`) REFERENCES `ost_tva` (`id`),
  ADD CONSTRAINT `FK_FF7F974D56DF0769` FOREIGN KEY (`factureFournisseur_id`) REFERENCES `ost_com_facture_fournisseur` (`id`),
  ADD CONSTRAINT `FK_FF7F974D611C0C56` FOREIGN KEY (`dossier_id`) REFERENCES `ost_billetterie_dossier` (`id`) ON DELETE CASCADE,
  ADD CONSTRAINT `FK_FF7F974D670C757F` FOREIGN KEY (`fournisseur_id`) REFERENCES `ost_com_fournisseur` (`id`);

--
-- Contraintes pour la table `ost_billetterie_dossier_reservations`
--
ALTER TABLE `ost_billetterie_dossier_reservations`
  ADD CONSTRAINT `FK_5F9C9A51611C0C56` FOREIGN KEY (`dossier_id`) REFERENCES `ost_billetterie_dossier` (`id`) ON DELETE CASCADE,
  ADD CONSTRAINT `FK_5F9C9A51E841C113` FOREIGN KEY (`billetteriereservation_id`) REFERENCES `ost_billetterie_reservation` (`id`) ON DELETE CASCADE;

--
-- Contraintes pour la table `ost_billetterie_reservation`
--
ALTER TABLE `ost_billetterie_reservation`
  ADD CONSTRAINT `FK_803A574C19EB6921` FOREIGN KEY (`client_id`) REFERENCES `ost_client` (`id`) ON DELETE CASCADE,
  ADD CONSTRAINT `FK_803A574C53C59D72` FOREIGN KEY (`responsable_id`) REFERENCES `ost_user` (`id`),
  ADD CONSTRAINT `FK_803A574CF06C2258` FOREIGN KEY (`responsableAmicale_id`) REFERENCES `ost_client` (`id`),
  ADD CONSTRAINT `FK_803A574CFEBD183` FOREIGN KEY (`amicale_id`) REFERENCES `ost_amicale` (`id`);

--
-- Contraintes pour la table `ost_billetterie_reservation_ligne`
--
ALTER TABLE `ost_billetterie_reservation_ligne`
  ADD CONSTRAINT `FK_51C2ED96979B1AD6` FOREIGN KEY (`company_id`) REFERENCES `ost_vo_company` (`id`),
  ADD CONSTRAINT `FK_51C2ED96B83297E7` FOREIGN KEY (`reservation_id`) REFERENCES `ost_billetterie_reservation` (`id`) ON DELETE CASCADE;

--
-- Contraintes pour la table `ost_billetterie_reservation_ligne_trajet`
--
ALTER TABLE `ost_billetterie_reservation_ligne_trajet`
  ADD CONSTRAINT `FK_14CED62930E0E5FB` FOREIGN KEY (`airoportArrivee_id`) REFERENCES `ost_billetterie_airoport` (`id`),
  ADD CONSTRAINT `FK_14CED629B0E8B6D8` FOREIGN KEY (`reservationLigne_id`) REFERENCES `ost_billetterie_reservation_ligne` (`id`) ON DELETE CASCADE,
  ADD CONSTRAINT `FK_14CED629DE219720` FOREIGN KEY (`airoportDepart_id`) REFERENCES `ost_billetterie_airoport` (`id`);

--
-- Contraintes pour la table `ost_billetterie_reservation_typevol`
--
ALTER TABLE `ost_billetterie_reservation_typevol`
  ADD CONSTRAINT `FK_525EABF7913067AD` FOREIGN KEY (`reservationB_id`) REFERENCES `ost_billetterie_reservation` (`id`) ON DELETE CASCADE;

--
-- Contraintes pour la table `ost_client`
--
ALTER TABLE `ost_client`
  ADD CONSTRAINT `FK_81496B59A6E44244` FOREIGN KEY (`pays_id`) REFERENCES `ost_sht_pays` (`id`),
  ADD CONSTRAINT `FK_81496B59FEBD183` FOREIGN KEY (`amicale_id`) REFERENCES `ost_amicale` (`id`);

--
-- Contraintes pour la table `ost_com_facture`
--
ALTER TABLE `ost_com_facture`
  ADD CONSTRAINT `FK_C8D3535BBE5B0FBB` FOREIGN KEY (`pointvente_id`) REFERENCES `ost_pointvente` (`id`) ON DELETE SET NULL,
  ADD CONSTRAINT `FK_C8D3535B19EB6921` FOREIGN KEY (`client_id`) REFERENCES `ost_client` (`id`) ON DELETE CASCADE,
  ADD CONSTRAINT `FK_C8D3535B53C59D72` FOREIGN KEY (`responsable_id`) REFERENCES `ost_user` (`id`),
  ADD CONSTRAINT `FK_C8D3535BA76AAAE1` FOREIGN KEY (`validatedPar_id`) REFERENCES `ost_user` (`id`),
  ADD CONSTRAINT `FK_C8D3535BFEBD183` FOREIGN KEY (`amicale_id`) REFERENCES `ost_amicale` (`id`);

--
-- Contraintes pour la table `ost_com_facture_fournisseur`
--
ALTER TABLE `ost_com_facture_fournisseur`
  ADD CONSTRAINT `FK_73AFA8F1670C757F` FOREIGN KEY (`fournisseur_id`) REFERENCES `ost_com_fournisseur` (`id`);

--
-- Contraintes pour la table `ost_com_facture_ligne`
--
ALTER TABLE `ost_com_facture_ligne`
  ADD CONSTRAINT `FK_6F6FABBF4773709E` FOREIGN KEY (`reservationSHT_id`) REFERENCES `ost_sht_reservation` (`id`),
  ADD CONSTRAINT `FK_6F6FABBF4D295EAE` FOREIGN KEY (`reservationPR_id`) REFERENCES `ost_pr_reservations` (`id`),
  ADD CONSTRAINT `FK_6F6FABBF601A244C` FOREIGN KEY (`reservationVO_id`) REFERENCES `ost_vo_reservations` (`id`),
  ADD CONSTRAINT `FK_6F6FABBF67F05A51` FOREIGN KEY (`reservationRB_id`) REFERENCES `ost_resa_resarvation` (`id`),
  ADD CONSTRAINT `FK_6F6FABBF7F2DEE08` FOREIGN KEY (`facture_id`) REFERENCES `ost_com_facture` (`id`) ON DELETE CASCADE,
  ADD CONSTRAINT `FK_6F6FABBF913067AD` FOREIGN KEY (`reservationB_id`) REFERENCES `ost_billetterie_reservation` (`id`),
  ADD CONSTRAINT `FK_6F6FABBF9AC7F56A` FOREIGN KEY (`reservationBE_id`) REFERENCES `ost_be_reservations` (`id`),
  ADD CONSTRAINT `FK_6F6FABBFAFD64064` FOREIGN KEY (`reservationSHE_id`) REFERENCES `ost_she_reservation` (`id`),
  ADD CONSTRAINT `FK_6F6FABBFBBCA8CF` FOREIGN KEY (`reservationMICE_id`) REFERENCES `ost_mice_reservations` (`id`),
  ADD CONSTRAINT `FK_6F6FABBFC95377FB` FOREIGN KEY (`reservationM_id`) REFERENCES `ost_maritime_reservation` (`id`),
  ADD CONSTRAINT `FK_6F6FABBFCEC9A386` FOREIGN KEY (`reservationDIV_id`) REFERENCES `ost_div_reservations` (`id`),
  ADD CONSTRAINT `FK_6F6FABBFE4426FEE` FOREIGN KEY (`reservationT_id`) REFERENCES `ost_transfer_reservation` (`id`);

--
-- Contraintes pour la table `ost_com_fournisseur`
--
ALTER TABLE `ost_com_fournisseur`
  ADD CONSTRAINT `FK_53D9DA9363DB213B` FOREIGN KEY (`typeActivite_id`) REFERENCES `ost_type_activite` (`id`),
  ADD CONSTRAINT `FK_53D9DA93A6E44244` FOREIGN KEY (`pays_id`) REFERENCES `ost_sht_pays` (`id`);

--
-- Contraintes pour la table `ost_com_impaye`
--
ALTER TABLE `ost_com_impaye`
  ADD CONSTRAINT `FK_48E9A784670C757F` FOREIGN KEY (`fournisseur_id`) REFERENCES `ost_com_fournisseur` (`id`);

--
-- Contraintes pour la table `ost_com_log_fac_print`
--
ALTER TABLE `ost_com_log_fac_print`
  ADD CONSTRAINT `FK_FDEA4F817F2DEE08` FOREIGN KEY (`facture_id`) REFERENCES `ost_com_facture` (`id`),
  ADD CONSTRAINT `FK_FDEA4F818F77905C` FOREIGN KEY (`printedBy_id`) REFERENCES `ost_user` (`id`);

--
-- Contraintes pour la table `ost_com_piece`
--
ALTER TABLE `ost_com_piece`
  ADD CONSTRAINT `FK_8AB38216FEBD183` FOREIGN KEY (`amicale_id`) REFERENCES `ost_amicale` (`id`) ON DELETE CASCADE,
  ADD CONSTRAINT `FK_8AB3821619EB6921` FOREIGN KEY (`client_id`) REFERENCES `ost_client` (`id`) ON DELETE CASCADE,
  ADD CONSTRAINT `FK_8AB38216670C757F` FOREIGN KEY (`fournisseur_id`) REFERENCES `ost_com_fournisseur` (`id`) ON DELETE CASCADE,
  ADD CONSTRAINT `FK_8AB38216BE5B0FBB` FOREIGN KEY (`pointvente_id`) REFERENCES `ost_pointvente` (`id`) ON DELETE SET NULL;

--
-- Contraintes pour la table `ost_com_reglement`
--
ALTER TABLE `ost_com_reglement`
  ADD CONSTRAINT `FK_40D4C4D8BE5B0FBB` FOREIGN KEY (`pointvente_id`) REFERENCES `ost_pointvente` (`id`) ON DELETE SET NULL,
  ADD CONSTRAINT `FK_40D4C4D84D295EAE` FOREIGN KEY (`reservationPR_id`) REFERENCES `ost_pr_reservations` (`id`),
  ADD CONSTRAINT `FK_40D4C4D8601A244C` FOREIGN KEY (`reservationVO_id`) REFERENCES `ost_vo_reservations` (`id`),
  ADD CONSTRAINT `FK_40D4C4D867F05A51` FOREIGN KEY (`reservationRB_id`) REFERENCES `ost_resa_resarvation` (`id`),
  ADD CONSTRAINT `FK_40D4C4D87BBD6A38` FOREIGN KEY (`reservationsBilletterie_id`) REFERENCES `ost_billetterie_reservation` (`id`),
  ADD CONSTRAINT `FK_40D4C4D899E8E100` FOREIGN KEY (`reservationMaritime_id`) REFERENCES `ost_maritime_reservation` (`id`),
  ADD CONSTRAINT `FK_40D4C4D89AC7F56A` FOREIGN KEY (`reservationBE_id`) REFERENCES `ost_be_reservations` (`id`),
  ADD CONSTRAINT `FK_40D4C4D8AFD64064` FOREIGN KEY (`reservationSHE_id`) REFERENCES `ost_she_reservation` (`id`),
  ADD CONSTRAINT `FK_40D4C4D8B83297E7` FOREIGN KEY (`reservation_id`) REFERENCES `ost_sht_reservation` (`id`),
  ADD CONSTRAINT `FK_40D4C4D8BBCA8CF` FOREIGN KEY (`reservationMICE_id`) REFERENCES `ost_mice_reservations` (`id`),
  ADD CONSTRAINT `FK_40D4C4D8C40FCFA8` FOREIGN KEY (`piece_id`) REFERENCES `ost_com_piece` (`id`),
  ADD CONSTRAINT `FK_40D4C4D8CEC9A386` FOREIGN KEY (`reservationDIV_id`) REFERENCES `ost_div_reservations` (`id`),
  ADD CONSTRAINT `FK_40D4C4D8E4426FEE` FOREIGN KEY (`reservationT_id`) REFERENCES `ost_transfer_reservation` (`id`);

--
-- Contraintes pour la table `ost_com_reglements_fournisseurs`
--
ALTER TABLE `ost_com_reglements_fournisseurs`
  ADD CONSTRAINT `FK_2F8382C13DD0342` FOREIGN KEY (`impaye_id`) REFERENCES `ost_com_impaye` (`id`),
  ADD CONSTRAINT `FK_2F8382CC40FCFA8` FOREIGN KEY (`piece_id`) REFERENCES `ost_com_piece` (`id`);

--
-- Contraintes pour la table `ost_contact`
--
ALTER TABLE `ost_contact`
  ADD CONSTRAINT `FK_4592A77C19EB6921` FOREIGN KEY (`client_id`) REFERENCES `ost_client` (`id`),
  ADD CONSTRAINT `FK_4592A77C670C757F` FOREIGN KEY (`fournisseur_id`) REFERENCES `ost_com_fournisseur` (`id`),
  ADD CONSTRAINT `FK_4592A77CA6E44244` FOREIGN KEY (`pays_id`) REFERENCES `ost_sht_pays` (`id`);

--
-- Contraintes pour la table `ost_contrat_media`
--
ALTER TABLE `ost_contrat_media`
  ADD CONSTRAINT `FK_E883DC611823061F` FOREIGN KEY (`contrat_id`) REFERENCES `ost_sht_contrat` (`id`) ON DELETE CASCADE;

--
-- Contraintes pour la table `ost_c_caisse_config`
--
ALTER TABLE `ost_c_caisse_config`
  ADD CONSTRAINT `FK_75FFDC3B5FAD855C` FOREIGN KEY (`movCredit_id`) REFERENCES `ost_c_typeligne` (`id`),
  ADD CONSTRAINT `FK_75FFDC3B8B88B0A0` FOREIGN KEY (`movDebit_id`) REFERENCES `ost_c_typeligne` (`id`);

--
-- Contraintes pour la table `ost_c_sessioncaisse`
--
ALTER TABLE `ost_c_sessioncaisse`
  ADD CONSTRAINT `FK_4EB4DBA4BE5B0FBB` FOREIGN KEY (`pointvente_id`) REFERENCES `ost_pointvente` (`id`) ON DELETE SET NULL,
  ADD CONSTRAINT `FK_4EB4DBA487F7F7A5` FOREIGN KEY (`whoValidation_id`) REFERENCES `ost_user` (`id`) ON DELETE CASCADE,
  ADD CONSTRAINT `FK_4EB4DBA4A76ED395` FOREIGN KEY (`user_id`) REFERENCES `ost_user` (`id`) ON DELETE CASCADE;

--
-- Contraintes pour la table `ost_div_dossier_ligne`
--
ALTER TABLE `ost_div_dossier_ligne`
  ADD CONSTRAINT `FK_DD4E155113DD0342` FOREIGN KEY (`impaye_id`) REFERENCES `ost_com_impaye` (`id`),
  ADD CONSTRAINT `FK_DD4E15514D79775F` FOREIGN KEY (`tva_id`) REFERENCES `ost_tva` (`id`),
  ADD CONSTRAINT `FK_DD4E155156DF0769` FOREIGN KEY (`factureFournisseur_id`) REFERENCES `ost_com_facture_fournisseur` (`id`),
  ADD CONSTRAINT `FK_DD4E1551611C0C56` FOREIGN KEY (`dossier_id`) REFERENCES `ost_div_dossier` (`id`) ON DELETE CASCADE,
  ADD CONSTRAINT `FK_DD4E1551670C757F` FOREIGN KEY (`fournisseur_id`) REFERENCES `ost_com_fournisseur` (`id`);

--
-- Contraintes pour la table `ost_div_dossier_reservations`
--
ALTER TABLE `ost_div_dossier_reservations`
  ADD CONSTRAINT `FK_3AE02FBB611C0C56` FOREIGN KEY (`dossier_id`) REFERENCES `ost_div_dossier` (`id`) ON DELETE CASCADE,
  ADD CONSTRAINT `FK_3AE02FBBB83297E7` FOREIGN KEY (`reservation_id`) REFERENCES `ost_div_reservations` (`id`) ON DELETE CASCADE;

--
-- Contraintes pour la table `ost_div_reservations`
--
ALTER TABLE `ost_div_reservations`
  ADD CONSTRAINT `FK_57705D5119EB6921` FOREIGN KEY (`client_id`) REFERENCES `ost_client` (`id`) ON DELETE CASCADE,
  ADD CONSTRAINT `FK_57705D5153C59D72` FOREIGN KEY (`responsable_id`) REFERENCES `ost_user` (`id`),
  ADD CONSTRAINT `FK_57705D51F06C2258` FOREIGN KEY (`responsableAmicale_id`) REFERENCES `ost_client` (`id`),
  ADD CONSTRAINT `FK_57705D51F347EFB` FOREIGN KEY (`produit_id`) REFERENCES `ost_produit` (`id`) ON DELETE CASCADE,
  ADD CONSTRAINT `FK_57705D51FEBD183` FOREIGN KEY (`amicale_id`) REFERENCES `ost_amicale` (`id`);

--
-- Contraintes pour la table `ost_div_reservations_ligne`
--
ALTER TABLE `ost_div_reservations_ligne`
  ADD CONSTRAINT `FK_D8557F9EB83297E7` FOREIGN KEY (`reservation_id`) REFERENCES `ost_div_reservations` (`id`) ON DELETE CASCADE;

--
-- Contraintes pour la table `ost_emails_produits`
--
ALTER TABLE `ost_emails_produits`
  ADD CONSTRAINT `FK_9DAE2F2BA832C1C9` FOREIGN KEY (`email_id`) REFERENCES `ost_emails` (`id`) ON DELETE CASCADE,
  ADD CONSTRAINT `FK_9DAE2F2BF347EFB` FOREIGN KEY (`produit_id`) REFERENCES `ost_produit` (`id`) ON DELETE CASCADE;

--
-- Contraintes pour la table `ost_etat`
--
ALTER TABLE `ost_etat`
  ADD CONSTRAINT `FK_EF17987BF347EFB` FOREIGN KEY (`produit_id`) REFERENCES `ost_produit` (`id`) ON DELETE CASCADE;

--
-- Contraintes pour la table `ost_font_themes_selections`
--
ALTER TABLE `ost_font_themes_selections`
  ADD CONSTRAINT `FK_35A3E08547232DE5` FOREIGN KEY (`notreselection_id`) REFERENCES `ost_front_notreselection` (`id`),
  ADD CONSTRAINT `FK_35A3E085E48EFE78` FOREIGN KEY (`selection_id`) REFERENCES `ost_front_selection` (`id`);

--
-- Contraintes pour la table `ost_front_accueil`
--
ALTER TABLE `ost_front_accueil`
  ADD CONSTRAINT `FK_A340FE8F20A9D33A` FOREIGN KEY (`photo2_id`) REFERENCES `ost_front_media_accueil` (`id`),
  ADD CONSTRAINT `FK_A340FE8F321C7CD4` FOREIGN KEY (`photo1_id`) REFERENCES `ost_front_media_accueil` (`id`),
  ADD CONSTRAINT `FK_A340FE8F9815B45F` FOREIGN KEY (`photo3_id`) REFERENCES `ost_front_media_accueil` (`id`);

--
-- Contraintes pour la table `ost_front_omra`
--
ALTER TABLE `ost_front_omra`
  ADD CONSTRAINT `FK_3E2E39A168C9E5AF` FOREIGN KEY (`voyage_id`) REFERENCES `ost_vo_voyages` (`id`) ON DELETE CASCADE;

--
-- Contraintes pour la table `ost_front_topdestination`
--
ALTER TABLE `ost_front_topdestination`
  ADD CONSTRAINT `FK_52D43B90816C6140` FOREIGN KEY (`destination_id`) REFERENCES `ost_vo_destinations` (`id`) ON DELETE CASCADE;

--
-- Contraintes pour la table `ost_front_topprogramme`
--
ALTER TABLE `ost_front_topprogramme`
  ADD CONSTRAINT `FK_AC57A2E359027487` FOREIGN KEY (`theme_id`) REFERENCES `ost_pr_themes` (`id`);

--
-- Contraintes pour la table `ost_maritime_dossier_ligne`
--
ALTER TABLE `ost_maritime_dossier_ligne`
  ADD CONSTRAINT `FK_3EBE275B4D79775F` FOREIGN KEY (`tva_id`) REFERENCES `ost_tva` (`id`),
  ADD CONSTRAINT `FK_3EBE275B13DD0342` FOREIGN KEY (`impaye_id`) REFERENCES `ost_com_impaye` (`id`),
  ADD CONSTRAINT `FK_3EBE275B56DF0769` FOREIGN KEY (`factureFournisseur_id`) REFERENCES `ost_com_facture_fournisseur` (`id`),
  ADD CONSTRAINT `FK_3EBE275B611C0C56` FOREIGN KEY (`dossier_id`) REFERENCES `ost_maritime_dossier` (`id`) ON DELETE CASCADE,
  ADD CONSTRAINT `FK_3EBE275B670C757F` FOREIGN KEY (`fournisseur_id`) REFERENCES `ost_com_fournisseur` (`id`);

--
-- Contraintes pour la table `ost_maritime_dossier_reservations`
--
ALTER TABLE `ost_maritime_dossier_reservations`
  ADD CONSTRAINT `FK_5BDC68D8ACAA5ACD` FOREIGN KEY (`maritimereservation_id`) REFERENCES `ost_maritime_reservation` (`id`) ON DELETE CASCADE,
  ADD CONSTRAINT `FK_5BDC68D8D5DE7544` FOREIGN KEY (`dossierm_id`) REFERENCES `ost_maritime_dossier` (`id`) ON DELETE CASCADE;

--
-- Contraintes pour la table `ost_maritime_reservation`
--
ALTER TABLE `ost_maritime_reservation`
  ADD CONSTRAINT `FK_276511AC19EB6921` FOREIGN KEY (`client_id`) REFERENCES `ost_client` (`id`) ON DELETE CASCADE,
  ADD CONSTRAINT `FK_276511AC53C59D72` FOREIGN KEY (`responsable_id`) REFERENCES `ost_user` (`id`),
  ADD CONSTRAINT `FK_276511ACF06C2258` FOREIGN KEY (`responsableAmicale_id`) REFERENCES `ost_client` (`id`),
  ADD CONSTRAINT `FK_276511ACFEBD183` FOREIGN KEY (`amicale_id`) REFERENCES `ost_amicale` (`id`);

--
-- Contraintes pour la table `ost_media`
--
ALTER TABLE `ost_media`
  ADD CONSTRAINT `FK_EFDD4A3A73F0036` FOREIGN KEY (`ville_id`) REFERENCES `ost_sht_ville` (`id`),
  ADD CONSTRAINT `FK_EFDD4A3CB35D94E` FOREIGN KEY (`Hotel_id`) REFERENCES `ost_sht_hotels` (`id`);

--
-- Contraintes pour la table `ost_mice_dossier_ligne`
--
ALTER TABLE `ost_mice_dossier_ligne`
  ADD CONSTRAINT `FK_7ED3FF5713DD0342` FOREIGN KEY (`impaye_id`) REFERENCES `ost_com_impaye` (`id`),
  ADD CONSTRAINT `FK_7ED3FF574D79775F` FOREIGN KEY (`tva_id`) REFERENCES `ost_tva` (`id`),
  ADD CONSTRAINT `FK_7ED3FF5756DF0769` FOREIGN KEY (`factureFournisseur_id`) REFERENCES `ost_com_facture_fournisseur` (`id`),
  ADD CONSTRAINT `FK_7ED3FF57611C0C56` FOREIGN KEY (`dossier_id`) REFERENCES `ost_mice_dossier` (`id`) ON DELETE CASCADE,
  ADD CONSTRAINT `FK_7ED3FF57670C757F` FOREIGN KEY (`fournisseur_id`) REFERENCES `ost_com_fournisseur` (`id`);

--
-- Contraintes pour la table `ost_mice_dossier_reservations`
--
ALTER TABLE `ost_mice_dossier_reservations`
  ADD CONSTRAINT `FK_98A7772F611C0C56` FOREIGN KEY (`dossier_id`) REFERENCES `ost_mice_dossier` (`id`) ON DELETE CASCADE,
  ADD CONSTRAINT `FK_98A7772FB83297E7` FOREIGN KEY (`reservation_id`) REFERENCES `ost_mice_reservations` (`id`) ON DELETE CASCADE;

--
-- Contraintes pour la table `ost_mice_reservations`
--
ALTER TABLE `ost_mice_reservations`
  ADD CONSTRAINT `FK_769A2F3319EB6921` FOREIGN KEY (`client_id`) REFERENCES `ost_client` (`id`) ON DELETE CASCADE,
  ADD CONSTRAINT `FK_769A2F3353C59D72` FOREIGN KEY (`responsable_id`) REFERENCES `ost_user` (`id`),
  ADD CONSTRAINT `FK_769A2F33A6E44244` FOREIGN KEY (`pays_id`) REFERENCES `ost_sht_pays` (`id`),
  ADD CONSTRAINT `FK_769A2F33F06C2258` FOREIGN KEY (`responsableAmicale_id`) REFERENCES `ost_client` (`id`),
  ADD CONSTRAINT `FK_769A2F33FEBD183` FOREIGN KEY (`amicale_id`) REFERENCES `ost_amicale` (`id`);

--
-- Contraintes pour la table `ost_mice_services`
--
ALTER TABLE `ost_mice_services`
  ADD CONSTRAINT `FK_CEBE313A140649EB` FOREIGN KEY (`typeservice_id`) REFERENCES `ost_mice_type_services` (`id`) ON DELETE CASCADE;

--
-- Contraintes pour la table `ost_modalite_paiement_agence`
--
ALTER TABLE `ost_modalite_paiement_agence`
  ADD CONSTRAINT `FK_EEEB6F66AEE8A773` FOREIGN KEY (`modalitepaiement_id`) REFERENCES `ost_modalite_paiement` (`id`) ON DELETE CASCADE,
  ADD CONSTRAINT `FK_EEEB6F66F347EFB` FOREIGN KEY (`produit_id`) REFERENCES `ost_produit` (`id`) ON DELETE CASCADE;

--
-- Contraintes pour la table `ost_modalite_paiement_a_domicile`
--
ALTER TABLE `ost_modalite_paiement_a_domicile`
  ADD CONSTRAINT `FK_1C71E229AEE8A773` FOREIGN KEY (`modalitepaiement_id`) REFERENCES `ost_modalite_paiement` (`id`) ON DELETE CASCADE,
  ADD CONSTRAINT `FK_1C71E229F347EFB` FOREIGN KEY (`produit_id`) REFERENCES `ost_produit` (`id`) ON DELETE CASCADE;

--
-- Contraintes pour la table `ost_modalite_paiement_cheque_facilite`
--
ALTER TABLE `ost_modalite_paiement_cheque_facilite`
  ADD CONSTRAINT `FK_E71E36D9AEE8A773` FOREIGN KEY (`modalitepaiement_id`) REFERENCES `ost_modalite_paiement` (`id`) ON DELETE CASCADE,
  ADD CONSTRAINT `FK_E71E36D9F347EFB` FOREIGN KEY (`produit_id`) REFERENCES `ost_produit` (`id`) ON DELETE CASCADE;

--
-- Contraintes pour la table `ost_modalite_paiement_cheque_versable`
--
ALTER TABLE `ost_modalite_paiement_cheque_versable`
  ADD CONSTRAINT `FK_F114D299AEE8A773` FOREIGN KEY (`modalitepaiement_id`) REFERENCES `ost_modalite_paiement` (`id`) ON DELETE CASCADE,
  ADD CONSTRAINT `FK_F114D299F347EFB` FOREIGN KEY (`produit_id`) REFERENCES `ost_produit` (`id`) ON DELETE CASCADE;

--
-- Contraintes pour la table `ost_modalite_paiement_mondat_postal`
--
ALTER TABLE `ost_modalite_paiement_mondat_postal`
  ADD CONSTRAINT `FK_413D638AEE8A773` FOREIGN KEY (`modalitepaiement_id`) REFERENCES `ost_modalite_paiement` (`id`) ON DELETE CASCADE,
  ADD CONSTRAINT `FK_413D638F347EFB` FOREIGN KEY (`produit_id`) REFERENCES `ost_produit` (`id`) ON DELETE CASCADE;

--
-- Contraintes pour la table `ost_modalite_paiement_paiement_partiel`
--
ALTER TABLE `ost_modalite_paiement_paiement_partiel`
  ADD CONSTRAINT `FK_C254BDDAAEE8A773` FOREIGN KEY (`modalitepaiement_id`) REFERENCES `ost_modalite_paiement` (`id`) ON DELETE CASCADE,
  ADD CONSTRAINT `FK_C254BDDAF347EFB` FOREIGN KEY (`produit_id`) REFERENCES `ost_produit` (`id`) ON DELETE CASCADE;

--
-- Contraintes pour la table `ost_modalite_paiement_paiement_total`
--
ALTER TABLE `ost_modalite_paiement_paiement_total`
  ADD CONSTRAINT `FK_A216CAC7AEE8A773` FOREIGN KEY (`modalitepaiement_id`) REFERENCES `ost_modalite_paiement` (`id`) ON DELETE CASCADE,
  ADD CONSTRAINT `FK_A216CAC7F347EFB` FOREIGN KEY (`produit_id`) REFERENCES `ost_produit` (`id`) ON DELETE CASCADE;

--
-- Contraintes pour la table `ost_modalite_paiement_versement_bancaire`
--
ALTER TABLE `ost_modalite_paiement_versement_bancaire`
  ADD CONSTRAINT `FK_F96D467AEE8A773` FOREIGN KEY (`modalitepaiement_id`) REFERENCES `ost_modalite_paiement` (`id`) ON DELETE CASCADE,
  ADD CONSTRAINT `FK_F96D467F347EFB` FOREIGN KEY (`produit_id`) REFERENCES `ost_produit` (`id`) ON DELETE CASCADE;

--
-- Contraintes pour la table `ost_periodes`
--
ALTER TABLE `ost_periodes`
  ADD CONSTRAINT `FK_4E91DA48F965414C` FOREIGN KEY (`saison_id`) REFERENCES `ost_sht_saison` (`id`) ON DELETE CASCADE;

--
-- Contraintes pour la table `ost_produit`
--
ALTER TABLE `ost_produit`
  ADD CONSTRAINT `FK_2055AD634D79775F` FOREIGN KEY (`tva_id`) REFERENCES `ost_tva` (`id`);

--
-- Contraintes pour la table `ost_pr_descriptions`
--
ALTER TABLE `ost_pr_descriptions`
  ADD CONSTRAINT `FK_11E6ED8C62BB7AEE` FOREIGN KEY (`programme_id`) REFERENCES `ost_pr_programmes` (`id`) ON DELETE CASCADE;

--
-- Contraintes pour la table `ost_pr_dossier`
--
ALTER TABLE `ost_pr_dossier`
  ADD CONSTRAINT `FK_C4F871D3F384C1CF` FOREIGN KEY (`periode_id`) REFERENCES `ost_pr_periodes` (`id`);

--
-- Contraintes pour la table `ost_pr_dossier_ligne`
--
ALTER TABLE `ost_pr_dossier_ligne`
  ADD CONSTRAINT `FK_58A4903513DD0342` FOREIGN KEY (`impaye_id`) REFERENCES `ost_com_impaye` (`id`),
  ADD CONSTRAINT `FK_58A490354D79775F` FOREIGN KEY (`tva_id`) REFERENCES `ost_tva` (`id`),
  ADD CONSTRAINT `FK_58A4903556DF0769` FOREIGN KEY (`factureFournisseur_id`) REFERENCES `ost_com_facture_fournisseur` (`id`),
  ADD CONSTRAINT `FK_58A49035611C0C56` FOREIGN KEY (`dossier_id`) REFERENCES `ost_pr_dossier` (`id`) ON DELETE CASCADE,
  ADD CONSTRAINT `FK_58A49035670C757F` FOREIGN KEY (`fournisseur_id`) REFERENCES `ost_com_fournisseur` (`id`);

--
-- Contraintes pour la table `ost_pr_dossier_reservations`
--
ALTER TABLE `ost_pr_dossier_reservations`
  ADD CONSTRAINT `FK_B3875B51611C0C56` FOREIGN KEY (`dossier_id`) REFERENCES `ost_pr_dossier` (`id`) ON DELETE CASCADE,
  ADD CONSTRAINT `FK_B3875B51B83297E7` FOREIGN KEY (`reservation_id`) REFERENCES `ost_pr_reservations` (`id`) ON DELETE CASCADE;

--
-- Contraintes pour la table `ost_pr_info_pratiques`
--
ALTER TABLE `ost_pr_info_pratiques`
  ADD CONSTRAINT `FK_E6BC25EC62BB7AEE` FOREIGN KEY (`programme_id`) REFERENCES `ost_pr_programmes` (`id`) ON DELETE CASCADE;

--
-- Contraintes pour la table `ost_pr_ligne`
--
ALTER TABLE `ost_pr_ligne`
  ADD CONSTRAINT `FK_AF376C8FF384C1CF` FOREIGN KEY (`periode_id`) REFERENCES `ost_pr_periodes` (`id`) ON DELETE CASCADE;

--
-- Contraintes pour la table `ost_pr_periodes`
--
ALTER TABLE `ost_pr_periodes`
  ADD CONSTRAINT `FK_5C7E146F62BB7AEE` FOREIGN KEY (`programme_id`) REFERENCES `ost_pr_programmes` (`id`) ON DELETE CASCADE;

--
-- Contraintes pour la table `ost_pr_photos`
--
ALTER TABLE `ost_pr_photos`
  ADD CONSTRAINT `FK_1386B4568C9E5AF` FOREIGN KEY (`voyage_id`) REFERENCES `ost_pr_programmes` (`id`) ON DELETE CASCADE;

--
-- Contraintes pour la table `ost_pr_programmes`
--
ALTER TABLE `ost_pr_programmes`
  ADD CONSTRAINT `FK_3BE18C6D3243BB18` FOREIGN KEY (`hotel_id`) REFERENCES `ost_sht_hotels` (`id`);

--
-- Contraintes pour la table `ost_pr_programme_themes`
--
ALTER TABLE `ost_pr_programme_themes`
  ADD CONSTRAINT `FK_9BDE0C0D59027487` FOREIGN KEY (`theme_id`) REFERENCES `ost_pr_themes` (`id`) ON DELETE CASCADE,
  ADD CONSTRAINT `FK_9BDE0C0D62BB7AEE` FOREIGN KEY (`programme_id`) REFERENCES `ost_pr_programmes` (`id`) ON DELETE CASCADE;

--
-- Contraintes pour la table `ost_pr_reservations`
--
ALTER TABLE `ost_pr_reservations`
  ADD CONSTRAINT `FK_D8C5E10319EB6921` FOREIGN KEY (`client_id`) REFERENCES `ost_client` (`id`) ON DELETE CASCADE,
  ADD CONSTRAINT `FK_D8C5E10353C59D72` FOREIGN KEY (`responsable_id`) REFERENCES `ost_user` (`id`),
  ADD CONSTRAINT `FK_D8C5E10362BB7AEE` FOREIGN KEY (`programme_id`) REFERENCES `ost_pr_programmes` (`id`),
  ADD CONSTRAINT `FK_D8C5E103F06C2258` FOREIGN KEY (`responsableAmicale_id`) REFERENCES `ost_client` (`id`),
  ADD CONSTRAINT `FK_D8C5E103F384C1CF` FOREIGN KEY (`periode_id`) REFERENCES `ost_pr_periodes` (`id`),
  ADD CONSTRAINT `FK_D8C5E103FEBD183` FOREIGN KEY (`amicale_id`) REFERENCES `ost_amicale` (`id`);

--
-- Contraintes pour la table `ost_pr_reservations_lignes`
--
ALTER TABLE `ost_pr_reservations_lignes`
  ADD CONSTRAINT `FK_B83E2EAEA21BD112` FOREIGN KEY (`personne_id`) REFERENCES `ost_pr_reservation_personnes` (`id`) ON DELETE CASCADE;

--
-- Contraintes pour la table `ost_pr_reservation_personnes`
--
ALTER TABLE `ost_pr_reservation_personnes`
  ADD CONSTRAINT `FK_686A2A218385C843` FOREIGN KEY (`reservationA_id`) REFERENCES `ost_pr_reservations` (`id`) ON DELETE CASCADE,
  ADD CONSTRAINT `FK_686A2A21CE75F14` FOREIGN KEY (`reservationE_id`) REFERENCES `ost_pr_reservations` (`id`) ON DELETE CASCADE;

--
-- Contraintes pour la table `ost_pr_themes`
--
ALTER TABLE `ost_pr_themes`
  ADD CONSTRAINT `FK_1C0CB94212529D24` FOREIGN KEY (`themeCategorie_id`) REFERENCES `ost_pr_themes_categories` (`id`);

--
-- Contraintes pour la table `ost_resa_hotels`
--
ALTER TABLE `ost_resa_hotels`
  ADD CONSTRAINT `FK_A77B75833243BB18` FOREIGN KEY (`hotel_id`) REFERENCES `ost_sht_hotels` (`id`);

--
-- Contraintes pour la table `ost_resa_resarvation`
--
ALTER TABLE `ost_resa_resarvation`
  ADD CONSTRAINT `FK_467D7B5519EB6921` FOREIGN KEY (`client_id`) REFERENCES `ost_client` (`id`) ON DELETE CASCADE,
  ADD CONSTRAINT `FK_467D7B553243BB18` FOREIGN KEY (`hotel_id`) REFERENCES `ost_resa_hotels` (`id`),
  ADD CONSTRAINT `FK_467D7B5553C59D72` FOREIGN KEY (`responsable_id`) REFERENCES `ost_user` (`id`),
  ADD CONSTRAINT `FK_467D7B55F06C2258` FOREIGN KEY (`responsableAmicale_id`) REFERENCES `ost_client` (`id`),
  ADD CONSTRAINT `FK_467D7B55FEBD183` FOREIGN KEY (`amicale_id`) REFERENCES `ost_amicale` (`id`);

--
-- Contraintes pour la table `ost_she_reservation`
--
ALTER TABLE `ost_she_reservation`
  ADD CONSTRAINT `FK_5C23BF1619EB6921` FOREIGN KEY (`client_id`) REFERENCES `ost_client` (`id`) ON DELETE CASCADE,
  ADD CONSTRAINT `FK_5C23BF163243BB18` FOREIGN KEY (`hotel_id`) REFERENCES `ost_sht_hotels` (`id`),
  ADD CONSTRAINT `FK_5C23BF1653C59D72` FOREIGN KEY (`responsable_id`) REFERENCES `ost_user` (`id`),
  ADD CONSTRAINT `FK_5C23BF16F06C2258` FOREIGN KEY (`responsableAmicale_id`) REFERENCES `ost_client` (`id`),
  ADD CONSTRAINT `FK_5C23BF16FEBD183` FOREIGN KEY (`amicale_id`) REFERENCES `ost_amicale` (`id`);

--
-- Contraintes pour la table `ost_she_reservation_ligne`
--
ALTER TABLE `ost_she_reservation_ligne`
  ADD CONSTRAINT `FK_4DF19E589B177F54` FOREIGN KEY (`chambre_id`) REFERENCES `ost_sht_chambre` (`id`),
  ADD CONSTRAINT `FK_4DF19E58B83297E7` FOREIGN KEY (`reservation_id`) REFERENCES `ost_she_reservation` (`id`) ON DELETE CASCADE,
  ADD CONSTRAINT `FK_4DF19E58C5CAAFBC` FOREIGN KEY (`arrangement_id`) REFERENCES `ost_sht_arrangement` (`id`);

--
-- Contraintes pour la table `ost_sht_amenagement`
--
ALTER TABLE `ost_sht_amenagement`
  ADD CONSTRAINT `FK_388FDD3DD8E3B1F4` FOREIGN KEY (`id_typeamenagement`) REFERENCES `ost_sht_type_amenagement` (`id`);

--
-- Contraintes pour la table `ost_sht_contrat`
--
ALTER TABLE `ost_sht_contrat`
  ADD CONSTRAINT `FK_1A2885403243BB18` FOREIGN KEY (`hotel_id`) REFERENCES `ost_sht_hotels` (`id`);

--
-- Contraintes pour la table `ost_sht_dossier`
--
ALTER TABLE `ost_sht_dossier`
  ADD CONSTRAINT `FK_4754FCE43243BB18` FOREIGN KEY (`hotel_id`) REFERENCES `ost_sht_hotels` (`id`);

--
-- Contraintes pour la table `ost_sht_dossier_ligne`
--
ALTER TABLE `ost_sht_dossier_ligne`
  ADD CONSTRAINT `FK_EC63D06713DD0342` FOREIGN KEY (`impaye_id`) REFERENCES `ost_com_impaye` (`id`),
  ADD CONSTRAINT `FK_EC63D0674D79775F` FOREIGN KEY (`tva_id`) REFERENCES `ost_tva` (`id`),
  ADD CONSTRAINT `FK_EC63D06756DF0769` FOREIGN KEY (`factureFournisseur_id`) REFERENCES `ost_com_facture_fournisseur` (`id`),
  ADD CONSTRAINT `FK_EC63D067611C0C56` FOREIGN KEY (`dossier_id`) REFERENCES `ost_sht_dossier` (`id`) ON DELETE CASCADE,
  ADD CONSTRAINT `FK_EC63D067670C757F` FOREIGN KEY (`fournisseur_id`) REFERENCES `ost_com_fournisseur` (`id`);

--
-- Contraintes pour la table `ost_sht_dossier_ligne_she`
--
ALTER TABLE `ost_sht_dossier_ligne_she`
  ADD CONSTRAINT `FK_B8750E2413DD0342` FOREIGN KEY (`impaye_id`) REFERENCES `ost_com_impaye` (`id`),
  ADD CONSTRAINT `FK_B8750E244D79775F` FOREIGN KEY (`tva_id`) REFERENCES `ost_tva` (`id`),
  ADD CONSTRAINT `FK_B8750E2456DF0769` FOREIGN KEY (`factureFournisseur_id`) REFERENCES `ost_com_facture_fournisseur` (`id`),
  ADD CONSTRAINT `FK_B8750E24611C0C56` FOREIGN KEY (`dossier_id`) REFERENCES `ost_sht_dossier_she` (`id`) ON DELETE CASCADE,
  ADD CONSTRAINT `FK_B8750E24670C757F` FOREIGN KEY (`fournisseur_id`) REFERENCES `ost_com_fournisseur` (`id`);

--
-- Contraintes pour la table `ost_sht_dossier_reservations`
--
ALTER TABLE `ost_sht_dossier_reservations`
  ADD CONSTRAINT `FK_C1B044A5611C0C56` FOREIGN KEY (`dossier_id`) REFERENCES `ost_sht_dossier` (`id`) ON DELETE CASCADE,
  ADD CONSTRAINT `FK_C1B044A5B83297E7` FOREIGN KEY (`reservation_id`) REFERENCES `ost_sht_reservation` (`id`) ON DELETE CASCADE;

--
-- Contraintes pour la table `ost_sht_dossier_reservations_she`
--
ALTER TABLE `ost_sht_dossier_reservations_she`
  ADD CONSTRAINT `FK_71E1F22C43760F88` FOREIGN KEY (`dossiershe_id`) REFERENCES `ost_sht_dossier_she` (`id`) ON DELETE CASCADE,
  ADD CONSTRAINT `FK_71E1F22C8B5BA843` FOREIGN KEY (`reservationmonde_id`) REFERENCES `ost_she_reservation` (`id`) ON DELETE CASCADE;

--
-- Contraintes pour la table `ost_sht_hotels`
--
ALTER TABLE `ost_sht_hotels`
  ADD CONSTRAINT `FK_92448DAE3129D93D` FOREIGN KEY (`chaine_id`) REFERENCES `ost_sht_chaine` (`id`),
  ADD CONSTRAINT `FK_92448DAE7A71939B` FOREIGN KEY (`ficheTechnique_id`) REFERENCES `ost_sht_fichetechnique` (`id`),
  ADD CONSTRAINT `FK_92448DAEA73F0036` FOREIGN KEY (`ville_id`) REFERENCES `ost_sht_ville` (`id`),
  ADD CONSTRAINT `FK_92448DAEBCF5E72D` FOREIGN KEY (`categorie_id`) REFERENCES `ost_sht_categorie` (`id`),
  ADD CONSTRAINT `FK_92448DAEF05725D6` FOREIGN KEY (`saisonBase_id`) REFERENCES `ost_sht_saison` (`id`);

--
-- Contraintes pour la table `ost_sht_hotelschambre`
--
ALTER TABLE `ost_sht_hotelschambre`
  ADD CONSTRAINT `FK_534A5F03243BB18` FOREIGN KEY (`hotel_id`) REFERENCES `ost_sht_hotels` (`id`),
  ADD CONSTRAINT `FK_534A5F03DA5256D` FOREIGN KEY (`image_id`) REFERENCES `ost_media` (`id`),
  ADD CONSTRAINT `FK_534A5F09B177F54` FOREIGN KEY (`chambre_id`) REFERENCES `ost_sht_chambre` (`id`);

--
-- Contraintes pour la table `ost_sht_hotels_amenagements`
--
ALTER TABLE `ost_sht_hotels_amenagements`
  ADD CONSTRAINT `FK_B926764D57E799D6` FOREIGN KEY (`id_amenagement`) REFERENCES `ost_sht_amenagement` (`id`),
  ADD CONSTRAINT `FK_B926764DEDD61FE9` FOREIGN KEY (`id_hotel`) REFERENCES `ost_sht_hotels` (`id`);

--
-- Contraintes pour la table `ost_sht_hotels_arrangements`
--
ALTER TABLE `ost_sht_hotels_arrangements`
  ADD CONSTRAINT `FK_47C301AC668B0E4E` FOREIGN KEY (`id_arrangement`) REFERENCES `ost_sht_arrangement` (`id`),
  ADD CONSTRAINT `FK_47C301ACEDD61FE9` FOREIGN KEY (`id_hotel`) REFERENCES `ost_sht_hotels` (`id`);

--
-- Contraintes pour la table `ost_sht_hotels_chambre`
--
ALTER TABLE `ost_sht_hotels_chambre`
  ADD CONSTRAINT `FK_D84847041B944D8F` FOREIGN KEY (`id_chambre`) REFERENCES `ost_sht_chambre` (`id`),
  ADD CONSTRAINT `FK_D8484704EDD61FE9` FOREIGN KEY (`id_hotel`) REFERENCES `ost_sht_hotels` (`id`);

--
-- Contraintes pour la table `ost_sht_hotels_localisations`
--
ALTER TABLE `ost_sht_hotels_localisations`
  ADD CONSTRAINT `FK_193281939C12BBFD` FOREIGN KEY (`id_localisation`) REFERENCES `ost_sht_localistion` (`id`),
  ADD CONSTRAINT `FK_19328193EDD61FE9` FOREIGN KEY (`id_hotel`) REFERENCES `ost_sht_hotels` (`id`);

--
-- Contraintes pour la table `ost_sht_hotels_options`
--
ALTER TABLE `ost_sht_hotels_options`
  ADD CONSTRAINT `FK_CD74597C7CB1B55D` FOREIGN KEY (`id_option`) REFERENCES `ost_sht_option` (`id`),
  ADD CONSTRAINT `FK_CD74597CEDD61FE9` FOREIGN KEY (`id_hotel`) REFERENCES `ost_sht_hotels` (`id`);

--
-- Contraintes pour la table `ost_sht_hotels_stopsales`
--
ALTER TABLE `ost_sht_hotels_stopsales`
  ADD CONSTRAINT `FK_64D515253243BB18` FOREIGN KEY (`hotel_id`) REFERENCES `ost_sht_hotels` (`id`);

--
-- Contraintes pour la table `ost_sht_hotels_tags`
--
ALTER TABLE `ost_sht_hotels_tags`
  ADD CONSTRAINT `FK_D65966A89D2D5FD9` FOREIGN KEY (`id_tag`) REFERENCES `ost_sht_tag` (`id`),
  ADD CONSTRAINT `FK_D65966A8EDD61FE9` FOREIGN KEY (`id_hotel`) REFERENCES `ost_sht_hotels` (`id`);

--
-- Contraintes pour la table `ost_sht_hotels_themes`
--
ALTER TABLE `ost_sht_hotels_themes`
  ADD CONSTRAINT `FK_E3F1ADCE79F0A638` FOREIGN KEY (`id_theme`) REFERENCES `ost_sht_theme` (`id`),
  ADD CONSTRAINT `FK_E3F1ADCEEDD61FE9` FOREIGN KEY (`id_hotel`) REFERENCES `ost_sht_hotels` (`id`);

--
-- Contraintes pour la table `ost_sht_hotels_vues`
--
ALTER TABLE `ost_sht_hotels_vues`
  ADD CONSTRAINT `FK_5549C70D5E093DCE` FOREIGN KEY (`id_vue`) REFERENCES `ost_sht_vue` (`id`),
  ADD CONSTRAINT `FK_5549C70DEDD61FE9` FOREIGN KEY (`id_hotel`) REFERENCES `ost_sht_hotels` (`id`);

--
-- Contraintes pour la table `ost_sht_reservation`
--
ALTER TABLE `ost_sht_reservation`
  ADD CONSTRAINT `FK_35B2C04919EB6921` FOREIGN KEY (`client_id`) REFERENCES `ost_client` (`id`) ON DELETE CASCADE,
  ADD CONSTRAINT `FK_35B2C0493243BB18` FOREIGN KEY (`hotel_id`) REFERENCES `ost_sht_hotels` (`id`),
  ADD CONSTRAINT `FK_35B2C04953C59D72` FOREIGN KEY (`responsable_id`) REFERENCES `ost_user` (`id`),
  ADD CONSTRAINT `FK_35B2C049F06C2258` FOREIGN KEY (`responsableAmicale_id`) REFERENCES `ost_client` (`id`),
  ADD CONSTRAINT `FK_35B2C049FEBD183` FOREIGN KEY (`amicale_id`) REFERENCES `ost_amicale` (`id`);

--
-- Contraintes pour la table `ost_sht_reservation_chambre`
--
ALTER TABLE `ost_sht_reservation_chambre`
  ADD CONSTRAINT `FK_754DC6479B177F54` FOREIGN KEY (`chambre_id`) REFERENCES `ost_sht_chambre` (`id`),
  ADD CONSTRAINT `FK_754DC647B83297E7` FOREIGN KEY (`reservation_id`) REFERENCES `ost_sht_reservation` (`id`) ON DELETE CASCADE,
  ADD CONSTRAINT `FK_754DC647C5CAAFBC` FOREIGN KEY (`arrangement_id`) REFERENCES `ost_sht_arrangement` (`id`);

--
-- Contraintes pour la table `ost_sht_reservation_chambre_jour`
--
ALTER TABLE `ost_sht_reservation_chambre_jour`
  ADD CONSTRAINT `FK_14CD0F7D6353055F` FOREIGN KEY (`saisonContingent_id`) REFERENCES `ost_sht_saison` (`id`) ON DELETE CASCADE,
  ADD CONSTRAINT `FK_14CD0F7D9B177F54` FOREIGN KEY (`chambre_id`) REFERENCES `ost_sht_reservation_chambre` (`id`) ON DELETE CASCADE,
  ADD CONSTRAINT `FK_14CD0F7DD5B2B34` FOREIGN KEY (`saisonCalcule_id`) REFERENCES `ost_sht_saison` (`id`) ON DELETE CASCADE;

--
-- Contraintes pour la table `ost_sht_reservation_jour`
--
ALTER TABLE `ost_sht_reservation_jour`
  ADD CONSTRAINT `FK_C0779528A21BD112` FOREIGN KEY (`personne_id`) REFERENCES `ost_sht_reservation_personne` (`id`) ON DELETE CASCADE,
  ADD CONSTRAINT `FK_C0779528F965414C` FOREIGN KEY (`saison_id`) REFERENCES `ost_sht_saison` (`id`);

--
-- Contraintes pour la table `ost_sht_reservation_ligne`
--
ALTER TABLE `ost_sht_reservation_ligne`
  ADD CONSTRAINT `FK_8951250A220C6AD0` FOREIGN KEY (`jour_id`) REFERENCES `ost_sht_reservation_jour` (`id`) ON DELETE CASCADE,
  ADD CONSTRAINT `FK_8951250A7793FA21` FOREIGN KEY (`supplement_id`) REFERENCES `ost_sht_reservation_chambre` (`id`) ON DELETE CASCADE,
  ADD CONSTRAINT `FK_8951250AC03CB092` FOREIGN KEY (`reduction_id`) REFERENCES `ost_sht_reservation_chambre` (`id`) ON DELETE CASCADE;

--
-- Contraintes pour la table `ost_sht_reservation_personne`
--
ALTER TABLE `ost_sht_reservation_personne`
  ADD CONSTRAINT `FK_CAC4B67368606A56` FOREIGN KEY (`reservationChambreEnfant_id`) REFERENCES `ost_sht_reservation_chambre` (`id`) ON DELETE CASCADE,
  ADD CONSTRAINT `FK_CAC4B6738C110DC6` FOREIGN KEY (`reservationChambreAdulte_id`) REFERENCES `ost_sht_reservation_chambre` (`id`) ON DELETE CASCADE;

--
-- Contraintes pour la table `ost_sht_saison`
--
ALTER TABLE `ost_sht_saison`
  ADD CONSTRAINT `FK_B696AE0D1823061F` FOREIGN KEY (`contrat_id`) REFERENCES `ost_sht_contrat` (`id`),
  ADD CONSTRAINT `FK_B696AE0D1FCD6BE3` FOREIGN KEY (`arr_base`) REFERENCES `ost_sht_arrangement` (`id`),
  ADD CONSTRAINT `FK_B696AE0D2EEF7AE7` FOREIGN KEY (`saisonReduc_id`) REFERENCES `ost_sht_saison_reduc` (`id`) ON DELETE CASCADE,
  ADD CONSTRAINT `FK_B696AE0D3243BB18` FOREIGN KEY (`hotel_id`) REFERENCES `ost_sht_hotels` (`id`),
  ADD CONSTRAINT `FK_B696AE0D89DE2F5C` FOREIGN KEY (`saisonSupp_id`) REFERENCES `ost_sht_saison_supp` (`id`) ON DELETE CASCADE,
  ADD CONSTRAINT `FK_B696AE0D93F83878` FOREIGN KEY (`saisonWeekend_id`) REFERENCES `ost_sht_saison_weekend` (`id`) ON DELETE CASCADE,
  ADD CONSTRAINT `FK_B696AE0DD7B8829F` FOREIGN KEY (`contratFile_id`) REFERENCES `ost_contrat_media` (`id`);

--
-- Contraintes pour la table `ost_sht_saisons_amicales`
--
ALTER TABLE `ost_sht_saisons_amicales`
  ADD CONSTRAINT `FK_34550E21DA6E7061` FOREIGN KEY (`id_amicale`) REFERENCES `ost_amicale` (`id`),
  ADD CONSTRAINT `FK_34550E21E6E7606B` FOREIGN KEY (`id_saison`) REFERENCES `ost_sht_saison` (`id`);

--
-- Contraintes pour la table `ost_sht_saison_arrangement`
--
ALTER TABLE `ost_sht_saison_arrangement`
  ADD CONSTRAINT `FK_EA4BA05EC5CAAFBC` FOREIGN KEY (`arrangement_id`) REFERENCES `ost_sht_arrangement` (`id`),
  ADD CONSTRAINT `FK_EA4BA05EF965414C` FOREIGN KEY (`saison_id`) REFERENCES `ost_sht_saison` (`id`) ON DELETE CASCADE;

--
-- Contraintes pour la table `ost_sht_saison_autresreduc`
--
ALTER TABLE `ost_sht_saison_autresreduc`
  ADD CONSTRAINT `FK_2FAAA705C03CB092` FOREIGN KEY (`reduction_id`) REFERENCES `ost_sht_reduction` (`id`),
  ADD CONSTRAINT `FK_2FAAA705F965414C` FOREIGN KEY (`saison_id`) REFERENCES `ost_sht_saison` (`id`) ON DELETE CASCADE;

--
-- Contraintes pour la table `ost_sht_saison_autressupp`
--
ALTER TABLE `ost_sht_saison_autressupp`
  ADD CONSTRAINT `FK_30EF15B67793FA21` FOREIGN KEY (`supplement_id`) REFERENCES `ost_sht_supplement` (`id`),
  ADD CONSTRAINT `FK_30EF15B6F965414C` FOREIGN KEY (`saison_id`) REFERENCES `ost_sht_saison` (`id`) ON DELETE CASCADE;

--
-- Contraintes pour la table `ost_sht_saison_chambres`
--
ALTER TABLE `ost_sht_saison_chambres`
  ADD CONSTRAINT `FK_160ACD859B177F54` FOREIGN KEY (`chambre_id`) REFERENCES `ost_sht_chambre` (`id`),
  ADD CONSTRAINT `FK_160ACD85F965414C` FOREIGN KEY (`saison_id`) REFERENCES `ost_sht_saison` (`id`) ON DELETE CASCADE;

--
-- Contraintes pour la table `ost_sht_saison_chambres_frais`
--
ALTER TABLE `ost_sht_saison_chambres_frais`
  ADD CONSTRAINT `FK_879636A39B177F54` FOREIGN KEY (`chambre_id`) REFERENCES `ost_sht_chambre` (`id`),
  ADD CONSTRAINT `FK_879636A3F965414C` FOREIGN KEY (`saison_id`) REFERENCES `ost_sht_saison` (`id`) ON DELETE CASCADE;

--
-- Contraintes pour la table `ost_sht_saison_chambres_frais_lignes`
--
ALTER TABLE `ost_sht_saison_chambres_frais_lignes`
  ADD CONSTRAINT `FK_1C737BB8C5CAAFBC` FOREIGN KEY (`arrangement_id`) REFERENCES `ost_sht_arrangement` (`id`),
  ADD CONSTRAINT `FK_1C737BB8EC285501` FOREIGN KEY (`entete_id`) REFERENCES `ost_sht_saison_chambres_frais` (`id`) ON DELETE CASCADE;

--
-- Contraintes pour la table `ost_sht_saison_contingent`
--
ALTER TABLE `ost_sht_saison_contingent`
  ADD CONSTRAINT `FK_7C9C1E8BF965414C` FOREIGN KEY (`saison_id`) REFERENCES `ost_sht_saison` (`id`) ON DELETE CASCADE;

--
-- Contraintes pour la table `ost_sht_saison_suppchambres`
--
ALTER TABLE `ost_sht_saison_suppchambres`
  ADD CONSTRAINT `FK_CC8F7E249B177F54` FOREIGN KEY (`chambre_id`) REFERENCES `ost_sht_chambre` (`id`),
  ADD CONSTRAINT `FK_CC8F7E24F965414C` FOREIGN KEY (`saison_id`) REFERENCES `ost_sht_saison` (`id`) ON DELETE CASCADE;

--
-- Contraintes pour la table `ost_sht_saison_vue`
--
ALTER TABLE `ost_sht_saison_vue`
  ADD CONSTRAINT `FK_A9535FFCC8733BD3` FOREIGN KEY (`vue_id`) REFERENCES `ost_sht_vue` (`id`),
  ADD CONSTRAINT `FK_A9535FFCF965414C` FOREIGN KEY (`saison_id`) REFERENCES `ost_sht_saison` (`id`) ON DELETE CASCADE;

--
-- Contraintes pour la table `ost_sht_saison_vue_chambres`
--
ALTER TABLE `ost_sht_saison_vue_chambres`
  ADD CONSTRAINT `FK_C8E30EEA9B177F54` FOREIGN KEY (`chambre_id`) REFERENCES `ost_sht_chambre` (`id`) ON DELETE CASCADE,
  ADD CONSTRAINT `FK_C8E30EEAF67413E6` FOREIGN KEY (`saisonvue_id`) REFERENCES `ost_sht_saison_vue` (`id`) ON DELETE CASCADE;

--
-- Contraintes pour la table `ost_sht_saison_weekend_lignes`
--
ALTER TABLE `ost_sht_saison_weekend_lignes`
  ADD CONSTRAINT `FK_F818A0B293F83878` FOREIGN KEY (`saisonWeekend_id`) REFERENCES `ost_sht_saison_weekend` (`id`) ON DELETE CASCADE,
  ADD CONSTRAINT `FK_F818A0B29B177F54` FOREIGN KEY (`chambre_id`) REFERENCES `ost_sht_chambre` (`id`);

--
-- Contraintes pour la table `ost_sht_theme`
--
ALTER TABLE `ost_sht_theme`
  ADD CONSTRAINT `FK_D4FFC4812529D24` FOREIGN KEY (`themeCategorie_id`) REFERENCES `ost_sht_theme_categorie` (`id`);

--
-- Contraintes pour la table `ost_sht_ville`
--
ALTER TABLE `ost_sht_ville`
  ADD CONSTRAINT `FK_D9F9C28398260155` FOREIGN KEY (`region_id`) REFERENCES `ost_sht_region` (`id`),
  ADD CONSTRAINT `FK_D9F9C283A6E44244` FOREIGN KEY (`pays_id`) REFERENCES `ost_sht_pays` (`id`);

--
-- Contraintes pour la table `ost_sous_etat`
--
ALTER TABLE `ost_sous_etat`
  ADD CONSTRAINT `FK_4E095BD94773709E` FOREIGN KEY (`reservationSHT_id`) REFERENCES `ost_sht_reservation` (`id`) ON DELETE CASCADE,
  ADD CONSTRAINT `FK_4E095BD94D295EAE` FOREIGN KEY (`reservationPR_id`) REFERENCES `ost_pr_reservations` (`id`) ON DELETE CASCADE,
  ADD CONSTRAINT `FK_4E095BD9601A244C` FOREIGN KEY (`reservationVO_id`) REFERENCES `ost_vo_reservations` (`id`) ON DELETE CASCADE,
  ADD CONSTRAINT `FK_4E095BD967F05A51` FOREIGN KEY (`reservationRB_id`) REFERENCES `ost_resa_resarvation` (`id`) ON DELETE CASCADE,
  ADD CONSTRAINT `FK_4E095BD9913067AD` FOREIGN KEY (`reservationB_id`) REFERENCES `ost_billetterie_reservation` (`id`) ON DELETE CASCADE,
  ADD CONSTRAINT `FK_4E095BD99AC7F56A` FOREIGN KEY (`reservationBE_id`) REFERENCES `ost_be_reservations` (`id`) ON DELETE CASCADE,
  ADD CONSTRAINT `FK_4E095BD9A76ED395` FOREIGN KEY (`user_id`) REFERENCES `ost_user` (`id`),
  ADD CONSTRAINT `FK_4E095BD9AFD64064` FOREIGN KEY (`reservationSHE_id`) REFERENCES `ost_she_reservation` (`id`) ON DELETE CASCADE,
  ADD CONSTRAINT `FK_4E095BD9C95377FB` FOREIGN KEY (`reservationM_id`) REFERENCES `ost_maritime_reservation` (`id`) ON DELETE CASCADE,
  ADD CONSTRAINT `FK_4E095BD9D5E86FF` FOREIGN KEY (`etat_id`) REFERENCES `ost_etat` (`id`),
  ADD CONSTRAINT `FK_4E095BD9E4426FEE` FOREIGN KEY (`reservationT_id`) REFERENCES `ost_transfer_reservation` (`id`) ON DELETE CASCADE;

--
-- Contraintes pour la table `ost_transfert_reservation_ligne`
--
ALTER TABLE `ost_transfert_reservation_ligne`
  ADD CONSTRAINT `FK_B9E30B00B83297E7` FOREIGN KEY (`reservation_id`) REFERENCES `ost_transfer_reservation` (`id`) ON DELETE CASCADE;

--
-- Contraintes pour la table `ost_transfer_reservation`
--
ALTER TABLE `ost_transfer_reservation`
  ADD CONSTRAINT `FK_38E092B319EB6921` FOREIGN KEY (`client_id`) REFERENCES `ost_client` (`id`) ON DELETE CASCADE,
  ADD CONSTRAINT `FK_38E092B353C59D72` FOREIGN KEY (`responsable_id`) REFERENCES `ost_user` (`id`),
  ADD CONSTRAINT `FK_38E092B3F06C2258` FOREIGN KEY (`responsableAmicale_id`) REFERENCES `ost_client` (`id`),
  ADD CONSTRAINT `FK_38E092B3FEBD183` FOREIGN KEY (`amicale_id`) REFERENCES `ost_amicale` (`id`);

--
-- Contraintes pour la table `ost_tsk_notification`
--
ALTER TABLE `ost_tsk_notification`
  ADD CONSTRAINT `FK_FC6B195245A9EF83` FOREIGN KEY (`assignedTo_id`) REFERENCES `ost_user` (`id`),
  ADD CONSTRAINT `FK_FC6B1952F4E25B21` FOREIGN KEY (`who_id`) REFERENCES `ost_user` (`id`);

--
-- Contraintes pour la table `ost_tsk_task`
--
ALTER TABLE `ost_tsk_task`
  ADD CONSTRAINT `FK_4A4A5CC73174800F` FOREIGN KEY (`createdBy_id`) REFERENCES `ost_user` (`id`),
  ADD CONSTRAINT `FK_4A4A5CC745A9EF83` FOREIGN KEY (`assignedTo_id`) REFERENCES `ost_user` (`id`),
  ADD CONSTRAINT `FK_4A4A5CC7497B19F9` FOREIGN KEY (`priority_id`) REFERENCES `ost_tsk_priority` (`id`),
  ADD CONSTRAINT `FK_4A4A5CC7C54C8C93` FOREIGN KEY (`type_id`) REFERENCES `ost_tsk_type` (`id`);

--
-- Contraintes pour la table `ost_tsk_taskslog`
--
ALTER TABLE `ost_tsk_taskslog`
  ADD CONSTRAINT `FK_3A136FD33174800F` FOREIGN KEY (`createdBy_id`) REFERENCES `ost_user` (`id`),
  ADD CONSTRAINT `FK_3A136FD345A9EF83` FOREIGN KEY (`assignedTo_id`) REFERENCES `ost_user` (`id`);

--
-- Contraintes pour la table `ost_user_gouvernorat`
--
ALTER TABLE `ost_user_gouvernorat`
  ADD CONSTRAINT `FK_C874F3D7A6E44244` FOREIGN KEY (`pays_id`) REFERENCES `ost_sht_pays` (`id`);

--
-- Contraintes pour la table `ost_user_group`
--
ALTER TABLE `ost_user_group`
  ADD CONSTRAINT `FK_AC4E16D0A76ED395` FOREIGN KEY (`user_id`) REFERENCES `ost_user` (`id`),
  ADD CONSTRAINT `FK_AC4E16D0FE54D947` FOREIGN KEY (`group_id`) REFERENCES `ost_group` (`id`);

--
-- Contraintes pour la table `ost_user_logo`
--
ALTER TABLE `ost_user_logo`
  ADD CONSTRAINT `FK_BC1242D19EB6921` FOREIGN KEY (`client_id`) REFERENCES `ost_client` (`id`);

--
-- Contraintes pour la table `ost_vo_chambre`
--
ALTER TABLE `ost_vo_chambre`
  ADD CONSTRAINT `FK_6C28A07A635D1086` FOREIGN KEY (`contingent_id`) REFERENCES `ost_vo_contingents` (`id`) ON DELETE CASCADE;

--
-- Contraintes pour la table `ost_vo_contingents`
--
ALTER TABLE `ost_vo_contingents`
  ADD CONSTRAINT `FK_7B4B07E01919B217` FOREIGN KEY (`pack_id`) REFERENCES `ost_vo_packs` (`id`),
  ADD CONSTRAINT `FK_7B4B07E03243BB18` FOREIGN KEY (`hotel_id`) REFERENCES `ost_vo_hotel` (`id`),
  ADD CONSTRAINT `FK_7B4B07E068C9E5AF` FOREIGN KEY (`voyage_id`) REFERENCES `ost_vo_voyages` (`id`) ON DELETE CASCADE;

--
-- Contraintes pour la table `ost_vo_descriptions`
--
ALTER TABLE `ost_vo_descriptions`
  ADD CONSTRAINT `FK_E254754968C9E5AF` FOREIGN KEY (`voyage_id`) REFERENCES `ost_vo_voyages` (`id`) ON DELETE CASCADE;

--
-- Contraintes pour la table `ost_vo_dossier`
--
ALTER TABLE `ost_vo_dossier`
  ADD CONSTRAINT `FK_9469A4B2F384C1CF` FOREIGN KEY (`periode_id`) REFERENCES `ost_vo_periodes` (`id`);

--
-- Contraintes pour la table `ost_vo_dossier_ligne`
--
ALTER TABLE `ost_vo_dossier_ligne`
  ADD CONSTRAINT `FK_B359149213DD0342` FOREIGN KEY (`impaye_id`) REFERENCES `ost_com_impaye` (`id`),
  ADD CONSTRAINT `FK_B35914924D79775F` FOREIGN KEY (`tva_id`) REFERENCES `ost_tva` (`id`),
  ADD CONSTRAINT `FK_B359149256DF0769` FOREIGN KEY (`factureFournisseur_id`) REFERENCES `ost_com_facture_fournisseur` (`id`),
  ADD CONSTRAINT `FK_B3591492611C0C56` FOREIGN KEY (`dossier_id`) REFERENCES `ost_vo_dossier` (`id`) ON DELETE CASCADE,
  ADD CONSTRAINT `FK_B3591492670C757F` FOREIGN KEY (`fournisseur_id`) REFERENCES `ost_com_fournisseur` (`id`);

--
-- Contraintes pour la table `ost_vo_dossier_reservations`
--
ALTER TABLE `ost_vo_dossier_reservations`
  ADD CONSTRAINT `FK_570B2AA611C0C56` FOREIGN KEY (`dossier_id`) REFERENCES `ost_vo_dossier` (`id`) ON DELETE CASCADE,
  ADD CONSTRAINT `FK_570B2AAB83297E7` FOREIGN KEY (`reservation_id`) REFERENCES `ost_vo_reservations` (`id`) ON DELETE CASCADE;

--
-- Contraintes pour la table `ost_vo_hotel`
--
ALTER TABLE `ost_vo_hotel`
  ADD CONSTRAINT `FK_3BF21D5CBCF5E72D` FOREIGN KEY (`categorie_id`) REFERENCES `ost_sht_categorie` (`id`);

--
-- Contraintes pour la table `ost_vo_info_pratiques`
--
ALTER TABLE `ost_vo_info_pratiques`
  ADD CONSTRAINT `FK_AEE5EE2368C9E5AF` FOREIGN KEY (`voyage_id`) REFERENCES `ost_vo_voyages` (`id`) ON DELETE CASCADE;

--
-- Contraintes pour la table `ost_vo_ligne`
--
ALTER TABLE `ost_vo_ligne`
  ADD CONSTRAINT `FK_6F5198061919B217` FOREIGN KEY (`pack_id`) REFERENCES `ost_vo_packs` (`id`) ON DELETE CASCADE,
  ADD CONSTRAINT `FK_6F5198061C721E64` FOREIGN KEY (`periodeC_id`) REFERENCES `ost_vo_periodes` (`id`) ON DELETE CASCADE,
  ADD CONSTRAINT `FK_6F5198062BACEE56` FOREIGN KEY (`periodeF_id`) REFERENCES `ost_vo_periodes` (`id`) ON DELETE CASCADE;

--
-- Contraintes pour la table `ost_vo_packs`
--
ALTER TABLE `ost_vo_packs`
  ADD CONSTRAINT `FK_815F23A2F384C1CF` FOREIGN KEY (`periode_id`) REFERENCES `ost_vo_periodes` (`id`) ON DELETE CASCADE;

--
-- Contraintes pour la table `ost_vo_periodes`
--
ALTER TABLE `ost_vo_periodes`
  ADD CONSTRAINT `FK_A252F96B68C9E5AF` FOREIGN KEY (`voyage_id`) REFERENCES `ost_vo_voyages` (`id`) ON DELETE CASCADE;

--
-- Contraintes pour la table `ost_vo_photos`
--
ALTER TABLE `ost_vo_photos`
  ADD CONSTRAINT `FK_959C363568C9E5AF` FOREIGN KEY (`voyage_id`) REFERENCES `ost_vo_voyages` (`id`) ON DELETE CASCADE;

--
-- Contraintes pour la table `ost_vo_plan_voyage`
--
ALTER TABLE `ost_vo_plan_voyage`
  ADD CONSTRAINT `FK_544FC9D979B1AD6` FOREIGN KEY (`company_id`) REFERENCES `ost_vo_company` (`id`),
  ADD CONSTRAINT `FK_544FC9DF384C1CF` FOREIGN KEY (`periode_id`) REFERENCES `ost_vo_periodes` (`id`) ON DELETE CASCADE;

--
-- Contraintes pour la table `ost_vo_reservations`
--
ALTER TABLE `ost_vo_reservations`
  ADD CONSTRAINT `FK_2B7779C61919B217` FOREIGN KEY (`pack_id`) REFERENCES `ost_vo_packs` (`id`),
  ADD CONSTRAINT `FK_2B7779C619EB6921` FOREIGN KEY (`client_id`) REFERENCES `ost_client` (`id`) ON DELETE CASCADE,
  ADD CONSTRAINT `FK_2B7779C653C59D72` FOREIGN KEY (`responsable_id`) REFERENCES `ost_user` (`id`),
  ADD CONSTRAINT `FK_2B7779C668C9E5AF` FOREIGN KEY (`voyage_id`) REFERENCES `ost_vo_voyages` (`id`),
  ADD CONSTRAINT `FK_2B7779C6F06C2258` FOREIGN KEY (`responsableAmicale_id`) REFERENCES `ost_client` (`id`),
  ADD CONSTRAINT `FK_2B7779C6FEBD183` FOREIGN KEY (`amicale_id`) REFERENCES `ost_amicale` (`id`);

--
-- Contraintes pour la table `ost_vo_reservations_chambres`
--
ALTER TABLE `ost_vo_reservations_chambres`
  ADD CONSTRAINT `FK_246F872BB83297E7` FOREIGN KEY (`reservation_id`) REFERENCES `ost_vo_reservations` (`id`) ON DELETE CASCADE;

--
-- Contraintes pour la table `ost_vo_reservations_lignes`
--
ALTER TABLE `ost_vo_reservations_lignes`
  ADD CONSTRAINT `FK_29FAE891A21BD112` FOREIGN KEY (`personne_id`) REFERENCES `ost_vo_reservation_personnes` (`id`) ON DELETE CASCADE;

--
-- Contraintes pour la table `ost_vo_reservation_personnes`
--
ALTER TABLE `ost_vo_reservation_personnes`
  ADD CONSTRAINT `FK_42B3F65C43851422` FOREIGN KEY (`chambreContingent_id`) REFERENCES `ost_vo_chambre` (`id`) ON DELETE SET NULL,
  ADD CONSTRAINT `FK_42B3F65C9B177F54` FOREIGN KEY (`chambre_id`) REFERENCES `ost_vo_reservations_chambres` (`id`) ON DELETE CASCADE;

--
-- Contraintes pour la table `ost_vo_reservation_personne_billets`
--
ALTER TABLE `ost_vo_reservation_personne_billets`
  ADD CONSTRAINT `FK_A0D277C4A21BD112` FOREIGN KEY (`personne_id`) REFERENCES `ost_vo_reservation_personnes` (`id`);

--
-- Contraintes pour la table `ost_vo_reservation_personne_billets_logs`
--
ALTER TABLE `ost_vo_reservation_personne_billets_logs`
  ADD CONSTRAINT `FK_67DD3DCE44973C78` FOREIGN KEY (`billet_id`) REFERENCES `ost_vo_reservation_personne_billets` (`id`),
  ADD CONSTRAINT `FK_67DD3DCED5E86FF` FOREIGN KEY (`etat_id`) REFERENCES `ost_vo_reservation_gestion_etats` (`id`);

--
-- Contraintes pour la table `ost_vo_reservation_personne_hotels`
--
ALTER TABLE `ost_vo_reservation_personne_hotels`
  ADD CONSTRAINT `FK_2CFE7066A21BD112` FOREIGN KEY (`personne_id`) REFERENCES `ost_vo_reservation_personnes` (`id`);

--
-- Contraintes pour la table `ost_vo_reservation_personne_hotels_logs`
--
ALTER TABLE `ost_vo_reservation_personne_hotels_logs`
  ADD CONSTRAINT `FK_568CA1423243BB18` FOREIGN KEY (`hotel_id`) REFERENCES `ost_vo_reservation_personne_hotels` (`id`),
  ADD CONSTRAINT `FK_568CA142D5E86FF` FOREIGN KEY (`etat_id`) REFERENCES `ost_vo_reservation_gestion_etats` (`id`);

--
-- Contraintes pour la table `ost_vo_reservation_personne_visas`
--
ALTER TABLE `ost_vo_reservation_personne_visas`
  ADD CONSTRAINT `FK_3E1435A0A21BD112` FOREIGN KEY (`personne_id`) REFERENCES `ost_vo_reservation_personnes` (`id`);

--
-- Contraintes pour la table `ost_vo_reservation_personne_visas_logs`
--
ALTER TABLE `ost_vo_reservation_personne_visas_logs`
  ADD CONSTRAINT `FK_4092319399C772A6` FOREIGN KEY (`visa_id`) REFERENCES `ost_vo_reservation_personne_visas` (`id`),
  ADD CONSTRAINT `FK_40923193D5E86FF` FOREIGN KEY (`etat_id`) REFERENCES `ost_vo_reservation_gestion_etats` (`id`);

--
-- Contraintes pour la table `ost_vo_themes`
--
ALTER TABLE `ost_vo_themes`
  ADD CONSTRAINT `FK_88A8E43212529D24` FOREIGN KEY (`themeCategorie_id`) REFERENCES `ost_vo_themes_categories` (`id`);

--
-- Contraintes pour la table `ost_vo_visas`
--
ALTER TABLE `ost_vo_visas`
  ADD CONSTRAINT `FK_2D62B51768C9E5AF` FOREIGN KEY (`voyage_id`) REFERENCES `ost_vo_voyages` (`id`) ON DELETE CASCADE;

--
-- Contraintes pour la table `ost_vo_voyages`
--
ALTER TABLE `ost_vo_voyages`
  ADD CONSTRAINT `FK_A911B37C816C6140` FOREIGN KEY (`destination_id`) REFERENCES `ost_vo_destinations` (`id`);

--
-- Contraintes pour la table `ost_vo_voyages_lignes_amicales`
--
ALTER TABLE `ost_vo_voyages_lignes_amicales`
  ADD CONSTRAINT `FK_3C00B0A85A438E76` FOREIGN KEY (`ligne_id`) REFERENCES `ost_vo_ligne` (`id`) ON DELETE CASCADE,
  ADD CONSTRAINT `FK_3C00B0A8FEBD183` FOREIGN KEY (`amicale_id`) REFERENCES `ost_amicale` (`id`) ON DELETE CASCADE;

--
-- Contraintes pour la table `ost_vo_voyages_packs_amicales`
--
ALTER TABLE `ost_vo_voyages_packs_amicales`
  ADD CONSTRAINT `FK_275F44341919B217` FOREIGN KEY (`pack_id`) REFERENCES `ost_vo_packs` (`id`) ON DELETE CASCADE,
  ADD CONSTRAINT `FK_275F4434FEBD183` FOREIGN KEY (`amicale_id`) REFERENCES `ost_amicale` (`id`) ON DELETE CASCADE;

--
-- Contraintes pour la table `ost_vo_voyages_packs_hotels`
--
ALTER TABLE `ost_vo_voyages_packs_hotels`
  ADD CONSTRAINT `FK_CBF1E0101919B217` FOREIGN KEY (`pack_id`) REFERENCES `ost_vo_packs` (`id`) ON DELETE CASCADE,
  ADD CONSTRAINT `FK_CBF1E0103243BB18` FOREIGN KEY (`hotel_id`) REFERENCES `ost_vo_hotel` (`id`) ON DELETE CASCADE;

--
-- Contraintes pour la table `ost_vo_voyages_pays`
--
ALTER TABLE `ost_vo_voyages_pays`
  ADD CONSTRAINT `FK_387E6EE8A6E44244` FOREIGN KEY (`pays_id`) REFERENCES `ost_sht_pays` (`id`) ON DELETE CASCADE,
  ADD CONSTRAINT `FK_387E6EE8D56295CC` FOREIGN KEY (`voyageorganise_id`) REFERENCES `ost_vo_voyages` (`id`) ON DELETE CASCADE;

--
-- Contraintes pour la table `ost_vo_voyages_themes`
--
ALTER TABLE `ost_vo_voyages_themes`
  ADD CONSTRAINT `FK_3604E66459027487` FOREIGN KEY (`theme_id`) REFERENCES `ost_vo_themes` (`id`) ON DELETE CASCADE,
  ADD CONSTRAINT `FK_3604E664D56295CC` FOREIGN KEY (`voyageorganise_id`) REFERENCES `ost_vo_voyages` (`id`) ON DELETE CASCADE;

