-- http://www.phpmyadmin.net
--
-- Client :  ostravelrdos2016.mysql.db
-- Généré le :  Lun 26 Septembre 2016 à 15:49
-- Version du serveur :  5.5.49-0+deb7u1-log
-- Version de PHP :  5.4.45-0+deb7u4




--
-- Base de données :  `ostravelrdos2016`
--

-- --------------------------------------------------------

--
-- Structure de la table `ConfigurationCaisse`
--

CREATE TABLE IF NOT EXISTS `ConfigurationCaisse` (
  `id` int(11) NOT NULL,
  `autoMovCaisse` tinyint(1) NOT NULL,
  `movCredit_id` int(11) DEFAULT NULL,
  `movDebit_id` int(11) DEFAULT NULL
) ENGINE=InnoDB DEFAULT CHARSET=utf8 COLLATE=utf8_unicode_ci;

-- --------------------------------------------------------

--
-- Structure de la table `ext_log_entries`
--

CREATE TABLE IF NOT EXISTS `ext_log_entries` (
  `id` int(11) NOT NULL,
  `action` varchar(8) COLLATE utf8_unicode_ci NOT NULL,
  `logged_at` datetime NOT NULL,
  `object_id` varchar(64) COLLATE utf8_unicode_ci DEFAULT NULL,
  `object_class` varchar(255) COLLATE utf8_unicode_ci NOT NULL,
  `version` int(11) NOT NULL,
  `data` longtext COLLATE utf8_unicode_ci COMMENT '(DC2Type:array)',
  `username` varchar(255) COLLATE utf8_unicode_ci DEFAULT NULL
) ENGINE=InnoDB DEFAULT CHARSET=utf8 COLLATE=utf8_unicode_ci;

-- --------------------------------------------------------

--
-- Structure de la table `ext_translations`
--

CREATE TABLE IF NOT EXISTS `ext_translations` (
  `id` int(11) NOT NULL,
  `locale` varchar(8) COLLATE utf8_unicode_ci NOT NULL,
  `object_class` varchar(255) COLLATE utf8_unicode_ci NOT NULL,
  `field` varchar(32) COLLATE utf8_unicode_ci NOT NULL,
  `foreign_key` varchar(64) COLLATE utf8_unicode_ci NOT NULL,
  `content` longtext COLLATE utf8_unicode_ci
) ENGINE=InnoDB DEFAULT CHARSET=utf8 COLLATE=utf8_unicode_ci;

-- --------------------------------------------------------

--
-- Structure de la table `Groupe`
--

CREATE TABLE IF NOT EXISTS `Groupe` (
  `id` int(11) NOT NULL,
  `libelle` varchar(255) COLLATE utf8_unicode_ci NOT NULL
) ENGINE=InnoDB DEFAULT CHARSET=utf8 COLLATE=utf8_unicode_ci;

-- --------------------------------------------------------

--
-- Structure de la table `ost_agence`
--

CREATE TABLE IF NOT EXISTS `ost_agence` (
  `id` int(11) NOT NULL,
  `nom` varchar(255) COLLATE utf8_unicode_ci NOT NULL,
  `adresse` longtext COLLATE utf8_unicode_ci NOT NULL,
  `tel1` varchar(255) COLLATE utf8_unicode_ci NOT NULL,
  `tel2` varchar(255) COLLATE utf8_unicode_ci DEFAULT NULL,
  `fax` varchar(255) COLLATE utf8_unicode_ci DEFAULT NULL,
  `contactEmail` varchar(255) COLLATE utf8_unicode_ci NOT NULL,
  `site` varchar(255) COLLATE utf8_unicode_ci NOT NULL,
  `updated_at` datetime DEFAULT NULL,
  `path` varchar(255) COLLATE utf8_unicode_ci DEFAULT NULL,
  `codeAgence` varchar(255) COLLATE utf8_unicode_ci NOT NULL,
  `modules` longtext COLLATE utf8_unicode_ci NOT NULL COMMENT '(DC2Type:array)',
  `registre_commerce` varchar(255) COLLATE utf8_unicode_ci NOT NULL,
  `matricule_fiscale` varchar(255) COLLATE utf8_unicode_ci NOT NULL,
  `marque_commerciale` varchar(255) COLLATE utf8_unicode_ci DEFAULT NULL,
  `impressionBackground_id` int(11) DEFAULT NULL,
  `cachetNumrique_id` int(11) DEFAULT NULL
) ENGINE=InnoDB AUTO_INCREMENT=2 DEFAULT CHARSET=utf8 COLLATE=utf8_unicode_ci;

--
-- Contenu de la table `ost_agence`
--

INSERT INTO `ost_agence` (`id`, `nom`, `adresse`, `tel1`, `tel2`, `fax`, `contactEmail`, `site`, `updated_at`, `path`, `codeAgence`, `modules`, `registre_commerce`, `matricule_fiscale`, `marque_commerciale`, `impressionBackground_id`, `cachetNumrique_id`) VALUES
(1, 'OVERSEAS', 'Technopole la Mannouba, 3ème étage, Bureau N°4  2010, Mannouba, Tunisie', '58 341 886', '58 341 886', '58 341 886', 'direction@octasoft.com.tn', 'http://os-travel.com/', '2016-09-26 15:00:19', 'f7a54db13be89f58fb485a6364aff214aa8c05c4.png', '20160603', 'a:34:{i:0;s:18:"SHT-EXPORT-SAISONS";i:1;s:18:"SHT-SAISON-AMICALE";i:2;s:21:"SHT-SAISON-CONTINGENT";i:3;s:20:"SHT-SAISON-PROMOTION";i:4;s:24:"SHT-SAISON-EARLY-BOOKING";i:5;s:22:"SHT-PAIEMENT-PAR-HOTEL";i:6;s:9:"SHT-MONDE";i:7;s:25:"SHT-PAIEMENT-ELECTRONIQUE";i:8;s:19:"SHT-REMISE-INTERNET";i:9;s:16:"SHT-FRAISDOSSIER";i:10;s:9:"SHT-RECUS";i:11;s:9:"SHT-DEVIS";i:12;s:15:"SHT-TARIF-HOTEL";i:13;s:16:"SHT-NOTIFICATION";i:14;s:8:"SHT-BASE";i:15;s:7:"VO-BASE";i:16;s:7:"PR-BASE";i:17;s:13:"BIENETRE-BASE";i:18;s:11:"CAISSE-BASE";i:19;s:8:"CRM-BASE";i:20;s:20:"B2C-GENRATION-SAISON";i:21;s:8:"B2C-BASE";i:22;s:8:"B2B-BASE";i:23;s:14:"REPORTING-BASE";i:24;s:9:"RESA-BASE";i:25;s:11:"DIVERS-BASE";i:26;s:11:"PVENTE-BASE";i:27;s:8:"TRA-BASE";i:28;s:13:"MARITIME-BASE";i:29;s:8:"VOL-BASE";i:30;s:9:"COMM-BASE";i:31;s:10:"TACHE-BASE";i:32;s:9:"MICE-BASE";i:33;s:6:"MA_PdV";}', '.', '.', NULL, 1, 1);

-- --------------------------------------------------------

--
-- Structure de la table `ost_agence_cachetnumerique`
--

CREATE TABLE IF NOT EXISTS `ost_agence_cachetnumerique` (
  `id` int(11) NOT NULL,
  `updated_at` datetime DEFAULT NULL,
  `path` varchar(255) COLLATE utf8_unicode_ci DEFAULT NULL
) ENGINE=InnoDB AUTO_INCREMENT=2 DEFAULT CHARSET=utf8 COLLATE=utf8_unicode_ci;

--
-- Contenu de la table `ost_agence_cachetnumerique`
--

INSERT INTO `ost_agence_cachetnumerique` (`id`, `updated_at`, `path`) VALUES
(1, '2016-09-04 13:39:53', NULL);

-- --------------------------------------------------------

--
-- Structure de la table `ost_agence_impression_background`
--

CREATE TABLE IF NOT EXISTS `ost_agence_impression_background` (
  `id` int(11) NOT NULL,
  `updated_at` datetime DEFAULT NULL,
  `path` varchar(255) COLLATE utf8_unicode_ci DEFAULT NULL
) ENGINE=InnoDB AUTO_INCREMENT=2 DEFAULT CHARSET=utf8 COLLATE=utf8_unicode_ci;

--
-- Contenu de la table `ost_agence_impression_background`
--

INSERT INTO `ost_agence_impression_background` (`id`, `updated_at`, `path`) VALUES
(1, '2016-09-04 13:39:53', NULL);

-- --------------------------------------------------------

--
-- Structure de la table `ost_amicale`
--

CREATE TABLE IF NOT EXISTS `ost_amicale` (
  `id` int(11) NOT NULL,
  `libelle` varchar(255) COLLATE utf8_unicode_ci NOT NULL,
  `adresse` longtext COLLATE utf8_unicode_ci NOT NULL,
  `tel` varchar(255) COLLATE utf8_unicode_ci NOT NULL,
  `fax` varchar(255) COLLATE utf8_unicode_ci NOT NULL,
  `plafond` decimal(11,3) NOT NULL,
  `montant` decimal(11,3) NOT NULL,
  `slug` varchar(128) COLLATE utf8_unicode_ci NOT NULL,
  `created` datetime NOT NULL,
  `updated` datetime NOT NULL,
  `type` varchar(255) COLLATE utf8_unicode_ci NOT NULL,
  `remise_pr` decimal(11,3) NOT NULL,
  `pour_pr` tinyint(1) DEFAULT NULL,
  `remise_be` decimal(11,3) NOT NULL,
  `pour_be` tinyint(1) DEFAULT NULL,
  `remise_b` decimal(11,3) NOT NULL,
  `pour_b` tinyint(1) DEFAULT NULL,
  `remise_m` decimal(11,3) NOT NULL,
  `pour_m` tinyint(1) DEFAULT NULL,
  `remise_rb` decimal(11,3) NOT NULL,
  `pour_rb` tinyint(1) DEFAULT NULL,
  `remise_t` decimal(11,3) NOT NULL,
  `pour_t` tinyint(1) DEFAULT NULL,
  `remise_div` decimal(11,3) NOT NULL,
  `pour_div` tinyint(1) DEFAULT NULL,
  `marge_sht` decimal(11,3) NOT NULL,
  `marge_pour_sht` tinyint(1) DEFAULT NULL,
  `marge_vo` decimal(11,3) NOT NULL,
  `marge_pour_vo` tinyint(1) DEFAULT NULL,
  `marge_pr` decimal(11,3) NOT NULL,
  `marge_pour_pr` tinyint(1) DEFAULT NULL,
  `marge_be` decimal(11,3) NOT NULL,
  `marge_pour_be` tinyint(1) DEFAULT NULL,
  `marge_b` decimal(11,3) NOT NULL,
  `marge_pour_b` tinyint(1) DEFAULT NULL,
  `marge_m` decimal(11,3) NOT NULL,
  `marge_pour_m` tinyint(1) DEFAULT NULL,
  `marge_rb` decimal(11,3) NOT NULL,
  `marge_pour_rb` tinyint(1) DEFAULT NULL,
  `marge_t` decimal(11,3) NOT NULL,
  `marge_pour_t` tinyint(1) DEFAULT NULL,
  `marge_div` decimal(11,3) NOT NULL,
  `marge_pour_div` tinyint(1) DEFAULT NULL,
  `path` varchar(255) COLLATE utf8_unicode_ci DEFAULT NULL,
  `generation_automatique` tinyint(1) NOT NULL,
  `remise_generation` decimal(11,3) DEFAULT NULL,
  `remise_generation_type` int(11) DEFAULT NULL,
  `matriculeFiscale` varchar(255) COLLATE utf8_unicode_ci DEFAULT NULL,
  `registreCommercie` varchar(255) COLLATE utf8_unicode_ci DEFAULT NULL,
  `tva` tinyint(1) NOT NULL,
  `remise_mice` decimal(11,3) NOT NULL,
  `pour_mice` tinyint(1) DEFAULT NULL,
  `remise_she` decimal(11,3) NOT NULL,
  `pour_she` tinyint(1) DEFAULT NULL,
  `marge_she` decimal(11,3) NOT NULL,
  `marge_pour_she` tinyint(1) DEFAULT NULL,
  `marge_mice` decimal(11,3) NOT NULL,
  `marge_pour_mice` tinyint(1) DEFAULT NULL
) ENGINE=InnoDB AUTO_INCREMENT=15 DEFAULT CHARSET=utf8 COLLATE=utf8_unicode_ci;

--
-- Contenu de la table `ost_amicale`
--

INSERT INTO `ost_amicale` (`id`, `libelle`, `adresse`, `tel`, `fax`, `plafond`, `montant`, `slug`, `created`, `updated`, `type`, `remise_pr`, `pour_pr`, `remise_be`, `pour_be`, `remise_b`, `pour_b`, `remise_m`, `pour_m`, `remise_rb`, `pour_rb`, `remise_t`, `pour_t`, `remise_div`, `pour_div`, `marge_sht`, `marge_pour_sht`, `marge_vo`, `marge_pour_vo`, `marge_pr`, `marge_pour_pr`, `marge_be`, `marge_pour_be`, `marge_b`, `marge_pour_b`, `marge_m`, `marge_pour_m`, `marge_rb`, `marge_pour_rb`, `marge_t`, `marge_pour_t`, `marge_div`, `marge_pour_div`, `path`, `generation_automatique`, `remise_generation`, `remise_generation_type`, `matriculeFiscale`, `registreCommercie`, `tva`, `remise_mice`, `pour_mice`, `remise_she`, `pour_she`, `marge_she`, `marge_pour_she`, `marge_mice`, `marge_pour_mice`) VALUES
(4, 'Zen Solutions', 'Technopole Mannouba', '70 526 322', '70 526 322', 10000.000, 426.584, 'zen-solutions', '2015-05-21 13:37:19', '2016-03-15 17:23:18', '5', 0.000, NULL, 0.000, NULL, 0.000, NULL, 0.000, NULL, 0.000, NULL, 0.000, NULL, 0.000, NULL, 0.000, NULL, 0.000, NULL, 0.000, NULL, 0.000, NULL, 0.000, NULL, 0.000, NULL, 0.000, NULL, 0.000, NULL, 0.000, NULL, NULL, 0, NULL, NULL, NULL, NULL, 0, 0.000, NULL, 0.000, NULL, 0.000, NULL, 0.000, NULL),
(5, 'Amicale du Personnel de La BTK', '10 Bis Avenue Mohamed V - 1001 - Tunis', '71 204 000', '71 343 106', 30000.000, -4680.940, 'amicale-du-personnel-de-la-btk', '2015-05-21 13:37:19', '2015-12-21 08:30:12', '2', 0.000, NULL, 0.000, NULL, 0.000, NULL, 0.000, NULL, 0.000, NULL, 0.000, NULL, 0.000, NULL, 0.000, NULL, 0.000, NULL, 0.000, NULL, 0.000, NULL, 0.000, NULL, 0.000, NULL, 0.000, NULL, 0.000, NULL, 0.000, NULL, NULL, 0, NULL, NULL, NULL, NULL, 0, 0.000, NULL, 0.000, NULL, 0.000, NULL, 0.000, NULL),
(6, 'Mutuelles des agents des Douanes', 'cite el khadhra tunis', '98819632', '71770922', 30000.000, -90030.171, 'mutuelles-des-agents-des-douanes', '2015-05-21 13:37:19', '2016-03-16 09:35:22', '2', 0.000, NULL, 0.000, NULL, 0.000, NULL, 0.000, NULL, 0.000, NULL, 0.000, NULL, 0.000, NULL, 0.000, NULL, 0.000, NULL, 0.000, NULL, 0.000, NULL, 0.000, NULL, 0.000, NULL, 0.000, NULL, 0.000, NULL, 0.000, NULL, NULL, 0, NULL, NULL, NULL, NULL, 0, 0.000, NULL, 0.000, NULL, 0.000, NULL, 0.000, NULL),
(7, 'Banque de Tunisie', 'Rue de Turquie, Tunis', '52 557 390', '52 557 390', 30000.000, -24859.453, 'banque-de-tunisie', '2015-05-21 13:37:19', '2016-03-17 16:03:08', '2', 0.000, NULL, 0.000, NULL, 0.000, NULL, 0.000, NULL, 0.000, NULL, 0.000, NULL, 0.000, NULL, 0.000, NULL, 0.000, NULL, 0.000, NULL, 0.000, NULL, 0.000, NULL, 0.000, NULL, 0.000, NULL, 0.000, NULL, 0.000, NULL, NULL, 0, NULL, NULL, NULL, NULL, 0, 0.000, NULL, 0.000, NULL, 0.000, NULL, 0.000, NULL),
(8, 'Huawei Technologies Tunis', 'Tunisie', '71 111 222', '71 111 222', 10.000, -1542.873, 'huawei-technologies-tunis', '2015-05-21 13:37:19', '2015-12-07 16:13:14', '1', 0.000, NULL, 0.000, NULL, 0.000, NULL, 0.000, NULL, 0.000, NULL, 0.000, NULL, 0.000, NULL, 0.000, NULL, 0.000, NULL, 0.000, NULL, 0.000, NULL, 0.000, NULL, 0.000, NULL, 0.000, NULL, 0.000, NULL, 0.000, NULL, NULL, 0, NULL, NULL, NULL, NULL, 0, 0.000, NULL, 0.000, NULL, 0.000, NULL, 0.000, NULL),
(9, 'Samsung Electronics Tunisia', 'Immeuble Adonis 2eme étage , rue du Lac 1053 Tunis', '71 161 200', '71 860 285', 5000.000, 0.000, 'samsung-electronics-tunisia', '2015-05-21 13:37:19', '2016-02-25 10:21:29', '1', 0.000, 0, 0.000, 0, 0.000, 0, 0.000, 0, 0.000, 0, 0.000, 0, 0.000, 0, 0.000, NULL, 0.000, NULL, 0.000, NULL, 0.000, NULL, 0.000, NULL, 0.000, NULL, 0.000, NULL, 0.000, NULL, 0.000, NULL, NULL, 0, NULL, NULL, NULL, NULL, 0, 0.000, NULL, 0.000, NULL, 0.000, NULL, 0.000, NULL),
(10, 'Le Fond Social d''Assurances Biat', 'Imm Assurance BIAT-1053 LE Berges du LAC-TUNIS', '71197820', '71197810', 30000.000, 3922.810, 'le-fond-social-d-assurances-biat', '2015-05-21 13:37:19', '2016-03-18 11:31:05', '1', 0.000, NULL, 0.000, NULL, 0.000, NULL, 0.000, NULL, 0.000, NULL, 0.000, NULL, 0.000, NULL, 0.000, NULL, 0.000, NULL, 0.000, NULL, 0.000, NULL, 0.000, NULL, 0.000, NULL, 0.000, NULL, 0.000, NULL, 0.000, NULL, NULL, 0, NULL, NULL, NULL, NULL, 0, 0.000, NULL, 0.000, NULL, 0.000, NULL, 0.000, NULL),
(11, 'MUTUELLE DES AGENTS  DE LA SONEDE', '36 Rue Hedi Nouira -1001-Tunis', '71343277', '71346217', 30000.000, 112.760, 'mutuelle-des-agents-de-la-sonede', '2016-02-04 12:28:00', '2016-02-25 15:45:00', '2', 0.000, 0, 0.000, 0, 0.000, 0, 0.000, 0, 0.000, 0, 0.000, 0, 0.000, 0, 0.000, 0, 0.000, 0, 0.000, 0, 0.000, 0, 0.000, 0, 0.000, 0, 0.000, 0, 0.000, 0, 0.000, 0, NULL, 0, NULL, NULL, NULL, NULL, 0, 0.000, NULL, 0.000, NULL, 0.000, NULL, 0.000, NULL),
(12, 'SociétéTunisienne de l’électricité et du gaz', 'Tunis', '71874055', '71875065', 30000.000, 0.000, 'societetunisienne-de-l-electricite-et-du-gaz', '2016-02-24 13:30:08', '2016-02-24 13:30:08', '2', 0.000, 0, 0.000, 0, 0.000, 0, 0.000, 0, 0.000, 0, 0.000, 0, 0.000, 0, 0.000, 0, 0.000, 0, 0.000, 0, 0.000, 0, 0.000, 0, 0.000, 0, 0.000, 0, 0.000, 0, 0.000, 0, NULL, 0, NULL, NULL, NULL, NULL, 0, 0.000, NULL, 0.000, NULL, 0.000, NULL, 0.000, NULL),
(13, 'OCTASOFT', 'a', 'a', 'a', 10000.000, 0.000, 'octasoft', '2016-06-26 15:18:12', '2016-06-26 15:18:12', '5', 0.000, 0, 0.000, 0, 0.000, 0, 0.000, 0, 0.000, 0, 0.000, 0, 0.000, 0, 0.000, 0, 0.000, 0, 0.000, 0, 0.000, 0, 0.000, 0, 0.000, 0, 0.000, 0, 0.000, 0, 0.000, 0, NULL, 0, 0.000, NULL, NULL, NULL, 1, 0.000, 0, 0.000, 0, 0.000, 0, 0.000, 0),
(14, 'TodaysTravel', 'Adresse', '71 123 456', '71 123 456', 50000.000, 0.000, 'todaystravel', '2016-09-21 13:26:25', '2016-09-21 13:26:25', '5', 0.000, 0, 0.000, 0, 0.000, 0, 0.000, 0, 0.000, 0, 0.000, 0, 0.000, 0, 0.000, 0, 0.000, 0, 0.000, 0, 0.000, 0, 0.000, 0, 0.000, 0, 0.000, 0, 0.000, 0, 0.000, 0, NULL, 0, 0.000, NULL, NULL, NULL, 1, 0.000, 0, 0.000, 0, 0.000, 0, 0.000, 0);

-- --------------------------------------------------------

--
-- Structure de la table `ost_amicale_produit`
--

CREATE TABLE IF NOT EXISTS `ost_amicale_produit` (
  `id_amicale` int(11) NOT NULL,
  `id_produit` int(11) NOT NULL
) ENGINE=InnoDB DEFAULT CHARSET=utf8 COLLATE=utf8_unicode_ci;

--
-- Contenu de la table `ost_amicale_produit`
--

INSERT INTO `ost_amicale_produit` (`id_amicale`, `id_produit`) VALUES
(4, 1),
(5, 1),
(6, 1),
(6, 3),
(7, 1),
(8, 1),
(9, 1),
(10, 1),
(11, 1),
(11, 2),
(12, 1),
(14, 1),
(14, 5);

-- --------------------------------------------------------

--
-- Structure de la table `ost_attachment`
--

CREATE TABLE IF NOT EXISTS `ost_attachment` (
  `object_id` int(11) unsigned NOT NULL,
  `type` char(1) NOT NULL,
  `file_id` int(11) unsigned NOT NULL,
  `inline` tinyint(1) unsigned NOT NULL DEFAULT '0'
) ENGINE=MyISAM DEFAULT CHARSET=utf8;

-- --------------------------------------------------------

--
-- Structure de la table `ost_be_centre`
--

CREATE TABLE IF NOT EXISTS `ost_be_centre` (
  `id` int(11) NOT NULL,
  `hotel_id` int(11) DEFAULT NULL,
  `ville_id` int(11) DEFAULT NULL,
  `libelle` varchar(255) COLLATE utf8_unicode_ci NOT NULL,
  `description` longtext COLLATE utf8_unicode_ci,
  `created` datetime NOT NULL,
  `updated` datetime NOT NULL,
  `slug` varchar(128) COLLATE utf8_unicode_ci NOT NULL
) ENGINE=InnoDB AUTO_INCREMENT=20 DEFAULT CHARSET=utf8 COLLATE=utf8_unicode_ci;

--
-- Contenu de la table `ost_be_centre`
--

INSERT INTO `ost_be_centre` (`id`, `hotel_id`, `ville_id`, `libelle`, `description`, `created`, `updated`, `slug`) VALUES
(2, 33, 31, 'El Mouradi Hammam Bourguiba', '<p>Centre pour cures thermales.</p>', '2015-11-03 10:19:16', '2015-11-23 09:28:38', 'el-mouradi-hammam-bourguiba'),
(3, 291, 10, 'Centre des Hasdrubal Thalassa & Spa de Yasmine Hammamet', 'L’examen médical est obligatoire.\r\nLe libre accès pendant  la ½ journée est  prévu à :\r\n- 	l’espace forme    : hammam, sauna, fitness, cardiotraining.\r\n-	l’espace détente : tisanerie, salle d’aromathérapie, salle de  repos.', '2015-11-04 02:35:29', '2015-11-04 03:12:47', 'centre-des-hasdrubal-thalassa-spa-de-yasmine-hammamet'),
(4, 142, 34, 'Centre des Hasdrubal Thalassa & Spa Port El Kantaoui', 'L’examen médical est obligatoire.\r\nLe libre accès pendant  la ½ journée est  prévu à :\r\n- 	l’espace forme    : hammam, sauna, fitness, cardiotraining.\r\n-	l’espace détente : tisanerie, salle d’aromathérapie, salle de  repos.', '2015-11-04 02:36:56', '2015-11-04 03:13:10', 'centre-des-hasdrubal-thalassa-spa-port-el-kantaoui'),
(5, 139, 18, 'Centres des Hasdrubal Thalassa & Spa Djerba', NULL, '2015-11-04 02:38:04', '2015-11-07 14:20:19', 'centres-des-hasdrubal-thalassa-spa-djerba'),
(6, 67, 10, 'THE RUSSELIOR SPA', '&laquo; The Russelior Spa &raquo; privil&eacute;gie une approche holistique associant bien-&ecirc;tre spirituel et physique. Inspir&eacute; par les philosophies m&eacute;dicinales traditionnelles de la Cara&iuml;be, le principe de base de nos soins consiste &agrave; r&eacute;tablir &eacute;quilibre et harmonie entre le corps et l&rsquo;esprit. &laquo; The Russelior Spa &raquo; dispose des infrastructures les plus luxueuses d&rsquo;Hammamet, offrant un extraordinaire espace baln&eacute;o alliant luxe et sobri&eacute;t&eacute;. Une v&eacute;ritable parenth&egrave;se pour vous lover paix et s&eacute;r&eacute;nit&eacute; qui seront d&eacute;di&eacute;es au plaisir des sens o&ugrave; tout fait ressourcer votre corps et votre esprit. Profitez du savoir-faire de nos th&eacute;rapeutes et laissez-vous s&eacute;duire par nos huiles exotiques, lotions parfum&eacute;es et essences tropicales.&nbsp;', '2015-11-04 03:38:28', '2016-02-22 15:47:35', 'the-russelior-spa'),
(7, 46, 10, 'Rhea Thalasso & Spa', '<pre>\r\n &Eacute;blouissant Centre de thalasso &amp; Spa permettant aux visiteurs de trouver du r&eacute;confort et s&#39;&eacute;vader du stress quotidien</pre>', '2015-11-23 09:54:55', '2015-11-23 09:54:55', 'rhea-thalasso-spa'),
(8, 77, 30, 'El Mouradi Gammarth', '<p>Le spa offre une vari&eacute;t&eacute; de soins de beaut&eacute;</p>', '2015-12-15 18:52:24', '2015-12-15 18:52:24', 'el-mouradi-gammarth'),
(9, 58, 37, 'Centre Royal Elyssa Thalasso & Spa', '<p>&nbsp;Royal Elyssa Thalasso &amp; Spa cr&eacute;ateur de sens le lieux id&eacute;al pour se relaxer...</p>\r\n\r\n<p>&nbsp;</p>', '2016-01-04 16:16:57', '2016-01-04 16:18:28', 'centre-royal-elyssa-thalasso-spa'),
(10, 40, 10, 'Centre ALhambra Thalasso', '<p>La Thalassoth&eacute;rapie par exellence...</p>', '2016-01-05 09:16:41', '2016-01-05 09:16:41', 'centre-alhambra-thalasso'),
(11, 16, 10, 'Centre Le Royal Thalasso & Spa', NULL, '2016-01-05 09:28:23', '2016-01-05 09:52:17', 'centre-le-royal-thalasso-spa'),
(12, 46, 10, 'Centre Rhea Thalasso & Spa', NULL, '2016-01-06 14:58:09', '2016-01-06 14:58:09', 'centre-rhea-thalasso-spa'),
(13, 138, 34, 'Centre Royal Kenz Thalasso & Spa', NULL, '2016-01-06 15:31:09', '2016-01-06 15:31:09', 'centre-royal-kenz-thalasso-spa'),
(14, 59, 34, 'Moevenpick Marine & Spa', '<p>Marine &amp; Spa est une interpretation Unique de Bien Etre ,Un Centre de Thalassoth&eacute;rapie &agrave; part entiere &nbsp;combin&eacute; &agrave; une large gamme de soins Spa...</p>', '2016-01-11 10:43:17', '2016-01-11 10:47:01', 'moevenpick-marine-spa'),
(15, 10, 10, 'Centre Thalasso Le Sultan', '<p>Baln&eacute;o : Five Sens Thalasso et Spa</p>', '2016-01-22 09:48:07', '2016-01-22 09:48:07', 'centre-thalasso-le-sultan'),
(16, 55, 35, 'Mahdia PalaceThalasso & Kneipp', NULL, '2016-01-22 10:22:42', '2016-01-22 10:22:42', 'mahdia-palacethalasso-kneipp'),
(17, 106, 10, 'Centre Bio Azur Thalasso', '<p>&nbsp; &nbsp; &nbsp; &nbsp; &nbsp; &nbsp;Bio Azur Thalasso &amp; Spa<br />\r\nSource de bien-&ecirc;tre pour le corps et l&rsquo;esprit</p>\r\n\r\n<p><em>Une exp&eacute;rience sensorielle unique r&eacute;pondra &agrave; toutes les attentes et les envies... Laissez-vous porter par nos soins et rituels avec l&rsquo;eau de Mer qui sont le fruit d&rsquo;une longue expertise en mati&egrave;re de beaut&eacute; et de bien-&ecirc;tre.</em></p>', '2016-02-11 10:49:47', '2016-02-11 10:49:47', 'centre-bio-azur-thalasso'),
(18, 27, 10, 'Centre Laico Thalasso &Spa', NULL, '2016-03-04 16:10:12', '2016-03-04 16:10:12', 'centre-laico-thalasso-spa'),
(19, 50, 10, 'SOLARIA & THALASSO', NULL, '2016-04-07 15:22:20', '2016-04-07 15:22:20', 'solaria-thalasso');

-- --------------------------------------------------------

--
-- Structure de la table `ost_be_configuration_voucher`
--

CREATE TABLE IF NOT EXISTS `ost_be_configuration_voucher` (
  `id` int(11) NOT NULL,
  `debutVoucher` int(11) NOT NULL,
  `codeCouleur` varchar(255) COLLATE utf8_unicode_ci NOT NULL,
  `texteVoucher` longtext COLLATE utf8_unicode_ci,
  `typeNumerotation` int(11) NOT NULL,
  `model` int(11) NOT NULL
) ENGINE=InnoDB DEFAULT CHARSET=utf8 COLLATE=utf8_unicode_ci;

-- --------------------------------------------------------

--
-- Structure de la table `ost_be_dossier`
--

CREATE TABLE IF NOT EXISTS `ost_be_dossier` (
  `id` int(11) NOT NULL,
  `produit_id` int(11) DEFAULT NULL,
  `etat` int(11) NOT NULL,
  `libelle` varchar(50) COLLATE utf8_unicode_ci NOT NULL,
  `created` datetime NOT NULL,
  `date_validation` date DEFAULT NULL
) ENGINE=InnoDB DEFAULT CHARSET=utf8 COLLATE=utf8_unicode_ci;

-- --------------------------------------------------------

--
-- Structure de la table `ost_be_dossier_ligne`
--

CREATE TABLE IF NOT EXISTS `ost_be_dossier_ligne` (
  `id` int(11) NOT NULL,
  `fournisseur_id` int(11) DEFAULT NULL,
  `dossier_id` int(11) DEFAULT NULL,
  `impaye_id` int(11) DEFAULT NULL,
  `montantPrevesionnel` decimal(11,3) NOT NULL,
  `montantFinale` decimal(11,3) NOT NULL,
  `commentaire` longtext COLLATE utf8_unicode_ci,
  `tva_id` int(11) DEFAULT NULL,
  `achat_fournisseur` decimal(11,3) DEFAULT NULL,
  `factureFournisseur_id` int(11) DEFAULT NULL
) ENGINE=InnoDB DEFAULT CHARSET=utf8 COLLATE=utf8_unicode_ci;

-- --------------------------------------------------------

--
-- Structure de la table `ost_be_dossier_reservations`
--

CREATE TABLE IF NOT EXISTS `ost_be_dossier_reservations` (
  `dossier_id` int(11) NOT NULL,
  `reservation_id` int(11) NOT NULL
) ENGINE=InnoDB DEFAULT CHARSET=utf8 COLLATE=utf8_unicode_ci;

-- --------------------------------------------------------

--
-- Structure de la table `ost_be_photo`
--

CREATE TABLE IF NOT EXISTS `ost_be_photo` (
  `id` int(11) NOT NULL,
  `id_centre` int(11) DEFAULT NULL,
  `produit_id` int(11) DEFAULT NULL,
  `url` longtext COLLATE utf8_unicode_ci NOT NULL,
  `type` int(11) NOT NULL,
  `ordre` int(11) NOT NULL,
  `visible` tinyint(1) NOT NULL
) ENGINE=InnoDB AUTO_INCREMENT=95 DEFAULT CHARSET=utf8 COLLATE=utf8_unicode_ci;

--
-- Contenu de la table `ost_be_photo`
--

INSERT INTO `ost_be_photo` (`id`, `id_centre`, `produit_id`, `url`, `type`, `ordre`, `visible`) VALUES
(3, NULL, 4, '68ecb66d3bdc24f82057121141ebe23b40659953.png', 1, 0, 1),
(4, NULL, 1, '008257049960e6b3a73a1235b3a53ae34d503296.png', 1, 0, 1),
(6, NULL, 2, '01b5c693db2da6bad6a97d7dbe958ce57644a588.png', 1, 0, 1),
(7, NULL, 9, '10fd7a46f85b99bb310787ff1de18ac14501f904.png', 1, 0, 1),
(8, NULL, 9, '3c137ef007ebe666ef2fa6d8b53ca05b364a0a92.png', 2, 0, 1),
(9, NULL, 8, 'fea52f5d1d84c0aebac2f99d785f16026e2cb4d5.png', 1, 0, 1),
(10, NULL, 8, '19b9af4c7cb7dafbb74cfba70315e630d344c70c.png', 2, 0, 1),
(11, NULL, 7, '3667f77b39419f83d0cf7aad27d4fbec00d7b2d2.png', 1, 0, 1),
(12, NULL, 7, '481e2827ab1131d2f1d29a50e94e37b71fdbb26f.png', 2, 0, 1),
(13, NULL, 6, '8ec43a1ab78f4262fbf0c8a4435caec557512498.png', 1, 0, 1),
(14, NULL, 6, 'cb915f95daa5dbab17c3f50defbd29b6122387ca.png', 2, 0, 1),
(15, NULL, 4, 'bb3e255de1c48776055b1512a0a4a11873f00b95.png', 2, 0, 1),
(16, NULL, 1, 'd310eaabb0c6ee68594f1fe81e14c38c73069441.png', 2, 0, 1),
(17, NULL, 2, '89037c1804302895225b332d78878f45fd314bd5.png', 2, 0, 1),
(18, NULL, 5, 'ec218725f8326e89892cc32cfe94ac1d02cd0d75.png', 1, 0, 1),
(19, NULL, 5, 'c22c5141fb1f432e57c1e4b42036bf42c898f7fb.png', 2, 1, 1),
(20, NULL, 15, '5cf0332230f4c9af20223561c628ded2dc778546.png', 1, 0, 1),
(21, NULL, 15, 'a00b00349cfa23e41621da3b473412aca3f257ea.png', 2, 1, 1),
(24, NULL, 17, '44fa43a43f1e923c61147776fd0fdca6acb6224d.png', 1, 0, 1),
(25, NULL, 17, '2e7b669a5aee902bb1a85ba54395a29230435f13.png', 2, 1, 1),
(26, NULL, 18, 'd496b7d4ff43347e3a0f7c91dd4e5a57e1bec3dc.png', 1, 0, 1),
(27, NULL, 18, '2414021de5e8472a7dc20c3e586706c22a8dbb4a.png', 2, 1, 1),
(30, NULL, 26, 'bf38636f71c1de8c2cc8992fe2f02a0f9c3915f9.png', 1, 0, 1),
(31, NULL, 26, '7ea18e024a61e654208d457f92295d92a081ff9f.png', 2, 1, 1),
(32, NULL, 25, '1c1139e76467d3fdb0d2c2eff057e67ade90412d.png', 1, 0, 1),
(33, NULL, 25, 'f0e245790ce167f22ce20df12923c062bb959d9d.png', 2, 1, 1),
(34, NULL, 24, '7bc7dbada99774163dd34ea0f0abddf28192b203.png', 1, 0, 1),
(35, NULL, 24, '8419c90e7fd9b4ac8ee24f46bda027e9500dbaa5.png', 2, 1, 1),
(38, NULL, 21, 'd88a6414823654f5be445f6bbab9efb780ea65d9.png', 1, 0, 1),
(39, NULL, 21, '5b0dcd814c97745fef3ea631ce7150dfcaf1a601.png', 2, 1, 1),
(42, NULL, 19, '7fb635bcf1c2714a1c414d0c90e3570ec7af1c39.png', 1, 0, 1),
(43, NULL, 19, '5cb11a4b46370d40513242c9b96f851bbfa14ed7.png', 2, 1, 1),
(45, NULL, 22, 'a9bcf31c092b5ae38d22301e95f764f957f6940d.png', 1, 0, 1),
(46, NULL, 22, '22999345dfedf0972917f6e1d75b01cf47172de5.png', 2, 1, 1),
(47, NULL, 23, '1e1122357faf9458ad91d5df47506d857b6b3885.png', 1, 0, 1),
(48, NULL, 23, '2464132b1c43a09a58743173a93efa8e2d25d391.png', 2, 1, 1),
(49, NULL, 20, '686fb4ea785fdb1130ec14717a8e8d3826ec5fb2.png', 1, 0, 1),
(50, NULL, 20, 'bffef357df93f7fe1cacd394fce0e5ae35d5135c.png', 2, 1, 1),
(51, NULL, 16, '7d64338509d84d2d1a19896f2a9952197ae0ed12.png', 1, 0, 1),
(52, NULL, 16, 'a7d749e0105a739662bf9b949d8adf9acfb2dcf8.png', 2, 1, 1),
(53, NULL, 13, '54738ff259ccd32af5d6356a161eda8252939bf5.png', 1, 0, 1),
(54, NULL, 13, 'd30c000e186eccc2cac3633c7438eb46f67707e6.png', 2, 1, 1),
(55, NULL, 12, 'f033fb0272903402f010e39a98db58d850eb73ff.png', 1, 0, 1),
(56, NULL, 12, 'd92025e7b14ac9117702e79e792bbacfc30cb724.png', 2, 1, 1),
(57, NULL, 11, '7803052d753c4f35ad78eb062d74e7883193564f.png', 1, 0, 1),
(58, NULL, 11, '313c14220857d718130107cad4f840649ba3b9eb.png', 2, 1, 1),
(60, NULL, 3, 'ef702154699c46dc44f6a33fa0378c445bd48cdb.png', 1, 0, 1),
(61, NULL, 3, 'f8966651183f9bfc6ddec71a9c43396ed9cc0505.png', 2, 1, 1),
(62, NULL, 14, '285d7cfaeab0bf8143a0e11b2367522b6c3db36c.png', 1, 0, 1),
(63, NULL, 14, '4b686f6f141579dfc43c7e62d4db2fba7905de08.png', 2, 1, 1),
(64, NULL, 29, '8b5a2a5c744b189d20bbb3708fb9f123c6c53842.png', 1, 0, 1),
(65, NULL, 29, 'ed13eaa4ccd9956c6d712488e8e8ca9aec827e81.png', 2, 1, 1),
(66, NULL, 30, '150b2259c3c36f2080847165d0afe4e4ef2b65af.png', 1, 0, 1),
(67, NULL, 30, 'afa842d1e3230d69127430d5c8b7d6cc8e69ffec.png', 2, 1, 1),
(68, NULL, 28, '1295d7674eadde3bf4b36c9876fd2a9b5fae9786.png', 1, 0, 1),
(69, NULL, 28, 'e71bd39bf09147be06a6d7b2cbabe8b70aacaa84.png', 2, 1, 1),
(70, NULL, 27, '8c3d01241f7d36950851ccd828e3993f59f55710.png', 1, 0, 1),
(71, NULL, 27, 'ee11b22fe0fa4c16b52fa27e6c19e1799f17c37c.png', 2, 1, 1),
(72, NULL, 31, 'cf703927e3c3912cccb4e3995c336fbbe849531b.png', 1, 0, 1),
(73, NULL, 31, '50f812fa0b384e96d7c6a92b8c840366e7801015.png', 2, 1, 1),
(81, NULL, 32, '8043b5c04bca5374a3254095590544e53fd1811e.jpeg', 2, 1, 1),
(82, NULL, 33, 'cde12121c6990770c2ffb17a20d09a08675c11e0.png', 1, 0, 1),
(83, NULL, 32, '619beb473b74ba03336da1194b4046be020672be.png', 1, 0, 1),
(84, NULL, 37, 'bfa7870aabee6a42c9402a9306f0e55fa5878139.png', 1, 0, 1),
(85, NULL, 37, 'e22fe72a971dae9366fa12571ad112d5014233f1.png', 2, 1, 1),
(86, NULL, 41, '0336d3eaa6198611f1845a77328fefd458848b7d.png', 1, 0, 1),
(88, NULL, 40, '00c63abb179e2f7ff435a856fc7aeff685cfb225.png', 1, 0, 1),
(90, NULL, 39, 'ab0f82063792426383f3bc94bbc65f3418f72aab.png', 1, 0, 1),
(93, NULL, 35, '5b233871885bd43702bc5163fd2a26af31b596a1.png', 1, 0, 1),
(94, NULL, 34, '1a8122a597387c68740893cc4a8fae6beb73efdb.png', 1, 0, 1);

-- --------------------------------------------------------

--
-- Structure de la table `ost_be_produit`
--

CREATE TABLE IF NOT EXISTS `ost_be_produit` (
  `id` int(11) NOT NULL,
  `libelle` varchar(255) COLLATE utf8_unicode_ci NOT NULL,
  `type` int(11) NOT NULL,
  `descriptionCourte` longtext COLLATE utf8_unicode_ci,
  `descriptionLongue` longtext COLLATE utf8_unicode_ci,
  `created` datetime NOT NULL,
  `updated` datetime NOT NULL,
  `slug` varchar(128) COLLATE utf8_unicode_ci NOT NULL,
  `etat` tinyint(1) NOT NULL
) ENGINE=InnoDB AUTO_INCREMENT=42 DEFAULT CHARSET=utf8 COLLATE=utf8_unicode_ci;

--
-- Contenu de la table `ost_be_produit`
--

INSERT INTO `ost_be_produit` (`id`, `libelle`, `type`, `descriptionCourte`, `descriptionLongue`, `created`, `updated`, `slug`, `etat`) VALUES
(1, 'Massage Relaxant', 2, 'Vous sortirez radieux et pleinement ressourcé de cette  expérience unique  en  (60 minutes) !!', '<p>Laissez-vous &nbsp;emporte &nbsp;par cette v&eacute;ritable symphonie &agrave; quatre mains &nbsp;au cours de laquelle les mouvements synchronis&eacute;s de vos deux th&eacute;rapeutes travaillant &agrave; l&rsquo;unissions vous apporteront pl&eacute;nitudes et sensation de bien &ecirc;tre!!&nbsp;</p>', '2015-10-02 09:18:22', '2015-12-23 09:42:56', 'massage-relaxant', 1),
(2, 'Massage Stone Infinity', 2, 'Choisissiez de vivre un véritable moment de relaxation aussi bien physique que mental en (90 minutes)!!', '<p>Le Massage Stone Infinity est un massage tr&egrave;s &eacute;labor&eacute; qui combine de mani&egrave;re fascinante le massage ce massage &eacute;nerg&eacute;tique &nbsp;assouplit et d&eacute;tend les muscles les d&eacute;fenses naturelles de l&#39;organisme sont stimul&eacute;es en profondeur.</p>', '2015-12-15 18:25:36', '2015-12-23 09:42:52', 'massage-stone-infinity', 1),
(3, 'Soins Ayurvédiques', 2, 'Massage régénérant de tout le corps  (60 minutes) avec un Bain exquis à la vapeur (10 minutes)', '<p>L&#39;Ayurv&eacute;da est une science ancestrale &nbsp;qui s&#39;attache a &eacute;tablir et maintenir l&rsquo;&eacute;quilibre des &eacute;nergies dans le corps. Utilisant les meilleures huiles et plantes ayurv&eacute;dique ces soins revigorent l&#39;esprit &eacute;liminent les toxines et vous donne la sensation d&#39;une jeunesse retrouv&eacute;e !!</p>', '2015-12-15 18:33:26', '2015-12-23 09:42:49', 'soins-ayurvediques', 1),
(4, 'Massage de Bien être', 2, 'Faites vous plaisir  en vous offrant ce Massage Corporel avec une touche Caraibe...', '<p><strong>&nbsp;&nbsp;</strong></p>\r\n\r\n<p>C&#39; est un &nbsp;massage &nbsp;relaxant &nbsp;adapt&eacute; a vos besoins et votre plaisir &nbsp;avec l&#39;huile de Coco &nbsp;pure pour une hydratation profonde &nbsp;de la peaux s&egrave;che et avec l&#39;huile de l&#39;avocat pour renforcer les peaux fines et pour finir en beaut&eacute; &nbsp;s&eacute;lectionnez vous m&ecirc;me votre lotion corporelle pour une derni&egrave;re touche cara&iuml;bes &nbsp;(75 minutes) &nbsp;</p>', '2015-12-15 18:45:04', '2015-12-23 09:42:44', 'massage-de-bien-etre', 1),
(5, 'Soin Hydro & Massage', 1, NULL, '<p>Massage Relaxant aux huiles essentielles</p>\r\n\r\n<p>Hamam &amp; Gommage</p>\r\n\r\n<p>Sauna</p>', '2015-12-15 18:54:44', '2015-12-23 09:42:38', 'soin-hydro-massage', 1),
(6, 'Cure ORL', 3, 'Une station thermale propose une cure thermale, c''est-à-dire des soins à base d''eau thermale, On appelle ceux qui bénéficient de ces soins des curistes.\r\nL''eau provenant de la source thermale est naturellement chaude et riche en minéraux. Elle aurait des vertus thérapeutiques pour des problèmes articulaires, de peau et respiratoires. C''est une médecine naturelle .', '<p>Cure ORL</p>\r\n\r\n<p>Pour mieux respirer, cette cure s&#39;adresse aux enfants et aux adultes qui souffrent de divers troubles respiratoires (asthme, BPCO), sinusites aigue ou chronique une solution id&eacute;ale qui devrait changer leur qualit&eacute; de vie : La cure O.R.L est constitu&eacute;e des soins suivants: &bull; Gargarisme &bull; Douche Nasale &bull; Humage &bull; Douche Pharyng&eacute;e &bull; A&eacute;rosol thermal&nbsp;</p>', '2015-12-17 14:32:33', '2015-12-23 09:42:34', 'cure-orl', 1),
(7, 'Cure Rhumatologie', 3, 'La Rhumatologie est une spécialiste médicale qui s''intéresse au diagnostic et au traitement des maladies inflammatoires', '<p>La&nbsp;rhumatologie&nbsp;est une&nbsp;Maladie chronique, potentiellement destructrice, n&eacute;cessitant un avis sp&eacute;cialis&eacute;pr&eacute;coce pour mettre en &oelig;uvre le plus rapidement possible des mesuresth&eacute;rapeutiques pharmacologiques et non pharmacologiques, une &eacute;ducation<br />\r\nth&eacute;rapeutique int&eacute;gr&eacute;e aux soins, une prise en charge et un suivi pluriprofessionnels.<br />\r\n<br />\r\n&nbsp;</p>\r\n\r\n<p>&nbsp;</p>', '2015-12-17 15:34:38', '2015-12-23 09:42:32', 'cure-rhumatologie', 1),
(8, 'Cure Bien être', 3, 'Tension accumulée, fatigue, stress dissipent votre énergie… Vous avez sans doute besoin d’une pause de Bien Etre', '<p>Une&nbsp;<strong>cure bien-&ecirc;tre en thalasso</strong>&nbsp;avec le meilleur des soins, &agrave; la carte ! Au menu, libert&eacute; et flexibilit&eacute;. Choisissez simplement les soins qui vous feraient plaisir, dans l&rsquo;ordre que vous souhaitez. Un conseiller peut aussi vous aider &agrave; savamment r&eacute;partir votre programme. Soins thalasso relaxants pour l&acirc;cher prise, soins de beaut&eacute;, soins tonifiants. Dites oui au bien-&ecirc;tre sur-mesure !&nbsp;</p>', '2015-12-17 15:40:07', '2015-12-28 16:23:05', 'cure-bien-etre', 1),
(9, 'Cure Spéciales Dos', 3, 'Notre mode de vie sédentaire…pas toujours adapté à la physiologie de notre corps. N’attendez pas d’avoir mal : apprenez à « utiliser » correctement votre dos afin de vivre en harmonie avec lui… Une cure fondamentale !', '<p>La cure sp&eacute;cial Dos &nbsp;A&nbsp;pour objectif &nbsp;de pr&eacute;vention et traitement de fond des dos douloureux (douleurs m&eacute;caniques : lombalgies, sciatiques, cruralgies, hernies discales&hellip;</p>', '2015-12-17 15:45:55', '2015-12-23 09:42:17', 'cure-speciales-dos', 1),
(11, 'Pack 1', 1, NULL, '<p>Parcours Bio Marin &amp; Aqua-bike<br />\r\nHammam Vapeur&nbsp;<br />\r\nMassage Relaxant (30 Minutes)</p>', '2016-01-04 16:19:58', '2016-04-27 15:52:58', 'pack-1', 0),
(12, 'Pack 2', 1, 'Parcours Bio Marin & Aqua-bike', '<p>Parcours Bio Marin &amp; Aqua-bike<br />\r\nHammam Vapeur&nbsp;<br />\r\nSoin de Visage (25 minutes)</p>', '2016-01-04 16:21:10', '2016-04-27 15:52:52', 'pack-2', 0),
(13, 'Pack 3', 1, 'Parcours Bio Marin & Aqua-bike', '<p>Parcours Bio Marin &amp; Aqua-bike<br />\r\nHammam Vapeur&nbsp;<br />\r\nMassage Relaxant (50 Min)</p>', '2016-01-04 16:22:00', '2016-04-27 15:52:43', 'pack-3', 0),
(14, 'Bien être', 1, NULL, '<p>Parcours Aquatonique&nbsp;</p>\r\n\r\n<p>Bain Bouillonnant</p>\r\n\r\n<p>Hammam Gommage</p>\r\n\r\n<p>Enveloppement &agrave; l&#39;argile</p>', '2016-01-05 09:18:33', '2016-01-06 15:41:15', 'bien-etre', 1),
(15, 'Beauté & Relaxation', 1, NULL, '<p>Parcours Aquatonique</p>\r\n\r\n<p>Hammam Vapeur</p>\r\n\r\n<p>Massage relaxant (30 Min)</p>\r\n\r\n<p>Pose Masque</p>', '2016-01-05 09:21:40', '2016-01-06 15:41:11', 'beaute-relaxation', 1),
(16, 'Tendresse', 1, NULL, '<p>Parcours Aquatonique&nbsp;</p>\r\n\r\n<p>Hammam Vapeur</p>\r\n\r\n<p>Bain Floral</p>\r\n\r\n<p>Massage &agrave; la Rose (60 Min)</p>', '2016-01-05 09:22:49', '2016-01-06 15:41:08', 'tendresse', 1),
(17, 'Cure ANTI STRESS', 3, 'La cure Thalasso Dé-Stress agit comme un bouclier anti-burnout pour vous aider à reprendre le contrôle sur votre quotidien. Contre le stress et l’épuisement', '<p><strong>1er Jour&nbsp;</strong></p>\r\n\r\n<p>Hammam &amp; Gommage</p>\r\n\r\n<p>Enveloppement d&#39;algues marines</p>\r\n\r\n<p>Massage Anti Stress (30Min) &agrave; l&#39;huile d&#39;argan</p>\r\n\r\n<p><strong>2&eacute;me Jour</strong></p>\r\n\r\n<p>Enveloppment de Ghassoul</p>\r\n\r\n<p>Massage Sous affusion</p>\r\n\r\n<p>Chinois de Dos (30Min)</p>', '2016-01-05 09:34:43', '2016-01-06 15:41:05', 'cure-anti-stress', 1),
(18, 'Cure ZEN', 3, 'Une cure de dépaysement et bienfaits marins. Etre pris en charge par une équipe attentive, c''est tout ce que l''on souhaite lorsqu''on est à bout de nerfs. Avec les cures anti-stress, vous êtes maître de votre esprit.', '<p><strong>1er Jour</strong></p>\r\n\r\n<p>Hammam</p>\r\n\r\n<p>Gommage</p>\r\n\r\n<p>Cryoth&eacute;rapie</p>\r\n\r\n<p>Massage Californien &agrave; l&#39;Huile &nbsp;d&#39;al&eacute;o Vera</p>\r\n\r\n<p><strong>2&eacute;me Jour</strong></p>\r\n\r\n<p>Hammam</p>\r\n\r\n<p>Enveloppement d&#39;algues Tonifiant</p>\r\n\r\n<p>Douche au jet</p>\r\n\r\n<p>Massage Ayurv&eacute;dique (40min) &agrave; l&#39;huile d&#39;argan</p>\r\n\r\n<p><strong>3&eacute;me Jour</strong></p>\r\n\r\n<p>Hammam</p>\r\n\r\n<p>Envelopppement d&#39;algues&nbsp;</p>\r\n\r\n<p>Bain Hydro Massant</p>\r\n\r\n<p>Massage Su&eacute;dois (40 min)&agrave; l&#39;huile de romarin</p>\r\n\r\n<p><strong>4&eacute;me Jour</strong></p>\r\n\r\n<p>Hammam</p>\r\n\r\n<p>Cryoth&eacute;rapie</p>\r\n\r\n<p>Douche &nbsp;au Jet</p>\r\n\r\n<p>Massage Californien (40 min ) &agrave; l&#39;huile d&#39;al&eacute;o vera</p>\r\n\r\n<p>&nbsp;</p>', '2016-01-05 09:48:20', '2016-01-06 15:41:01', 'cure-zen', 1),
(19, 'Forfait découverte', 1, NULL, '<p>Hammam &amp; Gommage</p>\r\n\r\n<p>Enveloppement aux Algues</p>\r\n\r\n<p>Bain Hydro Massant</p>\r\n\r\n<p>Massage Relaxant</p>', '2016-01-06 15:03:53', '2016-01-06 19:45:54', 'forfait-decouverte', 1),
(20, 'Forfait Beauté', 1, NULL, '<p>Hammam &amp; Gommage</p>\r\n\r\n<p>Enveloppement d&#39;Algues</p>\r\n\r\n<p>Massage Relaxant</p>\r\n\r\n<p>Soin De Visage&nbsp;</p>', '2016-01-06 15:04:46', '2016-01-06 15:40:54', 'forfait-beaute', 1),
(21, 'Forfait Détente', 1, 'Pendre une pause...  Parfois, il est nécessaire de prendre une pause dans notre vie trépidante pour donner un temps d''arrêt à notre corps ...', '<p>Hammam &amp; Gommage</p>\r\n\r\n<p>Enveloppement d&#39;Algues</p>\r\n\r\n<p>Massage Sous Affusion</p>\r\n\r\n<p>Massage Anti Stress( 60min)</p>', '2016-01-06 15:15:33', '2016-01-06 15:40:50', 'forfait-detente', 1),
(22, 'Forfait Spécifique', 1, '.', '<p>Hammam &amp; Gommage</p>\r\n\r\n<p>Enveloppement d&#39;Algues</p>\r\n\r\n<p>Bain Hydro Massant</p>\r\n\r\n<p>Massage sp&eacute;cifique&nbsp;(ayurv&eacute;dique ou shiatu ou stone ou&nbsp;californien ou r&eacute;flexologie&nbsp;plantaire ou Drainage&nbsp;lymphatique&nbsp;du corps)</p>\r\n\r\n<p>&nbsp;</p>', '2016-01-06 15:16:18', '2016-01-06 20:04:10', 'forfait-specifique', 1),
(23, 'Massage Relaxant', 2, NULL, '<p>Massage Relaxant Complet Aux Huiles Essentielles&nbsp;</p>\r\n\r\n<p>&nbsp;Full Relaxing massage With Essential oils</p>', '2016-01-06 15:45:42', '2016-01-06 15:45:42', 'massage-relaxant-1', 1),
(24, 'Forfait 3 Jours', 1, NULL, '<p>Enveloppement d&#39;algue&nbsp;</p>\r\n\r\n<p>Parcours Phl&eacute;bologique</p>\r\n\r\n<p>Massage Relaxant (40min)</p>\r\n\r\n<p>Acc&eacute;s &nbsp;sale de Fitness</p>', '2016-01-06 15:52:04', '2016-01-06 15:56:46', 'forfait-3-jours', 1),
(25, 'Forfait 2 Jours', 1, NULL, '<p>Enveloppement d&#39;algue&nbsp;</p>\r\n\r\n<p>Parcours Phl&eacute;bologique</p>\r\n\r\n<p>Massage Relaxant (40min)</p>\r\n\r\n<p>Acc&eacute;s &nbsp;sale de Fitness</p>', '2016-01-06 15:54:50', '2016-01-06 16:00:28', 'forfait-2-jours', 1),
(26, 'Forfait 1 Jour', 1, NULL, '<p>Enveloppement d&#39;algue&nbsp;</p>\r\n\r\n<p>Parcours Phl&eacute;bologique</p>\r\n\r\n<p>Massage Relaxant (40min)</p>\r\n\r\n<p>Acc&eacute;s &nbsp;sale de Fitness</p>', '2016-01-06 15:57:16', '2016-01-06 16:25:44', 'forfait-1-jour', 1),
(27, 'Soin du Corps', 2, 'Gommage au Sable Saharien', '<p>Gommage doux de la peau, &nbsp;active la circulation et laisse &nbsp;la peau &nbsp;douce et lisse. Excellent en pr&eacute;alable &agrave; tout soin du corps .</p>\r\n\r\n<p>&nbsp;</p>', '2016-01-11 10:59:04', '2016-01-19 17:19:00', 'soin-du-corps', 1),
(28, 'Soin & Enveloppement', 2, 'Soin aux Algues Thalgo', '<p>Enveloppement revitalisant aux algues micro &nbsp;&eacute;clat&eacute;es. La peau &nbsp;est remin&eacute;ralis&eacute;e, puriﬁ&eacute;e et r&eacute;&eacute;quilibr&eacute;e. Excellent soin pour &nbsp;lutter &nbsp;contre la cellulite &nbsp;dure. Ce soin se d&eacute;roule dans &nbsp;un lit flottant &nbsp;relaxant.</p>', '2016-01-11 11:13:33', '2016-01-19 17:19:04', 'soin-enveloppement', 1),
(29, 'Massage Thailandais', 2, 'Massage traditionnel Thai basé  sur des pressions et étirements. Ce massage est à la fois relaxant et énergisant.', '<p>Le massage tha&iuml; est un pur moment de bonheur, offrant un concentr&eacute; de vitalit&eacute; et de relaxation. Extr&ecirc;mement complet, le massage tha&iuml;landais conjugue les vertus de diff&eacute;rentes techniques. &nbsp;A d&eacute;couvrir.</p>', '2016-01-19 08:40:40', '2016-01-19 17:19:08', 'massage-thailandais', 1),
(30, 'Réflexologie  Plantaire', 2, 'La réflexologie est un soin non conventionnel, de type massage. Elle repose sur le postulat que chaque organe, partie du corps ou fonction physiologique correspondrait à une zone ou un point sur les mains, les pieds ou les oreilles. ...', '<p>Par une action &nbsp;de pression sur des zones &nbsp;sp&eacute;ciﬁques de la plante, ce soin aide &agrave; r&eacute;&eacute;quilibrer l&rsquo;&eacute;nergie &agrave; travers le corps &nbsp;et procure une sensation de bien-&ecirc;tre.</p>', '2016-01-19 08:51:04', '2016-01-19 17:19:11', 'reflexologie-plantaire', 1),
(31, 'Cure Thalassothérapie', 3, 'Cure Classique  (04 soins / jour)', '<p>Bain Hydratant au lait &amp; Miel</p>\r\n\r\n<p>Enveloppement d&#39;algues &amp; Hammam</p>\r\n\r\n<p>Massage Sous Affusion&nbsp;</p>\r\n\r\n<p>Massage Relaxant des pieds</p>', '2016-01-19 09:01:03', '2016-01-19 17:19:15', 'cure-thalassotherapie', 1),
(32, 'ATHENA', 1, 'Détente & Bien être', '<p>Hammam</p>\r\n\r\n<p>Gommage Tarditionnel</p>\r\n\r\n<p>Bain Hydromassant</p>\r\n\r\n<p>Massage Relaxant</p>', '2016-01-22 09:55:59', '2016-02-20 10:13:00', 'athena', 1),
(33, 'APHRODITE', 1, 'Beauté & Relaxation', '<p>Massage</p>\r\n\r\n<p>Soin de Visage</p>\r\n\r\n<p>Manicure &amp; P&eacute;dicure</p>', '2016-01-22 10:03:04', '2016-02-20 10:12:58', 'aphrodite', 1),
(34, 'HERMES', 1, 'Silhouette & Minceur', '<p>Hammam</p>\r\n\r\n<p>Massage en Cabine</p>\r\n\r\n<p>Enveloppment Amincissant</p>\r\n\r\n<p>Massage Amincissant&nbsp;</p>', '2016-01-22 10:05:55', '2016-02-20 10:12:55', 'hermes', 1),
(35, 'GAIA', 1, 'Zen Impérial', '<p>Hammam</p>\r\n\r\n<p>Enveloppement au Henn&eacute;&nbsp;</p>\r\n\r\n<p>Beaut&eacute; de Visage</p>\r\n\r\n<p>Bain Aromatique ,Asiatique&nbsp;</p>\r\n\r\n<p>Boreli Balinais</p>', '2016-01-22 10:12:40', '2016-02-20 10:12:53', 'gaia', 1),
(36, 'Cure Classique', 3, 'Cure Remise en Forme & Cure Thalasso &Golf', '<p><strong>Cure Remise En Forme</strong></p>\r\n\r\n<p>- 3 Soin d&#39;hydroth&eacute;rapie</p>\r\n\r\n<p>-1 Massage g&eacute;n&eacute;ral&nbsp;&nbsp; Relaxant ou Tonifiant&nbsp;</p>\r\n\r\n<p><strong>Cure Thalasso &amp;Golf</strong></p>\r\n\r\n<p>-2 Soin d&#39;hydroth&eacute;rapie</p>\r\n\r\n<p>-1 S&eacute;ance&nbsp;de post Urologie m&eacute;dicale altern&eacute;e par une s&eacute;ance de r&eacute;&eacute;ducation .</p>\r\n\r\n<p>-1 Massage g&eacute;n&eacute;ral Relaxant&nbsp;</p>\r\n\r\n<p>&nbsp;</p>', '2016-01-22 10:30:17', '2016-02-25 15:24:12', 'cure-classique', 1),
(37, 'Forfait  Cure complète', 1, 'cure  de 4 Soins par jour', '<p>La Cure Complete est une&nbsp;cure de remise en forme permet de laisser fatigue et surmenage au vestiaire. Partir en cure remise en forme, c&#39;est retrouver vitalit&eacute; gr&acirc;ce aux richesses du milieu marin,.la cure remise en forme vous aidera &agrave; &eacute;liminer le stress du quotidien.</p>\r\n\r\n<p>Go&ucirc;tez &agrave; tous les soins avec la cure remise en forme. Plut&ocirc;t destin&eacute;s &agrave; ressourcer, les soins sont tr&egrave;s vari&eacute;s, du massage relaxant &agrave; la s&eacute;ance d&#39;aquagym. Cet &eacute;ventail de soins d&#39;une cure remise en forme vous donne un aper&ccedil;u de tous les bienfaits de la thalasso...</p>\r\n\r\n<p>&nbsp;</p>\r\n\r\n<p><strong>Soins propos&eacute;s&nbsp;</strong></p>\r\n\r\n<ul>\r\n	<li>Bain Bouillonant</li>\r\n	<li>Douche a jet</li>\r\n	<li>Douche a affusion</li>\r\n	<li>Massage general aux huiles&nbsp;</li>\r\n	<li>Enveloppement d&#39;algues</li>\r\n	<li>Aoolication locale d&#39;algues</li>\r\n	<li>Enveloppement de boue Marine</li>\r\n	<li>Hammam</li>\r\n	<li>Pressotherapie</li>\r\n	<li>Aquagym</li>\r\n	<li>Algues jambes lourdes</li>\r\n	<li>Boules marines</li>\r\n</ul>\r\n\r\n<p>&nbsp;</p>', '2016-02-11 11:05:26', '2016-02-20 10:12:47', 'forfait-cure-complete', 1),
(39, 'Pack Standard', 1, 'Hebergement  en Demi Pension + Thalasso', '<strong>&nbsp; &nbsp;H&eacute;bergement en DP pour une seule nuit&eacute;e + &nbsp;2 soins</strong>\r\n<ul>\r\n	<li>&nbsp; &nbsp;Hammam</li>\r\n	<li>&nbsp;&nbsp; Parcours bio marin&nbsp;</li>\r\n	<li>&nbsp; &nbsp; Massage relaxant (20 minutes) .</li>\r\n</ul>\r\n<br />\r\n<br />\r\n&nbsp;', '2016-04-07 15:29:48', '2016-04-07 15:29:48', 'pack-standard', 1),
(40, 'Pack Relax', 1, 'Hébergement en Demi Pension+ Thalasso', '<br />\r\n<strong>H&eacute;bergement en DP pour une seule nuit&eacute;e + &nbsp;3 soins</strong>\r\n<ul>\r\n	<li>&nbsp;Hammam+gommage</li>\r\n	<li>&nbsp;Parcours bio marin</li>\r\n	<li>&nbsp;Massage relaxant (30 minutes) .</li>\r\n</ul>\r\n<br />\r\n<br />\r\n&nbsp;', '2016-04-07 15:32:55', '2016-04-07 15:33:44', 'pack-relax', 1),
(41, 'Pack Relax Plus', 1, 'Hébergement en Demi Pension pour 02 Nuits+ Forfait Thalasso', '<strong>Forfait s&eacute;r&eacute;nit&eacute; marine</strong><br />\r\n&nbsp; &nbsp;<strong>&nbsp;1er jour</strong>:\r\n<ul>\r\n	<li>&nbsp;Hammam</li>\r\n	<li>&nbsp;Gommage,</li>\r\n	<li>&nbsp;Parcours bio marin.</li>\r\n</ul>\r\n&nbsp; &nbsp;&nbsp;<br />\r\n<strong>2eme jour</strong> :\r\n\r\n<ul>\r\n	<li>Enveloppement algues au bain vapeur</li>\r\n	<li>Parcours bio marin (ou acc&egrave;s &agrave; la salle de sport) ,</li>\r\n	<li>Massage relaxant (30 minutes).</li>\r\n</ul>\r\n<br />\r\n<br />\r\n<br />\r\n<br />\r\n&nbsp;', '2016-04-07 15:37:52', '2016-04-07 16:01:49', 'pack-relax-plus', 1);

-- --------------------------------------------------------

--
-- Structure de la table `ost_be_produit_centre`
--

CREATE TABLE IF NOT EXISTS `ost_be_produit_centre` (
  `produit_id` int(11) NOT NULL,
  `centre_id` int(11) NOT NULL
) ENGINE=InnoDB DEFAULT CHARSET=utf8 COLLATE=utf8_unicode_ci;

--
-- Contenu de la table `ost_be_produit_centre`
--

INSERT INTO `ost_be_produit_centre` (`produit_id`, `centre_id`) VALUES
(1, 6),
(2, 6),
(3, 6),
(4, 6),
(5, 8),
(6, 2),
(7, 2),
(8, 2),
(9, 2),
(11, 9),
(12, 9),
(13, 9),
(14, 10),
(15, 10),
(16, 10),
(17, 11),
(18, 11),
(19, 7),
(20, 7),
(21, 7),
(22, 7),
(23, 8),
(24, 13),
(25, 13),
(26, 13),
(27, 14),
(28, 14),
(29, 14),
(30, 14),
(31, 14),
(32, 15),
(33, 15),
(34, 15),
(35, 15),
(36, 16),
(37, 17),
(39, 19),
(40, 19),
(41, 19);

-- --------------------------------------------------------

--
-- Structure de la table `ost_be_reservations`
--

CREATE TABLE IF NOT EXISTS `ost_be_reservations` (
  `id` int(11) NOT NULL,
  `responsable_id` int(11) DEFAULT NULL,
  `produit_id` int(11) DEFAULT NULL,
  `tarif_id` int(11) DEFAULT NULL,
  `client_id` int(11) DEFAULT NULL,
  `code` varchar(255) COLLATE utf8_unicode_ci DEFAULT NULL,
  `etat` int(11) NOT NULL,
  `frontOffice` tinyint(1) NOT NULL,
  `commentaire` longtext COLLATE utf8_unicode_ci,
  `validated` datetime DEFAULT NULL,
  `created` datetime NOT NULL,
  `updated` datetime NOT NULL,
  `timbre` decimal(11,3) NOT NULL,
  `remise` decimal(11,3) NOT NULL,
  `nombre_personne` int(11) NOT NULL,
  `nomPrenom` varchar(255) COLLATE utf8_unicode_ci NOT NULL,
  `email` varchar(255) COLLATE utf8_unicode_ci NOT NULL,
  `tel` varchar(255) COLLATE utf8_unicode_ci NOT NULL,
  `date_debut` date NOT NULL,
  `centre_id` int(11) DEFAULT NULL,
  `amicale_id` int(11) DEFAULT NULL,
  `validated_amicale` datetime DEFAULT NULL,
  `frais_dossier` decimal(11,3) NOT NULL,
  `remise_internet` decimal(11,3) NOT NULL,
  `observation` longtext COLLATE utf8_unicode_ci,
  `type_payement` int(11) NOT NULL,
  `montant_payement_electronique` decimal(11,3) DEFAULT NULL,
  `status_payement` varchar(255) COLLATE utf8_unicode_ci DEFAULT NULL,
  `responsableAmicale_id` int(11) DEFAULT NULL,
  `devis` tinyint(1) NOT NULL,
  `clientArray` longtext COLLATE utf8_unicode_ci NOT NULL COMMENT '(DC2Type:array)',
  `marge_b2b` decimal(11,3) NOT NULL,
  `voucherpdf` varchar(255) COLLATE utf8_unicode_ci DEFAULT NULL,
  `frais_annulation_achat` decimal(11,3) NOT NULL,
  `frais_annulation_vente` decimal(11,3) NOT NULL
) ENGINE=InnoDB AUTO_INCREMENT=20 DEFAULT CHARSET=utf8 COLLATE=utf8_unicode_ci;

--
-- Contenu de la table `ost_be_reservations`
--

INSERT INTO `ost_be_reservations` (`id`, `responsable_id`, `produit_id`, `tarif_id`, `client_id`, `code`, `etat`, `frontOffice`, `commentaire`, `validated`, `created`, `updated`, `timbre`, `remise`, `nombre_personne`, `nomPrenom`, `email`, `tel`, `date_debut`, `centre_id`, `amicale_id`, `validated_amicale`, `frais_dossier`, `remise_internet`, `observation`, `type_payement`, `montant_payement_electronique`, `status_payement`, `responsableAmicale_id`, `devis`, `clientArray`, `marge_b2b`, `voucherpdf`, `frais_annulation_achat`, `frais_annulation_vente`) VALUES
(1, 4, 1, 1, 2, NULL, 9, 1, 'test', NULL, '2015-10-02 14:50:22', '2016-02-24 14:50:37', 0.000, 0.000, 2, 'Foulen ben foulen', 'teste@gmail.com', '71 359 520', '2015-10-03', NULL, NULL, NULL, 0.000, 0.000, NULL, 0, NULL, NULL, NULL, 0, 'a:0:{}', 0.000, NULL, 0.000, 0.000),
(9, 4, 11, 13, 4, NULL, 9, 1, '', NULL, '2016-01-20 15:07:12', '2016-02-24 14:50:16', 0.000, 0.000, 1, 'erze', 'rererzer', 'efefrerer', '2016-01-21', 9, NULL, NULL, 0.000, 0.000, NULL, 0, NULL, NULL, NULL, 0, 'N;', 0.000, NULL, 0.000, 0.000),
(10, 4, 36, 43, 4, NULL, 2, 1, NULL, '2016-02-02 08:18:54', '2016-02-02 08:18:19', '2016-02-02 09:18:36', 0.000, 0.000, 1, 'CHEBBAH Mohamed Hafedh', 'resa.thalassa@topnet.tn', '26 451 823', '2016-02-02', 16, NULL, NULL, 0.000, 0.000, NULL, 0, NULL, NULL, NULL, 0, 'N;', 0.000, NULL, 0.000, 0.000),
(16, 4, 23, 24, 4, NULL, 9, 1, 'test', NULL, '2016-02-19 09:09:18', '2016-02-24 14:49:42', 0.000, 0.000, 1, 'erze', 'sales.coordinator@topnet.tn', 'efefrerer', '2016-03-15', 8, NULL, NULL, 0.000, 0.000, NULL, 0, NULL, NULL, NULL, 0, 'N;', 0.000, NULL, 0.000, 0.000),
(17, 4, 1, 4, 4, NULL, 9, 1, 'test', NULL, '2016-02-22 08:02:20', '2016-02-24 14:49:07', 0.000, 0.000, 1, 'AZIB RAHMA', 'sales.coordinator@topnet.tn', '22707653', '2016-03-26', 6, NULL, NULL, 0.000, 0.000, NULL, 0, NULL, NULL, NULL, 0, 'N;', 0.000, NULL, 0.000, 0.000),
(18, 4, 4, 5, 4, NULL, 1, 1, NULL, NULL, '2016-03-02 09:43:02', '2016-03-10 14:15:08', 0.000, 0.000, 1, 'AZIB RAHMA', 'sales.coordinator@topnet.tn', '22707653', '2016-05-01', 6, NULL, NULL, 0.000, 0.000, NULL, 0, NULL, NULL, NULL, 0, 'N;', 0.000, NULL, 0.000, 0.000),
(19, 4, 1, 4, 4, NULL, 1, 1, 'juste un test', NULL, '2016-03-17 16:35:14', '2016-03-18 08:51:47', 0.000, 0.000, 2, 'test', 'asma.othmen@gmail.com', '71456789', '2016-03-18', 6, NULL, NULL, 0.000, 0.000, NULL, 1, NULL, NULL, NULL, 0, 'N;', 0.000, NULL, 0.000, 0.000);

-- --------------------------------------------------------

--
-- Structure de la table `ost_be_tarif`
--

CREATE TABLE IF NOT EXISTS `ost_be_tarif` (
  `id` int(11) NOT NULL,
  `prixAchat` decimal(11,3) NOT NULL,
  `prixVente` decimal(11,3) NOT NULL,
  `dateDeb` date NOT NULL,
  `dateFin` date NOT NULL,
  `libelle` varchar(255) COLLATE utf8_unicode_ci DEFAULT NULL,
  `promotion` tinyint(1) DEFAULT NULL,
  `produit_id` int(11) DEFAULT NULL,
  `duree` varchar(255) COLLATE utf8_unicode_ci DEFAULT NULL
) ENGINE=InnoDB AUTO_INCREMENT=50 DEFAULT CHARSET=utf8 COLLATE=utf8_unicode_ci;

--
-- Contenu de la table `ost_be_tarif`
--

INSERT INTO `ost_be_tarif` (`id`, `prixAchat`, `prixVente`, `dateDeb`, `dateFin`, `libelle`, `promotion`, `produit_id`, `duree`) VALUES
(1, 300.000, 400.000, '2015-10-02', '2015-10-24', 'Tarif pack 1', 1, 1, NULL),
(2, 140.000, 168.000, '2015-11-01', '2016-10-31', NULL, 0, 2, NULL),
(3, 85.000, 102.000, '2015-11-01', '2016-10-31', NULL, 0, 3, NULL),
(4, 120.000, 144.000, '2016-01-01', '2016-10-31', NULL, 0, 1, NULL),
(5, 120.000, 144.000, '2015-11-01', '2016-10-31', NULL, 0, 4, NULL),
(6, 120.000, 132.000, '2015-11-01', '2016-10-31', NULL, 0, 5, NULL),
(7, 24.000, 30.000, '2015-11-01', '2016-10-31', NULL, 0, 6, NULL),
(8, 80.000, 100.000, '2015-11-01', '2016-10-31', NULL, 0, 7, NULL),
(9, 96.000, 120.000, '2015-11-01', '2016-10-31', NULL, 0, 8, NULL),
(10, 224.000, 280.000, '2015-11-01', '2016-10-31', NULL, 0, 9, '4 jours'),
(11, 107.000, 128.400, '2016-02-15', '2016-03-26', 'PACK EN PROMO', 1, 13, NULL),
(12, 72.000, 88.800, '2016-02-15', '2016-03-26', 'PACK EN PROMO', 1, 12, NULL),
(13, 69.000, 82.800, '2016-02-16', '2016-03-26', 'PACK EN PROMO', 1, 11, NULL),
(14, 70.000, 87.000, '2016-01-01', '2016-04-30', NULL, 0, 14, NULL),
(16, 80.000, 100.000, '2016-01-01', '2016-04-30', NULL, 0, 15, NULL),
(17, 100.000, 125.000, '2016-01-01', '2016-04-30', NULL, 0, 16, NULL),
(19, 165.000, 198.000, '2016-01-04', '2016-04-30', 'Cure En Promo', 1, 18, '4 jours'),
(20, 157.500, 175.000, '2016-01-01', '2016-04-30', 'Forfait En Promo', 1, 22, NULL),
(21, 144.000, 160.000, '2016-01-01', '2016-04-30', 'Forfait En Promo', 1, 21, NULL),
(22, 171.000, 190.000, '2016-01-01', '2016-04-30', 'Forfait En Promo', 1, 20, NULL),
(23, 126.000, 140.000, '2016-01-01', '2016-04-30', 'Forfait En Promo', 1, 19, NULL),
(24, 50.000, 60.000, '2016-01-01', '2016-10-31', NULL, 0, 23, NULL),
(25, 200.000, 240.000, '2016-01-01', '2016-04-30', 'Promos 03 Soins/jour', 1, 24, '3 jours'),
(26, 140.000, 180.000, '2016-01-01', '2016-04-30', 'Promos 03 Soins/jour', 1, 25, '3 jours'),
(28, 85.000, 102.000, '2016-01-01', '2016-04-30', 'Promos 03 Soins/jour', 1, 26, '1Jour'),
(29, 116.500, 139.500, '2016-01-04', '2016-03-14', 'Cure En Promo', 1, 17, '2 Jours'),
(30, 54.000, 60.000, '2016-01-01', '2016-10-31', NULL, 0, 27, '26 Minutes'),
(31, 67.500, 75.000, '2016-01-01', '2016-10-31', NULL, 0, 28, '55 Minutes'),
(32, 135.000, 150.000, '2016-01-01', '2016-10-31', NULL, 0, 29, '85 Minutes'),
(33, 72.000, 80.000, '2016-01-01', '2016-10-31', NULL, 0, 30, '55 Minutes'),
(34, 171.900, 191.000, '2016-01-01', '2016-10-31', NULL, 0, 31, '1 jour'),
(35, 77.000, 92.400, '2016-02-20', '2016-10-31', NULL, 0, 32, '1 jour'),
(36, 142.000, 170.400, '2016-02-20', '2016-10-31', NULL, 0, 32, '2 Jours'),
(37, 263.000, 315.600, '2016-02-20', '2016-10-31', NULL, 0, 32, '4 jours'),
(38, 135.000, 162.000, '2016-02-20', '2016-10-31', NULL, 0, 33, NULL),
(39, 107.000, 128.400, '2016-02-20', '2016-01-31', NULL, 0, 34, '1 jour'),
(40, 195.000, 234.000, '2016-02-20', '2016-10-31', NULL, 0, 34, '2 Jours'),
(41, 164.000, 196.800, '2016-02-20', '2016-10-31', NULL, 0, 35, '1 jour'),
(42, 265.000, 318.000, '2016-02-20', '2016-10-31', NULL, 0, 35, '2 Jours'),
(43, 450.000, 540.000, '2016-02-01', '2016-05-31', NULL, 0, 36, '4 jours'),
(44, 652.500, 783.000, '2016-02-01', '2016-05-31', NULL, 0, 36, '6 jours'),
(45, 152.000, 182.000, '2016-01-01', '2016-10-31', NULL, 0, 37, '1Jour'),
(46, 515.000, 614.000, '2016-01-01', '2016-10-31', NULL, 0, 37, '4 jours'),
(47, 97.750, 115.000, '2016-04-01', '2016-07-05', 'PROMO', 1, 39, '01 Jour'),
(48, 119.000, 140.000, '2016-04-01', '2016-07-05', 'PROMO', 1, 40, '01 Jour'),
(49, 191.250, 225.000, '2016-04-01', '2016-07-05', 'PROMO', 1, 41, '02 jours');

-- --------------------------------------------------------

--
-- Structure de la table `ost_billetterie_airoport`
--

CREATE TABLE IF NOT EXISTS `ost_billetterie_airoport` (
  `id` int(11) NOT NULL,
  `code` varchar(5) COLLATE utf8_unicode_ci DEFAULT NULL,
  `name` varchar(255) COLLATE utf8_unicode_ci NOT NULL,
  `pays` varchar(255) COLLATE utf8_unicode_ci NOT NULL,
  `ville` varchar(255) COLLATE utf8_unicode_ci NOT NULL
) ENGINE=InnoDB DEFAULT CHARSET=utf8 COLLATE=utf8_unicode_ci;

-- --------------------------------------------------------

--
-- Structure de la table `ost_billetterie_dossier`
--

CREATE TABLE IF NOT EXISTS `ost_billetterie_dossier` (
  `id` int(11) NOT NULL,
  `etat` int(11) NOT NULL,
  `libelle` varchar(50) COLLATE utf8_unicode_ci NOT NULL,
  `created` datetime NOT NULL,
  `date_validation` date DEFAULT NULL
) ENGINE=InnoDB AUTO_INCREMENT=3 DEFAULT CHARSET=utf8 COLLATE=utf8_unicode_ci;

--
-- Contenu de la table `ost_billetterie_dossier`
--

INSERT INTO `ost_billetterie_dossier` (`id`, `etat`, `libelle`, `created`, `date_validation`) VALUES
(1, 2, 'Dossier - B - 10', '2016-08-25 12:22:56', '2016-08-25'),
(2, 2, 'Dossier - B - 14', '2016-09-21 13:33:13', '2016-09-21');

-- --------------------------------------------------------

--
-- Structure de la table `ost_billetterie_dossier_ligne`
--

CREATE TABLE IF NOT EXISTS `ost_billetterie_dossier_ligne` (
  `id` int(11) NOT NULL,
  `fournisseur_id` int(11) DEFAULT NULL,
  `dossier_id` int(11) DEFAULT NULL,
  `impaye_id` int(11) DEFAULT NULL,
  `tva_id` int(11) DEFAULT NULL,
  `montantPrevesionnel` decimal(11,3) NOT NULL,
  `montantFinale` decimal(11,3) NOT NULL,
  `commentaire` longtext COLLATE utf8_unicode_ci,
  `achat_fournisseur` decimal(11,3) DEFAULT NULL,
  `factureFournisseur_id` int(11) DEFAULT NULL
) ENGINE=InnoDB AUTO_INCREMENT=3 DEFAULT CHARSET=utf8 COLLATE=utf8_unicode_ci;

--
-- Contenu de la table `ost_billetterie_dossier_ligne`
--

INSERT INTO `ost_billetterie_dossier_ligne` (`id`, `fournisseur_id`, `dossier_id`, `impaye_id`, `tva_id`, `montantPrevesionnel`, `montantFinale`, `commentaire`, `achat_fournisseur`, `factureFournisseur_id`) VALUES
(1, 403, 1, 5, NULL, 0.000, 120.000, 'Réservation Billetterie  au nom de <strong>abc</strong><br>dfgdfgfg :  Num Billet : <strong>199 1245545647</strong>,Trajets : <strong>  DJE-TUN</strong>   , Date Emission : <strong>  25/08/2016</strong>', NULL, NULL),
(2, 104, 2, 15, NULL, 0.000, 158.000, 'Réservation Billetterie  au nom de <strong>Mahmoud</strong><br>Mahmoud :  Num Billet : <strong>199 1234567896</strong>,Trajets : <strong>  TUN-DJE-TUN</strong>   , Date Emission : <strong>  21/09/2016</strong>', NULL, NULL);

-- --------------------------------------------------------

--
-- Structure de la table `ost_billetterie_dossier_reservations`
--

CREATE TABLE IF NOT EXISTS `ost_billetterie_dossier_reservations` (
  `dossier_id` int(11) NOT NULL,
  `billetteriereservation_id` int(11) NOT NULL
) ENGINE=InnoDB DEFAULT CHARSET=utf8 COLLATE=utf8_unicode_ci;

--
-- Contenu de la table `ost_billetterie_dossier_reservations`
--

INSERT INTO `ost_billetterie_dossier_reservations` (`dossier_id`, `billetteriereservation_id`) VALUES
(1, 10),
(2, 14);

-- --------------------------------------------------------

--
-- Structure de la table `ost_billetterie_reservation`
--

CREATE TABLE IF NOT EXISTS `ost_billetterie_reservation` (
  `id` int(11) NOT NULL,
  `responsable_id` int(11) DEFAULT NULL,
  `client_id` int(11) DEFAULT NULL,
  `etat` int(11) NOT NULL,
  `frontOffice` tinyint(1) NOT NULL,
  `commentaire` longtext COLLATE utf8_unicode_ci,
  `validated` datetime DEFAULT NULL,
  `nomPrenom` varchar(255) COLLATE utf8_unicode_ci NOT NULL,
  `email` varchar(255) COLLATE utf8_unicode_ci DEFAULT NULL,
  `cin` varchar(255) COLLATE utf8_unicode_ci DEFAULT NULL,
  `tel` varchar(255) COLLATE utf8_unicode_ci NOT NULL,
  `created` datetime NOT NULL,
  `updated` datetime NOT NULL,
  `timbre` decimal(11,3) NOT NULL,
  `remise` decimal(11,3) NOT NULL,
  `amicale_id` int(11) DEFAULT NULL,
  `code` varchar(255) COLLATE utf8_unicode_ci DEFAULT NULL,
  `validated_amicale` datetime DEFAULT NULL,
  `frais_dossier` decimal(11,3) NOT NULL,
  `remise_internet` decimal(11,3) NOT NULL,
  `observation` longtext COLLATE utf8_unicode_ci,
  `type_payement` int(11) NOT NULL,
  `montant_payement_electronique` decimal(11,3) DEFAULT NULL,
  `status_payement` varchar(255) COLLATE utf8_unicode_ci DEFAULT NULL,
  `responsableAmicale_id` int(11) DEFAULT NULL,
  `devis` tinyint(1) NOT NULL,
  `clientArray` longtext COLLATE utf8_unicode_ci NOT NULL COMMENT '(DC2Type:array)',
  `marge_b2b` decimal(11,3) NOT NULL,
  `path` longtext COLLATE utf8_unicode_ci NOT NULL COMMENT '(DC2Type:array)',
  `voucherpdf` varchar(255) COLLATE utf8_unicode_ci DEFAULT NULL,
  `code_postal` varchar(255) COLLATE utf8_unicode_ci DEFAULT NULL,
  `ville` varchar(255) COLLATE utf8_unicode_ci DEFAULT NULL,
  `frais_annulation_achat` decimal(11,3) NOT NULL,
  `frais_annulation_vente` decimal(11,3) NOT NULL
) ENGINE=InnoDB AUTO_INCREMENT=16 DEFAULT CHARSET=utf8 COLLATE=utf8_unicode_ci;

--
-- Contenu de la table `ost_billetterie_reservation`
--

INSERT INTO `ost_billetterie_reservation` (`id`, `responsable_id`, `client_id`, `etat`, `frontOffice`, `commentaire`, `validated`, `nomPrenom`, `email`, `cin`, `tel`, `created`, `updated`, `timbre`, `remise`, `amicale_id`, `code`, `validated_amicale`, `frais_dossier`, `remise_internet`, `observation`, `type_payement`, `montant_payement_electronique`, `status_payement`, `responsableAmicale_id`, `devis`, `clientArray`, `marge_b2b`, `path`, `voucherpdf`, `code_postal`, `ville`, `frais_annulation_achat`, `frais_annulation_vente`) VALUES
(1, 4, 2, 2, 1, 'qsd', '2016-02-02 08:39:50', 'Foulen ben foulen', 'teste@gmail.com', 'qsd', '71 359 520', '0000-00-00 00:00:00', '2016-02-02 08:39:50', 0.000, 0.000, NULL, NULL, NULL, 0.000, 0.000, NULL, 0, NULL, NULL, NULL, 0, 'a:0:{}', 0.000, 'a:0:{}', NULL, NULL, NULL, 0.000, 0.000),
(2, NULL, 4, 1, 1, NULL, NULL, 'anis zemni', 'mohamedaniszemni@gmail.com', '08714474', '53928124', '2016-03-09 10:29:07', '2016-03-09 10:29:07', 0.000, 0.000, NULL, NULL, NULL, 0.000, 0.000, NULL, 0, NULL, NULL, NULL, 0, 'N;', 0.000, 'N;', NULL, NULL, NULL, 0.000, 0.000),
(3, 4, 4, 1, 1, NULL, NULL, 'Ben Slimene Marwa', 'marwa-benslimene@outlook.com', '04802763', '96028437', '2016-03-17 17:47:39', '2016-06-14 16:56:55', 0.000, 0.000, NULL, NULL, NULL, 0.000, 0.000, NULL, 1, NULL, NULL, NULL, 0, 'N;', 0.000, 'N;', NULL, NULL, NULL, 0.000, 0.000),
(4, 4, 304, 2, 0, NULL, '2016-07-14 12:23:55', 'Froudj 1234', NULL, NULL, '52 557 390', '2016-07-14 12:22:12', '2016-07-14 12:23:55', 0.500, 0.000, NULL, NULL, NULL, 0.000, 0.000, NULL, 1, NULL, NULL, NULL, 0, 'a:12:{s:9:"nomPrenom";s:11:"Froudj 1234";s:3:"tel";N;s:4:"tel2";N;s:3:"fax";N;s:5:"email";N;s:7:"adresse";N;s:10:"codeDouane";N;s:10:"codePostal";N;s:11:"commentaire";N;s:5:"ville";N;s:17:"registreCommercie";N;s:16:"matriculeFiscale";N;}', 0.000, 'N;', NULL, NULL, NULL, 0.000, 0.000),
(5, 4, 4, 2, 0, NULL, '2016-07-27 16:12:29', 'Passager', NULL, NULL, 'No Tel', '2016-07-27 16:10:19', '2016-07-27 16:12:29', 0.500, 0.000, NULL, NULL, NULL, 0.000, 0.000, NULL, 1, NULL, NULL, NULL, 0, 'a:12:{s:9:"nomPrenom";s:8:"Passager";s:3:"tel";s:6:"No Tel";s:4:"tel2";s:6:"No tel";s:3:"fax";N;s:5:"email";s:0:"";s:7:"adresse";s:10:"No Address";s:10:"codeDouane";N;s:10:"codePostal";N;s:11:"commentaire";N;s:5:"ville";N;s:17:"registreCommercie";N;s:16:"matriculeFiscale";N;}', 0.000, 'N;', NULL, NULL, NULL, 0.000, 0.000),
(6, 4, 8, 2, 0, NULL, '2016-07-27 16:15:13', 'Maâcha Arbi passager', NULL, NULL, '52 557 390', '2016-07-27 16:14:24', '2016-07-27 16:15:13', 0.500, 0.000, NULL, NULL, NULL, 0.000, 0.000, NULL, 1, NULL, NULL, NULL, 0, 'a:12:{s:9:"nomPrenom";s:21:"Maâcha Arbi passager";s:3:"tel";s:10:"52 557 390";s:4:"tel2";N;s:3:"fax";N;s:5:"email";N;s:7:"adresse";N;s:10:"codeDouane";N;s:10:"codePostal";N;s:11:"commentaire";N;s:5:"ville";N;s:17:"registreCommercie";N;s:16:"matriculeFiscale";N;}', 0.000, 'N;', NULL, NULL, NULL, 0.000, 0.000),
(7, 4, 151, 1, 0, NULL, NULL, 'ABDELADHIM Abdessalem', NULL, NULL, '71 874 055', '2016-08-16 14:06:26', '2016-08-16 14:06:26', 0.500, 0.000, NULL, NULL, NULL, 0.000, 0.000, NULL, 1, NULL, NULL, NULL, 0, 'a:12:{s:9:"nomPrenom";s:21:"ABDELADHIM Abdessalem";s:3:"tel";s:10:"71 874 055";s:4:"tel2";N;s:3:"fax";N;s:5:"email";N;s:7:"adresse";N;s:10:"codeDouane";N;s:10:"codePostal";N;s:11:"commentaire";N;s:5:"ville";N;s:17:"registreCommercie";N;s:16:"matriculeFiscale";N;}', 0.000, 'N;', NULL, NULL, NULL, 0.000, 0.000),
(8, 4, 151, 2, 0, NULL, '2016-08-25 11:55:48', 'ABDELADHIM Abdessalem', NULL, NULL, '71 874 055', '2016-08-25 11:53:06', '2016-08-25 11:55:48', 0.500, 0.000, NULL, NULL, NULL, 0.000, 0.000, NULL, 1, NULL, NULL, NULL, 0, 'a:12:{s:9:"nomPrenom";s:21:"ABDELADHIM Abdessalem";s:3:"tel";s:10:"71 874 055";s:4:"tel2";N;s:3:"fax";N;s:5:"email";N;s:7:"adresse";N;s:10:"codeDouane";N;s:10:"codePostal";N;s:11:"commentaire";N;s:5:"ville";N;s:17:"registreCommercie";N;s:16:"matriculeFiscale";N;}', 0.000, 'N;', NULL, NULL, NULL, 0.000, 0.000),
(9, 4, 296, 2, 0, NULL, '2016-08-25 12:10:22', 'abc', NULL, NULL, '22689433', '2016-08-25 12:09:38', '2016-08-25 12:10:22', 0.500, 0.000, NULL, NULL, NULL, 0.000, 0.000, NULL, 1, NULL, NULL, NULL, 0, 'a:12:{s:9:"nomPrenom";s:3:"abc";s:3:"tel";s:8:"22689433";s:4:"tel2";N;s:3:"fax";N;s:5:"email";N;s:7:"adresse";s:7:"rte n)2";s:10:"codeDouane";N;s:10:"codePostal";N;s:11:"commentaire";N;s:5:"ville";N;s:17:"registreCommercie";N;s:16:"matriculeFiscale";N;}', 0.000, 'N;', NULL, NULL, NULL, 0.000, 0.000),
(10, 4, 296, 2, 0, NULL, '2016-08-25 12:15:06', 'abc', NULL, NULL, '22689433', '2016-08-25 12:13:33', '2016-08-25 12:15:06', 0.500, 0.000, NULL, NULL, NULL, 0.000, 0.000, NULL, 1, NULL, NULL, NULL, 0, 'a:12:{s:9:"nomPrenom";s:3:"abc";s:3:"tel";s:8:"22689433";s:4:"tel2";N;s:3:"fax";N;s:5:"email";N;s:7:"adresse";s:7:"rte n)2";s:10:"codeDouane";N;s:10:"codePostal";N;s:11:"commentaire";N;s:5:"ville";N;s:17:"registreCommercie";N;s:16:"matriculeFiscale";N;}', 0.000, 'N;', NULL, NULL, NULL, 0.000, 0.000),
(11, 4, 151, 1, 0, NULL, NULL, 'ABDELADHIM Abdessalem', NULL, NULL, '71 874 055', '2016-08-26 12:18:23', '2016-08-26 12:18:23', 0.500, 0.000, NULL, NULL, NULL, 0.000, 0.000, NULL, 1, NULL, NULL, NULL, 0, 'a:12:{s:9:"nomPrenom";s:21:"ABDELADHIM Abdessalem";s:3:"tel";s:10:"71 874 055";s:4:"tel2";N;s:3:"fax";N;s:5:"email";N;s:7:"adresse";N;s:10:"codeDouane";N;s:10:"codePostal";N;s:11:"commentaire";N;s:5:"ville";N;s:17:"registreCommercie";N;s:16:"matriculeFiscale";N;}', 0.000, 'N;', NULL, NULL, NULL, 0.000, 0.000),
(12, 4, 307, 2, 0, NULL, '2016-08-30 12:40:09', 'sameh meguebli', NULL, NULL, '123', '2016-08-30 12:38:18', '2016-08-30 12:40:09', 0.500, 0.000, NULL, NULL, NULL, 0.000, 0.000, NULL, 1, NULL, NULL, NULL, 0, 'a:12:{s:9:"nomPrenom";s:14:"sameh meguebli";s:3:"tel";N;s:4:"tel2";N;s:3:"fax";N;s:5:"email";N;s:7:"adresse";N;s:10:"codeDouane";N;s:10:"codePostal";N;s:11:"commentaire";N;s:5:"ville";N;s:17:"registreCommercie";N;s:16:"matriculeFiscale";N;}', 0.000, 'N;', NULL, NULL, NULL, 0.000, 0.000),
(13, 4, 296, 2, 0, NULL, '2016-09-16 13:57:46', 'abc', 'houdacharfeddine@gmail.com', NULL, '22689433', '2016-09-15 14:35:48', '2016-09-16 13:57:46', 0.500, 0.000, NULL, NULL, NULL, 0.000, 0.000, NULL, 1, NULL, NULL, NULL, 0, 'a:12:{s:9:"nomPrenom";s:3:"abc";s:3:"tel";s:8:"22689433";s:4:"tel2";N;s:3:"fax";N;s:5:"email";N;s:7:"adresse";s:7:"rte n)2";s:10:"codeDouane";N;s:10:"codePostal";N;s:11:"commentaire";N;s:5:"ville";N;s:17:"registreCommercie";N;s:16:"matriculeFiscale";N;}', 0.000, 'N;', NULL, '2028', 'ariana', 0.000, 0.000),
(14, 4, 314, 9, 0, NULL, NULL, 'Mahmoud', NULL, NULL, '71 123 456', '2016-09-21 13:27:03', '2016-09-21 13:50:02', 0.500, 0.000, 14, NULL, NULL, 0.000, 0.000, NULL, 1, NULL, NULL, NULL, 0, 'a:12:{s:9:"nomPrenom";s:7:"Mahmoud";s:3:"tel";N;s:4:"tel2";N;s:3:"fax";N;s:5:"email";N;s:7:"adresse";N;s:10:"codeDouane";N;s:10:"codePostal";N;s:11:"commentaire";N;s:5:"ville";N;s:17:"registreCommercie";N;s:16:"matriculeFiscale";N;}', 0.000, 'N;', NULL, NULL, NULL, 53.000, 75.000),
(15, 4, 169, 1, 0, NULL, NULL, 'eeee', NULL, NULL, '14141', '2016-09-26 13:21:14', '2016-09-26 13:21:14', 0.500, 0.000, NULL, NULL, NULL, 0.000, 0.000, NULL, 1, NULL, NULL, NULL, 0, 'a:12:{s:9:"nomPrenom";s:15:"ABDELJAWED SLIM";s:3:"tel";s:10:"99 111 753";s:4:"tel2";N;s:3:"fax";N;s:5:"email";N;s:7:"adresse";N;s:10:"codeDouane";N;s:10:"codePostal";N;s:11:"commentaire";N;s:5:"ville";N;s:17:"registreCommercie";N;s:16:"matriculeFiscale";N;}', 0.000, 'N;', NULL, NULL, NULL, 0.000, 0.000);

-- --------------------------------------------------------

--
-- Structure de la table `ost_billetterie_reservation_ligne`
--

CREATE TABLE IF NOT EXISTS `ost_billetterie_reservation_ligne` (
  `id` int(11) NOT NULL,
  `reservation_id` int(11) DEFAULT NULL,
  `type` int(11) NOT NULL,
  `nomPrenom` varchar(255) COLLATE utf8_unicode_ci NOT NULL,
  `num_billet` varchar(10) COLLATE utf8_unicode_ci NOT NULL,
  `classe` varchar(255) COLLATE utf8_unicode_ci NOT NULL,
  `company_id` int(11) DEFAULT NULL,
  `age` varchar(3) COLLATE utf8_unicode_ci DEFAULT NULL,
  `passport` varchar(255) COLLATE utf8_unicode_ci DEFAULT NULL,
  `code_company` varchar(3) COLLATE utf8_unicode_ci NOT NULL,
  `trajets` varchar(255) COLLATE utf8_unicode_ci NOT NULL,
  `debours_achat_ttc` decimal(11,3) NOT NULL,
  `frais_service_achat` decimal(11,3) NOT NULL,
  `total_ttc` decimal(11,3) NOT NULL,
  `date_emission` date DEFAULT NULL
) ENGINE=InnoDB AUTO_INCREMENT=11 DEFAULT CHARSET=utf8 COLLATE=utf8_unicode_ci;

--
-- Contenu de la table `ost_billetterie_reservation_ligne`
--

INSERT INTO `ost_billetterie_reservation_ligne` (`id`, `reservation_id`, `type`, `nomPrenom`, `num_billet`, `classe`, `company_id`, `age`, `passport`, `code_company`, `trajets`, `debours_achat_ttc`, `frais_service_achat`, `total_ttc`, `date_emission`) VALUES
(3, 4, 1, 'Maâcha Arbi', '1236578789', 'A', NULL, '25', '123654', '199', 'TUN-ABC-DEF', 650.000, 50.000, 850.000, NULL),
(4, 5, 1, 'nom pasager', '1223365558', 'A', NULL, NULL, NULL, '199', 'TUN-PAR', 500.000, 50.000, 850.000, '2016-07-27'),
(5, 6, 1, 'test', '4444444444', 'A', NULL, NULL, NULL, '199', 'TUN-PAR', 500.000, 50.000, 850.000, '2016-07-27'),
(6, 8, 1, 'dfgdfgfg', '1245545645', 'A', NULL, '25', NULL, '199', 'DJE-TUN', 120.000, 30.000, 150.000, '2016-08-25'),
(7, 9, 1, 'azerty', '1111111111', 'A', NULL, NULL, NULL, '199', 'DJE-TUN', 100.000, 20.000, 120.000, '2016-08-25'),
(8, 10, 1, 'dfgdfgfg', '1245545647', 'A', NULL, NULL, NULL, '199', 'DJE-TUN', 100.000, 20.000, 200.000, '2016-08-25'),
(9, 12, 1, 'sameh meguebli', '1234567897', 'A', NULL, NULL, NULL, '199', 'TUN-DJE', 112.200, 0.000, 127.200, '2016-08-30'),
(10, 14, 1, 'Mahmoud', '1234567896', 'A', NULL, NULL, NULL, '199', 'TUN-DJE-TUN', 150.000, 8.000, 160.000, '2016-09-21');

-- --------------------------------------------------------

--
-- Structure de la table `ost_billetterie_reservation_ligne_trajet`
--

CREATE TABLE IF NOT EXISTS `ost_billetterie_reservation_ligne_trajet` (
  `id` int(11) NOT NULL,
  `dateDepart` datetime NOT NULL,
  `dateArrivee` datetime NOT NULL,
  `reservationLigne_id` int(11) DEFAULT NULL,
  `airoportDepart_id` int(11) DEFAULT NULL,
  `airoportArrivee_id` int(11) DEFAULT NULL
) ENGINE=InnoDB DEFAULT CHARSET=utf8 COLLATE=utf8_unicode_ci;

-- --------------------------------------------------------

--
-- Structure de la table `ost_billetterie_reservation_typevol`
--

CREATE TABLE IF NOT EXISTS `ost_billetterie_reservation_typevol` (
  `id` int(11) NOT NULL,
  `type` int(11) NOT NULL,
  `classe` int(11) NOT NULL,
  `compagnie` varchar(255) COLLATE utf8_unicode_ci NOT NULL,
  `villeDepart` varchar(255) COLLATE utf8_unicode_ci NOT NULL,
  `villeArrivee` varchar(255) COLLATE utf8_unicode_ci NOT NULL,
  `dateDepart` datetime NOT NULL,
  `dateArrivee` datetime NOT NULL,
  `reservationB_id` int(11) DEFAULT NULL
) ENGINE=InnoDB DEFAULT CHARSET=utf8 COLLATE=utf8_unicode_ci;

-- --------------------------------------------------------

--
-- Structure de la table `ost_canned_response`
--

CREATE TABLE IF NOT EXISTS `ost_canned_response` (
  `canned_id` int(10) unsigned NOT NULL,
  `dept_id` int(10) unsigned NOT NULL DEFAULT '0',
  `isenabled` tinyint(1) unsigned NOT NULL DEFAULT '1',
  `title` varchar(255) NOT NULL DEFAULT '',
  `response` text NOT NULL,
  `lang` varchar(16) NOT NULL DEFAULT 'en_US',
  `notes` text,
  `created` datetime NOT NULL,
  `updated` datetime NOT NULL
) ENGINE=MyISAM DEFAULT CHARSET=utf8;

-- --------------------------------------------------------

--
-- Structure de la table `ost_client`
--

CREATE TABLE IF NOT EXISTS `ost_client` (
  `id` int(11) NOT NULL,
  `amicale_id` int(11) DEFAULT NULL,
  `nomPrenom` varchar(255) COLLATE utf8_unicode_ci DEFAULT NULL,
  `tel1` varchar(255) COLLATE utf8_unicode_ci DEFAULT NULL,
  `tel2` varchar(255) COLLATE utf8_unicode_ci DEFAULT NULL,
  `adresse` varchar(255) COLLATE utf8_unicode_ci DEFAULT NULL,
  `matriculeFiscale` varchar(255) COLLATE utf8_unicode_ci DEFAULT NULL,
  `registreCommercie` varchar(255) COLLATE utf8_unicode_ci DEFAULT NULL,
  `commentaire` longtext COLLATE utf8_unicode_ci,
  `created` datetime NOT NULL,
  `updated` datetime NOT NULL,
  `responsable` tinyint(1) DEFAULT NULL,
  `passager` tinyint(1) DEFAULT NULL,
  `type` int(11) DEFAULT NULL,
  `nomAltervatif` varchar(255) COLLATE utf8_unicode_ci DEFAULT NULL,
  `fax` varchar(255) COLLATE utf8_unicode_ci DEFAULT NULL,
  `email` varchar(255) COLLATE utf8_unicode_ci DEFAULT NULL,
  `siteWeb` varchar(255) COLLATE utf8_unicode_ci DEFAULT NULL,
  `codePostal` int(11) DEFAULT NULL,
  `ville` varchar(255) COLLATE utf8_unicode_ci DEFAULT NULL,
  `gouvernorat` varchar(255) COLLATE utf8_unicode_ci DEFAULT NULL,
  `codeDouane` varchar(255) COLLATE utf8_unicode_ci DEFAULT NULL,
  `tva` tinyint(1) DEFAULT NULL,
  `formeJuridique` int(11) DEFAULT NULL,
  `url` longtext COLLATE utf8_unicode_ci,
  `pays_id` int(11) DEFAULT NULL
) ENGINE=InnoDB AUTO_INCREMENT=315 DEFAULT CHARSET=utf8 COLLATE=utf8_unicode_ci;

--
-- Contenu de la table `ost_client`
--

INSERT INTO `ost_client` (`id`, `amicale_id`, `nomPrenom`, `tel1`, `tel2`, `adresse`, `matriculeFiscale`, `registreCommercie`, `commentaire`, `created`, `updated`, `responsable`, `passager`, `type`, `nomAltervatif`, `fax`, `email`, `siteWeb`, `codePostal`, `ville`, `gouvernorat`, `codeDouane`, `tva`, `formeJuridique`, `url`, `pays_id`) VALUES
(1, NULL, 'Zied Kharraz', '53 980 209', NULL, 'Tunis centre ville', NULL, NULL, NULL, '2015-06-09 05:46:33', '2016-05-11 15:46:13', 0, NULL, NULL, NULL, NULL, NULL, NULL, NULL, NULL, NULL, NULL, NULL, NULL, NULL, NULL),
(2, NULL, 'Foulen ben foulen', '71 359 520', NULL, 'Nabeul , rue foulen ben foulen  8000', NULL, NULL, NULL, '2015-06-12 03:09:08', '2015-12-21 08:04:45', 0, NULL, NULL, NULL, NULL, NULL, NULL, NULL, NULL, NULL, NULL, NULL, NULL, NULL, NULL),
(4, NULL, 'Passager', 'No Tel', 'No tel', 'No Address', NULL, NULL, NULL, '2015-07-19 17:32:53', '2016-09-26 14:16:29', 0, 1, 2, NULL, NULL, '', NULL, NULL, NULL, NULL, NULL, 0, NULL, NULL, NULL),
(5, NULL, 'Fradj fadhloun', '53 980 209', NULL, 'Tunis carthafe', NULL, NULL, NULL, '2015-09-07 19:59:33', '2015-12-19 13:12:25', 0, 0, NULL, NULL, NULL, NULL, NULL, NULL, NULL, NULL, NULL, NULL, NULL, NULL, NULL),
(6, NULL, 'Maâcha Arbi', '52 557 390', '52 557 390', 'Mannouba', NULL, NULL, NULL, '2015-09-08 09:05:58', '2016-09-16 17:20:37', 0, 0, NULL, NULL, NULL, NULL, NULL, NULL, NULL, NULL, NULL, NULL, NULL, NULL, NULL),
(7, 4, 'Maâcha Arbi', '71 123 456', '52 557 390', NULL, NULL, NULL, NULL, '2015-10-05 16:11:27', '2015-12-20 09:17:47', 1, 0, 2, NULL, NULL, 'm.arbi.maacha@gmail.com', 'www.octasoft.com.tn', 2010, 'Mannouba', 'Mannouba', NULL, 1, 1, '9441668674bfb954508cf3658c512122fdac2270.png', 219),
(8, NULL, 'Maâcha Arbi passager', '52 557 390', NULL, NULL, NULL, NULL, NULL, '2015-11-05 16:18:50', '2016-08-10 14:13:08', 0, 0, 2, NULL, NULL, NULL, NULL, NULL, NULL, NULL, NULL, 0, NULL, NULL, NULL),
(10, 4, 'AZIB RAHMA', 'rzear', 'azerzear', 'AZERZEAR', 'zearzearzea', NULL, NULL, '2015-12-21 08:10:36', '2016-03-15 17:23:18', 0, 0, 2, NULL, 'zera', 'zaraz@dfqsdfsdqf.com', NULL, 1013, 'razerzear', 'ZErzeta', NULL, 0, NULL, NULL, 219),
(11, 6, 'AZIB RAHMA', 'gh', 'ghgh', 'ghhddfhdf', 'ddfgfh', 'gh', NULL, '2015-12-21 08:31:58', '2016-03-15 17:26:48', 0, 0, 2, NULL, 'ghgfh', 'hghghh@gdfggf.com', 'hgfdh', 1013, 'Tun''', NULL, NULL, 0, NULL, NULL, 219),
(12, 10, 'MAAOUI Wassim', NULL, NULL, 'Tunis', NULL, NULL, NULL, '2015-12-21 09:25:36', '2016-03-11 07:48:01', 0, 0, 2, NULL, NULL, 'resa.thalassa@topnet.tn', NULL, 1000, 'Tunis', NULL, NULL, 0, NULL, NULL, 219),
(15, 6, 'BEN DHIAB Ali', '98 207 863', NULL, 'Tunis', NULL, NULL, NULL, '2015-12-23 09:31:47', '2015-12-23 10:01:10', 0, 0, 2, NULL, NULL, NULL, NULL, 1000, 'Tunis', 'tunis', NULL, 0, NULL, NULL, 219),
(16, NULL, 'Karim', '123456', '123456', 'Виагра для мужчин цена в России', NULL, NULL, NULL, '2015-12-23 17:58:51', '2015-12-23 17:58:51', 0, 0, NULL, NULL, NULL, NULL, NULL, NULL, NULL, NULL, NULL, NULL, NULL, NULL, NULL),
(17, 7, 'BOUFARES Achref', NULL, '58328450', NULL, NULL, NULL, NULL, '2015-12-25 08:46:16', '2015-12-25 08:49:29', 0, 0, 2, NULL, NULL, 'AG_MSAKEN@BT.COM.TN', NULL, NULL, 'Tunis', 'Tunis', NULL, 0, NULL, NULL, 219),
(18, 7, 'BEN MALEK Hajer', '94006514', NULL, NULL, NULL, NULL, NULL, '2015-12-25 10:45:58', '2015-12-28 14:49:44', 0, 0, NULL, NULL, NULL, NULL, NULL, NULL, NULL, NULL, NULL, NULL, NULL, NULL, NULL),
(19, 6, 'TERGUI Med Najib', NULL, NULL, 'Tunis', NULL, NULL, NULL, '2015-12-25 11:35:33', '2015-12-26 11:29:06', 0, 0, 2, NULL, NULL, 'rahmaazib@gmail.com', NULL, 1013, 'Tunis', NULL, NULL, 0, NULL, NULL, 219),
(20, 7, 'BOUFARES Lotfi', '58328450', NULL, NULL, NULL, NULL, NULL, '2015-12-25 12:18:38', '2016-01-04 15:19:52', 0, 0, 1, NULL, NULL, NULL, NULL, NULL, NULL, NULL, NULL, 0, NULL, NULL, 219),
(21, 6, 'DORAII Med Fawzi', '98676354', NULL, 'Tunis', NULL, NULL, NULL, '2015-12-25 12:23:05', '2016-03-16 09:35:22', 0, 0, 2, NULL, NULL, NULL, NULL, 1013, 'Tunis', NULL, NULL, 0, NULL, NULL, NULL),
(22, NULL, 'Jйrфme', '123456', '123456', 'Москва', NULL, NULL, NULL, '2015-12-26 04:47:24', '2015-12-26 04:47:24', 0, 0, NULL, NULL, NULL, NULL, NULL, NULL, NULL, NULL, NULL, NULL, NULL, NULL, NULL),
(23, 7, 'BOUKHRIS Nejia', '52 593 998', NULL, 'Tunis', NULL, NULL, NULL, '2015-12-26 09:42:32', '2015-12-26 09:55:46', 0, 0, 2, NULL, NULL, NULL, NULL, 1000, 'Tunis', 'tunis', NULL, 0, NULL, NULL, 219),
(24, 7, 'BOUKHRIS Nejia', '52 593 998', NULL, 'Tunis', NULL, NULL, NULL, '2015-12-26 09:42:40', '2015-12-26 09:42:40', 0, 0, 2, NULL, NULL, NULL, NULL, 1000, 'Tunis', 'tunis', NULL, 0, NULL, NULL, 219),
(25, 7, 'BEN KHALIFA Habib', '97547024', NULL, NULL, NULL, NULL, NULL, '2015-12-26 10:23:51', '2015-12-26 10:40:32', 0, 0, NULL, NULL, NULL, NULL, NULL, NULL, NULL, NULL, NULL, NULL, NULL, NULL, NULL),
(26, NULL, 'maacha arbi', '71 123 456', '71 123 456', 'rttttt', NULL, NULL, NULL, '2015-12-26 14:05:44', '2015-12-28 08:48:36', 0, 0, NULL, NULL, NULL, NULL, NULL, NULL, NULL, NULL, NULL, NULL, NULL, NULL, NULL),
(27, NULL, 'NAIRI Sleh', '99 923 044', NULL, 'Tunis', NULL, NULL, NULL, '2015-12-28 10:23:28', '2016-01-04 11:50:46', 0, 0, NULL, NULL, NULL, NULL, NULL, NULL, NULL, NULL, NULL, NULL, NULL, NULL, NULL),
(28, 7, 'BEN SEDRINE Insaf', '22 529 219', NULL, 'Tunis', NULL, NULL, NULL, '2015-12-28 10:59:12', '2015-12-30 12:19:37', 0, 0, NULL, NULL, NULL, NULL, NULL, NULL, NULL, NULL, NULL, NULL, NULL, NULL, NULL),
(29, NULL, 'MAAOUI Wassim', '71 874 055', NULL, 'Tunis', NULL, NULL, NULL, '2015-12-28 11:11:03', '2015-12-28 11:17:32', 0, 0, NULL, NULL, NULL, NULL, NULL, NULL, NULL, NULL, NULL, NULL, NULL, NULL, NULL),
(30, 7, 'OUELHAZI Saida', '58 308 708', NULL, 'Tunis', NULL, NULL, NULL, '2015-12-28 14:02:25', '2015-12-29 08:23:48', 0, 0, NULL, NULL, NULL, NULL, NULL, NULL, NULL, NULL, NULL, NULL, NULL, NULL, NULL),
(31, 7, 'SEMAOUI Imed', '58 335 658', NULL, 'Tunis', NULL, NULL, NULL, '2015-12-29 07:40:51', '2015-12-29 13:28:07', 0, 0, 2, NULL, NULL, NULL, NULL, NULL, NULL, NULL, NULL, 0, NULL, NULL, NULL),
(32, 7, 'MARAGHNI Amine', '22 559 318', NULL, 'Tunis', NULL, NULL, NULL, '2015-12-29 08:58:15', '2015-12-30 11:45:00', 0, 0, NULL, NULL, NULL, NULL, NULL, NULL, NULL, NULL, NULL, NULL, NULL, NULL, NULL),
(33, 7, 'MARAGHNI Amine', '22 559 318', NULL, 'Tunis', NULL, NULL, NULL, '2015-12-29 08:58:16', '2015-12-29 08:58:16', 0, 0, NULL, NULL, NULL, NULL, NULL, NULL, NULL, NULL, NULL, NULL, NULL, NULL, NULL),
(34, NULL, 'SINENE Mohamed Ali', '55383870', NULL, NULL, NULL, NULL, NULL, '2015-12-29 09:27:10', '2015-12-29 09:29:49', 0, 0, NULL, NULL, NULL, NULL, NULL, NULL, NULL, NULL, NULL, NULL, NULL, NULL, NULL),
(35, 6, 'OUANES Mohamed', '71736260', '98447551', 'L''Aouina', NULL, NULL, NULL, '2015-12-29 09:59:22', '2015-12-29 09:59:22', 0, 0, 1, NULL, '71732275', NULL, NULL, NULL, 'Tunis', NULL, NULL, 0, NULL, NULL, NULL),
(36, 6, 'MAIZ Wahid', '92123321', '52735816', '59 Rue 09 Avril', NULL, NULL, NULL, '2015-12-29 10:02:01', '2015-12-29 10:08:47', 0, 0, 1, NULL, NULL, 'wahidmaiz@gmail.com', NULL, 7070, 'Bizerte', 'Bizerte', NULL, 0, NULL, NULL, 219),
(37, 6, 'MABROUKI Ilyes', '98327478', '98327478', 'N°7, Rue 6074 Omrane Supérieure', NULL, NULL, NULL, '2015-12-29 10:05:45', '2015-12-29 10:09:10', 0, 0, 1, 'Yemen LAHMER', NULL, 'thalassa.booking@topnet.tn', NULL, 1000, 'Tunis', NULL, NULL, 0, NULL, NULL, NULL),
(38, 6, 'BELHAIZA Mohamed Karim', '98215192', '98215192', 'N°1, Rue Ibn Chabbat Ksar Said 2', NULL, NULL, NULL, '2015-12-29 10:08:33', '2015-12-29 10:08:33', 0, 0, 1, 'Yemen LAHMER', NULL, 'thalassa.booking@topnet.tn', NULL, NULL, 'Tunis', 'Manouba', NULL, 0, NULL, NULL, 219),
(39, 6, 'CHAOUCH Karim', '22424842', '22424842', 'Rue Jawher Sakli Moknin', NULL, NULL, NULL, '2015-12-29 10:10:55', '2015-12-29 10:10:55', 0, 0, 1, NULL, NULL, NULL, NULL, NULL, 'Monastir', 'Moknine', NULL, 0, NULL, NULL, 219),
(40, 6, 'BEN ATTIA Mongia', '97249945', '23654062', 'Sidi Hssin Sijoumi', NULL, NULL, NULL, '2015-12-29 10:14:57', '2015-12-29 10:14:57', 0, 0, 1, NULL, NULL, NULL, NULL, NULL, 'Tunis', 'Sijoumi', NULL, 0, NULL, NULL, 219),
(41, 6, 'MEZNI Aymen', '25390475', '25390475', 'Tunis', NULL, NULL, NULL, '2015-12-29 10:17:16', '2015-12-29 10:18:56', 0, 0, 1, 'Yemen LAHMER', NULL, 'thalassa.booking@topnet.tn', NULL, NULL, 'Tunis', NULL, NULL, 0, NULL, NULL, 219),
(42, 6, 'GUETARI Hamza', '98910610', '98910610', 'N°6, Rue Kuweit Cité Ennour', NULL, NULL, NULL, '2015-12-29 10:18:46', '2015-12-29 10:18:46', 0, 0, 1, NULL, NULL, NULL, NULL, NULL, 'Gafsa', 'Gafsa', NULL, 0, NULL, NULL, 219),
(43, 6, 'BEN HAMDA Mohamed', '98324715', '98324715', 'Rue du lac Tinja', NULL, NULL, NULL, '2015-12-29 10:20:55', '2015-12-29 10:20:55', 0, 0, 1, NULL, NULL, NULL, NULL, 7032, 'Bizerte', 'Bizerte', NULL, 0, NULL, NULL, 219),
(44, 6, 'YAHIAOUI Ahmed', '97658000', '22228024', 'Rue 18 Janvier Cité Ettadhamen', NULL, NULL, NULL, '2015-12-29 10:22:50', '2015-12-29 10:22:50', 0, 0, 1, NULL, NULL, NULL, NULL, NULL, 'Ariana', 'Ariana', NULL, 0, NULL, NULL, NULL),
(45, 10, 'CHAFAI Fakhri', '23 304 344', NULL, NULL, NULL, NULL, NULL, '2015-12-29 15:09:44', '2016-03-08 14:07:53', 0, 0, NULL, NULL, NULL, NULL, NULL, NULL, NULL, NULL, NULL, NULL, NULL, NULL, NULL),
(46, NULL, 'SAIED Mehrez', '53490927', NULL, NULL, NULL, NULL, NULL, '2015-12-29 16:24:42', '2015-12-30 15:07:18', 0, 0, NULL, NULL, NULL, NULL, NULL, NULL, NULL, NULL, NULL, NULL, NULL, NULL, NULL),
(47, NULL, 'ROUISSI Chaima', '53490927', NULL, NULL, NULL, NULL, NULL, '2015-12-29 16:50:44', '2015-12-29 16:58:13', 0, 0, NULL, NULL, NULL, NULL, NULL, NULL, NULL, NULL, NULL, NULL, NULL, NULL, NULL),
(48, NULL, 'ROUISSI Safi', '53490927', NULL, NULL, NULL, NULL, NULL, '2015-12-29 16:51:07', '2015-12-29 17:00:20', 0, 0, NULL, NULL, NULL, NULL, NULL, NULL, NULL, NULL, NULL, NULL, NULL, NULL, NULL),
(49, NULL, 'CHEBBI Maram', '53490927', NULL, NULL, NULL, NULL, NULL, '2015-12-29 16:52:01', '2015-12-29 17:02:49', 0, 0, NULL, NULL, NULL, NULL, NULL, NULL, NULL, NULL, NULL, NULL, NULL, NULL, NULL),
(50, 6, 'JBAILI', 'Jouida', '23 920 276', 'El Ouardia 1', NULL, NULL, NULL, '2015-12-30 09:24:19', '2015-12-30 16:13:21', 0, 0, NULL, NULL, NULL, NULL, NULL, NULL, NULL, NULL, NULL, NULL, NULL, NULL, NULL),
(51, NULL, 'BEN HLILA', 'Atef', '55 757 718', NULL, NULL, NULL, NULL, '2015-12-30 11:18:18', '2015-12-30 13:19:39', 0, 0, NULL, NULL, NULL, NULL, NULL, NULL, NULL, NULL, NULL, NULL, NULL, NULL, NULL),
(52, NULL, 'GNOUMA', 'Fatma', '55 757 718', NULL, NULL, NULL, NULL, '2015-12-30 11:18:45', '2015-12-30 11:36:02', 0, 0, NULL, NULL, NULL, NULL, NULL, NULL, NULL, NULL, NULL, NULL, NULL, NULL, NULL),
(53, NULL, 'GNOUMA', 'Fatma', '55 757 718', NULL, NULL, NULL, NULL, '2015-12-30 11:18:52', '2015-12-30 11:18:52', 0, 0, NULL, NULL, NULL, NULL, NULL, NULL, NULL, NULL, NULL, NULL, NULL, NULL, NULL),
(54, NULL, 'GNOUMA Fatma', NULL, '55 757 718', NULL, NULL, NULL, NULL, '2015-12-30 11:34:02', '2015-12-30 13:16:14', 0, 0, 2, NULL, NULL, NULL, NULL, NULL, NULL, NULL, NULL, 0, NULL, NULL, NULL),
(55, 6, 'CHEBBI Lotfi', '98206726', NULL, NULL, NULL, NULL, NULL, '2015-12-30 11:38:46', '2015-12-30 11:41:05', 0, 0, NULL, NULL, NULL, NULL, NULL, NULL, NULL, NULL, NULL, NULL, NULL, NULL, NULL),
(56, NULL, 'ZOUHEIR', 'GUE', '71 874 055', 'Tunis', NULL, NULL, NULL, '2015-12-30 12:03:44', '2015-12-30 12:03:44', 0, 0, NULL, NULL, NULL, NULL, NULL, NULL, NULL, NULL, NULL, NULL, NULL, NULL, NULL),
(57, 10, 'BEN MANSOUR Samy', '58 370 698', '31 300 100', 'Lac 2', NULL, NULL, NULL, '2015-12-30 12:49:10', '2015-12-31 09:49:46', 0, 0, NULL, NULL, NULL, NULL, NULL, NULL, NULL, NULL, NULL, NULL, NULL, NULL, NULL),
(58, 7, 'BELFKIH Youssef', '22 559 318', NULL, 'Tunis', NULL, NULL, NULL, '2015-12-30 13:36:22', '2016-03-04 14:22:26', 0, 0, NULL, NULL, NULL, NULL, NULL, NULL, NULL, NULL, NULL, NULL, NULL, NULL, NULL),
(59, NULL, 'rahma', NULL, NULL, NULL, NULL, NULL, NULL, '2015-12-30 15:42:07', '2016-03-19 10:09:59', 0, 0, NULL, NULL, NULL, NULL, NULL, NULL, NULL, NULL, NULL, NULL, NULL, NULL, NULL),
(60, 7, 'BOUFARES Lotfi', '58 328 450', NULL, NULL, NULL, NULL, NULL, '2016-01-04 14:14:19', '2016-01-05 11:33:47', 0, 0, NULL, NULL, NULL, NULL, NULL, NULL, NULL, NULL, NULL, NULL, NULL, NULL, NULL),
(61, 10, 'BEN NEMRI', 'Mohamed', '71 874 055', 'Tunis', NULL, NULL, NULL, '2016-01-05 09:52:07', '2016-01-05 12:41:59', 0, 0, NULL, NULL, NULL, NULL, NULL, NULL, NULL, NULL, NULL, NULL, NULL, NULL, NULL),
(62, 10, 'DHIRAR Youness', '71 874 055', NULL, 'Tunis', NULL, NULL, NULL, '2016-01-05 09:52:37', '2016-01-05 12:41:43', 0, 0, NULL, NULL, NULL, NULL, NULL, NULL, NULL, NULL, NULL, NULL, NULL, NULL, NULL),
(63, 10, 'HAMDI Nedra', '71 874 055', NULL, 'Tunis', NULL, NULL, NULL, '2016-01-05 09:52:57', '2016-01-05 12:41:18', 0, 0, NULL, NULL, NULL, NULL, NULL, NULL, NULL, NULL, NULL, NULL, NULL, NULL, NULL),
(64, NULL, 'GHAZOUANI Khaoula', '50 604 884', '29 711 718', 'Ben Arous', NULL, NULL, NULL, '2016-01-07 08:10:21', '2016-01-07 08:10:21', 0, 0, NULL, NULL, NULL, NULL, NULL, NULL, NULL, NULL, NULL, NULL, NULL, NULL, NULL),
(65, NULL, 'MAKNI Adel', '98305686', '98305686', NULL, NULL, NULL, NULL, '2016-01-07 14:18:32', '2016-01-07 14:30:15', 0, 0, 2, NULL, NULL, NULL, NULL, NULL, NULL, NULL, NULL, 0, NULL, NULL, 219),
(66, NULL, 'BARHOUMI Sonia', '50200770', '50200770', NULL, NULL, NULL, NULL, '2016-01-07 14:19:00', '2016-01-07 14:35:11', 0, 0, 2, NULL, NULL, NULL, NULL, NULL, NULL, NULL, NULL, 0, NULL, NULL, 219),
(67, NULL, 'MOKADDEM Lamia', '97442769', '97442769', NULL, NULL, NULL, NULL, '2016-01-07 14:19:34', '2016-01-07 14:34:48', 0, 0, 2, NULL, NULL, NULL, NULL, NULL, NULL, NULL, NULL, 0, NULL, NULL, 219),
(68, NULL, 'ELLAFI Monaam', '98306387', '98306387', NULL, NULL, NULL, NULL, '2016-01-07 14:21:27', '2016-01-07 14:34:34', 0, 0, 2, NULL, NULL, NULL, NULL, NULL, NULL, NULL, NULL, 0, NULL, NULL, 219),
(69, NULL, 'BOUMAIZA Wiem', '22743543', '22743543', NULL, NULL, NULL, NULL, '2016-01-07 14:21:56', '2016-01-07 14:34:12', 0, 0, 2, NULL, NULL, NULL, NULL, NULL, NULL, NULL, NULL, 0, NULL, NULL, 219),
(70, NULL, 'BRAHEM Sami', '98583983', '98583983', NULL, NULL, NULL, NULL, '2016-01-07 14:22:20', '2016-01-07 14:33:57', 0, 0, 2, NULL, NULL, NULL, NULL, NULL, NULL, NULL, NULL, 0, NULL, NULL, 219),
(71, NULL, 'BEN KHOUD Amel', '58381849', '21609313', NULL, NULL, NULL, NULL, '2016-01-07 14:22:56', '2016-01-07 14:22:56', 0, 0, 2, NULL, NULL, NULL, NULL, NULL, NULL, NULL, NULL, 0, NULL, NULL, 219),
(72, NULL, 'BOULAHIA Fatma', '28522965', '28522965', NULL, NULL, NULL, NULL, '2016-01-07 14:23:29', '2016-01-07 14:33:37', 0, 0, 2, NULL, NULL, NULL, NULL, NULL, NULL, NULL, NULL, 0, NULL, NULL, 219),
(73, NULL, 'Rebai Hassen', '96452283', '96452283', NULL, NULL, NULL, NULL, '2016-01-07 14:24:02', '2016-01-07 14:32:25', 0, 0, 2, NULL, NULL, NULL, NULL, NULL, NULL, NULL, NULL, 0, NULL, NULL, 219),
(74, NULL, 'ELHANI Marouane', '20812567', '20812567', NULL, NULL, NULL, NULL, '2016-01-07 14:24:37', '2016-01-07 14:32:06', 0, 0, 2, NULL, NULL, NULL, NULL, NULL, NULL, NULL, NULL, 0, NULL, NULL, 219),
(75, NULL, 'MAKNI Mohamed Rached', '24320525', '24320525', NULL, NULL, NULL, NULL, '2016-01-07 14:25:39', '2016-01-07 14:31:47', 0, 0, 2, NULL, NULL, 'rached.makni2@gmail.com', NULL, NULL, NULL, NULL, NULL, 0, NULL, NULL, 219),
(76, NULL, 'CHEFAI Sana', '22548605', '22548605', NULL, NULL, NULL, NULL, '2016-01-07 14:26:19', '2016-01-07 14:31:24', 0, 0, 2, NULL, NULL, 'scheffai@yahoo.fr', NULL, NULL, NULL, NULL, NULL, 0, NULL, NULL, 219),
(77, NULL, 'HACHANI Walid', '23303652', '23303652', NULL, NULL, NULL, NULL, '2016-01-07 14:27:07', '2016-01-07 14:31:09', 0, 0, 2, NULL, NULL, NULL, NULL, NULL, NULL, NULL, NULL, 0, NULL, NULL, 219),
(78, NULL, 'KOUNI Amir', '98340429', '98340429', NULL, NULL, NULL, NULL, '2016-01-07 14:28:04', '2016-01-07 14:30:52', 0, 0, 2, NULL, NULL, 'amir.kouni@ilabo.tn', NULL, NULL, NULL, NULL, NULL, 0, NULL, NULL, 219),
(79, NULL, 'ZINEDDINE Kais', '23317158', '98817158', NULL, NULL, NULL, NULL, '2016-01-07 14:28:52', '2016-01-07 14:28:52', 0, 0, 2, NULL, NULL, NULL, NULL, NULL, NULL, NULL, NULL, 0, NULL, NULL, 219),
(80, NULL, 'ZINEDDINE Lassaad', '23317158', '23317158', NULL, NULL, NULL, NULL, '2016-01-07 14:29:28', '2016-01-07 14:30:33', 0, 0, 2, NULL, NULL, NULL, NULL, NULL, 'Sfax', NULL, NULL, 0, NULL, NULL, 219),
(81, NULL, 'MOUNIR AHMED Hamida', '55 911 221', NULL, 'Libye', NULL, NULL, NULL, '2016-01-07 15:05:06', '2016-01-07 15:28:47', 0, 0, NULL, NULL, NULL, NULL, NULL, NULL, NULL, NULL, NULL, NULL, NULL, NULL, NULL),
(82, NULL, 'SMAIL Naceur', '71 874 055', NULL, 'Tunis', NULL, NULL, NULL, '2016-01-07 16:08:34', '2016-01-08 10:18:24', 0, 0, NULL, NULL, NULL, NULL, NULL, NULL, NULL, NULL, NULL, NULL, NULL, NULL, NULL),
(83, 10, 'MANNAI Mohamed', '31 300 073', NULL, 'Tunis', NULL, NULL, NULL, '2016-01-08 08:03:42', '2016-01-08 08:24:43', 0, 0, NULL, NULL, NULL, NULL, NULL, NULL, NULL, NULL, NULL, NULL, NULL, NULL, NULL),
(84, 10, 'AKRICHE Karim', NULL, NULL, NULL, NULL, NULL, NULL, '2016-01-08 09:45:32', '2016-01-18 15:14:41', 0, 0, NULL, NULL, NULL, NULL, NULL, NULL, NULL, NULL, NULL, NULL, NULL, NULL, NULL),
(85, NULL, 'FADHLAOUI Ramzi', '54 871 868', NULL, 'Tunis', NULL, NULL, NULL, '2016-01-08 13:51:42', '2016-01-09 10:54:36', 0, 0, NULL, NULL, NULL, NULL, NULL, NULL, NULL, NULL, NULL, NULL, NULL, NULL, NULL),
(86, NULL, 'Thibaut', '123456', '123456', 'Chesapeake', NULL, NULL, NULL, '2016-01-10 03:47:35', '2016-01-10 03:47:35', 0, 0, NULL, NULL, NULL, NULL, NULL, NULL, NULL, NULL, NULL, NULL, NULL, NULL, NULL),
(87, 6, 'GUELMANI Mokhtar', '98 672 899', NULL, 'Tunis', NULL, NULL, NULL, '2016-01-11 09:47:46', '2016-01-11 15:46:40', 0, 0, NULL, NULL, NULL, NULL, NULL, NULL, NULL, NULL, NULL, NULL, NULL, NULL, NULL),
(88, 6, 'GUELMANI Mokhtar', '98 672 899', NULL, 'Tunis', NULL, NULL, NULL, '2016-01-11 09:47:51', '2016-01-11 09:47:51', 0, 0, NULL, NULL, NULL, NULL, NULL, NULL, NULL, NULL, NULL, NULL, NULL, NULL, NULL),
(89, 6, 'DRIDI Mourad', '53 500 490', NULL, NULL, NULL, NULL, NULL, '2016-01-13 08:11:29', '2016-01-13 08:11:29', 0, 0, NULL, NULL, NULL, NULL, NULL, NULL, NULL, NULL, NULL, NULL, NULL, NULL, NULL),
(90, NULL, 'DRIDI Mourad', '53 500 490', NULL, NULL, NULL, NULL, NULL, '2016-01-13 08:12:56', '2016-01-15 08:20:36', 0, 0, NULL, NULL, NULL, NULL, NULL, NULL, NULL, NULL, NULL, NULL, NULL, NULL, NULL),
(91, NULL, 'DRIDI Mourad', '53 500 490', NULL, NULL, NULL, NULL, NULL, '2016-01-13 08:12:57', '2016-01-13 08:12:57', 0, 0, NULL, NULL, NULL, NULL, NULL, NULL, NULL, NULL, NULL, NULL, NULL, NULL, NULL),
(92, NULL, 'HADHRI Moheyeddine', '55 565 679', NULL, 'Tunis', NULL, NULL, NULL, '2016-01-18 09:10:23', '2016-01-19 08:48:03', 0, 0, NULL, NULL, NULL, NULL, NULL, NULL, NULL, NULL, NULL, NULL, NULL, NULL, NULL),
(93, NULL, 'Axel', '123456', '123456', 'Москва', NULL, NULL, NULL, '2016-01-19 16:29:39', '2016-01-23 08:54:09', 0, 0, NULL, NULL, NULL, NULL, NULL, NULL, NULL, NULL, NULL, NULL, NULL, NULL, NULL),
(94, NULL, 'rahma', NULL, NULL, NULL, NULL, NULL, NULL, '2016-01-20 08:38:58', '2016-01-20 08:38:58', 0, 0, NULL, NULL, NULL, NULL, NULL, NULL, NULL, NULL, NULL, NULL, NULL, NULL, NULL),
(95, NULL, 'HAMDI Adel', '70563150', '52 315 000', NULL, NULL, NULL, NULL, '2016-01-20 09:26:47', '2016-01-20 09:26:47', 0, 0, 2, NULL, '70563212', 'mecap.adel@topnet.tn', NULL, NULL, 'Tunis', 'Tunis', NULL, 0, NULL, NULL, 219),
(96, NULL, 'Islam Arbi Kouki', '96152602', '97553150', 'ETTAHRIR', NULL, NULL, NULL, '2016-01-20 13:17:34', '2016-01-20 13:17:34', 0, 0, NULL, NULL, NULL, NULL, NULL, NULL, NULL, NULL, NULL, NULL, NULL, NULL, NULL),
(97, NULL, 'BEN HADJ JEMAA Yosr', '53 789 765', NULL, NULL, NULL, NULL, NULL, '2016-01-20 16:11:03', '2016-01-21 14:57:52', 0, 0, NULL, NULL, NULL, NULL, NULL, NULL, NULL, NULL, NULL, NULL, NULL, NULL, NULL),
(98, NULL, 'TOUHAMI Salma', '53 789 765', NULL, 'Tunis', NULL, NULL, NULL, '2016-01-20 16:11:28', '2016-01-21 14:57:13', 0, 0, NULL, NULL, NULL, NULL, NULL, NULL, NULL, NULL, NULL, NULL, NULL, NULL, NULL),
(99, NULL, 'Famille AJINA', '71 874 055', NULL, NULL, NULL, NULL, NULL, '2016-01-21 12:48:48', '2016-01-26 16:24:21', 0, 0, NULL, NULL, NULL, NULL, NULL, NULL, NULL, NULL, NULL, NULL, NULL, NULL, NULL),
(100, NULL, 'MAALEJ Walid', '98 488 296', NULL, 'LAC', NULL, NULL, NULL, '2016-01-23 11:04:24', '2016-01-23 11:34:40', 0, 0, NULL, NULL, NULL, NULL, NULL, NULL, NULL, NULL, NULL, NULL, NULL, NULL, NULL),
(101, NULL, 'rezgui boshra', '41205391', '99545304', 'Tunis', NULL, NULL, NULL, '2016-01-23 17:08:36', '2016-01-23 17:08:36', 0, 0, NULL, NULL, NULL, NULL, NULL, NULL, NULL, NULL, NULL, NULL, NULL, NULL, NULL),
(102, NULL, 'TABOUBI Sihem', '22489611', NULL, 'Tunis', NULL, NULL, NULL, '2016-01-25 11:51:25', '2016-04-25 17:28:33', 0, 0, NULL, NULL, NULL, NULL, NULL, NULL, NULL, NULL, NULL, NULL, NULL, NULL, NULL),
(103, NULL, 'Makni Samir', '98305685', NULL, NULL, NULL, NULL, NULL, '2016-01-25 14:03:09', '2016-01-25 14:03:09', 0, 0, 2, NULL, NULL, NULL, NULL, NULL, 'Tunis', 'Tunis', NULL, 0, NULL, NULL, 219),
(104, 6, 'ISSAOUI Melek', '55225155', NULL, NULL, '2049035979', NULL, NULL, '2016-01-25 15:58:26', '2016-01-25 15:58:26', 0, 0, 1, NULL, NULL, NULL, NULL, NULL, 'Tunis', 'Tunis', NULL, 0, NULL, NULL, NULL),
(105, NULL, 'SIALA Mohamed Ali', '98 306 710', NULL, NULL, NULL, NULL, NULL, '2016-01-27 15:17:12', '2016-02-25 12:47:32', 0, 0, NULL, NULL, NULL, NULL, NULL, NULL, NULL, NULL, NULL, NULL, NULL, NULL, NULL),
(106, NULL, 'Teleperformance France Nearshore', NULL, NULL, NULL, NULL, NULL, NULL, '2016-01-29 14:05:54', '2016-01-29 14:08:54', 0, 0, NULL, NULL, NULL, NULL, NULL, NULL, NULL, NULL, NULL, NULL, NULL, NULL, NULL),
(107, NULL, 'HALAWANI Mohamed', '71 874 055', NULL, 'Tunis', NULL, NULL, NULL, '2016-01-30 10:40:01', '2016-01-30 10:41:31', 0, 0, NULL, NULL, NULL, NULL, NULL, NULL, NULL, NULL, NULL, NULL, NULL, NULL, NULL),
(108, NULL, 'BEN SIDHOM Sameh', '71 874 055', NULL, 'Tunis', NULL, NULL, NULL, '2016-02-01 08:26:58', '2016-02-01 10:30:22', 0, 0, NULL, NULL, NULL, NULL, NULL, NULL, NULL, NULL, NULL, NULL, NULL, NULL, NULL),
(109, NULL, 'BEN SIDHOM Saliha', NULL, NULL, 'Tunis', NULL, NULL, NULL, '2016-02-01 14:07:05', '2016-02-01 14:19:29', 0, 0, NULL, NULL, NULL, NULL, NULL, NULL, NULL, NULL, NULL, NULL, NULL, NULL, NULL),
(110, 7, 'MAACHA Arbi', '52557390', NULL, NULL, NULL, NULL, NULL, '2016-02-01 15:18:33', '2016-02-16 12:39:57', 0, 0, NULL, NULL, NULL, NULL, NULL, NULL, NULL, NULL, NULL, NULL, NULL, NULL, NULL),
(111, 7, 'BOUASIDA Mohamed Amine', '71 874 055', NULL, 'Tunis', NULL, NULL, NULL, '2016-02-03 14:20:58', '2016-02-05 16:53:27', 0, 0, NULL, NULL, NULL, NULL, NULL, NULL, NULL, NULL, NULL, NULL, NULL, NULL, NULL),
(112, NULL, 'Personnel Sonede', '71 000 000', '98 *** ***', 'Tunis', NULL, NULL, NULL, '2016-02-05 09:47:23', '2016-02-05 09:47:23', 0, 0, NULL, NULL, NULL, NULL, NULL, NULL, NULL, NULL, NULL, NULL, NULL, NULL, NULL),
(113, NULL, 'BENABID  abderrazak', '98990588', NULL, 'sonede kebili 4200', NULL, NULL, NULL, '2016-02-05 16:25:43', '2016-02-05 16:25:43', 0, 0, NULL, NULL, NULL, NULL, NULL, NULL, NULL, NULL, NULL, NULL, NULL, NULL, NULL),
(114, NULL, 'KETATA Wassim', '71 874 055', NULL, 'Tunis', NULL, NULL, NULL, '2016-02-06 07:44:40', '2016-02-06 10:02:28', 0, 0, NULL, NULL, NULL, NULL, NULL, NULL, NULL, NULL, NULL, NULL, NULL, NULL, NULL),
(115, NULL, 'BEN REJEB MOKTAR', '58304988', NULL, '05 RUE KHARTOUM CITE EL AMEL DENDEN MANOUBA', NULL, NULL, NULL, '2016-02-08 06:47:04', '2016-02-08 06:47:04', 0, 0, NULL, NULL, NULL, NULL, NULL, NULL, NULL, NULL, NULL, NULL, NULL, NULL, NULL),
(116, NULL, 'Ben Younes Foued', '92 784 622', NULL, 'Rue Tazarka Mrezka Hammamet 8050', NULL, NULL, NULL, '2016-02-08 15:08:09', '2016-02-08 15:08:09', 0, 0, NULL, NULL, NULL, NULL, NULL, NULL, NULL, NULL, NULL, NULL, NULL, NULL, NULL),
(117, NULL, 'aoulmi nadjem', '0552566998', '0558660300', 'village takhelicht fenaia Bejaia Algérie', NULL, NULL, NULL, '2016-02-08 15:09:17', '2016-02-08 15:09:17', 0, 0, NULL, NULL, NULL, NULL, NULL, NULL, NULL, NULL, NULL, NULL, NULL, NULL, NULL),
(118, NULL, 'AMMAR Ibrahim', '55 205 155', NULL, 'Tunis', NULL, NULL, NULL, '2016-02-08 16:03:13', '2016-02-09 15:12:07', 0, 0, NULL, NULL, NULL, NULL, NULL, NULL, NULL, NULL, NULL, NULL, NULL, NULL, NULL),
(119, NULL, 'Aymen Rouini', '50810763', NULL, '13 rue isfahani manouba', NULL, NULL, NULL, '2016-02-08 17:32:30', '2016-02-08 17:32:30', 0, 0, NULL, NULL, NULL, NULL, NULL, NULL, NULL, NULL, NULL, NULL, NULL, NULL, NULL),
(120, NULL, 'ibtissem cherni', '99910765', NULL, 'bp 515 kef', NULL, NULL, NULL, '2016-02-08 18:35:56', '2016-02-08 18:35:56', 0, 0, NULL, NULL, NULL, NULL, NULL, NULL, NULL, NULL, NULL, NULL, NULL, NULL, NULL),
(121, NULL, 'kaak neila', '98215562', '28182352', '1 rue sotusas salambo 2025', NULL, NULL, NULL, '2016-02-08 20:04:35', '2016-02-08 20:04:35', 0, 0, NULL, NULL, NULL, NULL, NULL, NULL, NULL, NULL, NULL, NULL, NULL, NULL, NULL),
(122, NULL, 'Nejah Elabed', '58305281', '98479756', '31,Rue hatem ettai - mannouba centre', NULL, NULL, NULL, '2016-02-11 11:09:01', '2016-02-11 11:09:01', 0, 0, NULL, NULL, NULL, NULL, NULL, NULL, NULL, NULL, NULL, NULL, NULL, NULL, NULL),
(123, NULL, 'Les Cliniques El Manar', '71 885 000', '71 875 000', 'Clinique El Manar Rue Habib Echatti 2092 El manar I tunis tunisie.', NULL, NULL, NULL, '2016-02-11 12:52:48', '2016-02-11 12:52:48', 0, 0, NULL, NULL, NULL, NULL, NULL, NULL, NULL, NULL, NULL, NULL, NULL, NULL, NULL),
(124, NULL, 'BJAOUI Samia', '97 375 857', '92 356 940', 'Tunis', NULL, NULL, NULL, '2016-02-12 11:35:38', '2016-02-12 12:50:04', 0, 0, NULL, NULL, NULL, NULL, NULL, NULL, NULL, NULL, NULL, NULL, NULL, NULL, NULL),
(125, NULL, 'HAGUI Zied', '53 696 778', NULL, 'Tunis', NULL, NULL, NULL, '2016-02-12 13:48:19', '2016-02-12 14:21:58', 0, 0, NULL, NULL, NULL, NULL, NULL, NULL, NULL, NULL, NULL, NULL, NULL, NULL, NULL),
(126, NULL, 'TRIMECH Rochdi', '99 923 044', NULL, 'Tunis', NULL, NULL, NULL, '2016-02-13 08:55:51', '2016-02-20 11:48:26', 0, 0, NULL, NULL, NULL, NULL, NULL, NULL, NULL, NULL, NULL, NULL, NULL, NULL, NULL),
(127, NULL, 'AdriieN', '123456', '123456', 'Coimbatore', NULL, NULL, NULL, '2016-02-13 13:31:24', '2016-02-19 14:23:03', 0, 0, NULL, NULL, NULL, NULL, NULL, NULL, NULL, NULL, NULL, NULL, NULL, NULL, NULL),
(128, 11, 'MLOUHI Adnen', NULL, '22 564 793', 'Manar 2', NULL, NULL, NULL, '2016-02-17 09:16:42', '2016-06-15 16:54:56', 0, 0, 2, NULL, NULL, NULL, NULL, NULL, NULL, NULL, NULL, 0, NULL, NULL, NULL),
(129, NULL, 'CHIKHAOUI Sami', NULL, '98208865', 'Tunis', NULL, NULL, NULL, '2016-02-17 11:52:30', '2016-03-18 10:37:26', 0, 0, 2, NULL, NULL, NULL, NULL, NULL, NULL, NULL, NULL, 0, NULL, NULL, 219),
(130, NULL, 'AMMAR Salma Ep BEN AYED', '55 205 155', NULL, 'Manar 2', NULL, NULL, NULL, '2016-02-18 15:01:49', '2016-02-18 15:44:31', 0, 0, NULL, NULL, NULL, NULL, NULL, NULL, NULL, NULL, NULL, NULL, NULL, NULL, NULL),
(131, NULL, 'BEN AYED', 'Sami', '71 874 055', NULL, NULL, NULL, NULL, '2016-02-18 16:13:25', '2016-02-19 16:26:37', 0, 0, NULL, NULL, NULL, NULL, NULL, NULL, NULL, NULL, NULL, NULL, NULL, NULL, NULL),
(132, NULL, 'RIAHI Faouzi', '97 829 844', NULL, NULL, NULL, NULL, NULL, '2016-02-19 10:25:59', '2016-02-19 13:49:12', 0, 0, NULL, NULL, NULL, NULL, NULL, NULL, NULL, NULL, NULL, NULL, NULL, NULL, NULL),
(133, 7, 'KHELIF Mohsen', '98 342 468', NULL, NULL, NULL, NULL, NULL, '2016-02-19 13:14:43', '2016-02-22 10:21:16', 0, 0, NULL, NULL, NULL, NULL, NULL, NULL, NULL, NULL, NULL, NULL, NULL, NULL, NULL),
(134, NULL, 'MRABET Seif El Islem', '58 398 546', NULL, 'Tunis', NULL, NULL, NULL, '2016-02-19 14:12:47', '2016-02-19 14:18:15', 0, 0, NULL, NULL, NULL, NULL, NULL, NULL, NULL, NULL, NULL, NULL, NULL, NULL, NULL),
(135, NULL, 'Mr CHABCHOUB Walid', NULL, NULL, NULL, NULL, NULL, NULL, '2016-02-19 14:45:17', '2016-02-19 14:45:17', 0, 0, NULL, NULL, NULL, NULL, NULL, NULL, NULL, NULL, NULL, NULL, NULL, NULL, NULL),
(136, NULL, 'CHABCHOUB Walid', '24 341 185', NULL, 'Sfax', NULL, NULL, NULL, '2016-02-19 14:45:46', '2016-02-19 16:24:39', 0, 0, NULL, NULL, NULL, NULL, NULL, NULL, NULL, NULL, NULL, NULL, NULL, NULL, NULL),
(137, 7, 'EL AYATI Skander', '23 017 426', NULL, 'Tunis', NULL, NULL, NULL, '2016-02-22 09:24:40', '2016-02-26 10:31:49', 0, 0, NULL, NULL, NULL, NULL, NULL, NULL, NULL, NULL, NULL, NULL, NULL, NULL, NULL),
(138, NULL, 'Frйdйrick', '123456', '123456', 'France', NULL, NULL, NULL, '2016-02-23 09:24:30', '2016-02-23 09:24:30', 0, 0, NULL, NULL, NULL, NULL, NULL, NULL, NULL, NULL, NULL, NULL, NULL, NULL, NULL),
(139, NULL, 'LOUATI Hanadi', '22 860 487', NULL, NULL, NULL, NULL, NULL, '2016-02-24 10:47:49', '2016-02-24 13:25:58', 0, 0, NULL, NULL, NULL, NULL, NULL, NULL, NULL, NULL, NULL, NULL, NULL, NULL, NULL),
(140, NULL, 'CHERNI Hichem', '22 860 487', NULL, NULL, NULL, NULL, NULL, '2016-02-24 12:38:07', '2016-02-24 13:25:26', 0, 0, NULL, NULL, NULL, NULL, NULL, NULL, NULL, NULL, NULL, NULL, NULL, NULL, NULL),
(141, NULL, 'ELLOUZ Amine', '23 458 728', NULL, NULL, NULL, NULL, NULL, '2016-02-25 09:17:58', '2016-03-01 12:19:26', 0, 0, NULL, NULL, NULL, NULL, NULL, NULL, NULL, NULL, NULL, NULL, NULL, NULL, NULL),
(142, NULL, 'BEN RJAB Mokhtar', '58 304 988', NULL, 'Tunis', NULL, NULL, NULL, '2016-02-25 14:28:35', '2016-02-25 14:28:35', 0, 0, NULL, NULL, NULL, NULL, NULL, NULL, NULL, NULL, NULL, NULL, NULL, NULL, NULL),
(143, 11, 'BEN RJAB Mokhtar', '58 304 988', NULL, NULL, NULL, NULL, NULL, '2016-02-25 14:34:12', '2016-02-25 15:45:00', 0, 0, NULL, NULL, NULL, NULL, NULL, NULL, NULL, NULL, NULL, NULL, NULL, NULL, NULL),
(144, NULL, 'MAKNI Mounir', '29 303 525', '29 303 525', 'Tunis', NULL, NULL, NULL, '2016-02-26 15:39:45', '2016-02-26 15:40:02', 0, 0, 2, NULL, '29 303 525', NULL, NULL, 1000, 'Tunis', 'Tunis', NULL, 0, NULL, NULL, NULL),
(145, 10, 'BEN SOLTANE Marouan', NULL, NULL, NULL, NULL, NULL, NULL, '2016-03-01 08:22:59', '2016-03-02 11:27:33', 0, 0, NULL, NULL, NULL, NULL, NULL, NULL, NULL, NULL, NULL, NULL, NULL, NULL, NULL),
(146, 10, 'BEN RHAIEM Nedra', '23 458 728', NULL, NULL, NULL, NULL, NULL, '2016-03-01 13:03:40', '2016-03-01 13:05:01', 0, 0, NULL, NULL, NULL, NULL, NULL, NULL, NULL, NULL, NULL, NULL, NULL, NULL, NULL),
(147, 6, 'JLASSI Abderahmen', '99 762 030', NULL, 'Tunis', NULL, NULL, NULL, '2016-03-02 13:38:38', '2016-03-12 09:31:17', 0, 0, NULL, NULL, NULL, NULL, NULL, NULL, NULL, NULL, NULL, NULL, NULL, NULL, NULL),
(148, NULL, 'Benjamin', '123456', '123456', 'Liberia', NULL, NULL, NULL, '2016-03-03 06:24:22', '2016-03-03 06:24:22', 0, 0, NULL, NULL, NULL, NULL, NULL, NULL, NULL, NULL, NULL, NULL, NULL, NULL, NULL),
(149, 10, 'SELMI Walid', NULL, NULL, NULL, NULL, NULL, NULL, '2016-03-03 10:21:35', '2016-03-03 17:04:17', 0, 0, NULL, NULL, NULL, NULL, NULL, NULL, NULL, NULL, NULL, NULL, NULL, NULL, NULL),
(150, 7, 'BEN MAHMOUD Tijani', '71 125 500', NULL, NULL, NULL, NULL, NULL, '2016-03-03 16:00:10', '2016-03-16 09:51:28', 0, 0, NULL, NULL, NULL, NULL, NULL, NULL, NULL, NULL, NULL, NULL, NULL, NULL, NULL),
(151, NULL, 'ABDELADHIM Abdessalem', '71 874 055', NULL, NULL, NULL, NULL, NULL, '2016-03-03 16:34:43', '2016-09-17 14:21:16', 0, 0, NULL, NULL, NULL, NULL, NULL, NULL, NULL, NULL, NULL, NULL, NULL, NULL, NULL),
(152, 7, 'BOUKAYATIA Senda', NULL, '20408040', 'Tunis', NULL, NULL, NULL, '2016-03-04 08:45:29', '2016-03-15 12:41:50', 0, 0, 2, 'Yemen LAHMER', NULL, 'thalassa.booking@topnet.tn', NULL, 1000, 'Tunis', NULL, NULL, 0, NULL, NULL, 219),
(153, NULL, 'ABDELWAHED ABDELHAFIDH ESSGAIER', NULL, NULL, NULL, NULL, NULL, NULL, '2016-03-04 12:02:50', '2016-03-04 12:05:20', 0, 0, NULL, NULL, NULL, NULL, NULL, NULL, NULL, NULL, NULL, NULL, NULL, NULL, NULL),
(154, 10, 'KHELIFA Wael', '58300017', NULL, NULL, NULL, NULL, NULL, '2016-03-04 13:56:35', '2016-03-04 15:34:11', 0, 0, NULL, NULL, NULL, NULL, NULL, NULL, NULL, NULL, NULL, NULL, NULL, NULL, NULL),
(155, NULL, 'LAFFET Arbi', '98579019', NULL, NULL, NULL, NULL, NULL, '2016-03-04 16:12:32', '2016-03-04 16:12:32', 0, 0, NULL, NULL, NULL, NULL, NULL, NULL, NULL, NULL, NULL, NULL, NULL, NULL, NULL),
(156, 7, 'MAAOUI Med Ali', '27977422', NULL, NULL, NULL, NULL, NULL, '2016-03-05 11:09:11', '2016-03-12 11:49:23', 0, 0, NULL, NULL, NULL, NULL, NULL, NULL, NULL, NULL, NULL, NULL, NULL, NULL, NULL),
(157, 6, 'BOUSSELMI Faycel', '94 059 351', '78 348 473', 'JENDOUBA', NULL, NULL, NULL, '2016-03-07 10:43:13', '2016-03-14 11:15:36', 0, 0, NULL, NULL, NULL, NULL, NULL, NULL, NULL, NULL, NULL, NULL, NULL, NULL, NULL),
(158, NULL, 'ZOUAOUI Mohamed', '94 059 351', NULL, NULL, NULL, NULL, NULL, '2016-03-07 10:43:37', '2016-03-10 15:12:35', 0, 0, NULL, NULL, NULL, NULL, NULL, NULL, NULL, NULL, NULL, NULL, NULL, NULL, NULL),
(159, 7, 'INES GARNIT EP KHLIFI', NULL, NULL, NULL, NULL, NULL, NULL, '2016-03-07 13:30:55', '2016-03-07 13:53:55', 0, 0, 2, NULL, NULL, NULL, NULL, NULL, NULL, NULL, NULL, 0, NULL, NULL, NULL),
(160, 7, 'GARNIT Ayed', '98 265 379', NULL, NULL, NULL, NULL, NULL, '2016-03-07 13:36:50', '2016-03-08 15:29:30', 0, 0, NULL, NULL, NULL, NULL, NULL, NULL, NULL, NULL, NULL, NULL, NULL, NULL, NULL),
(161, 10, 'MARIEM BEN KHELIFA GHAFFARI', NULL, NULL, NULL, NULL, NULL, NULL, '2016-03-08 11:26:29', '2016-03-08 11:28:08', 0, 0, 2, NULL, NULL, NULL, NULL, NULL, NULL, NULL, NULL, 0, NULL, NULL, NULL),
(162, 7, 'LAATIRI Maher', '52 210 222', '58 328 562', NULL, NULL, NULL, NULL, '2016-03-08 13:25:45', '2016-03-08 13:29:58', 0, 0, NULL, NULL, NULL, NULL, NULL, NULL, NULL, NULL, NULL, NULL, NULL, NULL, NULL),
(163, 10, 'MOHAMED AZIZ DJEBALI', NULL, NULL, NULL, NULL, NULL, NULL, '2016-03-09 08:22:31', '2016-03-11 10:04:28', 0, 0, NULL, NULL, NULL, NULL, NULL, NULL, NULL, NULL, NULL, NULL, NULL, NULL, NULL),
(164, 10, 'ELLOUZE ANIS', NULL, NULL, NULL, NULL, NULL, NULL, '2016-03-09 08:36:50', '2016-03-09 08:43:35', 0, 0, NULL, NULL, NULL, NULL, NULL, NULL, NULL, NULL, NULL, NULL, NULL, NULL, NULL),
(165, NULL, 'HBAIEB Sana', '98 356 120', NULL, NULL, NULL, NULL, NULL, '2016-03-10 09:59:53', '2016-03-11 13:40:51', 0, 0, NULL, NULL, NULL, NULL, NULL, NULL, NULL, NULL, NULL, NULL, NULL, NULL, NULL),
(166, 6, 'MAKDOUDI Zina', '98 206 824', '96 662 382', NULL, NULL, NULL, NULL, '2016-03-11 10:07:45', '2016-03-14 11:28:59', 0, 0, NULL, NULL, NULL, NULL, NULL, NULL, NULL, NULL, NULL, NULL, NULL, NULL, NULL),
(167, NULL, 'MHAMDI HABIB', '99 111 753', NULL, NULL, NULL, NULL, NULL, '2016-03-11 11:19:00', '2016-03-11 16:10:47', 0, 0, NULL, NULL, NULL, NULL, NULL, NULL, NULL, NULL, NULL, NULL, NULL, NULL, NULL),
(168, NULL, 'ABDELJAWED SLIM', '991', NULL, NULL, NULL, NULL, NULL, '2016-03-11 11:19:26', '2016-08-24 12:12:48', 0, 0, NULL, NULL, NULL, NULL, NULL, NULL, NULL, NULL, NULL, NULL, NULL, NULL, NULL),
(169, NULL, 'ABDELJAWED SLIM', '99 111 753', NULL, NULL, NULL, NULL, NULL, '2016-03-11 11:19:43', '2016-09-26 13:21:15', 0, 0, NULL, NULL, NULL, NULL, NULL, NULL, NULL, NULL, NULL, NULL, NULL, NULL, NULL),
(170, NULL, 'EL ARBI Islem', '96 152 602', NULL, NULL, NULL, NULL, NULL, '2016-03-11 14:10:30', '2016-03-12 12:31:56', 0, 0, NULL, NULL, NULL, NULL, NULL, NULL, NULL, NULL, NULL, NULL, NULL, NULL, NULL),
(171, NULL, 'MOKHTARI NAJET', '98 206 824', NULL, NULL, NULL, NULL, NULL, '2016-03-14 08:28:18', '2016-03-14 11:27:57', 0, 0, NULL, NULL, NULL, NULL, NULL, NULL, NULL, NULL, NULL, NULL, NULL, NULL, NULL),
(172, NULL, 'KALLEL Rafik', '71 874 055', NULL, NULL, NULL, NULL, NULL, '2016-03-14 10:12:50', '2016-03-17 17:38:57', 0, 0, NULL, NULL, NULL, NULL, NULL, NULL, NULL, NULL, NULL, NULL, NULL, NULL, NULL),
(173, NULL, 'GHAZOUANI Moheiddine', '92 110 823', NULL, NULL, NULL, NULL, NULL, '2016-03-14 15:43:22', '2016-03-17 09:41:43', 0, 0, NULL, NULL, NULL, NULL, NULL, NULL, NULL, NULL, NULL, NULL, NULL, NULL, NULL),
(174, 7, 'TORKHANI Saida', '21 496 695', NULL, NULL, NULL, NULL, NULL, '2016-03-14 16:18:09', '2016-03-17 10:00:41', 0, 0, NULL, NULL, NULL, NULL, NULL, NULL, NULL, NULL, NULL, NULL, NULL, NULL, NULL),
(175, NULL, 'MASMOUDI Naziha', '71 874 055', NULL, NULL, NULL, NULL, NULL, '2016-03-14 16:30:06', '2016-03-14 16:31:46', 0, 0, NULL, NULL, NULL, NULL, NULL, NULL, NULL, NULL, NULL, NULL, NULL, NULL, NULL),
(176, NULL, 'RAOUF RIAHI', '71 *** ***', '98 *** ***', 'Tunis', NULL, NULL, NULL, '2016-03-15 09:30:38', '2016-03-15 09:30:38', 0, 0, NULL, NULL, NULL, NULL, NULL, NULL, NULL, NULL, NULL, NULL, NULL, NULL, NULL),
(177, NULL, 'RAOUF RIAHI', '71 *** ***', '98 *** ***', 'Tunis', NULL, NULL, NULL, '2016-03-15 09:37:32', '2016-03-15 09:37:32', 0, 0, NULL, NULL, NULL, NULL, NULL, NULL, NULL, NULL, NULL, NULL, NULL, NULL, NULL),
(178, NULL, 'ZAIEM IMED', '98 224 850', NULL, NULL, NULL, NULL, NULL, '2016-03-15 10:27:38', '2016-09-26 14:41:03', 0, 0, NULL, NULL, NULL, NULL, NULL, NULL, NULL, NULL, NULL, NULL, NULL, NULL, NULL),
(179, 10, 'GHARBI ABSI SONIA', NULL, NULL, NULL, NULL, NULL, NULL, '2016-03-15 14:10:03', '2016-03-15 14:11:48', 0, 0, NULL, NULL, NULL, NULL, NULL, NULL, NULL, NULL, NULL, NULL, NULL, NULL, NULL),
(180, 7, 'METOUI MOHAMED MEHDI.', NULL, NULL, NULL, NULL, NULL, NULL, '2016-03-15 14:43:22', '2016-03-15 14:48:34', 0, 0, NULL, NULL, NULL, NULL, NULL, NULL, NULL, NULL, NULL, NULL, NULL, NULL, NULL),
(181, 10, 'SAADAOUI AFEF', '71 197 820/POSTE2092', 'POSTE 2092', 'Tunis', NULL, NULL, NULL, '2016-03-15 15:09:19', '2016-03-15 16:46:42', 0, 0, 2, NULL, NULL, 'afef.saadaoui@assurancesbiat.com.tn', NULL, 1013, 'Tunis', NULL, NULL, 0, NULL, NULL, 219),
(182, 10, 'SAADAOUI EP HJAIEJ AFEF', '22 972 593', NULL, NULL, NULL, NULL, NULL, '2016-03-15 17:20:30', '2016-03-17 16:54:25', 0, 0, NULL, NULL, NULL, NULL, NULL, NULL, NULL, NULL, NULL, NULL, NULL, NULL, NULL),
(183, 7, 'SAFI CHOKRI', '52210222', NULL, NULL, NULL, NULL, NULL, '2016-03-15 18:20:16', '2016-03-15 18:29:42', 0, 0, 2, NULL, NULL, 'safichokri@gmail.com', NULL, NULL, NULL, NULL, NULL, 0, NULL, NULL, 219),
(184, 7, 'CHOKRI MOHAMED SAFI', NULL, NULL, NULL, NULL, NULL, NULL, '2016-03-16 09:11:04', '2016-03-17 16:01:12', 0, 0, NULL, NULL, NULL, NULL, NULL, NULL, NULL, NULL, NULL, NULL, NULL, NULL, NULL),
(185, 7, 'GHARBI MOURAD', '54 488 339', NULL, NULL, NULL, NULL, NULL, '2016-03-16 11:04:23', '2016-03-17 15:25:23', 0, 0, NULL, NULL, NULL, NULL, NULL, NULL, NULL, NULL, NULL, NULL, NULL, NULL, NULL),
(186, 6, 'ZOUARI Mouna', '97295289', NULL, NULL, NULL, NULL, NULL, '2016-03-16 12:02:10', '2016-03-16 15:23:00', 0, 0, NULL, NULL, NULL, NULL, NULL, NULL, NULL, NULL, NULL, NULL, NULL, NULL, NULL),
(187, 7, 'BOUKHAYATIYA SINDA', '20 408 040', NULL, NULL, NULL, NULL, NULL, '2016-03-16 12:31:54', '2016-03-16 12:38:57', 0, 0, NULL, NULL, NULL, NULL, NULL, NULL, NULL, NULL, NULL, NULL, NULL, NULL, NULL),
(188, NULL, 'ZOUARI Abdelkader', NULL, NULL, NULL, NULL, NULL, NULL, '2016-03-16 13:30:21', '2016-03-16 15:24:53', 0, 0, NULL, NULL, NULL, NULL, NULL, NULL, NULL, NULL, NULL, NULL, NULL, NULL, NULL),
(189, 10, 'AYDI FAKHER', '50501468', NULL, NULL, NULL, NULL, NULL, '2016-03-16 16:58:05', '2016-03-16 17:03:06', 0, 0, NULL, NULL, NULL, NULL, NULL, NULL, NULL, NULL, NULL, NULL, NULL, NULL, NULL),
(190, 7, 'BOUSNINA RADHOUAN', '22948905', NULL, NULL, NULL, NULL, NULL, '2016-03-17 10:48:21', '2016-03-17 16:03:08', 0, 0, NULL, NULL, NULL, NULL, NULL, NULL, NULL, NULL, NULL, NULL, NULL, NULL, NULL),
(191, 10, 'REMAIDI THOURAYA', '50 881 044', NULL, NULL, NULL, NULL, NULL, '2016-03-17 12:19:42', '2016-03-17 16:43:31', 0, 0, NULL, NULL, NULL, NULL, NULL, NULL, NULL, NULL, NULL, NULL, NULL, NULL, NULL),
(192, 10, 'ALI RMADI', '50881044', NULL, NULL, NULL, NULL, NULL, '2016-03-17 14:11:42', '2016-03-18 11:31:05', 0, 0, NULL, NULL, NULL, NULL, NULL, NULL, NULL, NULL, NULL, NULL, NULL, NULL, NULL),
(193, NULL, 'HAMMAMI SONDESS', '25 911 560', NULL, NULL, NULL, NULL, NULL, '2016-03-17 15:07:18', '2016-03-17 15:21:13', 0, 0, NULL, NULL, NULL, NULL, NULL, NULL, NULL, NULL, NULL, NULL, NULL, NULL, NULL),
(194, NULL, 'RABII GARGOURI', '98 913032', NULL, NULL, NULL, NULL, NULL, '2016-03-17 16:26:34', '2016-03-17 16:40:24', 0, 0, NULL, NULL, NULL, NULL, NULL, NULL, NULL, NULL, NULL, NULL, NULL, NULL, NULL),
(195, 6, 'MZOUGHI Dorsaf', '98 855 000', NULL, NULL, NULL, NULL, NULL, '2016-03-17 16:30:13', '2016-03-17 16:33:18', 0, 0, NULL, NULL, NULL, NULL, NULL, NULL, NULL, NULL, NULL, NULL, NULL, NULL, NULL),
(196, 6, 'MZOUGHI SOFIEN', '98 959 000', NULL, NULL, NULL, NULL, NULL, '2016-03-17 16:36:24', '2016-03-17 16:38:22', 0, 0, NULL, NULL, NULL, NULL, NULL, NULL, NULL, NULL, NULL, NULL, NULL, NULL, NULL),
(197, 6, 'MZOUGHI SOFIEN', '98 959 000', NULL, NULL, NULL, NULL, NULL, '2016-03-17 16:36:25', '2016-03-17 16:36:25', 0, 0, NULL, NULL, NULL, NULL, NULL, NULL, NULL, NULL, NULL, NULL, NULL, NULL, NULL),
(198, NULL, 'BEKRI Youssef', '22 564 345', NULL, NULL, NULL, NULL, NULL, '2016-03-17 18:49:03', '2016-03-17 18:49:03', 0, 0, NULL, NULL, NULL, NULL, NULL, NULL, NULL, NULL, NULL, NULL, NULL, NULL, NULL),
(199, NULL, 'BOUAZIZ MOHAMED SALIM', '98 909 358', NULL, NULL, NULL, NULL, NULL, '2016-03-18 14:39:33', '2016-03-23 09:45:06', 0, 0, NULL, NULL, NULL, NULL, NULL, NULL, NULL, NULL, NULL, NULL, NULL, NULL, NULL),
(200, NULL, 'MOHAMED TAYEB', '50 274 061', NULL, NULL, NULL, NULL, NULL, '2016-03-18 14:51:55', '2016-03-18 14:53:26', 0, 0, NULL, NULL, NULL, NULL, NULL, NULL, NULL, NULL, NULL, NULL, NULL, NULL, NULL),
(201, NULL, 'BOUAZIZ MOhamed', NULL, NULL, NULL, NULL, NULL, NULL, '2016-03-18 14:59:14', '2016-03-18 14:59:14', 0, 0, NULL, NULL, NULL, NULL, NULL, NULL, NULL, NULL, NULL, NULL, NULL, NULL, NULL),
(202, NULL, 'BOUAZIZ Mohamed Slim', '98909 353', NULL, NULL, NULL, NULL, NULL, '2016-03-18 15:00:02', '2016-03-18 15:00:02', 0, 0, NULL, NULL, NULL, NULL, NULL, NULL, NULL, NULL, NULL, NULL, NULL, NULL, NULL),
(203, 6, 'BRINIS Walid', '50725015', NULL, NULL, NULL, NULL, NULL, '2016-03-18 16:09:04', '2016-03-18 16:09:04', 0, 0, NULL, NULL, NULL, NULL, NULL, NULL, NULL, NULL, NULL, NULL, NULL, NULL, NULL),
(204, 6, 'BAZYOUCH Naceur', NULL, NULL, NULL, NULL, NULL, NULL, '2016-03-18 17:37:11', '2016-03-18 17:37:11', 0, 0, NULL, NULL, NULL, NULL, NULL, NULL, NULL, NULL, NULL, NULL, NULL, NULL, NULL),
(205, NULL, 'TRABELSI EMNA', '58 385 171', NULL, NULL, NULL, NULL, NULL, '2016-03-19 08:56:59', '2016-03-22 13:18:02', 0, 0, NULL, NULL, NULL, NULL, NULL, NULL, NULL, NULL, NULL, NULL, NULL, NULL, NULL),
(206, NULL, 'GUISSI MOHAMED NAIM', '53270753', NULL, NULL, NULL, NULL, NULL, '2016-03-19 10:42:16', '2016-03-19 10:42:16', 0, 0, NULL, NULL, NULL, NULL, NULL, NULL, NULL, NULL, NULL, NULL, NULL, NULL, NULL),
(207, 7, 'GUISSI MOHAMED NAIM', '53270753', NULL, NULL, NULL, NULL, NULL, '2016-03-19 10:42:40', '2016-03-19 10:42:40', 0, 0, NULL, NULL, NULL, NULL, NULL, NULL, NULL, NULL, NULL, NULL, NULL, NULL, NULL),
(208, 6, 'BRINIS MALEK', '22 656 222', NULL, NULL, NULL, NULL, NULL, '2016-03-19 11:44:13', '2016-03-19 11:44:13', 0, 0, NULL, NULL, NULL, NULL, NULL, NULL, NULL, NULL, NULL, NULL, NULL, NULL, NULL),
(209, 6, 'GOUTALI RIADH', '93 135 885', NULL, NULL, NULL, NULL, NULL, '2016-03-21 08:38:25', '2016-03-21 08:38:25', 0, 0, NULL, NULL, NULL, NULL, NULL, NULL, NULL, NULL, NULL, NULL, NULL, NULL, NULL),
(210, 7, 'BEL HADJ ACHREF', '25 992 626', NULL, NULL, NULL, NULL, NULL, '2016-03-21 09:24:29', '2016-03-21 09:24:29', 0, 0, NULL, NULL, NULL, NULL, NULL, NULL, NULL, NULL, NULL, NULL, NULL, NULL, NULL),
(211, 6, 'BEN SALEM ADNEN', '98 353 392', NULL, NULL, NULL, NULL, NULL, '2016-03-21 15:46:15', '2016-03-21 15:46:15', 0, 0, NULL, NULL, NULL, NULL, NULL, NULL, NULL, NULL, NULL, NULL, NULL, NULL, NULL),
(212, 10, 'NADER ISHAK', '58 575 010', NULL, NULL, NULL, NULL, NULL, '2016-03-22 08:51:33', '2016-03-22 08:51:33', 0, 0, NULL, NULL, NULL, NULL, NULL, NULL, NULL, NULL, NULL, NULL, NULL, NULL, NULL),
(213, 7, 'RAFRAFI MOHAMED CHARFEDDINE', '24 686 096', NULL, NULL, NULL, NULL, NULL, '2016-03-22 11:26:18', '2016-09-15 14:01:50', 0, 0, NULL, NULL, NULL, NULL, NULL, NULL, NULL, NULL, NULL, NULL, NULL, NULL, NULL),
(214, NULL, 'AYADI WALID', '98 338 267', '20 338 267', NULL, NULL, NULL, NULL, '2016-03-22 16:09:03', '2016-03-22 16:09:03', 0, 0, NULL, NULL, NULL, NULL, NULL, NULL, NULL, NULL, NULL, NULL, NULL, NULL, NULL),
(215, NULL, 'AYADI WALID', '98 338 267', '20 338 267', NULL, NULL, NULL, NULL, '2016-03-22 16:09:04', '2016-03-22 16:09:04', 0, 0, NULL, NULL, NULL, NULL, NULL, NULL, NULL, NULL, NULL, NULL, NULL, NULL, NULL),
(216, NULL, 'AYADI WALID', '98 338 267', '20 338 267', NULL, NULL, NULL, NULL, '2016-03-22 16:09:04', '2016-03-22 16:09:04', 0, 0, NULL, NULL, NULL, NULL, NULL, NULL, NULL, NULL, NULL, NULL, NULL, NULL, NULL),
(217, 6, 'TLILI ABDELKADER', '54 131 053', NULL, NULL, NULL, NULL, NULL, '2016-03-24 08:42:15', '2016-03-24 08:42:15', 0, 0, NULL, NULL, NULL, NULL, NULL, NULL, NULL, NULL, NULL, NULL, NULL, NULL, NULL),
(218, 6, 'WESLATI HSSAN', '98 255 556', NULL, NULL, NULL, NULL, NULL, '2016-03-24 09:26:31', '2016-03-24 09:26:31', 0, 0, NULL, NULL, NULL, NULL, NULL, NULL, NULL, NULL, NULL, NULL, NULL, NULL, NULL),
(219, NULL, 'MASMOUDI SLIM', '21 416 611', NULL, NULL, NULL, NULL, NULL, '2016-03-24 17:30:41', '2016-03-24 17:30:41', 0, 0, NULL, NULL, NULL, NULL, NULL, NULL, NULL, NULL, NULL, NULL, NULL, NULL, NULL),
(220, NULL, 'SAMET IMED', '20 316 351', NULL, NULL, NULL, NULL, NULL, '2016-03-26 09:11:03', '2016-03-26 09:11:03', 0, 0, NULL, NULL, NULL, NULL, NULL, NULL, NULL, NULL, NULL, NULL, NULL, NULL, NULL),
(221, 6, 'SAIDI KHALED', '98 275 425', NULL, NULL, NULL, NULL, NULL, '2016-03-26 09:23:22', '2016-03-26 09:23:22', 0, 0, NULL, NULL, NULL, NULL, NULL, NULL, NULL, NULL, NULL, NULL, NULL, NULL, NULL),
(222, NULL, 'NOUIRI KHALED', '98 530 876', NULL, NULL, NULL, NULL, NULL, '2016-03-26 11:27:07', '2016-03-26 11:27:07', 0, 0, NULL, NULL, NULL, NULL, NULL, NULL, NULL, NULL, NULL, NULL, NULL, NULL, NULL),
(223, 6, 'ZEYED SALMA', '22 541 042', NULL, NULL, NULL, NULL, NULL, '2016-03-26 12:01:11', '2016-03-26 12:01:11', 0, 0, NULL, NULL, NULL, NULL, NULL, NULL, NULL, NULL, NULL, NULL, NULL, NULL, NULL),
(224, 6, 'CHERIF NAJEH', '93 806 980', NULL, NULL, NULL, NULL, NULL, '2016-03-28 09:14:24', '2016-03-28 09:14:24', 0, 0, NULL, NULL, NULL, NULL, NULL, NULL, NULL, NULL, NULL, NULL, NULL, NULL, NULL),
(225, NULL, 'ZROUR OUSSEM', '26 464 891', NULL, NULL, NULL, NULL, NULL, '2016-03-28 09:27:46', '2016-03-28 09:27:46', 0, 0, NULL, NULL, NULL, NULL, NULL, NULL, NULL, NULL, NULL, NULL, NULL, NULL, NULL),
(226, 7, 'EL GHARBI OUSSEMA', '21 197 784', NULL, NULL, NULL, NULL, NULL, '2016-03-28 09:59:28', '2016-03-28 09:59:28', 0, 0, NULL, NULL, NULL, NULL, NULL, NULL, NULL, NULL, NULL, NULL, NULL, NULL, NULL),
(227, 6, 'MOATAZ BELLAH TORKHANI', '92 568 007', NULL, NULL, NULL, NULL, NULL, '2016-03-28 11:50:27', '2016-03-28 11:50:27', 0, 0, NULL, NULL, NULL, NULL, NULL, NULL, NULL, NULL, NULL, NULL, NULL, NULL, NULL),
(228, 6, 'MAJDOUB SAIDA', '92 568 004', NULL, NULL, NULL, NULL, NULL, '2016-03-28 11:51:17', '2016-03-28 11:51:17', 0, 0, NULL, NULL, NULL, NULL, NULL, NULL, NULL, NULL, NULL, NULL, NULL, NULL, NULL),
(229, 7, 'BEN CHABAANE MOHAMED', '58 328 338', NULL, NULL, NULL, NULL, NULL, '2016-03-28 17:00:50', '2016-03-28 17:00:50', 0, 0, NULL, NULL, NULL, NULL, NULL, NULL, NULL, NULL, NULL, NULL, NULL, NULL, NULL),
(230, 6, 'DAHMENI MOEZ', '98 855 000', NULL, NULL, NULL, NULL, NULL, '2016-03-29 09:53:14', '2016-03-29 09:53:14', 0, 0, NULL, NULL, NULL, NULL, NULL, NULL, NULL, NULL, NULL, NULL, NULL, NULL, NULL),
(231, NULL, 'BEN LAKHAL BAYA', '98 264 537', NULL, NULL, NULL, NULL, NULL, '2016-03-29 12:05:47', '2016-03-29 12:05:47', 0, 0, NULL, NULL, NULL, NULL, NULL, NULL, NULL, NULL, NULL, NULL, NULL, NULL, NULL),
(232, 10, 'CHERIF MOHAMED ADEL', '31 300 073', NULL, NULL, NULL, NULL, NULL, '2016-03-30 10:03:41', '2016-03-30 10:03:41', 0, 0, NULL, NULL, NULL, NULL, NULL, NULL, NULL, NULL, NULL, NULL, NULL, NULL, NULL),
(233, 6, 'BESSAIDI MOHAMED HICHEM', '97 576 062', NULL, NULL, NULL, NULL, NULL, '2016-03-30 17:04:07', '2016-03-30 17:04:07', 0, 0, NULL, NULL, NULL, NULL, NULL, NULL, NULL, NULL, NULL, NULL, NULL, NULL, NULL),
(234, NULL, 'ASSURANCES COMAR', '71 340 899', NULL, 'Immeuble COMAR, Avenue Habib Bourguiba, 1001 Tunis - République, TUNISIE', NULL, NULL, NULL, '2016-03-31 11:37:13', '2016-03-31 11:37:13', 0, 0, NULL, NULL, NULL, NULL, NULL, NULL, NULL, NULL, NULL, NULL, NULL, NULL, NULL),
(235, 7, 'MUSTAPHA BESBES', '22 340 885', NULL, NULL, NULL, NULL, NULL, '2016-03-31 16:32:28', '2016-03-31 16:32:28', 0, 0, NULL, NULL, NULL, NULL, NULL, NULL, NULL, NULL, NULL, NULL, NULL, NULL, NULL),
(236, 6, 'BARAKAT ADIB', '21 439 714', NULL, NULL, NULL, NULL, NULL, '2016-04-01 11:17:24', '2016-04-01 11:17:24', 0, 0, NULL, NULL, NULL, NULL, NULL, NULL, NULL, NULL, NULL, NULL, NULL, NULL, NULL),
(237, 6, 'BJAOUI HELMI', '27 990 332', NULL, NULL, NULL, NULL, NULL, '2016-04-01 15:20:10', '2016-04-01 15:20:10', 0, 0, NULL, NULL, NULL, NULL, NULL, NULL, NULL, NULL, NULL, NULL, NULL, NULL, NULL),
(238, 6, 'BEN AMOR FAIZA', '27 990 332', NULL, NULL, NULL, NULL, NULL, '2016-04-01 15:24:55', '2016-04-01 15:24:55', 0, 0, NULL, NULL, NULL, NULL, NULL, NULL, NULL, NULL, NULL, NULL, NULL, NULL, NULL),
(239, 6, 'MOUALHI NIZAR', '23 890 567', NULL, NULL, NULL, NULL, NULL, '2016-04-01 15:46:09', '2016-04-01 15:46:09', 0, 0, NULL, NULL, NULL, NULL, NULL, NULL, NULL, NULL, NULL, NULL, NULL, NULL, NULL),
(241, 6, 'KHEDIMI Walid', '20555 515', NULL, NULL, NULL, NULL, NULL, '2016-04-04 09:13:04', '2016-04-04 09:13:04', 0, 0, NULL, NULL, NULL, NULL, NULL, NULL, NULL, NULL, NULL, NULL, NULL, NULL, NULL),
(242, 6, 'BEN  MABROUK HABIB', '97 851 842', NULL, NULL, NULL, NULL, NULL, '2016-04-04 12:15:14', '2016-04-04 12:15:14', 0, 0, NULL, NULL, NULL, NULL, NULL, NULL, NULL, NULL, NULL, NULL, NULL, NULL, NULL),
(243, 6, 'CHERMITI BESSEM', '58 012 007', NULL, NULL, NULL, NULL, NULL, '2016-04-04 13:51:30', '2016-04-04 13:51:30', 0, 0, NULL, NULL, NULL, NULL, NULL, NULL, NULL, NULL, NULL, NULL, NULL, NULL, NULL),
(244, 6, 'BEN RHOUMA NEDRA', '28 892 217', NULL, NULL, NULL, NULL, NULL, '2016-04-06 15:01:14', '2016-04-06 15:01:14', 0, 0, NULL, NULL, NULL, NULL, NULL, NULL, NULL, NULL, NULL, NULL, NULL, NULL, NULL),
(245, NULL, 'James', '123456', '123456', 'Cheltenham', NULL, NULL, NULL, '2016-04-07 07:59:22', '2016-04-07 07:59:22', 0, 0, NULL, NULL, NULL, NULL, NULL, NULL, NULL, NULL, NULL, NULL, NULL, NULL, NULL);
INSERT INTO `ost_client` (`id`, `amicale_id`, `nomPrenom`, `tel1`, `tel2`, `adresse`, `matriculeFiscale`, `registreCommercie`, `commentaire`, `created`, `updated`, `responsable`, `passager`, `type`, `nomAltervatif`, `fax`, `email`, `siteWeb`, `codePostal`, `ville`, `gouvernorat`, `codeDouane`, `tva`, `formeJuridique`, `url`, `pays_id`) VALUES
(246, 6, 'BEN RHOUMA MARIEM', '28 892 217', NULL, NULL, NULL, NULL, NULL, '2016-04-07 15:27:11', '2016-04-07 15:27:11', 0, 0, NULL, NULL, NULL, NULL, NULL, NULL, NULL, NULL, NULL, NULL, NULL, NULL, NULL),
(247, 6, 'BOUHASSIN KHAYRIA AMIRA', '98 337 520', NULL, NULL, NULL, NULL, NULL, '2016-04-07 15:41:24', '2016-04-07 15:41:24', 0, 0, NULL, NULL, NULL, NULL, NULL, NULL, NULL, NULL, NULL, NULL, NULL, NULL, NULL),
(248, 6, 'SAYARI Raoudha', '99 442 994', NULL, NULL, NULL, NULL, NULL, '2016-04-07 16:30:12', '2016-04-07 16:30:12', 0, 0, NULL, NULL, NULL, NULL, NULL, NULL, NULL, NULL, NULL, NULL, NULL, NULL, NULL),
(249, NULL, 'Thierry', '123456', '123456', 'Kwajalein', NULL, NULL, NULL, '2016-04-08 11:09:49', '2016-04-08 11:09:49', 0, 0, NULL, NULL, NULL, NULL, NULL, NULL, NULL, NULL, NULL, NULL, NULL, NULL, NULL),
(250, 6, 'MANAI GHOFRANE', '22 802 244', NULL, NULL, NULL, NULL, NULL, '2016-04-11 09:02:08', '2016-04-11 09:02:08', 0, 0, NULL, NULL, NULL, NULL, NULL, NULL, NULL, NULL, NULL, NULL, NULL, NULL, NULL),
(251, NULL, 'BANQUE ZITOUNA', '00 000 000', '00 000 000', 'Banque Zitouna 2. Boulevard Qualité de la Vie 2015 le Kram - Tunisie', NULL, NULL, NULL, '2016-04-11 14:45:33', '2016-04-11 14:45:33', 0, 0, NULL, NULL, NULL, NULL, NULL, NULL, NULL, NULL, NULL, NULL, NULL, NULL, NULL),
(252, NULL, 'Banque Internationale Arabe de Tunisie', '00 000 000', '00 000 000', 'Tunis', NULL, NULL, NULL, '2016-04-11 15:17:48', '2016-04-11 15:17:48', 0, 0, NULL, NULL, NULL, NULL, NULL, NULL, NULL, NULL, NULL, NULL, NULL, NULL, NULL),
(253, NULL, 'maalaoui anouar', '29552212', '23432281', 'résidence Aziz HC5 bloc D aprt 02 Manouba 2010', NULL, NULL, NULL, '2016-04-11 15:53:41', '2016-04-11 15:53:41', 0, 0, NULL, NULL, NULL, NULL, NULL, NULL, NULL, NULL, NULL, NULL, NULL, NULL, NULL),
(254, 6, 'ALOUI ABDELMALAK', '54 505 252', NULL, NULL, NULL, NULL, NULL, '2016-04-11 15:56:09', '2016-04-11 16:28:44', 0, 0, 2, NULL, NULL, NULL, NULL, NULL, NULL, NULL, NULL, 0, NULL, NULL, NULL),
(255, 7, 'FASSATOUI AKRAM', '20 260 982', NULL, NULL, NULL, NULL, NULL, '2016-04-12 09:31:15', '2016-04-12 09:31:15', 0, 0, NULL, NULL, NULL, NULL, NULL, NULL, NULL, NULL, NULL, NULL, NULL, NULL, NULL),
(256, 6, 'MAHJOUB ADNEN', '98 937 475', NULL, NULL, NULL, NULL, NULL, '2016-04-12 15:39:41', '2016-04-12 15:39:41', 0, 0, NULL, NULL, NULL, NULL, NULL, NULL, NULL, NULL, NULL, NULL, NULL, NULL, NULL),
(257, 6, 'MZOUGHI LASSAD', '98 855 000', NULL, NULL, NULL, NULL, NULL, '2016-04-12 17:02:33', '2016-04-12 17:02:33', 0, 0, NULL, NULL, NULL, NULL, NULL, NULL, NULL, NULL, NULL, NULL, NULL, NULL, NULL),
(258, NULL, 'Frйdйrick', '123456', '123456', 'Tafraout', NULL, NULL, NULL, '2016-04-12 22:46:18', '2016-04-12 22:46:18', 0, 0, NULL, NULL, NULL, NULL, NULL, NULL, NULL, NULL, NULL, NULL, NULL, NULL, NULL),
(259, NULL, 'Mercer', '123456', '123456', 'Tafraout', NULL, NULL, NULL, '2016-04-12 22:56:21', '2016-04-12 22:56:21', 0, 0, NULL, NULL, NULL, NULL, NULL, NULL, NULL, NULL, NULL, NULL, NULL, NULL, NULL),
(260, NULL, 'Mathieu', '123456', '123456', 'Tafraout', NULL, NULL, NULL, '2016-04-12 23:18:40', '2016-04-12 23:18:40', 0, 0, NULL, NULL, NULL, NULL, NULL, NULL, NULL, NULL, NULL, NULL, NULL, NULL, NULL),
(261, NULL, 'John', '123456', '123456', 'Tafraout', NULL, NULL, NULL, '2016-04-13 03:17:11', '2016-04-13 03:17:11', 0, 0, NULL, NULL, NULL, NULL, NULL, NULL, NULL, NULL, NULL, NULL, NULL, NULL, NULL),
(262, 6, 'WESLATI FATHI', '98 855 000', NULL, NULL, NULL, NULL, NULL, '2016-04-13 11:14:20', '2016-04-13 11:14:20', 0, 0, NULL, NULL, NULL, NULL, NULL, NULL, NULL, NULL, NULL, NULL, NULL, NULL, NULL),
(263, 6, 'NOUIWA ABDELGHANI', '98 855 000', NULL, NULL, NULL, NULL, NULL, '2016-04-13 11:15:07', '2016-04-13 11:15:07', 0, 0, NULL, NULL, NULL, NULL, NULL, NULL, NULL, NULL, NULL, NULL, NULL, NULL, NULL),
(264, 6, 'JOUINI HANEN', '52600962', NULL, NULL, NULL, NULL, NULL, '2016-04-13 14:31:27', '2016-04-13 14:31:27', 0, 0, NULL, NULL, NULL, NULL, NULL, NULL, NULL, NULL, NULL, NULL, NULL, NULL, NULL),
(265, NULL, 'PROWAY', '71 875 400', NULL, NULL, NULL, NULL, NULL, '2016-04-13 15:14:43', '2016-04-13 15:14:43', 0, 0, NULL, NULL, NULL, NULL, NULL, NULL, NULL, NULL, NULL, NULL, NULL, NULL, NULL),
(266, NULL, 'PROWAY CONSULTING', '71 875 400', NULL, NULL, NULL, NULL, NULL, '2016-04-13 15:15:14', '2016-04-13 15:15:14', 0, 0, NULL, NULL, NULL, NULL, NULL, NULL, NULL, NULL, NULL, NULL, NULL, NULL, NULL),
(267, 6, 'JLASSI ANIS', '98 615 681', NULL, NULL, NULL, NULL, NULL, '2016-04-13 15:46:02', '2016-04-13 15:46:02', 0, 0, NULL, NULL, NULL, NULL, NULL, NULL, NULL, NULL, NULL, NULL, NULL, NULL, NULL),
(268, 6, 'NAFTI MAHDI', '96 725 224', NULL, NULL, NULL, NULL, NULL, '2016-04-13 16:17:26', '2016-04-13 16:17:26', 0, 0, NULL, NULL, NULL, NULL, NULL, NULL, NULL, NULL, NULL, NULL, NULL, NULL, NULL),
(269, 7, 'FASSATOUI LOBNA', '20 260 982', NULL, NULL, NULL, NULL, NULL, '2016-04-15 10:24:50', '2016-04-15 10:24:50', 0, 0, NULL, NULL, NULL, NULL, NULL, NULL, NULL, NULL, NULL, NULL, NULL, NULL, NULL),
(270, 7, 'DHAOUI HICHEM', '98 375 560', NULL, NULL, NULL, NULL, NULL, '2016-04-15 11:54:05', '2016-04-15 11:54:05', 0, 0, NULL, NULL, NULL, NULL, NULL, NULL, NULL, NULL, NULL, NULL, NULL, NULL, NULL),
(271, 6, 'MOHAMED AMINE FRIKHA', '97 489 738', NULL, NULL, NULL, NULL, NULL, '2016-04-15 12:22:34', '2016-04-15 12:22:34', 0, 0, NULL, NULL, NULL, NULL, NULL, NULL, NULL, NULL, NULL, NULL, NULL, NULL, NULL),
(272, 7, 'DHAOUI HICHEM', '98 371560', NULL, NULL, NULL, NULL, NULL, '2016-04-15 16:13:24', '2016-04-15 16:13:24', 0, 0, NULL, NULL, NULL, NULL, NULL, NULL, NULL, NULL, NULL, NULL, NULL, NULL, NULL),
(273, 7, 'MAMLOUK ABIR', '98 371 560', NULL, NULL, NULL, NULL, NULL, '2016-04-15 16:23:29', '2016-04-15 16:23:29', 0, 0, NULL, NULL, NULL, NULL, NULL, NULL, NULL, NULL, NULL, NULL, NULL, NULL, NULL),
(274, NULL, 'MHAMDI MALIKA', '99 111 753', NULL, NULL, NULL, NULL, NULL, '2016-04-16 10:35:49', '2016-04-16 10:35:49', 0, 0, NULL, NULL, NULL, NULL, NULL, NULL, NULL, NULL, NULL, NULL, NULL, NULL, NULL),
(275, 6, 'CHARFEDDINE MOHAMED', '50 580 600', NULL, NULL, NULL, NULL, NULL, '2016-04-20 09:47:49', '2016-04-20 09:47:49', 0, 0, NULL, NULL, NULL, NULL, NULL, NULL, NULL, NULL, NULL, NULL, NULL, NULL, NULL),
(276, 6, 'HAZAMI AHMED', '98 305 925', NULL, NULL, NULL, NULL, NULL, '2016-04-20 12:44:37', '2016-04-20 12:44:37', 0, 0, NULL, NULL, NULL, NULL, NULL, NULL, NULL, NULL, NULL, NULL, NULL, NULL, NULL),
(277, 10, 'MAAOUI Wassim', '58 300 018', NULL, NULL, NULL, NULL, NULL, '2016-04-20 13:08:07', '2016-04-20 13:08:07', 0, 0, NULL, NULL, NULL, NULL, NULL, NULL, NULL, NULL, NULL, NULL, NULL, NULL, NULL),
(278, 10, 'DHIFALLAH MALIKA', '58 300 018', NULL, NULL, NULL, NULL, NULL, '2016-04-20 13:09:37', '2016-04-20 13:09:37', 0, 0, NULL, NULL, NULL, NULL, NULL, NULL, NULL, NULL, NULL, NULL, NULL, NULL, NULL),
(279, 6, 'BEN ABDALLAH IBTISSEM', '98 305 925', NULL, NULL, NULL, NULL, NULL, '2016-04-20 15:48:33', '2016-04-20 15:48:33', 0, 0, NULL, NULL, NULL, NULL, NULL, NULL, NULL, NULL, NULL, NULL, NULL, NULL, NULL),
(280, NULL, 'DHAOUI HICHEM', NULL, NULL, NULL, NULL, NULL, NULL, '2016-04-20 17:09:55', '2016-04-20 17:09:55', 0, 0, NULL, NULL, NULL, NULL, NULL, NULL, NULL, NULL, NULL, NULL, NULL, NULL, NULL),
(281, 7, 'BEN  YOUSSEF SLIM', '52 367 579', NULL, NULL, NULL, NULL, NULL, '2016-04-22 15:23:35', '2016-04-22 15:24:54', 0, 0, 2, NULL, NULL, NULL, NULL, NULL, NULL, NULL, NULL, 0, NULL, NULL, NULL),
(282, 7, 'BOUZAIDI ASMA', '70 025 817', NULL, NULL, NULL, NULL, NULL, '2016-04-25 16:39:08', '2016-04-25 16:39:08', 0, 0, NULL, NULL, NULL, NULL, NULL, NULL, NULL, NULL, NULL, NULL, NULL, NULL, NULL),
(283, 10, 'DJEBALI IMEN EP MAAOUI', '58 300 018', NULL, NULL, NULL, NULL, NULL, '2016-04-26 10:15:24', '2016-04-26 10:15:24', 0, 0, NULL, NULL, NULL, NULL, NULL, NULL, NULL, NULL, NULL, NULL, NULL, NULL, NULL),
(284, 6, 'BERGUIGUA SAMIH', '92 003 985', NULL, NULL, NULL, NULL, NULL, '2016-04-27 13:42:23', '2016-04-27 13:42:23', 0, 0, NULL, NULL, NULL, NULL, NULL, NULL, NULL, NULL, NULL, NULL, NULL, NULL, NULL),
(285, 6, 'HENCHIR WALID', '24 353 340', NULL, NULL, NULL, NULL, NULL, '2016-04-27 15:33:55', '2016-04-27 15:33:55', 0, 0, NULL, NULL, NULL, NULL, NULL, NULL, NULL, NULL, NULL, NULL, NULL, NULL, NULL),
(286, 6, 'CHOTRANI HAJER', '20386986', NULL, NULL, NULL, NULL, NULL, '2016-04-28 16:09:27', '2016-04-28 16:09:27', 0, 0, NULL, NULL, NULL, NULL, NULL, NULL, NULL, NULL, NULL, NULL, NULL, NULL, NULL),
(287, NULL, 'HAMMAMI RAMZI', '52 333 000', NULL, NULL, NULL, NULL, NULL, '2016-04-29 15:02:00', '2016-04-29 15:02:00', 0, 0, NULL, NULL, NULL, NULL, NULL, NULL, NULL, NULL, NULL, NULL, NULL, NULL, NULL),
(288, NULL, 'HAMMAMI RAMZI', '52 333 000', NULL, NULL, NULL, NULL, NULL, '2016-04-29 15:02:01', '2016-04-29 15:02:01', 0, 0, NULL, NULL, NULL, NULL, NULL, NULL, NULL, NULL, NULL, NULL, NULL, NULL, NULL),
(289, NULL, 'KRIAA WALID', '98 724 826', NULL, NULL, NULL, NULL, NULL, '2016-05-02 14:09:48', '2016-05-02 14:09:48', 0, 0, NULL, NULL, NULL, NULL, NULL, NULL, NULL, NULL, NULL, NULL, NULL, NULL, NULL),
(290, NULL, 'RAFIK KALLEL', '20 327 519', NULL, NULL, NULL, NULL, NULL, '2016-05-05 12:43:12', '2016-05-05 12:44:04', 0, 0, 2, NULL, NULL, 'rafikkallel@yahoo.fr', NULL, NULL, NULL, NULL, NULL, 0, NULL, NULL, 219),
(291, 6, 'ALI DRID', '99111 848', NULL, NULL, NULL, NULL, NULL, '2016-05-05 12:43:52', '2016-05-05 12:43:52', 0, 0, 2, NULL, NULL, NULL, NULL, NULL, NULL, NULL, NULL, 0, NULL, NULL, 219),
(292, 10, 'BEN ZINEB SOFIANE', '29 948 506', NULL, NULL, NULL, NULL, NULL, '2016-05-06 09:50:04', '2016-05-06 09:50:04', 0, 0, NULL, NULL, NULL, NULL, NULL, NULL, NULL, NULL, NULL, NULL, NULL, NULL, NULL),
(293, 10, 'KSOURI MAHDI', '31 300 073', NULL, NULL, NULL, NULL, NULL, '2016-05-06 11:02:27', '2016-05-06 11:02:27', 0, 0, NULL, NULL, NULL, NULL, NULL, NULL, NULL, NULL, NULL, NULL, NULL, NULL, NULL),
(294, 7, 'ARAR MOHAMED', '58 328 374', NULL, NULL, NULL, NULL, NULL, '2016-05-07 09:08:55', '2016-05-07 09:08:55', 0, 0, NULL, NULL, NULL, NULL, NULL, NULL, NULL, NULL, NULL, NULL, NULL, NULL, NULL),
(295, NULL, 'OUNALlI Rouaa', NULL, NULL, NULL, NULL, NULL, NULL, '2016-05-12 12:51:06', '2016-05-12 12:51:06', 0, 0, NULL, NULL, NULL, NULL, NULL, NULL, NULL, NULL, NULL, NULL, NULL, NULL, NULL),
(296, NULL, 'abc', '22689433', NULL, 'rte n)2', NULL, NULL, NULL, '2016-05-14 13:54:40', '2016-09-15 14:35:48', 1, 0, NULL, NULL, NULL, NULL, NULL, NULL, NULL, NULL, NULL, NULL, NULL, NULL, NULL),
(297, 10, 'kaouther', NULL, NULL, NULL, NULL, NULL, NULL, '2016-05-16 11:31:29', '2016-05-16 11:31:29', 1, 0, NULL, NULL, NULL, NULL, NULL, NULL, NULL, NULL, NULL, NULL, NULL, NULL, NULL),
(298, 6, 'DRIDI ALI', '56084386', NULL, NULL, NULL, NULL, NULL, '2016-05-16 17:16:29', '2016-05-19 11:26:03', 1, 0, NULL, NULL, NULL, NULL, NULL, NULL, NULL, NULL, NULL, NULL, NULL, NULL, NULL),
(299, 6, 'RHILI Aymen', '96848451', NULL, NULL, NULL, NULL, NULL, '2016-05-19 14:04:05', '2016-05-19 14:06:46', 0, 0, NULL, NULL, NULL, NULL, NULL, NULL, NULL, NULL, NULL, NULL, NULL, NULL, NULL),
(300, NULL, 'Rezgui Mohamed', '99684529', NULL, NULL, NULL, NULL, NULL, '2016-05-19 14:16:32', '2016-05-19 14:16:32', 0, 0, NULL, NULL, NULL, NULL, NULL, NULL, NULL, NULL, NULL, NULL, NULL, NULL, NULL),
(301, 6, 'ZGHAR SAMIR', NULL, NULL, NULL, NULL, NULL, NULL, '2016-05-19 14:30:16', '2016-05-19 14:30:16', 0, 0, NULL, NULL, NULL, NULL, NULL, NULL, NULL, NULL, NULL, NULL, NULL, NULL, NULL),
(302, NULL, 'Tarak ben brahim', NULL, NULL, NULL, NULL, NULL, NULL, '2016-06-19 12:17:40', '2016-06-19 12:18:38', 0, 0, NULL, NULL, NULL, NULL, NULL, NULL, NULL, NULL, NULL, 1, NULL, NULL, NULL),
(303, 13, 'Client OCTASOFT', NULL, NULL, NULL, NULL, NULL, NULL, '2016-06-26 15:18:39', '2016-09-15 12:11:58', 0, 0, NULL, NULL, NULL, NULL, NULL, NULL, NULL, NULL, NULL, 1, NULL, NULL, NULL),
(304, NULL, 'Froudj 1234', NULL, NULL, NULL, NULL, NULL, NULL, '2016-07-14 12:17:57', '2016-07-14 12:36:08', 0, 0, 2, NULL, NULL, NULL, NULL, NULL, NULL, NULL, NULL, 1, NULL, NULL, NULL),
(305, NULL, 'sssssssss', NULL, NULL, NULL, NULL, NULL, NULL, '2016-08-25 12:49:47', '2016-08-25 12:51:24', 0, 0, NULL, NULL, NULL, NULL, NULL, NULL, NULL, NULL, NULL, 0, NULL, NULL, NULL),
(306, NULL, 'jendli amira', NULL, NULL, NULL, NULL, NULL, NULL, '2016-08-29 13:32:34', '2016-08-29 13:34:32', 0, 0, NULL, NULL, NULL, NULL, NULL, NULL, NULL, NULL, NULL, 1, NULL, NULL, NULL),
(307, NULL, 'sameh meguebli', NULL, NULL, NULL, NULL, NULL, NULL, '2016-08-30 12:06:33', '2016-08-30 12:40:59', 0, 0, 2, NULL, NULL, NULL, NULL, NULL, NULL, NULL, NULL, 1, NULL, NULL, NULL),
(308, NULL, 'SAMEH', 'MEGUEBLIIII', NULL, NULL, NULL, NULL, NULL, '2016-08-30 13:57:22', '2016-08-30 14:08:55', 0, 0, NULL, NULL, NULL, NULL, NULL, NULL, NULL, NULL, NULL, 1, NULL, NULL, NULL),
(309, NULL, 'SAMEH', 'MEGUEBLIIII', NULL, NULL, NULL, NULL, NULL, '2016-08-30 14:06:41', '2016-08-30 14:06:41', 0, 0, NULL, NULL, NULL, NULL, NULL, NULL, NULL, NULL, NULL, 1, NULL, NULL, NULL),
(310, NULL, 'Maâcha Souleima', NULL, NULL, NULL, NULL, NULL, NULL, '2016-09-16 17:46:06', '2016-09-16 17:58:58', 0, 0, NULL, NULL, NULL, NULL, NULL, NULL, NULL, NULL, NULL, 1, NULL, NULL, NULL),
(311, NULL, 'Client Test Caisse 1', NULL, NULL, NULL, NULL, NULL, NULL, '2016-09-20 10:26:27', '2016-09-20 15:22:03', 0, 0, NULL, NULL, NULL, NULL, NULL, NULL, NULL, NULL, NULL, 1, NULL, NULL, NULL),
(312, NULL, 'Test Caisse 2', NULL, NULL, NULL, NULL, NULL, NULL, '2016-09-21 10:19:48', '2016-09-21 10:45:30', 0, 0, NULL, NULL, NULL, NULL, NULL, NULL, NULL, NULL, NULL, 0, NULL, NULL, NULL),
(313, 13, 'Fraj OCTASOFT', NULL, NULL, NULL, NULL, NULL, NULL, '2016-09-21 10:46:31', '2016-09-22 11:17:08', 0, 0, NULL, NULL, NULL, NULL, NULL, NULL, NULL, NULL, NULL, 0, NULL, NULL, NULL),
(314, 14, 'Mahmoud', NULL, NULL, NULL, NULL, NULL, NULL, '2016-09-21 13:26:37', '2016-09-21 13:50:03', 0, 0, NULL, NULL, NULL, NULL, NULL, NULL, NULL, NULL, NULL, 1, NULL, NULL, NULL);

-- --------------------------------------------------------

--
-- Structure de la table `ost_com_facture`
--

CREATE TABLE IF NOT EXISTS `ost_com_facture` (
  `id` int(11) NOT NULL,
  `client_id` int(11) DEFAULT NULL,
  `amicale_id` int(11) DEFAULT NULL,
  `etat` int(11) NOT NULL,
  `validated` datetime DEFAULT NULL,
  `total_achat` decimal(11,3) NOT NULL,
  `total_vente` decimal(11,3) NOT NULL,
  `created` date NOT NULL,
  `updated` datetime NOT NULL,
  `responsable_id` int(11) DEFAULT NULL,
  `type` varchar(255) COLLATE utf8_unicode_ci NOT NULL,
  `code` varchar(255) COLLATE utf8_unicode_ci DEFAULT NULL,
  `total_tva` decimal(11,3) NOT NULL,
  `clientArray` longtext COLLATE utf8_unicode_ci NOT NULL COMMENT '(DC2Type:array)',
  `validatedPar_id` int(11) DEFAULT NULL,
  `timbre` decimal(11,3) NOT NULL,
  `details_paiement` longtext COLLATE utf8_unicode_ci,
  `dateEnvoi` datetime DEFAULT NULL,
  `pointvente_id` int(11) DEFAULT NULL
) ENGINE=InnoDB AUTO_INCREMENT=52 DEFAULT CHARSET=utf8 COLLATE=utf8_unicode_ci;

--
-- Contenu de la table `ost_com_facture`
--

INSERT INTO `ost_com_facture` (`id`, `client_id`, `amicale_id`, `etat`, `validated`, `total_achat`, `total_vente`, `created`, `updated`, `responsable_id`, `type`, `code`, `total_tva`, `clientArray`, `validatedPar_id`, `timbre`, `details_paiement`, `dateEnvoi`, `pointvente_id`) VALUES
(3, 1, NULL, 2, '2015-12-23 10:12:19', 205.000, 258.500, '2015-12-23', '2015-12-23 10:12:19', 4, 'F', '2015000004', 0.000, 'a:12:{s:9:"nomPrenom";s:12:"Zied Kharraz";s:3:"tel";s:10:"53 980 209";s:4:"tel2";N;s:3:"fax";N;s:5:"email";N;s:7:"adresse";s:18:"Tunis centre ville";s:10:"codeDouane";N;s:10:"codePostal";N;s:11:"commentaire";N;s:5:"ville";N;s:17:"registreCommercie";N;s:16:"matriculeFiscale";N;}', 4, 0.000, NULL, NULL, NULL),
(4, 11, NULL, 2, '2015-12-23 10:11:33', 258.706, 300.000, '2015-12-23', '2015-12-23 10:11:33', 4, 'F', '2015000003', 0.000, 'a:12:{s:9:"nomPrenom";s:10:"AZIB RAHMA";s:3:"tel";s:2:"gh";s:4:"tel2";s:4:"ghgh";s:3:"fax";s:5:"ghgfh";s:5:"email";s:17:"hghghh@gdfggf.com";s:7:"adresse";s:9:"ghhddfhdf";s:10:"codeDouane";N;s:10:"codePostal";i:1013;s:11:"commentaire";N;s:5:"ville";s:4:"Tun''";s:17:"registreCommercie";s:2:"gh";s:16:"matriculeFiscale";s:6:"ddfgfh";}', 4, 0.000, NULL, NULL, NULL),
(5, NULL, 6, 2, '2015-12-23 10:11:27', 71.058, 82.400, '2015-12-23', '2015-12-23 10:11:28', 4, 'F', '2015000002', 0.000, 'N;', 4, 0.000, NULL, NULL, NULL),
(7, NULL, 6, 2, '2015-12-23 10:11:08', 43.118, 50.000, '2015-12-23', '2015-12-23 10:11:08', 4, 'F', '2015000001', 0.000, 'N;', 4, 0.000, NULL, NULL, NULL),
(8, NULL, 6, 2, '2015-12-23 10:12:12', 71.058, 82.400, '2015-12-23', '2015-12-23 10:12:13', 4, 'A', '2015000001', 0.000, 'N;', 4, 0.000, NULL, NULL, NULL),
(9, NULL, 6, 1, NULL, 43.118, 50.000, '2015-12-23', '2015-12-23 10:12:49', 4, 'A', NULL, 0.000, 'N;', NULL, 0.000, NULL, NULL, NULL),
(10, 1, NULL, 2, '2015-12-28 09:01:21', 3482.300, 4132.940, '2015-12-28', '2015-12-28 09:01:21', 4, 'F', '2015000005', 0.000, 'a:12:{s:9:"nomPrenom";s:12:"Zied Kharraz";s:3:"tel";s:10:"53 980 209";s:4:"tel2";N;s:3:"fax";N;s:5:"email";N;s:7:"adresse";s:18:"Tunis centre ville";s:10:"codeDouane";N;s:10:"codePostal";N;s:11:"commentaire";N;s:5:"ville";N;s:17:"registreCommercie";N;s:16:"matriculeFiscale";N;}', 4, 0.000, NULL, NULL, NULL),
(11, 1, NULL, 2, '2015-12-28 09:03:10', 1603.500, 1928.700, '2015-12-28', '2015-12-28 09:03:10', 4, 'A', '2015000002', 0.000, 'a:12:{s:9:"nomPrenom";s:12:"Zied Kharraz";s:3:"tel";s:10:"53 980 209";s:4:"tel2";N;s:3:"fax";N;s:5:"email";N;s:7:"adresse";s:18:"Tunis centre ville";s:10:"codeDouane";N;s:10:"codePostal";N;s:11:"commentaire";N;s:5:"ville";N;s:17:"registreCommercie";N;s:16:"matriculeFiscale";N;}', 4, 0.000, NULL, NULL, NULL),
(15, 10, NULL, 2, '2015-12-28 09:06:55', 81.753, 100.000, '2015-12-28', '2015-12-28 09:06:55', 4, 'F', '2015000007', 0.000, 'a:12:{s:9:"nomPrenom";s:10:"AZIB RAHMA";s:3:"tel";s:5:"rzear";s:4:"tel2";s:8:"azerzear";s:3:"fax";s:4:"zera";s:5:"email";s:20:"zaraz@dfqsdfsdqf.com";s:7:"adresse";s:8:"AZERZEAR";s:10:"codeDouane";N;s:10:"codePostal";i:1013;s:11:"commentaire";s:3:"zer";s:5:"ville";s:9:"razerzear";s:17:"registreCommercie";s:8:"azerazer";s:16:"matriculeFiscale";s:11:"zearzearzea";}', 4, 0.000, NULL, NULL, NULL),
(16, NULL, 4, 2, '2015-12-28 09:06:50', 418.247, 511.600, '2015-12-28', '2015-12-28 09:06:50', 4, 'F', '2015000006', 0.000, 'N;', 4, 0.000, NULL, NULL, NULL),
(17, 151, NULL, 1, NULL, 744.000, 836.600, '2016-06-14', '2016-08-25 11:56:48', 4, 'F', NULL, 0.000, 'a:12:{s:9:"nomPrenom";s:21:"ABDELADHIM Abdessalem";s:3:"tel";s:10:"71 874 055";s:4:"tel2";N;s:3:"fax";N;s:5:"email";N;s:7:"adresse";N;s:10:"codeDouane";N;s:10:"codePostal";N;s:11:"commentaire";N;s:5:"ville";N;s:17:"registreCommercie";N;s:16:"matriculeFiscale";N;}', NULL, 0.500, NULL, NULL, NULL),
(18, 128, NULL, 1, NULL, 105.667, 121.970, '2016-06-15', '2016-06-15 16:54:55', 4, 'F', NULL, 0.000, 'a:12:{s:9:"nomPrenom";s:12:"MLOUHI Adnen";s:3:"tel";N;s:4:"tel2";s:10:"22 564 793";s:3:"fax";N;s:5:"email";N;s:7:"adresse";s:7:"Manar 2";s:10:"codeDouane";N;s:10:"codePostal";N;s:11:"commentaire";N;s:5:"ville";N;s:17:"registreCommercie";N;s:16:"matriculeFiscale";N;}', NULL, 0.500, NULL, NULL, NULL),
(19, NULL, 11, 1, NULL, 866.333, 1000.000, '2016-06-15', '2016-06-15 16:54:55', 4, 'F', NULL, 0.000, 'N;', NULL, 0.500, NULL, NULL, NULL),
(20, 304, NULL, 1, NULL, 870.000, 1057.500, '2016-07-14', '2016-07-14 12:24:13', 4, 'F', NULL, 3.964, 'a:12:{s:9:"nomPrenom";s:11:"Froudj 1234";s:3:"tel";N;s:4:"tel2";N;s:3:"fax";N;s:5:"email";N;s:7:"adresse";N;s:10:"codeDouane";N;s:10:"codePostal";N;s:11:"commentaire";N;s:5:"ville";N;s:17:"registreCommercie";N;s:16:"matriculeFiscale";N;}', NULL, 0.500, NULL, NULL, NULL),
(21, 303, NULL, 2, '2016-07-21 13:22:24', 90.000, 106.500, '2016-07-21', '2016-07-21 13:22:24', 4, 'F', '2016000001', 1.768, 'a:12:{s:9:"nomPrenom";s:15:"Client OCTASOFT";s:3:"tel";N;s:4:"tel2";N;s:3:"fax";N;s:5:"email";N;s:7:"adresse";N;s:10:"codeDouane";N;s:10:"codePostal";N;s:11:"commentaire";N;s:5:"ville";N;s:17:"registreCommercie";N;s:16:"matriculeFiscale";N;}', 4, 0.500, NULL, NULL, NULL),
(22, 303, NULL, 1, NULL, 30.000, 50.000, '2016-07-21', '2016-07-21 13:23:47', 4, 'A', NULL, 1.768, 'a:12:{s:9:"nomPrenom";s:15:"Client OCTASOFT";s:3:"tel";N;s:4:"tel2";N;s:3:"fax";N;s:5:"email";N;s:7:"adresse";N;s:10:"codeDouane";N;s:10:"codePostal";N;s:11:"commentaire";N;s:5:"ville";N;s:17:"registreCommercie";N;s:16:"matriculeFiscale";N;}', NULL, 0.500, 'rien', NULL, NULL),
(23, 4, NULL, 1, NULL, 1879.750, 2383.500, '2016-07-27', '2016-07-27 16:12:52', 4, 'F', NULL, 21.777, 'a:12:{s:9:"nomPrenom";s:8:"Passager";s:3:"tel";s:6:"No Tel";s:4:"tel2";s:6:"No tel";s:3:"fax";N;s:5:"email";N;s:7:"adresse";s:10:"No Address";s:10:"codeDouane";N;s:10:"codePostal";N;s:11:"commentaire";N;s:5:"ville";N;s:17:"registreCommercie";N;s:16:"matriculeFiscale";N;}', NULL, 0.500, NULL, NULL, NULL),
(24, 8, NULL, 2, '2016-08-10 13:42:54', 886.000, 1016.700, '2016-07-27', '2016-08-10 13:42:54', 4, 'F', '2016000002', 15.331, 'a:12:{s:9:"nomPrenom";s:21:"Maâcha Arbi passager";s:3:"tel";s:10:"52 557 390";s:4:"tel2";N;s:3:"fax";N;s:5:"email";N;s:7:"adresse";N;s:10:"codeDouane";N;s:10:"codePostal";N;s:11:"commentaire";N;s:5:"ville";N;s:17:"registreCommercie";N;s:16:"matriculeFiscale";N;}', 4, 0.500, NULL, NULL, NULL),
(25, 303, NULL, 1, NULL, 90.000, 50.000, '2016-08-09', '2016-08-09 13:09:42', 4, 'A', NULL, 1.768, 'a:12:{s:9:"nomPrenom";s:15:"Client OCTASOFT";s:3:"tel";N;s:4:"tel2";N;s:3:"fax";N;s:5:"email";N;s:7:"adresse";N;s:10:"codeDouane";N;s:10:"codePostal";N;s:11:"commentaire";N;s:5:"ville";N;s:17:"registreCommercie";N;s:16:"matriculeFiscale";N;}', NULL, 0.500, NULL, NULL, NULL),
(26, 8, NULL, 2, '2016-08-10 13:45:03', 750.000, 200.000, '2016-08-10', '2016-08-10 13:45:04', 4, 'A', '2016000001', 15.331, 'a:12:{s:9:"nomPrenom";s:21:"Maâcha Arbi passager";s:3:"tel";s:10:"52 557 390";s:4:"tel2";N;s:3:"fax";N;s:5:"email";N;s:7:"adresse";N;s:10:"codeDouane";N;s:10:"codePostal";N;s:11:"commentaire";N;s:5:"ville";N;s:17:"registreCommercie";N;s:16:"matriculeFiscale";N;}', 4, 0.500, NULL, NULL, NULL),
(27, 168, NULL, 1, NULL, 380.000, 411.000, '2016-08-24', '2016-08-24 12:23:50', 4, 'F', NULL, 3.321, 'a:12:{s:9:"nomPrenom";s:15:"ABDELJAWED SLIM";s:3:"tel";s:3:"991";s:4:"tel2";N;s:3:"fax";N;s:5:"email";N;s:7:"adresse";N;s:10:"codeDouane";N;s:10:"codePostal";N;s:11:"commentaire";N;s:5:"ville";N;s:17:"registreCommercie";N;s:16:"matriculeFiscale";N;}', NULL, 0.500, NULL, NULL, NULL),
(28, 296, NULL, 1, NULL, 120.000, 120.500, '2016-08-25', '2016-08-25 12:12:10', 4, 'F', NULL, 0.000, 'a:12:{s:9:"nomPrenom";s:3:"abc";s:3:"tel";s:8:"22689433";s:4:"tel2";N;s:3:"fax";N;s:5:"email";N;s:7:"adresse";s:7:"rte n)2";s:10:"codeDouane";N;s:10:"codePostal";N;s:11:"commentaire";N;s:5:"ville";N;s:17:"registreCommercie";N;s:16:"matriculeFiscale";N;}', NULL, 0.500, NULL, NULL, NULL),
(29, 296, NULL, 1, NULL, 160.000, 200.500, '2016-08-25', '2016-08-25 12:17:53', 4, 'F', NULL, 6.178, 'a:12:{s:9:"nomPrenom";s:3:"abc";s:3:"tel";s:8:"22689433";s:4:"tel2";N;s:3:"fax";N;s:5:"email";N;s:7:"adresse";s:7:"rte n)2";s:10:"codeDouane";N;s:10:"codePostal";N;s:11:"commentaire";N;s:5:"ville";N;s:17:"registreCommercie";N;s:16:"matriculeFiscale";N;}', NULL, 0.500, NULL, NULL, NULL),
(30, NULL, 6, 1, NULL, 255.000, 288.600, '2016-08-25', '2016-08-25 15:32:19', 4, 'F', NULL, 0.000, 'N;', NULL, 0.500, NULL, NULL, NULL),
(32, 307, NULL, 2, '2016-08-30 12:36:44', 2470.000, 2968.000, '2016-08-30', '2016-08-30 12:36:44', 4, 'F', '2016000003', 168.000, 'a:12:{s:9:"nomPrenom";s:14:"sameh meguebli";s:3:"tel";N;s:4:"tel2";N;s:3:"fax";N;s:5:"email";N;s:7:"adresse";N;s:10:"codeDouane";N;s:10:"codePostal";N;s:11:"commentaire";N;s:5:"ville";N;s:17:"registreCommercie";N;s:16:"matriculeFiscale";N;}', 4, 0.500, NULL, NULL, NULL),
(33, 307, NULL, 1, NULL, 112.200, 127.700, '2016-08-30', '2016-08-30 12:40:58', 4, 'F', NULL, 2.364, 'a:12:{s:9:"nomPrenom";s:14:"sameh meguebli";s:3:"tel";N;s:4:"tel2";N;s:3:"fax";N;s:5:"email";N;s:7:"adresse";N;s:10:"codeDouane";N;s:10:"codePostal";N;s:11:"commentaire";N;s:5:"ville";N;s:17:"registreCommercie";N;s:16:"matriculeFiscale";N;}', NULL, 0.500, NULL, NULL, NULL),
(34, 169, NULL, 1, NULL, 1411.000, 1625.650, '2016-08-31', '2016-08-31 19:21:23', 4, 'F', NULL, 0.000, 'a:12:{s:9:"nomPrenom";s:15:"ABDELJAWED SLIM";s:3:"tel";s:10:"99 111 753";s:4:"tel2";N;s:3:"fax";N;s:5:"email";N;s:7:"adresse";N;s:10:"codeDouane";N;s:10:"codePostal";N;s:11:"commentaire";N;s:5:"ville";N;s:17:"registreCommercie";N;s:16:"matriculeFiscale";N;}', NULL, 0.500, NULL, NULL, NULL),
(35, 151, NULL, 1, NULL, 160.000, 214.200, '2016-09-02', '2016-09-02 12:01:50', 4, 'F', NULL, 0.000, 'a:12:{s:9:"nomPrenom";s:21:"ABDELADHIM Abdessalem";s:3:"tel";s:10:"71 874 055";s:4:"tel2";N;s:3:"fax";N;s:5:"email";N;s:7:"adresse";N;s:10:"codeDouane";N;s:10:"codePostal";N;s:11:"commentaire";N;s:5:"ville";N;s:17:"registreCommercie";N;s:16:"matriculeFiscale";N;}', NULL, 0.500, NULL, NULL, NULL),
(36, 151, NULL, 2, '2016-09-07 09:28:13', 136.000, 166.200, '2016-09-07', '2016-09-07 09:28:13', 4, 'F', '2016000004', 0.000, 'a:12:{s:9:"nomPrenom";s:21:"ABDELADHIM Abdessalem";s:3:"tel";s:10:"71 874 055";s:4:"tel2";N;s:3:"fax";N;s:5:"email";N;s:7:"adresse";N;s:10:"codeDouane";N;s:10:"codePostal";N;s:11:"commentaire";N;s:5:"ville";N;s:17:"registreCommercie";N;s:16:"matriculeFiscale";N;}', 4, 0.500, NULL, NULL, 1),
(37, 303, NULL, 1, NULL, 136.000, 166.200, '2016-09-08', '2016-09-08 13:16:31', 4, 'F', NULL, 9.408, 'a:12:{s:9:"nomPrenom";s:15:"Client OCTASOFT";s:3:"tel";N;s:4:"tel2";N;s:3:"fax";N;s:5:"email";N;s:7:"adresse";N;s:10:"codeDouane";N;s:10:"codePostal";N;s:11:"commentaire";N;s:5:"ville";N;s:17:"registreCommercie";N;s:16:"matriculeFiscale";N;}', NULL, 0.500, NULL, NULL, NULL),
(38, NULL, 13, 2, '2016-09-15 12:42:54', 136.000, 165.700, '2016-09-15', '2016-09-15 12:42:54', 4, 'F', '2016000005', 9.351, 'N;', 4, 0.500, NULL, NULL, 1),
(39, 213, NULL, 2, '2016-09-20 18:06:44', 100.000, 149.500, '2016-09-15', '2016-09-20 18:06:45', 4, 'F', '2016000006', 0.000, 'a:12:{s:9:"nomPrenom";s:4:"Test";s:3:"tel";s:10:"52 557 390";s:4:"tel2";N;s:3:"fax";N;s:5:"email";s:23:"m.arbi.maacha@gmail.com";s:7:"adresse";N;s:10:"codeDouane";N;s:10:"codePostal";N;s:11:"commentaire";N;s:5:"ville";N;s:17:"registreCommercie";N;s:16:"matriculeFiscale";N;}', 4, 0.500, NULL, NULL, 1),
(40, 6, NULL, 1, NULL, 100.000, 199.500, '2016-09-16', '2016-09-16 17:20:36', 4, 'F', NULL, 0.000, 'a:12:{s:9:"nomPrenom";s:12:"Maâcha Arbi";s:3:"tel";s:10:"52 557 390";s:4:"tel2";s:10:"52 557 390";s:3:"fax";N;s:5:"email";s:23:"m.arbi.maacha@gmail.com";s:7:"adresse";N;s:10:"codeDouane";N;s:10:"codePostal";N;s:11:"commentaire";N;s:5:"ville";N;s:17:"registreCommercie";N;s:16:"matriculeFiscale";N;}', NULL, 0.500, NULL, NULL, NULL),
(41, 310, NULL, 1, NULL, 82.082, 99.500, '2016-09-16', '2016-09-16 17:55:47', 4, 'F', NULL, 5.604, 'a:12:{s:9:"nomPrenom";s:16:"Maâcha Souleima";s:3:"tel";N;s:4:"tel2";N;s:3:"fax";N;s:5:"email";N;s:7:"adresse";N;s:10:"codeDouane";N;s:10:"codePostal";N;s:11:"commentaire";N;s:5:"ville";N;s:17:"registreCommercie";N;s:16:"matriculeFiscale";N;}', NULL, 0.500, NULL, NULL, NULL),
(42, 310, NULL, 1, NULL, 82.328, 99.800, '2016-09-16', '2016-09-16 17:58:57', 4, 'F', NULL, 5.621, 'a:12:{s:9:"nomPrenom";s:16:"Maâcha Souleima";s:3:"tel";N;s:4:"tel2";N;s:3:"fax";N;s:5:"email";N;s:7:"adresse";N;s:10:"codeDouane";N;s:10:"codePostal";N;s:11:"commentaire";N;s:5:"ville";N;s:17:"registreCommercie";N;s:16:"matriculeFiscale";N;}', NULL, 0.500, NULL, NULL, NULL),
(43, 313, NULL, 2, '2016-09-21 11:11:38', 78.300, 94.680, '2016-09-21', '2016-09-21 11:11:38', 4, 'F', '2016000008', 0.000, 'a:12:{s:9:"nomPrenom";s:13:"Fraj OCTASOFT";s:3:"tel";N;s:4:"tel2";N;s:3:"fax";N;s:5:"email";N;s:7:"adresse";N;s:10:"codeDouane";N;s:10:"codePostal";N;s:11:"commentaire";N;s:5:"ville";N;s:17:"registreCommercie";N;s:16:"matriculeFiscale";N;}', 4, 0.500, NULL, NULL, 1),
(44, NULL, 13, 2, '2016-09-21 11:11:21', 248.100, 300.000, '2016-09-21', '2016-09-21 11:11:21', 4, 'F', '2016000007', 16.981, 'N;', 4, 0.500, NULL, NULL, 1),
(45, 314, NULL, 2, '2016-09-21 13:30:13', 59.558, 60.500, '2016-09-21', '2016-09-21 13:30:13', 4, 'F', '2016000010', 0.144, 'a:12:{s:9:"nomPrenom";s:7:"Mahmoud";s:3:"tel";N;s:4:"tel2";N;s:3:"fax";N;s:5:"email";N;s:7:"adresse";N;s:10:"codeDouane";N;s:10:"codePostal";N;s:11:"commentaire";N;s:5:"ville";N;s:17:"registreCommercie";N;s:16:"matriculeFiscale";N;}', 4, 0.500, NULL, NULL, 1),
(46, NULL, 14, 2, '2016-09-21 13:29:58', 98.442, 100.000, '2016-09-21', '2016-09-21 13:29:58', 4, 'F', '2016000009', 0.238, 'N;', 4, 0.500, NULL, NULL, 1),
(47, NULL, 14, 1, NULL, 53.000, 85.500, '2016-09-21', '2016-09-21 13:50:02', 4, 'A', NULL, 4.958, 'N;', NULL, 0.500, NULL, NULL, NULL),
(49, NULL, 13, 2, '2016-09-22 11:14:10', 248.477, 300.000, '2016-09-22', '2016-09-22 11:14:10', 4, 'F', '2016000011', 16.981, 'N;', 4, 0.500, NULL, NULL, 1),
(50, 313, NULL, 1, NULL, 159.523, 172.600, '2016-09-22', '2016-09-24 14:48:42', 4, 'F', NULL, 9.770, 'a:12:{s:9:"nomPrenom";s:13:"Fraj OCTASOFT";s:3:"tel";N;s:4:"tel2";N;s:3:"fax";N;s:5:"email";N;s:7:"adresse";N;s:10:"codeDouane";N;s:10:"codePostal";N;s:11:"commentaire";N;s:5:"ville";N;s:17:"registreCommercie";N;s:16:"matriculeFiscale";N;}', NULL, 0.500, NULL, NULL, NULL),
(51, 178, NULL, 1, NULL, 190.000, 243.000, '2016-09-26', '2016-09-26 14:41:02', 4, 'F', NULL, 0.000, 'a:12:{s:9:"nomPrenom";s:10:"ZAIEM IMED";s:3:"tel";s:10:"98 224 850";s:4:"tel2";N;s:3:"fax";N;s:5:"email";N;s:7:"adresse";N;s:10:"codeDouane";N;s:10:"codePostal";N;s:11:"commentaire";N;s:5:"ville";N;s:17:"registreCommercie";N;s:16:"matriculeFiscale";N;}', NULL, 0.500, NULL, NULL, NULL);

-- --------------------------------------------------------

--
-- Structure de la table `ost_com_facture_fournisseur`
--

CREATE TABLE IF NOT EXISTS `ost_com_facture_fournisseur` (
  `id` int(11) NOT NULL,
  `fournisseur_id` int(11) DEFAULT NULL,
  `code` varchar(255) COLLATE utf8_unicode_ci NOT NULL,
  `totalTTC` decimal(11,3) NOT NULL,
  `totalHT` decimal(11,3) NOT NULL,
  `totalTVA` decimal(11,3) NOT NULL,
  `timbre` decimal(11,3) NOT NULL,
  `description` longtext COLLATE utf8_unicode_ci,
  `created` datetime NOT NULL,
  `updated` datetime NOT NULL,
  `path` varchar(255) COLLATE utf8_unicode_ci DEFAULT NULL
) ENGINE=InnoDB AUTO_INCREMENT=6 DEFAULT CHARSET=utf8 COLLATE=utf8_unicode_ci;

--
-- Contenu de la table `ost_com_facture_fournisseur`
--

INSERT INTO `ost_com_facture_fournisseur` (`id`, `fournisseur_id`, `code`, `totalTTC`, `totalHT`, `totalTVA`, `timbre`, `description`, `created`, `updated`, `path`) VALUES
(1, 401, '1236547', 130.500, 100.000, 30.000, 0.500, NULL, '2016-08-11 11:32:49', '2016-08-11 11:32:49', NULL),
(2, 403, '123456', 120.500, 102.000, 18.000, 0.500, NULL, '2016-08-25 12:28:55', '2016-08-25 12:28:55', NULL),
(3, 343, '123456', 2470.500, 2330.000, 140.000, 0.500, NULL, '2016-08-30 12:48:22', '2016-08-30 12:48:22', NULL),
(4, 383, '123', 136.500, 132.000, 4.000, 0.500, NULL, '2016-09-16 10:39:35', '2016-09-16 10:39:35', NULL),
(5, 8, '123456', 150.000, 102.000, 10.000, 0.500, NULL, '2016-09-26 14:54:18', '2016-09-26 14:54:18', NULL);

-- --------------------------------------------------------

--
-- Structure de la table `ost_com_facture_ligne`
--

CREATE TABLE IF NOT EXISTS `ost_com_facture_ligne` (
  `id` int(11) NOT NULL,
  `facture_id` int(11) DEFAULT NULL,
  `total_achat` decimal(11,3) NOT NULL,
  `total_vente` decimal(11,3) NOT NULL,
  `reservationVO_id` int(11) DEFAULT NULL,
  `reservationPR_id` int(11) DEFAULT NULL,
  `reservationBE_id` int(11) DEFAULT NULL,
  `reservationT_id` int(11) DEFAULT NULL,
  `reservationRB_id` int(11) DEFAULT NULL,
  `reservationSHT_id` int(11) DEFAULT NULL,
  `reservationB_id` int(11) DEFAULT NULL,
  `reservationM_id` int(11) DEFAULT NULL,
  `tva` decimal(11,3) NOT NULL,
  `reservationDIV_id` int(11) DEFAULT NULL,
  `reservationMICE_id` int(11) DEFAULT NULL,
  `achat_exceptionnelle` decimal(11,3) NOT NULL,
  `vente_exceptionnelle` decimal(11,3) NOT NULL,
  `reservationSHE_id` int(11) DEFAULT NULL,
  `description` longtext COLLATE utf8_unicode_ci
) ENGINE=InnoDB AUTO_INCREMENT=60 DEFAULT CHARSET=utf8 COLLATE=utf8_unicode_ci;

--
-- Contenu de la table `ost_com_facture_ligne`
--

INSERT INTO `ost_com_facture_ligne` (`id`, `facture_id`, `total_achat`, `total_vente`, `reservationVO_id`, `reservationPR_id`, `reservationBE_id`, `reservationT_id`, `reservationRB_id`, `reservationSHT_id`, `reservationB_id`, `reservationM_id`, `tva`, `reservationDIV_id`, `reservationMICE_id`, `achat_exceptionnelle`, `vente_exceptionnelle`, `reservationSHE_id`, `description`) VALUES
(3, 3, 205.000, 258.500, NULL, NULL, NULL, NULL, NULL, 60, NULL, NULL, 0.000, NULL, NULL, 0.000, 0.000, NULL, NULL),
(4, 4, 258.706, 300.000, NULL, NULL, NULL, NULL, NULL, 120, NULL, NULL, 0.000, NULL, NULL, 0.000, 0.000, NULL, NULL),
(5, 5, 71.058, 82.400, NULL, NULL, NULL, NULL, NULL, 120, NULL, NULL, 0.000, NULL, NULL, 0.000, 0.000, NULL, NULL),
(7, 7, 43.118, 50.000, NULL, NULL, NULL, NULL, NULL, 120, NULL, NULL, 0.000, NULL, NULL, 0.000, 0.000, NULL, NULL),
(8, 8, 71.058, 82.400, NULL, NULL, NULL, NULL, NULL, 120, NULL, NULL, 0.000, NULL, NULL, 0.000, 0.000, NULL, NULL),
(9, 9, 43.118, 50.000, NULL, NULL, NULL, NULL, NULL, 120, NULL, NULL, 0.000, NULL, NULL, 0.000, 0.000, NULL, NULL),
(10, 10, 480.000, 580.000, NULL, NULL, NULL, NULL, NULL, 149, NULL, NULL, 0.000, NULL, NULL, 0.000, 0.000, NULL, NULL),
(11, 10, 1123.500, 1348.700, NULL, NULL, NULL, NULL, NULL, 73, NULL, NULL, 0.000, NULL, NULL, 0.000, 0.000, NULL, NULL),
(12, 10, 1878.800, 2204.240, NULL, NULL, NULL, NULL, NULL, 46, NULL, NULL, 0.000, NULL, NULL, 0.000, 0.000, NULL, NULL),
(13, 11, 480.000, 580.000, NULL, NULL, NULL, NULL, NULL, 149, NULL, NULL, 0.000, NULL, NULL, 0.000, 0.000, NULL, NULL),
(14, 11, 1123.500, 1348.700, NULL, NULL, NULL, NULL, NULL, 73, NULL, NULL, 0.000, NULL, NULL, 0.000, 0.000, NULL, NULL),
(19, 15, 81.753, 100.000, NULL, NULL, NULL, NULL, NULL, 119, NULL, NULL, 0.000, NULL, NULL, 0.000, 0.000, NULL, NULL),
(20, 16, 418.247, 511.600, NULL, NULL, NULL, NULL, NULL, 119, NULL, NULL, 0.000, NULL, NULL, 0.000, 0.000, NULL, NULL),
(21, 17, 594.000, 686.100, NULL, NULL, NULL, NULL, NULL, 530, NULL, NULL, 0.000, NULL, NULL, 0.000, 0.000, NULL, NULL),
(22, 18, 105.667, 121.970, NULL, NULL, NULL, NULL, NULL, 531, NULL, NULL, 0.000, NULL, NULL, 0.000, 0.000, NULL, NULL),
(23, 19, 866.333, 1000.000, NULL, NULL, NULL, NULL, NULL, 531, NULL, NULL, 0.000, NULL, NULL, 0.000, 0.000, NULL, NULL),
(24, 20, 170.000, 207.000, NULL, NULL, NULL, NULL, NULL, 534, NULL, NULL, 3.964, NULL, NULL, 0.000, 0.000, NULL, NULL),
(25, 20, 700.000, 850.500, NULL, NULL, NULL, NULL, NULL, NULL, 4, NULL, 0.000, NULL, NULL, 0.000, 0.000, NULL, NULL),
(26, 21, 90.000, 106.500, NULL, NULL, NULL, NULL, NULL, 533, NULL, NULL, 1.768, NULL, NULL, 0.000, 0.000, NULL, NULL),
(27, 22, 30.000, 50.000, NULL, NULL, NULL, NULL, NULL, 533, NULL, NULL, 1.768, NULL, NULL, 0.000, 0.000, NULL, NULL),
(28, 23, 1329.750, 1533.000, NULL, NULL, NULL, NULL, NULL, 536, NULL, NULL, 21.777, NULL, NULL, 0.000, 0.000, NULL, NULL),
(29, 23, 550.000, 850.500, NULL, NULL, NULL, NULL, NULL, NULL, 5, NULL, 0.000, NULL, NULL, 0.000, 0.000, NULL, NULL),
(30, 24, 550.000, 850.500, NULL, NULL, NULL, NULL, NULL, NULL, 6, NULL, 15.331, NULL, NULL, 200.000, 0.000, NULL, NULL),
(31, 24, 136.000, 166.200, NULL, NULL, NULL, NULL, NULL, 538, NULL, NULL, 0.000, NULL, NULL, 0.000, 0.000, NULL, NULL),
(32, 25, 90.000, 50.000, NULL, NULL, NULL, NULL, NULL, 533, NULL, NULL, 1.768, NULL, NULL, 0.000, 0.000, NULL, NULL),
(33, 26, 550.000, 200.000, NULL, NULL, NULL, NULL, NULL, NULL, 6, NULL, 15.331, NULL, NULL, 200.000, 0.000, NULL, NULL),
(34, 27, 340.000, 411.000, NULL, NULL, NULL, NULL, NULL, 541, NULL, NULL, 3.321, NULL, NULL, 40.000, 0.000, NULL, NULL),
(35, 17, 150.000, 150.500, NULL, NULL, NULL, NULL, NULL, NULL, 8, NULL, 0.000, NULL, NULL, 0.000, 0.000, NULL, NULL),
(36, 28, 120.000, 120.500, NULL, NULL, NULL, NULL, NULL, NULL, 9, NULL, 0.000, NULL, NULL, 0.000, 0.000, NULL, NULL),
(37, 29, 120.000, 200.500, NULL, NULL, NULL, NULL, NULL, NULL, 10, NULL, 6.178, NULL, NULL, 40.000, 0.000, NULL, NULL),
(38, 30, 255.000, 288.600, NULL, NULL, NULL, NULL, NULL, 528, NULL, NULL, 0.000, NULL, NULL, 0.000, 0.000, NULL, NULL),
(40, 32, 2470.000, 2968.000, NULL, NULL, NULL, NULL, NULL, 547, NULL, NULL, 168.000, NULL, NULL, 0.000, 0.000, NULL, NULL),
(41, 33, 112.200, 127.700, NULL, NULL, NULL, NULL, NULL, NULL, 12, NULL, 2.364, NULL, NULL, 0.000, 0.000, NULL, NULL),
(42, 34, 1411.000, 1625.650, NULL, NULL, NULL, NULL, NULL, 550, NULL, NULL, 0.000, NULL, NULL, 0.000, 0.000, NULL, NULL),
(43, 35, 160.000, 214.200, NULL, NULL, NULL, NULL, NULL, 551, NULL, NULL, 0.000, NULL, NULL, 0.000, 0.000, NULL, NULL),
(44, 36, 136.000, 166.200, NULL, NULL, NULL, NULL, NULL, 554, NULL, NULL, 0.000, NULL, NULL, 0.000, 0.000, NULL, NULL),
(45, 37, 136.000, 166.200, NULL, NULL, NULL, NULL, NULL, 553, NULL, NULL, 9.408, NULL, NULL, 0.000, 0.000, NULL, NULL),
(46, 38, 136.000, 165.700, NULL, NULL, NULL, NULL, NULL, 556, NULL, NULL, 9.351, NULL, NULL, 0.000, 0.000, NULL, NULL),
(47, 39, 100.000, 149.500, NULL, NULL, NULL, NULL, NULL, NULL, NULL, 2, 0.000, NULL, NULL, 0.000, 0.000, NULL, NULL),
(48, 40, 100.000, 199.500, NULL, NULL, NULL, NULL, NULL, NULL, NULL, 3, 0.000, NULL, NULL, 0.000, 0.000, NULL, NULL),
(49, 41, 82.082, 99.500, NULL, NULL, NULL, NULL, NULL, 557, NULL, NULL, 5.604, NULL, NULL, 0.000, 0.000, NULL, NULL),
(50, 42, 82.328, 99.800, NULL, NULL, NULL, NULL, NULL, 557, NULL, NULL, 5.621, NULL, NULL, 0.000, 0.000, NULL, NULL),
(51, 43, 78.300, 94.680, NULL, NULL, NULL, NULL, NULL, 563, NULL, NULL, 0.000, NULL, NULL, 0.000, 0.000, NULL, NULL),
(52, 44, 248.100, 300.000, NULL, NULL, NULL, NULL, NULL, 563, NULL, NULL, 16.981, NULL, NULL, 0.000, 0.000, NULL, NULL),
(53, 45, 59.558, 60.500, NULL, NULL, NULL, NULL, NULL, NULL, 14, NULL, 0.144, NULL, NULL, 0.000, 0.000, NULL, NULL),
(54, 46, 98.442, 100.000, NULL, NULL, NULL, NULL, NULL, NULL, 14, NULL, 0.238, NULL, NULL, 0.000, 0.000, NULL, NULL),
(55, 47, 53.000, 85.500, NULL, NULL, NULL, NULL, NULL, NULL, 14, NULL, 4.958, NULL, NULL, 0.000, 0.000, NULL, NULL),
(57, 49, 248.477, 300.000, NULL, NULL, NULL, NULL, NULL, 564, NULL, NULL, 16.981, NULL, NULL, 0.000, 0.000, NULL, NULL),
(58, 50, 159.523, 192.600, NULL, NULL, NULL, NULL, NULL, 564, NULL, NULL, 9.770, NULL, NULL, 0.000, 20.000, NULL, NULL),
(59, 51, 190.000, 243.000, NULL, NULL, NULL, NULL, NULL, 565, NULL, NULL, 0.000, NULL, NULL, 0.000, 0.000, NULL, NULL);

-- --------------------------------------------------------

--
-- Structure de la table `ost_com_fournisseur`
--

CREATE TABLE IF NOT EXISTS `ost_com_fournisseur` (
  `id` int(11) NOT NULL,
  `nomPrenom` varchar(255) COLLATE utf8_unicode_ci NOT NULL,
  `type` int(11) DEFAULT NULL,
  `nomAltervatif` varchar(255) COLLATE utf8_unicode_ci DEFAULT NULL,
  `tel1` varchar(255) COLLATE utf8_unicode_ci DEFAULT NULL,
  `tel2` varchar(255) COLLATE utf8_unicode_ci DEFAULT NULL,
  `fax` varchar(255) COLLATE utf8_unicode_ci DEFAULT NULL,
  `email` varchar(255) COLLATE utf8_unicode_ci DEFAULT NULL,
  `siteWeb` varchar(255) COLLATE utf8_unicode_ci DEFAULT NULL,
  `adresse` varchar(255) COLLATE utf8_unicode_ci DEFAULT NULL,
  `codePostal` int(11) DEFAULT NULL,
  `ville` varchar(255) COLLATE utf8_unicode_ci DEFAULT NULL,
  `gouvernorat` varchar(255) COLLATE utf8_unicode_ci DEFAULT NULL,
  `matriculeFiscale` varchar(255) COLLATE utf8_unicode_ci DEFAULT NULL,
  `registreCommercie` varchar(255) COLLATE utf8_unicode_ci DEFAULT NULL,
  `codeDouane` varchar(255) COLLATE utf8_unicode_ci DEFAULT NULL,
  `tva` tinyint(1) DEFAULT NULL,
  `formeJuridique` int(11) DEFAULT NULL,
  `url` longtext COLLATE utf8_unicode_ci,
  `pays_id` int(11) DEFAULT NULL,
  `etranger` tinyint(1) NOT NULL,
  `typeActivite_id` int(11) DEFAULT NULL
) ENGINE=InnoDB AUTO_INCREMENT=406 DEFAULT CHARSET=utf8 COLLATE=utf8_unicode_ci;

--
-- Contenu de la table `ost_com_fournisseur`
--

INSERT INTO `ost_com_fournisseur` (`id`, `nomPrenom`, `type`, `nomAltervatif`, `tel1`, `tel2`, `fax`, `email`, `siteWeb`, `adresse`, `codePostal`, `ville`, `gouvernorat`, `matriculeFiscale`, `registreCommercie`, `codeDouane`, `tva`, `formeJuridique`, `url`, `pays_id`, `etranger`, `typeActivite_id`) VALUES
(2, 'Zen Solutions', NULL, NULL, NULL, NULL, NULL, NULL, NULL, NULL, NULL, NULL, NULL, NULL, NULL, NULL, NULL, NULL, NULL, NULL, 0, NULL),
(5, 'Vincci Lella Baya', NULL, NULL, NULL, NULL, NULL, NULL, NULL, NULL, NULL, NULL, NULL, NULL, NULL, NULL, NULL, NULL, NULL, NULL, 0, NULL),
(6, 'Vincci Flora Park', NULL, NULL, NULL, NULL, NULL, NULL, NULL, NULL, NULL, NULL, NULL, NULL, NULL, NULL, NULL, NULL, NULL, NULL, 0, NULL),
(7, 'Paradis Palace', NULL, NULL, NULL, NULL, NULL, NULL, NULL, NULL, NULL, NULL, NULL, NULL, NULL, NULL, NULL, NULL, NULL, NULL, 0, NULL),
(8, 'Le Sultan', NULL, NULL, NULL, NULL, NULL, NULL, NULL, NULL, NULL, NULL, NULL, NULL, NULL, NULL, NULL, NULL, NULL, NULL, 0, NULL),
(10, 'Diar Lemdina', NULL, NULL, NULL, NULL, NULL, NULL, NULL, NULL, NULL, NULL, NULL, NULL, NULL, NULL, NULL, NULL, NULL, NULL, 0, NULL),
(15, 'Eden Village Yadis Hammamet ', NULL, NULL, NULL, NULL, NULL, NULL, NULL, NULL, NULL, NULL, NULL, NULL, NULL, NULL, NULL, NULL, NULL, NULL, 0, NULL),
(16, 'Palm Beach Club Hammamet', NULL, NULL, NULL, NULL, NULL, NULL, NULL, NULL, NULL, NULL, NULL, NULL, NULL, NULL, NULL, NULL, NULL, NULL, 0, NULL),
(17, 'Le Palace', NULL, NULL, NULL, NULL, NULL, NULL, NULL, NULL, NULL, NULL, NULL, NULL, NULL, NULL, NULL, NULL, NULL, NULL, 0, NULL),
(18, 'Sheraton', NULL, NULL, NULL, NULL, NULL, NULL, NULL, NULL, NULL, NULL, NULL, NULL, NULL, NULL, NULL, NULL, NULL, NULL, 0, NULL),
(19, 'Africa', NULL, NULL, NULL, NULL, NULL, NULL, NULL, NULL, NULL, NULL, NULL, NULL, NULL, NULL, NULL, NULL, NULL, NULL, 0, NULL),
(20, 'RIU Palace Hammamet Marhaba', NULL, NULL, NULL, NULL, NULL, NULL, NULL, NULL, NULL, NULL, NULL, NULL, NULL, NULL, NULL, NULL, NULL, NULL, 0, NULL),
(21, 'Carthage Thalasso Résort', NULL, NULL, NULL, NULL, NULL, NULL, NULL, NULL, NULL, NULL, NULL, NULL, NULL, NULL, NULL, NULL, NULL, NULL, 0, NULL),
(22, 'Sentido Phenicia', NULL, NULL, NULL, NULL, NULL, NULL, NULL, NULL, NULL, NULL, NULL, NULL, NULL, NULL, NULL, NULL, NULL, NULL, 0, NULL),
(23, 'Nahrawess Hotel & Spa Resort', NULL, NULL, NULL, NULL, NULL, NULL, NULL, NULL, NULL, NULL, NULL, NULL, NULL, NULL, NULL, NULL, NULL, NULL, 0, NULL),
(24, 'Vincci Taj Sultan', NULL, NULL, NULL, NULL, NULL, NULL, NULL, NULL, NULL, NULL, NULL, NULL, NULL, NULL, NULL, NULL, NULL, NULL, 0, NULL),
(25, 'Africa Jade Thalasso', NULL, NULL, NULL, NULL, NULL, NULL, NULL, NULL, NULL, NULL, NULL, NULL, NULL, NULL, NULL, NULL, NULL, NULL, 0, NULL),
(26, 'El Mouradi Hammam Bourguiba', NULL, NULL, NULL, NULL, NULL, NULL, NULL, NULL, NULL, NULL, NULL, NULL, NULL, NULL, NULL, NULL, NULL, NULL, 0, NULL),
(27, 'African Queen', NULL, NULL, NULL, NULL, NULL, NULL, NULL, NULL, NULL, NULL, NULL, NULL, NULL, NULL, NULL, NULL, NULL, NULL, 0, NULL),
(28, 'Yadis Ibn Khaldoun', NULL, NULL, NULL, NULL, NULL, NULL, NULL, NULL, NULL, NULL, NULL, NULL, NULL, NULL, NULL, NULL, NULL, NULL, 0, NULL),
(29, 'Menara', NULL, NULL, NULL, NULL, NULL, NULL, NULL, NULL, NULL, NULL, NULL, NULL, NULL, NULL, NULL, NULL, NULL, NULL, 0, NULL),
(30, 'Caribbean World Zenith (sunny hôtels )', NULL, NULL, NULL, NULL, NULL, NULL, NULL, NULL, NULL, NULL, NULL, NULL, NULL, NULL, NULL, NULL, NULL, NULL, 0, NULL),
(31, 'Bélisaire & Thalasso', NULL, NULL, NULL, NULL, NULL, NULL, NULL, NULL, NULL, NULL, NULL, NULL, NULL, NULL, NULL, NULL, NULL, NULL, 0, NULL),
(32, 'RIU Marco Polo', 1, NULL, '72 244 222', NULL, NULL, 'reservation.hmp@concorde-tunisia.com', NULL, NULL, NULL, NULL, NULL, NULL, NULL, NULL, 0, NULL, NULL, NULL, 0, NULL),
(33, 'Marina Palace', NULL, NULL, NULL, NULL, NULL, NULL, NULL, NULL, NULL, NULL, NULL, NULL, NULL, NULL, NULL, NULL, NULL, NULL, 0, NULL),
(34, 'Eden Yasmine', NULL, NULL, NULL, NULL, NULL, NULL, NULL, NULL, NULL, NULL, NULL, NULL, NULL, NULL, NULL, NULL, NULL, NULL, 0, NULL),
(35, 'Itropika', NULL, NULL, NULL, NULL, NULL, NULL, NULL, NULL, NULL, NULL, NULL, NULL, NULL, NULL, NULL, NULL, NULL, NULL, 0, NULL),
(36, 'Seabel Alhambra', NULL, NULL, NULL, NULL, NULL, NULL, NULL, NULL, NULL, NULL, NULL, NULL, NULL, NULL, NULL, NULL, NULL, NULL, 0, NULL),
(37, 'LTI El Ksar Resort & Thalasso', NULL, NULL, NULL, NULL, NULL, NULL, NULL, NULL, NULL, NULL, NULL, NULL, NULL, NULL, NULL, NULL, NULL, NULL, 0, NULL),
(38, 'Radisson Blu Resort & Thalasso Hammamet', NULL, NULL, NULL, NULL, NULL, NULL, NULL, NULL, NULL, NULL, NULL, NULL, NULL, NULL, NULL, NULL, NULL, NULL, 0, NULL),
(39, 'Sahara Beach', NULL, NULL, NULL, NULL, NULL, NULL, NULL, NULL, NULL, NULL, NULL, NULL, NULL, NULL, NULL, NULL, NULL, NULL, 0, NULL),
(40, 'RIU Bellevue Park', NULL, NULL, NULL, NULL, NULL, NULL, NULL, NULL, NULL, NULL, NULL, NULL, NULL, NULL, NULL, NULL, NULL, NULL, 0, NULL),
(41, 'Dar Ismail Nour El Ain', NULL, NULL, NULL, NULL, NULL, NULL, NULL, NULL, NULL, NULL, NULL, NULL, NULL, NULL, NULL, NULL, NULL, NULL, 0, NULL),
(42, 'Soviva Resort', NULL, NULL, NULL, NULL, NULL, NULL, NULL, NULL, NULL, NULL, NULL, NULL, NULL, NULL, NULL, NULL, NULL, NULL, 0, NULL),
(43, 'RIU El Mansour', NULL, NULL, NULL, NULL, NULL, NULL, NULL, NULL, NULL, NULL, NULL, NULL, NULL, NULL, NULL, NULL, NULL, NULL, 0, NULL),
(44, 'Mahdia Palace Thalasso', NULL, NULL, NULL, NULL, NULL, NULL, NULL, NULL, NULL, NULL, NULL, NULL, NULL, NULL, NULL, NULL, NULL, NULL, 0, NULL),
(45, 'Riu Palm Azur', NULL, NULL, NULL, NULL, NULL, NULL, NULL, NULL, NULL, NULL, NULL, NULL, NULL, NULL, NULL, NULL, NULL, NULL, 0, NULL),
(46, 'Marhaba Royal Salem', NULL, NULL, NULL, NULL, NULL, NULL, NULL, NULL, NULL, NULL, NULL, NULL, NULL, NULL, NULL, NULL, NULL, NULL, 0, NULL),
(47, 'Iberostar Royal El Mansour', NULL, NULL, NULL, NULL, NULL, NULL, NULL, NULL, NULL, NULL, NULL, NULL, NULL, NULL, NULL, NULL, NULL, NULL, 0, NULL),
(48, 'Nour Palace Resort & Thalasso', NULL, NULL, NULL, NULL, NULL, NULL, NULL, NULL, NULL, NULL, NULL, NULL, NULL, NULL, NULL, NULL, NULL, NULL, 0, NULL),
(49, 'Skanes Sérail', NULL, NULL, NULL, NULL, NULL, NULL, NULL, NULL, NULL, NULL, NULL, NULL, NULL, NULL, NULL, NULL, NULL, NULL, 0, NULL),
(50, 'Royal Thalassa Monastir', NULL, NULL, NULL, NULL, NULL, NULL, NULL, NULL, NULL, NULL, NULL, NULL, NULL, NULL, NULL, NULL, NULL, NULL, 0, NULL),
(51, 'Mövenpick Resort & Marine Spa', NULL, NULL, NULL, NULL, NULL, NULL, NULL, NULL, NULL, NULL, NULL, NULL, NULL, NULL, NULL, NULL, NULL, NULL, 0, NULL),
(52, 'RIU Impérial Marhaba', NULL, NULL, NULL, NULL, NULL, NULL, NULL, NULL, NULL, NULL, NULL, NULL, NULL, NULL, NULL, NULL, NULL, NULL, 0, NULL),
(53, 'Marhaba Beach', NULL, NULL, NULL, NULL, NULL, NULL, NULL, NULL, NULL, NULL, NULL, NULL, NULL, NULL, NULL, NULL, NULL, NULL, 0, NULL),
(54, 'Donia', NULL, NULL, NULL, NULL, NULL, NULL, NULL, NULL, NULL, NULL, NULL, NULL, NULL, NULL, NULL, NULL, NULL, NULL, 0, NULL),
(55, 'Royal Rihana Hotel', NULL, NULL, NULL, NULL, NULL, NULL, NULL, NULL, NULL, NULL, NULL, NULL, NULL, NULL, NULL, NULL, NULL, NULL, 0, NULL),
(56, 'Zodiac', NULL, NULL, NULL, NULL, NULL, NULL, NULL, NULL, NULL, NULL, NULL, NULL, NULL, NULL, NULL, NULL, NULL, NULL, 0, NULL),
(57, 'The Russelior', NULL, NULL, NULL, NULL, NULL, NULL, NULL, NULL, NULL, NULL, NULL, NULL, NULL, NULL, NULL, NULL, NULL, NULL, 0, NULL),
(58, 'Golden Yasmine Mehari', NULL, NULL, NULL, NULL, NULL, NULL, NULL, NULL, NULL, NULL, NULL, NULL, NULL, NULL, NULL, NULL, NULL, NULL, 0, NULL),
(59, 'Hammamet Garden Resort & Spa', NULL, NULL, NULL, NULL, NULL, NULL, NULL, NULL, NULL, NULL, NULL, NULL, NULL, NULL, NULL, NULL, NULL, NULL, 0, NULL),
(60, 'El Mouradi Palm Marina', NULL, NULL, NULL, NULL, NULL, NULL, NULL, NULL, NULL, NULL, NULL, NULL, NULL, NULL, NULL, NULL, NULL, NULL, 0, NULL),
(61, 'Bel Air', NULL, NULL, NULL, NULL, NULL, NULL, NULL, NULL, NULL, NULL, NULL, NULL, NULL, NULL, NULL, NULL, NULL, NULL, 0, NULL),
(62, 'Galaxy', NULL, NULL, NULL, NULL, NULL, NULL, NULL, NULL, NULL, NULL, NULL, NULL, NULL, NULL, NULL, NULL, NULL, NULL, 0, NULL),
(63, 'Hôtel Burj Al Arab', NULL, NULL, NULL, NULL, NULL, NULL, NULL, NULL, NULL, NULL, NULL, NULL, NULL, NULL, NULL, NULL, NULL, NULL, 0, NULL),
(64, 'Titanic City Taksim', NULL, NULL, NULL, NULL, NULL, NULL, NULL, NULL, NULL, NULL, NULL, NULL, NULL, NULL, NULL, NULL, NULL, NULL, 0, NULL),
(65, 'Crowne Plaza', NULL, NULL, NULL, NULL, NULL, NULL, NULL, NULL, NULL, NULL, NULL, NULL, NULL, NULL, NULL, NULL, NULL, NULL, 0, NULL),
(66, 'El Mouradi Beach', NULL, NULL, NULL, NULL, NULL, NULL, NULL, NULL, NULL, NULL, NULL, NULL, NULL, NULL, NULL, NULL, NULL, NULL, 0, NULL),
(67, 'El Mouradi Gammarth', NULL, NULL, NULL, NULL, NULL, NULL, NULL, NULL, NULL, NULL, NULL, NULL, NULL, NULL, NULL, NULL, NULL, NULL, 0, NULL),
(68, 'Mövenpick Gammarth', NULL, NULL, NULL, NULL, NULL, NULL, NULL, NULL, NULL, NULL, NULL, NULL, NULL, NULL, NULL, NULL, NULL, NULL, 0, NULL),
(69, 'El Mouradi Mahdia', NULL, NULL, NULL, NULL, NULL, NULL, NULL, NULL, NULL, NULL, NULL, NULL, NULL, NULL, NULL, NULL, NULL, NULL, 0, NULL),
(70, 'El Mouradi El Menzeh', NULL, NULL, NULL, NULL, NULL, NULL, NULL, NULL, NULL, NULL, NULL, NULL, NULL, NULL, NULL, NULL, NULL, NULL, 0, NULL),
(71, 'Iberostar Diar El Andalous', NULL, NULL, NULL, NULL, NULL, NULL, NULL, NULL, NULL, NULL, NULL, NULL, NULL, NULL, NULL, NULL, NULL, NULL, 0, NULL),
(72, 'Vincci Helios Beach', NULL, NULL, NULL, NULL, NULL, NULL, NULL, NULL, NULL, NULL, NULL, NULL, NULL, NULL, NULL, NULL, NULL, NULL, 0, NULL),
(73, 'Vincci Djerba Resort', NULL, NULL, NULL, NULL, NULL, NULL, NULL, NULL, NULL, NULL, NULL, NULL, NULL, NULL, NULL, NULL, NULL, NULL, 0, NULL),
(74, 'El Mouradi Club Kantaoui', NULL, NULL, NULL, NULL, NULL, NULL, NULL, NULL, NULL, NULL, NULL, NULL, NULL, NULL, NULL, NULL, NULL, NULL, 0, NULL),
(75, 'Sentido Djerba Beach', NULL, NULL, NULL, NULL, NULL, NULL, NULL, NULL, NULL, NULL, NULL, NULL, NULL, NULL, NULL, NULL, NULL, NULL, 0, NULL),
(76, 'Alahan', NULL, NULL, NULL, NULL, NULL, NULL, NULL, NULL, NULL, NULL, NULL, NULL, NULL, NULL, NULL, NULL, NULL, NULL, 0, NULL),
(77, 'Iberostar Mehari Djerba', NULL, NULL, NULL, NULL, NULL, NULL, NULL, NULL, NULL, NULL, NULL, NULL, NULL, NULL, NULL, NULL, NULL, NULL, 0, NULL),
(78, 'Ramada Liberty Resort', NULL, NULL, NULL, NULL, NULL, NULL, NULL, NULL, NULL, NULL, NULL, NULL, NULL, NULL, NULL, NULL, NULL, NULL, 0, NULL),
(79, 'El Mouradi Palace', NULL, NULL, NULL, NULL, NULL, NULL, NULL, NULL, NULL, NULL, NULL, NULL, NULL, NULL, NULL, NULL, NULL, NULL, 0, NULL),
(80, 'El Mouradi Port El Kantaoui', NULL, NULL, NULL, NULL, NULL, NULL, NULL, NULL, NULL, NULL, NULL, NULL, NULL, NULL, NULL, NULL, NULL, NULL, 0, NULL),
(81, 'El Mouradi Djerba Menzel', NULL, NULL, NULL, NULL, NULL, NULL, NULL, NULL, NULL, NULL, NULL, NULL, NULL, NULL, NULL, NULL, NULL, NULL, 0, NULL),
(82, 'El Mouradi Skanes', NULL, NULL, NULL, NULL, NULL, NULL, NULL, NULL, NULL, NULL, NULL, NULL, NULL, NULL, NULL, NULL, NULL, NULL, 0, NULL),
(83, 'El Mouradi Club Selima', NULL, NULL, NULL, NULL, NULL, NULL, NULL, NULL, NULL, NULL, NULL, NULL, NULL, NULL, NULL, NULL, NULL, NULL, 0, NULL),
(84, 'Yadis Oasis Tozeur', NULL, NULL, NULL, NULL, NULL, NULL, NULL, NULL, NULL, NULL, NULL, NULL, NULL, NULL, NULL, NULL, NULL, NULL, 0, NULL),
(85, 'Sahara Douz', NULL, NULL, NULL, NULL, NULL, NULL, NULL, NULL, NULL, NULL, NULL, NULL, NULL, NULL, NULL, NULL, NULL, NULL, 0, NULL),
(86, 'Palm Beach Palace', NULL, NULL, NULL, NULL, NULL, NULL, NULL, NULL, NULL, NULL, NULL, NULL, NULL, NULL, NULL, NULL, NULL, NULL, 0, NULL),
(87, 'Ksar Rouge', NULL, NULL, NULL, NULL, NULL, NULL, NULL, NULL, NULL, NULL, NULL, NULL, NULL, NULL, NULL, NULL, NULL, NULL, 0, NULL),
(88, 'Golden Yasmine Ras El Ain', NULL, NULL, NULL, NULL, NULL, NULL, NULL, NULL, NULL, NULL, NULL, NULL, NULL, NULL, NULL, NULL, NULL, NULL, 0, NULL),
(89, 'El Mouradi Tozeur', NULL, NULL, NULL, NULL, NULL, NULL, NULL, NULL, NULL, NULL, NULL, NULL, NULL, NULL, NULL, NULL, NULL, NULL, 0, NULL),
(90, 'El Mouradi Douz', NULL, NULL, NULL, NULL, NULL, NULL, NULL, NULL, NULL, NULL, NULL, NULL, NULL, NULL, NULL, NULL, NULL, NULL, 0, NULL),
(91, 'Sheraton', NULL, NULL, NULL, NULL, NULL, NULL, NULL, NULL, NULL, NULL, NULL, NULL, NULL, NULL, NULL, NULL, NULL, NULL, 0, NULL),
(92, 'Le Palace', NULL, NULL, NULL, NULL, NULL, NULL, NULL, NULL, NULL, NULL, NULL, NULL, NULL, NULL, NULL, NULL, NULL, NULL, 0, NULL),
(93, 'Le Pacha', NULL, NULL, NULL, NULL, NULL, NULL, NULL, NULL, NULL, NULL, NULL, NULL, NULL, NULL, NULL, NULL, NULL, NULL, 0, NULL),
(94, 'Bel Azur Thalassa', NULL, NULL, NULL, NULL, NULL, NULL, NULL, NULL, NULL, NULL, NULL, NULL, NULL, NULL, NULL, NULL, NULL, NULL, 0, NULL),
(95, 'Sol Azur Beach Congres', NULL, NULL, NULL, NULL, NULL, NULL, NULL, NULL, NULL, NULL, NULL, NULL, NULL, NULL, NULL, NULL, NULL, NULL, 0, NULL),
(96, 'Royal Azur Thalasso Golf', NULL, NULL, NULL, NULL, NULL, NULL, NULL, NULL, NULL, NULL, NULL, NULL, NULL, NULL, NULL, NULL, NULL, NULL, 0, NULL),
(97, 'Houda Golf & Beach Club', NULL, NULL, NULL, NULL, NULL, NULL, NULL, NULL, NULL, NULL, NULL, NULL, NULL, NULL, NULL, NULL, NULL, NULL, 0, NULL),
(98, 'Yadis Morjane Tabarka', NULL, NULL, NULL, NULL, NULL, NULL, NULL, NULL, NULL, NULL, NULL, NULL, NULL, NULL, NULL, NULL, NULL, NULL, 0, NULL),
(99, 'Green Palm', NULL, NULL, NULL, NULL, NULL, NULL, NULL, NULL, NULL, NULL, NULL, NULL, NULL, NULL, NULL, NULL, NULL, NULL, 0, NULL),
(100, 'Dar Ismail Tabarka', NULL, NULL, NULL, NULL, NULL, NULL, NULL, NULL, NULL, NULL, NULL, NULL, NULL, NULL, NULL, NULL, NULL, NULL, 0, NULL),
(101, 'Yadis Oasis Kébili', NULL, NULL, NULL, NULL, NULL, NULL, NULL, NULL, NULL, NULL, NULL, NULL, NULL, NULL, NULL, NULL, NULL, NULL, 0, NULL),
(102, 'Seabel Aladin', NULL, NULL, NULL, NULL, NULL, NULL, NULL, NULL, NULL, NULL, NULL, NULL, NULL, NULL, NULL, NULL, NULL, NULL, 0, NULL),
(103, 'Ramada Plaza', NULL, NULL, NULL, NULL, NULL, NULL, NULL, NULL, NULL, NULL, NULL, NULL, NULL, NULL, NULL, NULL, NULL, NULL, 0, NULL),
(104, 'Bizerta Resort', NULL, NULL, NULL, NULL, NULL, NULL, NULL, NULL, NULL, NULL, NULL, NULL, NULL, NULL, NULL, NULL, NULL, NULL, 0, NULL),
(105, 'Carlton', NULL, NULL, NULL, NULL, NULL, NULL, NULL, NULL, NULL, NULL, NULL, NULL, NULL, NULL, NULL, NULL, NULL, NULL, 0, NULL),
(106, 'Houria Palace', NULL, NULL, NULL, NULL, NULL, NULL, NULL, NULL, NULL, NULL, NULL, NULL, NULL, NULL, NULL, NULL, NULL, NULL, 0, NULL),
(107, 'Campement Yadis Ksar Ghilane', NULL, NULL, NULL, NULL, NULL, NULL, NULL, NULL, NULL, NULL, NULL, NULL, NULL, NULL, NULL, NULL, NULL, NULL, 0, NULL),
(108, 'Campement Mehari Zaafrane Douz', NULL, NULL, NULL, NULL, NULL, NULL, NULL, NULL, NULL, NULL, NULL, NULL, NULL, NULL, NULL, NULL, NULL, NULL, 0, NULL),
(109, 'Vincci Nozha Beach', NULL, NULL, NULL, NULL, NULL, NULL, NULL, NULL, NULL, NULL, NULL, NULL, NULL, NULL, NULL, NULL, NULL, NULL, 0, NULL),
(110, 'Mahdia Beach', NULL, NULL, NULL, NULL, NULL, NULL, NULL, NULL, NULL, NULL, NULL, NULL, NULL, NULL, NULL, NULL, NULL, NULL, 0, NULL),
(111, 'Caribbean World Hammamet Garden', NULL, NULL, NULL, NULL, NULL, NULL, NULL, NULL, NULL, NULL, NULL, NULL, NULL, NULL, NULL, NULL, NULL, NULL, 0, NULL),
(112, 'Caribbean World Hammamet Village', NULL, NULL, NULL, NULL, NULL, NULL, NULL, NULL, NULL, NULL, NULL, NULL, NULL, NULL, NULL, NULL, NULL, NULL, 0, NULL),
(113, 'Bousten Long Beach Club', NULL, NULL, NULL, NULL, NULL, NULL, NULL, NULL, NULL, NULL, NULL, NULL, NULL, NULL, NULL, NULL, NULL, NULL, 0, NULL),
(114, 'Golden Tulip El Mechtel', NULL, NULL, NULL, NULL, NULL, NULL, NULL, NULL, NULL, NULL, NULL, NULL, NULL, NULL, NULL, NULL, NULL, NULL, 0, NULL),
(115, 'Caribbean World Nabeul', NULL, NULL, NULL, NULL, NULL, NULL, NULL, NULL, NULL, NULL, NULL, NULL, NULL, NULL, NULL, NULL, NULL, NULL, 0, NULL),
(116, 'Caribbean World Mahdia', NULL, NULL, NULL, NULL, NULL, NULL, NULL, NULL, NULL, NULL, NULL, NULL, NULL, NULL, NULL, NULL, NULL, NULL, 0, NULL),
(117, 'Radisson Blu Palace Resort & Thalasso Djerba', NULL, NULL, NULL, NULL, NULL, NULL, NULL, NULL, NULL, NULL, NULL, NULL, NULL, NULL, NULL, NULL, NULL, NULL, 0, NULL),
(118, 'Marabout', NULL, NULL, NULL, NULL, NULL, NULL, NULL, NULL, NULL, NULL, NULL, NULL, NULL, NULL, NULL, NULL, NULL, NULL, 0, NULL),
(119, 'Avlonya Hotel', NULL, NULL, NULL, NULL, NULL, NULL, NULL, NULL, NULL, NULL, NULL, NULL, NULL, NULL, NULL, NULL, NULL, NULL, 0, NULL),
(120, 'Avlonya Hotel ', NULL, NULL, NULL, NULL, NULL, NULL, NULL, NULL, NULL, NULL, NULL, NULL, NULL, NULL, NULL, NULL, NULL, NULL, 0, NULL),
(121, 'Klas Hotel', NULL, NULL, NULL, NULL, NULL, NULL, NULL, NULL, NULL, NULL, NULL, NULL, NULL, NULL, NULL, NULL, NULL, NULL, 0, NULL),
(122, 'Méditerranée Thalasso Golf', NULL, NULL, NULL, NULL, NULL, NULL, NULL, NULL, NULL, NULL, NULL, NULL, NULL, NULL, NULL, NULL, NULL, NULL, 0, NULL),
(123, 'Djerba Plaza', NULL, NULL, NULL, NULL, NULL, NULL, NULL, NULL, NULL, NULL, NULL, NULL, NULL, NULL, NULL, NULL, NULL, NULL, 0, NULL),
(124, 'Magic life Royal Kenz Thalasso & Spa', NULL, NULL, NULL, NULL, NULL, NULL, NULL, NULL, NULL, NULL, NULL, NULL, NULL, NULL, NULL, NULL, NULL, NULL, 0, NULL),
(125, 'Hasdrubal Thalassa & Spa Djerba', NULL, NULL, NULL, NULL, NULL, NULL, NULL, NULL, NULL, NULL, NULL, NULL, NULL, NULL, NULL, NULL, NULL, NULL, 0, NULL),
(126, 'Seabel Rym Beach', NULL, NULL, NULL, NULL, NULL, NULL, NULL, NULL, NULL, NULL, NULL, NULL, NULL, NULL, NULL, NULL, NULL, NULL, 0, NULL),
(127, 'Samira Club', NULL, NULL, NULL, NULL, NULL, NULL, NULL, NULL, NULL, NULL, NULL, NULL, NULL, NULL, NULL, NULL, NULL, NULL, 0, NULL),
(128, 'Hasdrubal Thalassa & Spa Port El Kantaoui', NULL, NULL, NULL, NULL, NULL, NULL, NULL, NULL, NULL, NULL, NULL, NULL, NULL, NULL, NULL, NULL, NULL, NULL, 0, NULL),
(129, 'Thalassa Sousse', NULL, NULL, NULL, NULL, NULL, NULL, NULL, NULL, NULL, NULL, NULL, NULL, NULL, NULL, NULL, NULL, NULL, NULL, 0, NULL),
(130, 'Majesty Golf', NULL, NULL, NULL, NULL, NULL, NULL, NULL, NULL, NULL, NULL, NULL, NULL, NULL, NULL, NULL, NULL, NULL, NULL, 0, NULL),
(131, 'El Mouradi Cap Mahdia', NULL, NULL, NULL, NULL, NULL, NULL, NULL, NULL, NULL, NULL, NULL, NULL, NULL, NULL, NULL, NULL, NULL, NULL, 0, NULL),
(132, 'El Hana Hannibal Palace', NULL, NULL, NULL, NULL, NULL, NULL, NULL, NULL, NULL, NULL, NULL, NULL, NULL, NULL, NULL, NULL, NULL, NULL, 0, NULL),
(133, 'Dessole Abou Sofiane', NULL, NULL, NULL, NULL, NULL, NULL, NULL, NULL, NULL, NULL, NULL, NULL, NULL, NULL, NULL, NULL, NULL, NULL, 0, NULL),
(134, 'Caribbean World Hammamet Beach', NULL, NULL, NULL, NULL, NULL, NULL, NULL, NULL, NULL, NULL, NULL, NULL, NULL, NULL, NULL, NULL, NULL, NULL, 0, NULL),
(135, 'Caribbean World Monastir', NULL, NULL, NULL, NULL, NULL, NULL, NULL, NULL, NULL, NULL, NULL, NULL, NULL, NULL, NULL, NULL, NULL, NULL, 0, NULL),
(136, 'Caribbean World Thalasso Djerba', NULL, NULL, NULL, NULL, NULL, NULL, NULL, NULL, NULL, NULL, NULL, NULL, NULL, NULL, NULL, NULL, NULL, NULL, 0, NULL),
(137, 'Cedriana Djerba', NULL, NULL, NULL, NULL, NULL, NULL, NULL, NULL, NULL, NULL, NULL, NULL, NULL, NULL, NULL, NULL, NULL, NULL, 0, NULL),
(138, 'Kheops Hotel', NULL, NULL, NULL, NULL, NULL, NULL, NULL, NULL, NULL, NULL, NULL, NULL, NULL, NULL, NULL, NULL, NULL, NULL, 0, NULL),
(139, 'Dessole Le Hammamet', NULL, NULL, NULL, NULL, NULL, NULL, NULL, NULL, NULL, NULL, NULL, NULL, NULL, NULL, NULL, NULL, NULL, NULL, 0, NULL),
(140, 'Dessole Riviera Resort', NULL, NULL, NULL, NULL, NULL, NULL, NULL, NULL, NULL, NULL, NULL, NULL, NULL, NULL, NULL, NULL, NULL, NULL, 0, NULL),
(141, 'Dessole Royal Lido Resort & Spa', NULL, NULL, NULL, NULL, NULL, NULL, NULL, NULL, NULL, NULL, NULL, NULL, NULL, NULL, NULL, NULL, NULL, NULL, 0, NULL),
(142, 'Dessole Bella Vista Resort', NULL, NULL, NULL, NULL, NULL, NULL, NULL, NULL, NULL, NULL, NULL, NULL, NULL, NULL, NULL, NULL, NULL, NULL, 0, NULL),
(143, 'Dessole Ruspina', NULL, NULL, NULL, NULL, NULL, NULL, NULL, NULL, NULL, NULL, NULL, NULL, NULL, NULL, NULL, NULL, NULL, NULL, 0, NULL),
(144, 'Dessole Saadia Resort Skanes', NULL, NULL, NULL, NULL, NULL, NULL, NULL, NULL, NULL, NULL, NULL, NULL, NULL, NULL, NULL, NULL, NULL, NULL, 0, NULL),
(145, 'Dessole Garden Beach Club', NULL, NULL, NULL, NULL, NULL, NULL, NULL, NULL, NULL, NULL, NULL, NULL, NULL, NULL, NULL, NULL, NULL, NULL, 0, NULL),
(146, 'Caribbean World Venus Garden', NULL, NULL, NULL, NULL, NULL, NULL, NULL, NULL, NULL, NULL, NULL, NULL, NULL, NULL, NULL, NULL, NULL, NULL, 0, NULL),
(147, 'Golden Tulip Sovereign Hotel Bangkok', NULL, NULL, NULL, NULL, NULL, NULL, NULL, NULL, NULL, NULL, NULL, NULL, NULL, NULL, NULL, NULL, NULL, NULL, 0, NULL),
(148, 'Sawaddi Patong Resort & Spa Bangkok', NULL, NULL, NULL, NULL, NULL, NULL, NULL, NULL, NULL, NULL, NULL, NULL, NULL, NULL, NULL, NULL, NULL, NULL, 0, NULL),
(149, 'Swiss-Garden Residences Kuala Lumpur', NULL, NULL, NULL, NULL, NULL, NULL, NULL, NULL, NULL, NULL, NULL, NULL, NULL, NULL, NULL, NULL, NULL, NULL, 0, NULL),
(150, 'Magic Life Schehrazade Couples ', NULL, NULL, NULL, NULL, NULL, NULL, NULL, NULL, NULL, NULL, NULL, NULL, NULL, NULL, NULL, NULL, NULL, NULL, 0, NULL),
(151, 'Royal Nozha', NULL, NULL, NULL, NULL, NULL, NULL, NULL, NULL, NULL, NULL, NULL, NULL, NULL, NULL, NULL, NULL, NULL, NULL, 0, NULL),
(152, 'Majestic', NULL, NULL, NULL, NULL, NULL, NULL, NULL, NULL, NULL, NULL, NULL, NULL, NULL, NULL, NULL, NULL, NULL, NULL, 0, NULL),
(153, 'Gafsa Palace', NULL, NULL, NULL, NULL, NULL, NULL, NULL, NULL, NULL, NULL, NULL, NULL, NULL, NULL, NULL, NULL, NULL, NULL, 0, NULL),
(154, 'Chems Gabes', NULL, NULL, NULL, NULL, NULL, NULL, NULL, NULL, NULL, NULL, NULL, NULL, NULL, NULL, NULL, NULL, NULL, NULL, 0, NULL),
(155, 'Catalonia Sagrada Familia', NULL, NULL, NULL, NULL, NULL, NULL, NULL, NULL, NULL, NULL, NULL, NULL, NULL, NULL, NULL, NULL, NULL, NULL, 0, NULL),
(156, 'Les Pins', NULL, NULL, NULL, NULL, NULL, NULL, NULL, NULL, NULL, NULL, NULL, NULL, NULL, NULL, NULL, NULL, NULL, NULL, 0, NULL),
(157, 'Lekil', NULL, NULL, NULL, NULL, NULL, NULL, NULL, NULL, NULL, NULL, NULL, NULL, NULL, NULL, NULL, NULL, NULL, NULL, 0, NULL),
(158, 'Résidence Essaada', NULL, NULL, NULL, NULL, NULL, NULL, NULL, NULL, NULL, NULL, NULL, NULL, NULL, NULL, NULL, NULL, NULL, NULL, 0, NULL),
(159, 'Dar Dhiafa', NULL, NULL, NULL, NULL, NULL, NULL, NULL, NULL, NULL, NULL, NULL, NULL, NULL, NULL, NULL, NULL, NULL, NULL, 0, NULL),
(160, 'Sangho Village Djerba', NULL, NULL, NULL, NULL, NULL, NULL, NULL, NULL, NULL, NULL, NULL, NULL, NULL, NULL, NULL, NULL, NULL, NULL, 0, NULL),
(161, 'Going Kelibia Beach', NULL, NULL, NULL, NULL, NULL, NULL, NULL, NULL, NULL, NULL, NULL, NULL, NULL, NULL, NULL, NULL, NULL, NULL, 0, NULL),
(162, 'Hôtel Jalta', NULL, NULL, NULL, NULL, NULL, NULL, NULL, NULL, NULL, NULL, NULL, NULL, NULL, NULL, NULL, NULL, NULL, NULL, 0, NULL),
(163, 'Chiraz Thalasso', NULL, NULL, NULL, NULL, NULL, NULL, NULL, NULL, NULL, NULL, NULL, NULL, NULL, NULL, NULL, NULL, NULL, NULL, 0, NULL),
(164, 'Yasmine Beach', NULL, NULL, NULL, NULL, NULL, NULL, NULL, NULL, NULL, NULL, NULL, NULL, NULL, NULL, NULL, NULL, NULL, NULL, 0, NULL),
(165, 'L Oasis Gabes', NULL, NULL, NULL, NULL, NULL, NULL, NULL, NULL, NULL, NULL, NULL, NULL, NULL, NULL, NULL, NULL, NULL, NULL, 0, NULL),
(166, 'Palm Beach Club Djerba', NULL, NULL, NULL, NULL, NULL, NULL, NULL, NULL, NULL, NULL, NULL, NULL, NULL, NULL, NULL, NULL, NULL, NULL, 0, NULL),
(167, 'Meninx Djerba', NULL, NULL, NULL, NULL, NULL, NULL, NULL, NULL, NULL, NULL, NULL, NULL, NULL, NULL, NULL, NULL, NULL, NULL, 0, NULL),
(168, 'Hôtel Club Thapsus', NULL, NULL, NULL, NULL, NULL, NULL, NULL, NULL, NULL, NULL, NULL, NULL, NULL, NULL, NULL, NULL, NULL, NULL, 0, NULL),
(169, 'Eden Club Skanes', NULL, NULL, NULL, NULL, NULL, NULL, NULL, NULL, NULL, NULL, NULL, NULL, NULL, NULL, NULL, NULL, NULL, NULL, 0, NULL),
(170, 'Le Corail Suites Hotel', NULL, NULL, NULL, NULL, NULL, NULL, NULL, NULL, NULL, NULL, NULL, NULL, NULL, NULL, NULL, NULL, NULL, NULL, 0, NULL),
(171, 'Concorde Les Berges Du Lac', NULL, NULL, NULL, NULL, NULL, NULL, NULL, NULL, NULL, NULL, NULL, NULL, NULL, NULL, NULL, NULL, NULL, NULL, 0, NULL),
(172, 'Riu Palace Oceana', NULL, NULL, NULL, NULL, NULL, NULL, NULL, NULL, NULL, NULL, NULL, NULL, NULL, NULL, NULL, NULL, NULL, NULL, 0, NULL),
(173, 'Hôtel Paris', NULL, NULL, NULL, NULL, NULL, NULL, NULL, NULL, NULL, NULL, NULL, NULL, NULL, NULL, NULL, NULL, NULL, NULL, 0, NULL),
(174, 'Grand Ant ', NULL, NULL, NULL, NULL, NULL, NULL, NULL, NULL, NULL, NULL, NULL, NULL, NULL, NULL, NULL, NULL, NULL, NULL, 0, NULL),
(175, 'Delta Hotel Istanbul', NULL, NULL, NULL, NULL, NULL, NULL, NULL, NULL, NULL, NULL, NULL, NULL, NULL, NULL, NULL, NULL, NULL, NULL, 0, NULL),
(176, 'The Hotel Beyaz Saray', NULL, NULL, NULL, NULL, NULL, NULL, NULL, NULL, NULL, NULL, NULL, NULL, NULL, NULL, NULL, NULL, NULL, NULL, 0, NULL),
(177, 'The Hotel Beyaz Saray', NULL, NULL, NULL, NULL, NULL, NULL, NULL, NULL, NULL, NULL, NULL, NULL, NULL, NULL, NULL, NULL, NULL, NULL, 0, NULL),
(178, 'Beyaz Saray', NULL, NULL, NULL, NULL, NULL, NULL, NULL, NULL, NULL, NULL, NULL, NULL, NULL, NULL, NULL, NULL, NULL, NULL, 0, NULL),
(179, 'Dar Zaghouan', NULL, NULL, NULL, NULL, NULL, NULL, NULL, NULL, NULL, NULL, NULL, NULL, NULL, NULL, NULL, NULL, NULL, NULL, 0, NULL),
(180, 'Ksar Djerba', NULL, NULL, NULL, NULL, NULL, NULL, NULL, NULL, NULL, NULL, NULL, NULL, NULL, NULL, NULL, NULL, NULL, NULL, 0, NULL),
(181, 'Ksar Djerba', NULL, NULL, NULL, NULL, NULL, NULL, NULL, NULL, NULL, NULL, NULL, NULL, NULL, NULL, NULL, NULL, NULL, NULL, 0, NULL),
(182, 'Sangho Village Djerba', NULL, NULL, NULL, NULL, NULL, NULL, NULL, NULL, NULL, NULL, NULL, NULL, NULL, NULL, NULL, NULL, NULL, NULL, 0, NULL),
(183, 'RIU Palace Royal Garden', NULL, NULL, NULL, NULL, NULL, NULL, NULL, NULL, NULL, NULL, NULL, NULL, NULL, NULL, NULL, NULL, NULL, NULL, 0, NULL),
(184, 'Delphin Habib & Ribat', NULL, NULL, NULL, NULL, NULL, NULL, NULL, NULL, NULL, NULL, NULL, NULL, NULL, NULL, NULL, NULL, NULL, NULL, 0, NULL),
(185, 'Le Shalimar', NULL, NULL, NULL, NULL, NULL, NULL, NULL, NULL, NULL, NULL, NULL, NULL, NULL, NULL, NULL, NULL, NULL, NULL, 0, NULL),
(186, 'Amir Palace', NULL, NULL, NULL, NULL, NULL, NULL, NULL, NULL, NULL, NULL, NULL, NULL, NULL, NULL, NULL, NULL, NULL, NULL, 0, NULL),
(187, 'Orient Palace', NULL, NULL, NULL, NULL, NULL, NULL, NULL, NULL, NULL, NULL, NULL, NULL, NULL, NULL, NULL, NULL, NULL, NULL, 0, NULL),
(188, 'Marhaba Palace', NULL, NULL, NULL, NULL, NULL, NULL, NULL, NULL, NULL, NULL, NULL, NULL, NULL, NULL, NULL, NULL, NULL, NULL, 0, NULL),
(189, 'Marhaba Salem Resort', NULL, NULL, NULL, NULL, NULL, NULL, NULL, NULL, NULL, NULL, NULL, NULL, NULL, NULL, NULL, NULL, NULL, NULL, 0, NULL),
(190, 'Eldorador Salammbo', NULL, NULL, NULL, NULL, NULL, NULL, NULL, NULL, NULL, NULL, NULL, NULL, NULL, NULL, NULL, NULL, NULL, NULL, 0, NULL),
(191, 'Novotel Tunis Mohamed V', NULL, NULL, NULL, NULL, NULL, NULL, NULL, NULL, NULL, NULL, NULL, NULL, NULL, NULL, NULL, NULL, NULL, NULL, 0, NULL),
(192, 'Dream Castle Disneyland', NULL, NULL, NULL, NULL, NULL, NULL, NULL, NULL, NULL, NULL, NULL, NULL, NULL, NULL, NULL, NULL, NULL, NULL, 0, NULL),
(193, 'Riadh Palms', NULL, NULL, NULL, NULL, NULL, NULL, NULL, NULL, NULL, NULL, NULL, NULL, NULL, NULL, NULL, NULL, NULL, NULL, 0, NULL),
(194, 'Eden Village El Borj', NULL, NULL, NULL, NULL, NULL, NULL, NULL, NULL, NULL, NULL, NULL, NULL, NULL, NULL, NULL, NULL, NULL, NULL, 0, NULL),
(195, 'Eden Village Djerba Mare', NULL, NULL, NULL, NULL, NULL, NULL, NULL, NULL, NULL, NULL, NULL, NULL, NULL, NULL, NULL, NULL, NULL, NULL, 0, NULL),
(196, 'Eden Village Méhari Tabarka', NULL, NULL, NULL, NULL, NULL, NULL, NULL, NULL, NULL, NULL, NULL, NULL, NULL, NULL, NULL, NULL, NULL, NULL, 0, NULL),
(197, 'Club les Colombes', NULL, NULL, NULL, NULL, NULL, NULL, NULL, NULL, NULL, NULL, NULL, NULL, NULL, NULL, NULL, NULL, NULL, NULL, 0, NULL),
(198, 'Vincci El Kantaoui Center', NULL, NULL, NULL, NULL, NULL, NULL, NULL, NULL, NULL, NULL, NULL, NULL, NULL, NULL, NULL, NULL, NULL, NULL, 0, NULL),
(199, 'Magic Life Hammamet Beach', NULL, NULL, NULL, NULL, NULL, NULL, NULL, NULL, NULL, NULL, NULL, NULL, NULL, NULL, NULL, NULL, NULL, NULL, 0, NULL),
(200, 'Acqua Viva', NULL, NULL, NULL, NULL, NULL, NULL, NULL, NULL, NULL, NULL, NULL, NULL, NULL, NULL, NULL, NULL, NULL, NULL, 0, NULL),
(201, 'Magic life Tropicana ', NULL, NULL, NULL, NULL, NULL, NULL, NULL, NULL, NULL, NULL, NULL, NULL, NULL, NULL, NULL, NULL, NULL, NULL, 0, NULL),
(202, 'Skanes Family Resort', NULL, NULL, NULL, NULL, NULL, NULL, NULL, NULL, NULL, NULL, NULL, NULL, NULL, NULL, NULL, NULL, NULL, NULL, 0, NULL),
(203, 'Dar Khayem', NULL, NULL, NULL, NULL, NULL, NULL, NULL, NULL, NULL, NULL, NULL, NULL, NULL, NULL, NULL, NULL, NULL, NULL, 0, NULL),
(204, 'Omar Khayam', 1, NULL, '72322.630', NULL, NULL, 'commercial@khayamhotesl.com', NULL, NULL, NULL, 'HAMMAMET', NULL, NULL, NULL, NULL, 0, NULL, NULL, 219, 0, NULL),
(205, 'Africana Magic Life', NULL, NULL, NULL, NULL, NULL, NULL, NULL, NULL, NULL, NULL, NULL, NULL, NULL, NULL, NULL, NULL, NULL, NULL, 0, NULL),
(206, 'Alhambra Thalasso', NULL, NULL, NULL, NULL, NULL, NULL, NULL, NULL, NULL, NULL, NULL, NULL, NULL, NULL, NULL, NULL, NULL, NULL, 0, NULL),
(207, 'El Mouradi  Hammamet', NULL, NULL, NULL, NULL, NULL, NULL, NULL, NULL, NULL, NULL, NULL, NULL, NULL, NULL, NULL, NULL, NULL, NULL, 0, NULL),
(208, 'Iberostar Saphir  Palace', NULL, NULL, NULL, NULL, NULL, NULL, NULL, NULL, NULL, NULL, NULL, NULL, NULL, NULL, NULL, NULL, NULL, NULL, 0, NULL),
(209, 'Solaria Iberostar', NULL, NULL, NULL, NULL, NULL, NULL, NULL, NULL, NULL, NULL, NULL, NULL, NULL, NULL, NULL, NULL, NULL, NULL, 0, NULL),
(210, 'IBEROSTAR AVERROES', NULL, NULL, NULL, NULL, NULL, NULL, NULL, NULL, NULL, NULL, NULL, NULL, NULL, NULL, NULL, NULL, NULL, NULL, 0, NULL),
(211, 'Laico', NULL, NULL, NULL, NULL, NULL, NULL, NULL, NULL, NULL, NULL, NULL, NULL, NULL, NULL, NULL, NULL, NULL, NULL, 0, NULL),
(212, 'Le Royal Hammamet', NULL, NULL, NULL, NULL, NULL, NULL, NULL, NULL, NULL, NULL, NULL, NULL, NULL, NULL, NULL, NULL, NULL, NULL, 0, NULL),
(213, 'Magic Life Holiday Village Manar', NULL, NULL, NULL, NULL, NULL, NULL, NULL, NULL, NULL, NULL, NULL, NULL, NULL, NULL, NULL, NULL, NULL, NULL, 0, NULL),
(214, 'Riu Marilia', NULL, NULL, NULL, NULL, NULL, NULL, NULL, NULL, NULL, NULL, NULL, NULL, NULL, NULL, NULL, NULL, NULL, NULL, 0, NULL),
(215, 'Sentido Aziza Beach Golf & Spa', NULL, NULL, NULL, NULL, NULL, NULL, NULL, NULL, NULL, NULL, NULL, NULL, NULL, NULL, NULL, NULL, NULL, NULL, 0, NULL),
(216, 'Chich Khan Hotel', NULL, NULL, NULL, NULL, NULL, NULL, NULL, NULL, NULL, NULL, NULL, NULL, NULL, NULL, NULL, NULL, NULL, NULL, 0, NULL),
(217, 'Dar El Olf', NULL, NULL, NULL, NULL, NULL, NULL, NULL, NULL, NULL, NULL, NULL, NULL, NULL, NULL, NULL, NULL, NULL, NULL, 0, NULL),
(218, 'Medi Golf ( Houda Yasmin)', NULL, NULL, NULL, NULL, NULL, NULL, NULL, NULL, NULL, NULL, NULL, NULL, NULL, NULL, NULL, NULL, NULL, NULL, 0, NULL),
(219, 'Dar Zaghouan', NULL, NULL, NULL, NULL, NULL, NULL, NULL, NULL, NULL, NULL, NULL, NULL, NULL, NULL, NULL, NULL, NULL, NULL, 0, NULL),
(220, 'Hotel Ksar Dhiafa', NULL, NULL, NULL, NULL, NULL, NULL, NULL, NULL, NULL, NULL, NULL, NULL, NULL, NULL, NULL, NULL, NULL, NULL, 0, NULL),
(221, 'Hôtel Samarons', NULL, NULL, NULL, NULL, NULL, NULL, NULL, NULL, NULL, NULL, NULL, NULL, NULL, NULL, NULL, NULL, NULL, NULL, 0, NULL),
(222, 'Hôtel Royal Kenz', NULL, NULL, NULL, NULL, NULL, NULL, NULL, NULL, NULL, NULL, NULL, NULL, NULL, NULL, NULL, NULL, NULL, NULL, 0, NULL),
(223, 'Hôtel Bel Horizon Nefta', NULL, NULL, NULL, NULL, NULL, NULL, NULL, NULL, NULL, NULL, NULL, NULL, NULL, NULL, NULL, NULL, NULL, NULL, 0, NULL),
(224, 'The Penthouse Suites Hotel', NULL, NULL, NULL, NULL, NULL, NULL, NULL, NULL, NULL, NULL, NULL, NULL, NULL, NULL, NULL, NULL, NULL, NULL, 0, NULL),
(225, 'Dar Saida Beya', NULL, NULL, NULL, NULL, NULL, NULL, NULL, NULL, NULL, NULL, NULL, NULL, NULL, NULL, NULL, NULL, NULL, NULL, 0, NULL),
(226, 'Dar El Marsa', NULL, NULL, NULL, NULL, NULL, NULL, NULL, NULL, NULL, NULL, NULL, NULL, NULL, NULL, NULL, NULL, NULL, NULL, 0, NULL),
(227, 'Dar Sabri', NULL, NULL, NULL, NULL, NULL, NULL, NULL, NULL, NULL, NULL, NULL, NULL, NULL, NULL, NULL, NULL, NULL, NULL, 0, NULL),
(228, 'The Sindbad', NULL, NULL, NULL, NULL, NULL, NULL, NULL, NULL, NULL, NULL, NULL, NULL, NULL, NULL, NULL, NULL, NULL, NULL, 0, NULL),
(229, 'Golden Tulip Carthage Tunis', NULL, NULL, NULL, NULL, NULL, NULL, NULL, NULL, NULL, NULL, NULL, NULL, NULL, NULL, NULL, NULL, NULL, NULL, 0, NULL),
(230, 'Diplomat', NULL, NULL, NULL, NULL, NULL, NULL, NULL, NULL, NULL, NULL, NULL, NULL, NULL, NULL, NULL, NULL, NULL, NULL, 0, NULL),
(231, 'Golden Tulip Sfax', NULL, NULL, NULL, NULL, NULL, NULL, NULL, NULL, NULL, NULL, NULL, NULL, NULL, NULL, NULL, NULL, NULL, NULL, 0, NULL),
(232, 'Biorivage', NULL, NULL, NULL, NULL, NULL, NULL, NULL, NULL, NULL, NULL, NULL, NULL, NULL, NULL, NULL, NULL, NULL, NULL, 0, NULL),
(233, 'Rhea Thalasso & Spa ', NULL, NULL, NULL, NULL, NULL, NULL, NULL, NULL, NULL, NULL, NULL, NULL, NULL, NULL, NULL, NULL, NULL, NULL, 0, NULL),
(234, 'Odyssée Résort Thalasso & Spa', NULL, NULL, NULL, NULL, NULL, NULL, NULL, NULL, NULL, NULL, NULL, NULL, NULL, NULL, NULL, NULL, NULL, NULL, 0, NULL),
(235, 'Hasdrubal Thalassa & Spa Yasmine Hammamet', NULL, NULL, NULL, NULL, NULL, NULL, NULL, NULL, NULL, NULL, NULL, NULL, NULL, NULL, NULL, NULL, NULL, NULL, 0, NULL),
(236, 'Lella Mariam Hotel & Club', NULL, NULL, NULL, NULL, NULL, NULL, NULL, NULL, NULL, NULL, NULL, NULL, NULL, NULL, NULL, NULL, NULL, NULL, 0, NULL),
(237, 'Résidence Belle Vue', NULL, NULL, NULL, NULL, NULL, NULL, NULL, NULL, NULL, NULL, NULL, NULL, NULL, NULL, NULL, NULL, NULL, NULL, 0, NULL),
(239, 'Club Oasis Marine', NULL, NULL, NULL, NULL, NULL, NULL, NULL, NULL, NULL, NULL, NULL, NULL, NULL, NULL, NULL, NULL, NULL, NULL, 0, NULL),
(240, 'Dar El Medina', NULL, NULL, NULL, NULL, NULL, NULL, NULL, NULL, NULL, NULL, NULL, NULL, NULL, NULL, NULL, NULL, NULL, NULL, 0, NULL),
(241, 'Hotel Club Président & Tunisian Village', NULL, NULL, NULL, NULL, NULL, NULL, NULL, NULL, NULL, NULL, NULL, NULL, NULL, NULL, NULL, NULL, NULL, NULL, 0, NULL),
(244, 'Magic Life Penelope Beach Imperial', NULL, NULL, NULL, NULL, NULL, NULL, NULL, NULL, NULL, NULL, NULL, NULL, NULL, NULL, NULL, NULL, NULL, NULL, 0, NULL),
(249, 'Daphne Club Skanes Beach', NULL, NULL, NULL, NULL, NULL, NULL, NULL, NULL, NULL, NULL, NULL, NULL, NULL, NULL, NULL, NULL, NULL, NULL, 0, NULL),
(250, 'Carthage Land Yasmine Hammamet', NULL, NULL, NULL, NULL, NULL, NULL, NULL, NULL, NULL, NULL, NULL, NULL, NULL, NULL, NULL, NULL, NULL, NULL, 0, NULL),
(252, 'Lido La Goulette', NULL, NULL, NULL, NULL, NULL, NULL, NULL, NULL, NULL, NULL, NULL, NULL, NULL, NULL, NULL, NULL, NULL, NULL, 0, NULL),
(253, 'Ezzahra Dar Tunis ', NULL, NULL, NULL, NULL, NULL, NULL, NULL, NULL, NULL, NULL, NULL, NULL, NULL, NULL, NULL, NULL, NULL, NULL, 0, NULL),
(254, 'Karnak travel', NULL, NULL, NULL, NULL, NULL, NULL, NULL, NULL, NULL, NULL, NULL, NULL, NULL, NULL, NULL, NULL, NULL, NULL, 0, NULL),
(255, 'Tunis Grand Hotel', 1, NULL, '71 235 700', NULL, NULL, 'reservation@tunisgrandhotel.com', NULL, NULL, NULL, 'Ariana', 'Ariana', NULL, NULL, NULL, 0, NULL, NULL, 219, 0, NULL),
(256, 'El Ksour', NULL, NULL, NULL, NULL, NULL, NULL, NULL, NULL, NULL, NULL, NULL, NULL, NULL, NULL, NULL, NULL, NULL, NULL, 0, NULL),
(257, 'Khayam Garden Beach Resort & Spa', NULL, NULL, NULL, NULL, NULL, NULL, NULL, NULL, NULL, NULL, NULL, NULL, NULL, NULL, NULL, NULL, NULL, NULL, 0, NULL),
(258, 'L''Orient Express', NULL, NULL, NULL, NULL, NULL, NULL, NULL, NULL, NULL, NULL, NULL, NULL, NULL, NULL, NULL, NULL, NULL, NULL, 0, NULL),
(259, 'Orange cruises', NULL, NULL, NULL, NULL, NULL, NULL, NULL, NULL, NULL, NULL, NULL, NULL, NULL, NULL, NULL, NULL, NULL, NULL, 0, NULL),
(260, 'Octasoft', 1, NULL, '23390 007', '58 341 886', NULL, 'support@octasoft.com.tn', NULL, 'Tunis', 1013, 'Tunis', NULL, NULL, NULL, NULL, 0, NULL, NULL, 219, 0, NULL),
(261, 'Medinah Voyages', 1, NULL, '71 335  444/', NULL, '71 337 604', 'commercial7@madinahvoyages.tn', NULL, 'Tunis', NULL, 'Tunis', NULL, NULL, NULL, NULL, 0, NULL, NULL, NULL, 0, NULL),
(262, 'SONEDE', 1, NULL, '71343277/Poste 105', '71346217', NULL, 'mutuelle@sonede.com.tn', NULL, 'Tunis', NULL, 'Tunis', NULL, '032937TNP000', NULL, NULL, 0, NULL, NULL, 219, 0, NULL),
(265, 'Hasdrubal Thalassa & Spa Hammamet', 1, NULL, '72 244 000', NULL, '72244 925', 'dghammamet@hasdrubal-thalassa.com', NULL, 'Yasmine Hammamet', NULL, 'Hammamet', NULL, NULL, NULL, NULL, 0, NULL, NULL, 219, 0, NULL),
(267, 'BRAVO Hammamet', 1, NULL, '72240 354', '29165 008', '72240 157', 'sales@bravo-hotels.com', NULL, 'YASMINE HAMMAMET', NULL, NULL, NULL, NULL, NULL, NULL, 0, NULL, NULL, 219, 0, NULL),
(268, 'El Fell', 1, NULL, '72 32 25 25', NULL, '216 72 32 28 38', 'karim.elfell@gmail.com', NULL, 'Hammamet', 8057, 'Hammamet', NULL, NULL, NULL, NULL, 0, NULL, NULL, NULL, 0, NULL),
(269, 'Byzance', 1, NULL, '72 271 299', NULL, '72 287 164', NULL, NULL, 'Boulvard de la corniche Nabeul', 8000, 'Nabeul', NULL, NULL, NULL, NULL, 0, NULL, NULL, NULL, 0, NULL),
(270, 'Ring Tours', 1, NULL, '+33 (0)1 49 27 70 32', NULL, '+33 (0)1 47 57 83 45', 'paola@ringtours.fr', 'www.ringtours.fr', '64, rue Louise Michel', 92300, 'Paris', 'Levallois-Perret', NULL, NULL, NULL, 0, NULL, NULL, 1, 0, NULL),
(271, 'La Badira', 1, NULL, '72 262 812', NULL, NULL, 'booking@labadira.com.tn', NULL, 'AVENUE Hedi Noira Hammamet', 8050, NULL, NULL, '1210788 A/A/M 000', 'B24141432011', NULL, 0, NULL, NULL, 219, 0, NULL),
(272, 'DIar Lemdina', 1, NULL, '72241 959', NULL, '72241 955', 'reservation.solaria@medina.com.tn', NULL, 'YASMINE HAMMAMET', 8057, 'Hammamet', NULL, '035743Y/ A/M', NULL, NULL, 0, NULL, NULL, 219, 0, NULL),
(273, 'SENTIDO LE SULTAN', 1, NULL, '72280 588', NULL, '72280 373', 'info@lesultan.com', NULL, 'Hammamet', 8050, 'Hammamet', NULL, '012732 W/A/M/000', NULL, NULL, 0, NULL, NULL, 219, 0, NULL),
(274, 'SENTIDO PHENICIA', 1, NULL, '72 226 533', NULL, NULL, 'reservation.phenicia@planet.tn', NULL, 'HAMMAMET AVENUE EL MONCE BEY', 8039, 'HAMMAMET', NULL, NULL, NULL, NULL, 0, NULL, NULL, NULL, 0, NULL),
(275, 'LE ROYAL', 1, NULL, '72 244 999', '98430863', '72244315', 'reservation@leroyal-hammamet.com', NULL, 'YASMINE HAMMAMET', 8050, 'Hammamet', NULL, NULL, NULL, NULL, 0, NULL, NULL, NULL, 0, NULL),
(276, 'Radissson Hammamet', 1, NULL, '72 101 000', NULL, '72282995', 'sales.hammamet@radissonblu.com', NULL, 'AVENUE HEDI NOUIRA HAMMAMET', 8050, 'Hammamet', NULL, NULL, NULL, NULL, 0, NULL, NULL, 219, 0, NULL),
(277, 'Paradis Palace', 1, NULL, '72310530', NULL, '72226860', 'commercial.paradis@topnet.tn', NULL, 'AVENUE DE LA PAIX HAMMAMET', 8050, 'Hammamet', NULL, NULL, NULL, NULL, 0, NULL, NULL, NULL, 0, NULL),
(278, 'LA COURONNE', 1, NULL, '58 460 782', '31 504 624 / 625', '72 227 272', 'reservation@lacouronnehotelclub.com', NULL, 'AVENUE DE LA PAIX HAMMAMET', 8050, 'Hammamet', NULL, 'RIB ATB 013010291100005738', NULL, NULL, 0, NULL, NULL, NULL, 0, NULL),
(279, 'Hotel Nesrine', 1, NULL, '72226 244', '72 310 420', '72226636', 'resa@hotel-nesrine.com', NULL, 'AVENUE DE LA PAIX HAMMAMET', 8050, 'Hammamet', NULL, NULL, NULL, NULL, 0, NULL, NULL, NULL, 0, NULL),
(280, 'Nahrawess', 1, NULL, '72284077', NULL, '72282625', 'reservation.solaria@medina.com.tn', NULL, 'Route Touristique Nord Hammamet', 8050, 'Hammamet', NULL, NULL, NULL, NULL, 0, NULL, NULL, 219, 0, NULL),
(281, 'Menara', 1, NULL, '72226999', NULL, '72227336', 'hotel.lilas@olanet.tn', NULL, 'AVENUE DE LA PAIX HAMMAMET', 8050, 'Hammamet', NULL, NULL, NULL, NULL, 0, NULL, NULL, NULL, 0, NULL),
(282, 'Khayem', 1, NULL, '72322630', NULL, '72322812', 'commercial@khayemhotels.com', NULL, 'Hammamet', 8050, 'Hammamet', NULL, 'rib 073030034 101 10829557', NULL, NULL, 0, NULL, NULL, NULL, 0, NULL),
(283, 'Rui Marco Polo', 1, 'Chaine Riu', '72244 222', NULL, '72 244 035', 'riu.reservation@hotelmarcopolo.com.tn', NULL, 'YASMINE HAMMAMET', 8057, 'Hammamet', NULL, NULL, NULL, NULL, 0, NULL, NULL, 219, 0, NULL),
(284, 'Riu Palace Oceana', 1, 'chaine Riu', '72 227 227', NULL, '72 227 066', 'riu.resa@oceana.tourism.tn', NULL, 'Jinene Hammamet', 8050, 'Hammamet', NULL, NULL, NULL, NULL, 0, NULL, NULL, NULL, 0, NULL),
(285, 'Nozha Beach', 1, 'chaine Vincci', '72 322 612', NULL, '72 322 883', 'reservation.nozhabeach@vinccitunisia.com', NULL, 'Route Touristique', 8057, 'Hammamet', NULL, NULL, NULL, NULL, 0, NULL, NULL, NULL, 0, NULL),
(286, 'Mehari Hammaet', 1, 'Golden Yasmine', '72241900', NULL, '72 241 290', 'mehari.hammamet@goldenyasmine.com', NULL, 'YASMINE HAMMAMET', 8050, 'Hammamet', NULL, '1447956 N/A/M 000', NULL, NULL, 0, NULL, NULL, NULL, 0, NULL),
(287, 'Club Président', 1, NULL, '72 322 611', '27 227 327', '72 322 950', 'ezzeddine@hotelclubpresident.com', NULL, 'Route Touristique Mrazka', 8056, 'Hammamet', NULL, NULL, NULL, NULL, 0, NULL, NULL, NULL, 0, NULL),
(288, 'AZUR PLAZA', 1, NULL, '72 224 256', NULL, NULL, 'c.plaza@topnet.tn', NULL, 'Hammamet Nord', 8050, 'Hammamet', NULL, NULL, NULL, NULL, 0, NULL, NULL, NULL, 0, NULL),
(289, 'The Russelior', 1, 'chaine Riu', '72245 000', '98 702 315', '72245 345', 'saoussen.sbaouelgi@therusselior.com', NULL, 'Hammamet Sud', 8040, 'Hammamet', NULL, NULL, NULL, NULL, 0, NULL, NULL, 219, 0, NULL),
(290, 'Laico Hammamet', 1, NULL, '72240 666', NULL, '72240 377', 'reservations.laicohammamet@laicohotels.com', NULL, 'YASMINE HAMMAMET', 8050, 'Hammamet', NULL, NULL, NULL, NULL, 0, NULL, NULL, NULL, 0, NULL),
(291, 'Eden Yasmine', 1, NULL, '72247 030', NULL, '72241 009', 'commercial@hoteledenyasmine.com', NULL, 'YASMINE HAMMAMET', 8057, 'Hammamet', NULL, NULL, NULL, NULL, 0, NULL, NULL, NULL, 0, NULL),
(292, 'Diar Lemdina', 1, NULL, '72 241 000', NULL, '72240 553', 'reservation@medina.com.tn', NULL, 'YASMINE HAMMAMET', 8057, 'Hammamet', NULL, NULL, NULL, NULL, 0, NULL, NULL, 219, 0, NULL),
(293, 'Yadis Eden Village', 1, NULL, '72 322 022', NULL, '72 322 470', 'resa.yadishammamet@edenvillage.com.tn', NULL, 'Hammamet Nord', 8050, 'Hammamet', NULL, NULL, NULL, NULL, 0, NULL, NULL, NULL, 0, NULL),
(294, 'Regency Hammamet', 1, NULL, '72226 222', NULL, '72 227 200', 'regency.hammamet@planet.tn', NULL, 'Avenue de la paix Hammamet', 8050, 'Hammamet', NULL, NULL, NULL, NULL, 0, NULL, NULL, 219, 0, NULL),
(295, 'The Sindbad', 1, NULL, '72240122', NULL, '72280004', 'reservation@the-sindbad.com', NULL, 'Hammamet', NULL, NULL, NULL, NULL, NULL, NULL, 0, NULL, NULL, 219, 0, NULL),
(296, 'Sol Azur', 1, NULL, '72 280 544', NULL, '72278 769', 'dcommercial@orangers.com.tn', NULL, 'Hammamet', 8050, 'Hammamet', NULL, NULL, NULL, NULL, 0, NULL, NULL, 219, 0, NULL),
(297, 'Riu Marillia', 1, 'chaine Riu', '72244640', NULL, '72244 632', 'riu.marillia@topnet.tn', NULL, 'yasmine Hammamet', 8050, 'Hammamet', NULL, NULL, NULL, NULL, 0, NULL, NULL, 219, 0, NULL),
(298, 'Sol Azur Beach Congrés', 1, NULL, '72 280544', NULL, '72278 769', 'dcommercial@orangers.com.tn', NULL, 'YASMINE HAMMAMET', 8050, 'Hammamet', NULL, NULL, NULL, NULL, 0, NULL, NULL, 219, 0, NULL),
(299, 'Royal Nozha', 1, 'chaine Vincci', '72 322 800', NULL, '72 322 640', 'nozha.resa@gnet.tn', NULL, 'Hammamet', 8057, 'Hammamet', NULL, NULL, NULL, NULL, 0, NULL, NULL, 219, 0, NULL),
(300, 'Dar El Olf', 1, NULL, '72 241 544', '58 701 184', '72 244 419', 'commercial@hotel-elolf.com', NULL, 'YASMINE HAMMAMET', 8057, 'Hammamet', NULL, NULL, NULL, NULL, 0, NULL, NULL, 219, 0, NULL),
(301, 'Houda Yasmine', 1, NULL, '72 245 444', NULL, '72 245 199', 'resa.yasmine@houdahotelstunisia.com', NULL, 'Hammamet', 8050, 'Hammamet', NULL, NULL, NULL, NULL, 0, NULL, NULL, 219, 0, NULL),
(302, 'l''atrium', 1, NULL, '72 241 879', NULL, '72241 805', 'direction.commerciale@hotel-atrium-hammamet.com', NULL, 'YASMINE HAMMAMET', 8057, 'Hammamet', NULL, NULL, NULL, NULL, 0, NULL, NULL, NULL, 0, NULL),
(303, 'Riu MARHABA HAMMAMET', 1, 'chaine Riu', '72 226 555', NULL, '72 227 301', 'riu.RESAPALACEHAMMARHABA@PLANET.TN', NULL, 'Jinene Hammamet', 8050, 'Hammamet', NULL, NULL, NULL, NULL, 0, NULL, NULL, NULL, 0, NULL),
(304, 'Iberostar Averroes', 1, NULL, '72 240 400', NULL, '72240 140', 'resa.averroes@iberostar.com.tn', NULL, 'YASMINE HAMMAMET', 8050, 'Hammamet', NULL, NULL, NULL, NULL, 0, NULL, NULL, NULL, 0, NULL),
(305, 'Chichkhan', 1, NULL, '72245 400', '29 361 408', '72245 440', 'reservations.laicohammamet@laicohotels.com', NULL, 'YASMINE HAMMAMET', 8050, 'Hammamet', NULL, NULL, NULL, NULL, 0, NULL, NULL, NULL, 0, NULL),
(306, 'Zodiac', 1, NULL, '72 244 085', NULL, NULL, 'resa@hotelzodiac.com', NULL, 'Hammamet', NULL, 'Hammamet', NULL, NULL, NULL, NULL, 0, NULL, NULL, 219, 0, NULL),
(307, 'Saphir Palace', 1, NULL, '72 241 600', NULL, '72 241 222', 'resa@saphirpalace.com.tn', NULL, 'Hammamet', 8056, 'Hammamet', NULL, 'Rib Biat 0802 501 109 10 00 120 522', NULL, NULL, 0, NULL, NULL, NULL, 0, NULL),
(308, 'Palm Beach Club Hammamet', 1, NULL, '72 280 333', NULL, NULL, 'PalmBeachClubHammamet.Resa@palmbeach.com.tn', NULL, 'Zone touristique Hammamet Nord', 8056, 'Hammamet', NULL, NULL, NULL, NULL, 0, NULL, NULL, NULL, 0, NULL),
(309, 'ALHAMBRA', 1, NULL, '72 241324', '58458 040/58458029', '72 241 320', 'booking@alhambra-hotelsthalasso.com', NULL, 'Hammamet', 8050, 'Hammamet', NULL, NULL, NULL, NULL, 0, NULL, NULL, NULL, 0, NULL),
(310, 'Les Colombes', 1, NULL, '72 322 777', NULL, '72 322 799', 'colombes.resa@topnet.tn', NULL, 'Hammamet', 8050, 'Hammamet', NULL, NULL, NULL, NULL, 0, NULL, NULL, NULL, 0, NULL),
(311, 'El Mouradi  Hammamet', 1, 'Chaine El Mouradi', '72 244 100', NULL, '72 244 607', 'res.hammamet@elmouradi.com', NULL, NULL, 8050, 'Hammamet', NULL, NULL, NULL, NULL, 0, NULL, NULL, 219, 0, NULL),
(312, 'El Moyuradi El Menzah', 1, NULL, '72 244 700', NULL, '72 244 666', 'res.elmenzah@elmouradi.com', NULL, 'Hammamet', 8050, 'Hammamet', NULL, NULL, NULL, NULL, 0, NULL, NULL, 219, 0, NULL),
(313, 'TTS HOTELS', 1, NULL, NULL, NULL, NULL, 'rached.somai@tts.com.tn', NULL, NULL, NULL, NULL, NULL, NULL, NULL, NULL, 0, NULL, NULL, NULL, 0, NULL),
(314, 'Kheops', 1, NULL, '72 286 555', NULL, '72 286 024', 'hotel.kheops@planet.tn', NULL, 'AVENUE MOHAMED V', 8019, 'Nabeul', NULL, NULL, NULL, NULL, 0, NULL, NULL, NULL, 0, NULL),
(315, 'Residence Esaada', 1, NULL, '72423 535', '22797052/55797 051', '72 423 790', 'residence-essaada@gnet.tn', NULL, 'Bizerte Route Touristique', 7000, NULL, NULL, 'Rib 10200 011 0663633 788 04 stb', NULL, NULL, 0, NULL, NULL, NULL, 0, NULL),
(316, 'AL RAWABI', 1, NULL, '78 470 576', NULL, '78 470 608', NULL, NULL, 'Route de Bizerte Nefza', 9010, 'Nefza', NULL, NULL, NULL, NULL, 0, NULL, NULL, 219, 0, NULL),
(317, 'Residence Jalta', 1, NULL, '72 439 949', '98 440 945', '72 439 664', 'contact@hoteljaltabizerte.com', NULL, 'Route touristique  la Corniche', 7000, 'Bizerte', NULL, NULL, NULL, NULL, 0, NULL, NULL, NULL, 0, NULL),
(318, 'Moevenpick Sousse', 1, NULL, '73202 000', NULL, '73 202 111', 'farah.chaabane@moevenpick.com', NULL, 'Boulvard 14 janvier', NULL, 'sousse', NULL, NULL, NULL, NULL, 0, NULL, NULL, 219, 0, NULL),
(319, 'Dessole Riviera', 1, 'Chaine Dessole', '73 246 180', NULL, NULL, NULL, NULL, 'Port el Kantaoui', 4089, 'sousse', NULL, NULL, NULL, NULL, 0, NULL, NULL, NULL, 0, NULL),
(320, 'Hasdrubal Sousse', 1, NULL, '73 348 944', NULL, '73 348 969', 'kantaoui@hasdrubal-thalassa.com', NULL, 'Port El Kantaoui', NULL, 'sousse', NULL, NULL, NULL, NULL, 0, NULL, NULL, 219, 0, NULL),
(321, 'Iberostar Diar Andalous', 1, 'Chaine Iberostar', '73 246 200', NULL, '73246 348', 'resa.diarandalous@iberostar.tn', NULL, 'Port El Kantaoui', 4089, 'sousse', NULL, NULL, NULL, NULL, 0, NULL, NULL, 219, 0, NULL),
(322, 'Marhaba Palace', 1, 'chaine Marhaba', '73 541 966', NULL, '73 541 966', 'marhaba.palace@planet.tn', NULL, NULL, NULL, 'sousse', NULL, NULL, NULL, NULL, 0, NULL, NULL, 219, 0, NULL),
(323, 'Marhaba Royal Salem', 1, NULL, '71 271 588', NULL, '73 246 348', 'hroyal.salem@planet.tn', NULL, 'Boulvard 14 Janvier', NULL, 'sousse', NULL, NULL, NULL, NULL, 0, NULL, NULL, 219, 0, NULL),
(324, 'Riu Imperial Marhaba', 1, NULL, '73 246 477', NULL, '73 246 377', 'imperial.marhaba@planet.tn', NULL, 'Port El Kantaoui', 4089, 'sousse', NULL, NULL, NULL, NULL, 0, NULL, NULL, NULL, 0, NULL),
(325, 'Riu Bellevue park', 1, NULL, '73 246 300', NULL, '73 246 392', 'riu.bellevuepark@planet.tn', NULL, 'Port El Kantaoui', 4089, 'sousse', NULL, NULL, NULL, NULL, 0, NULL, NULL, NULL, 0, NULL),
(326, 'Hannibal Palace', 1, NULL, '73 348 577', NULL, '73 348 321', 'hannibal.elhana@planet.tn', NULL, 'Port El Kantaoui', 4089, 'sousse', NULL, NULL, NULL, NULL, 0, NULL, NULL, NULL, 0, NULL),
(327, 'Houria Palace', 1, NULL, '73348 250', NULL, '73 348 240', 'commercial@houriapalace.com.tn', NULL, 'Port El Kantaoui', 4089, 'sousse', NULL, NULL, NULL, NULL, 0, NULL, NULL, 219, 0, NULL),
(328, 'El Kantaoui Center', 1, NULL, '73346 801', '98 744 458', '73 346901', 'amine.boumiza@hotel-elkantaouicenter.com', NULL, 'Route Touriqtique el Kantaoui', 4089, 'sousse', NULL, NULL, NULL, NULL, 0, NULL, NULL, 219, 0, NULL),
(329, 'Delphin Hotels & Resorts', 1, NULL, '73466 750', NULL, '73 466 751', 'c.delphingroup@gmail.com', NULL, 'Monastir Avenue Habib Bourguiba', 5000, 'Monastir', NULL, NULL, NULL, NULL, 0, NULL, NULL, NULL, 0, NULL),
(330, 'Ramada Liberty', 1, NULL, '73 520 259', NULL, '73 520 250', 'ramada.liberty@tunet.tn', NULL, 'Zone Touristique Skanes Monastir', 5000, 'Monastir', NULL, NULL, NULL, NULL, 0, NULL, NULL, 219, 0, NULL),
(331, 'Thalassa Monastir', 1, NULL, ':73 520 520', NULL, NULL, 'booking.monastir@thalassa-hotels.com', NULL, '5 Route Touristique Skanes B.P., Monastir 5060', 5000, 'Monastir', NULL, NULL, NULL, NULL, 0, NULL, NULL, NULL, 0, NULL),
(332, 'Mahdia Beach', 1, NULL, '73 682 000', NULL, '73 682 686', 'mahdia.beach@gnet.tn', NULL, 'Zone Touriqtique', 5100, 'Madia', NULL, NULL, NULL, NULL, 0, NULL, NULL, NULL, 0, NULL),
(333, 'Mahdia Palace', 1, NULL, '73 683 777', NULL, '73 683 810', 'info@mahdiapalace.com', NULL, 'Zone Touriqtique', 5100, 'Madia', NULL, NULL, NULL, NULL, 0, NULL, NULL, NULL, 0, NULL),
(334, 'Iberostar Royal Mansour', 1, NULL, '73 681 100', NULL, '73 691 100', 'res.royal.mansour@iberostar.tn', NULL, 'Route de la corniche Mahdia', 5100, 'Madia', NULL, NULL, NULL, NULL, 0, NULL, NULL, 219, 0, NULL);
INSERT INTO `ost_com_fournisseur` (`id`, `nomPrenom`, `type`, `nomAltervatif`, `tel1`, `tel2`, `fax`, `email`, `siteWeb`, `adresse`, `codePostal`, `ville`, `gouvernorat`, `matriculeFiscale`, `registreCommercie`, `codeDouane`, `tva`, `formeJuridique`, `url`, `pays_id`, `etranger`, `typeActivite_id`) VALUES
(335, 'Hotel La kasbah', 1, 'chaine golden yasmine', '77 237 301', NULL, '77 237 302', 'kasbah.kairouan@goldenyasmine.com', NULL, 'cité la mosquée', NULL, 'kairouan', NULL, NULL, NULL, NULL, 0, NULL, NULL, NULL, 0, NULL),
(336, 'Riu Palm Azur', 1, 'chaine Riu', '75 750 700', NULL, '75 750 710', 'riu.palmazurresa@palmazur.com.tn', NULL, 'zone touristique Djerba', NULL, 'djerba .midoun', NULL, NULL, NULL, NULL, 0, NULL, NULL, 219, 0, NULL),
(337, 'Residence Chahd', 1, NULL, '75 759 762', NULL, '75 759 770', 'contact@chahd-residence.tn', NULL, 'zone touristique  Djerba', NULL, 'DJERBA', NULL, NULL, NULL, NULL, 0, NULL, NULL, 219, 0, NULL),
(338, 'Yadis Djerba', 1, 'chaine Yadis', '75 7474 410', NULL, '75 74 72 23', 'sales.yadisdjerba@yadis.com', NULL, 'Djerba Midoun', NULL, 'djerba', NULL, NULL, NULL, NULL, 0, NULL, NULL, NULL, 0, NULL),
(339, 'Seabel Rym Beach', 1, NULL, '75 74 56 14', NULL, '75 74 50 70', 'rafik@seabelhotels.com', NULL, 'Djerba', NULL, 'djerba', NULL, NULL, NULL, NULL, 0, NULL, NULL, 219, 0, NULL),
(340, 'Riu Palace Royal Garden', 1, NULL, '75 745 777', NULL, '75 745 769', 'riu.royalgardenresa@planet.tn', NULL, 'Zonne Touristique Sidi Akkour', NULL, 'Djerba', NULL, NULL, NULL, NULL, 0, NULL, NULL, 219, 0, NULL),
(341, 'Vincci Djerba Resort', 1, 'CHAINE VINCCI', '75 730 400', NULL, '75 731 105', 'reservation.djerbaresort@vinccitunisia.com', NULL, 'Djerba Tunis', NULL, 'DJERBA', NULL, NULL, NULL, NULL, 0, NULL, NULL, 219, 0, NULL),
(342, 'Vincci Helios Beach', 1, NULL, '75 745110', NULL, '75 745 111', 'reservation.heliosbeach@vinccitunisia.com', NULL, 'Djerba Tunis', NULL, 'djerba', NULL, NULL, NULL, NULL, 0, NULL, NULL, 219, 0, NULL),
(343, 'Bravo Djerba', 1, 'bravo hotels', '75 751 200', NULL, '75 754 300', 'resa.djerba@bravo-hotels.com', NULL, 'zone touristique Aghir', 4116, 'djerba', NULL, 'rib 23 015 1015002393001 27 QNB', NULL, NULL, 0, NULL, NULL, 219, 0, NULL),
(344, 'Iberostar Mehari Djerba', 1, NULL, '75 745 240', NULL, '75  746 952', 'meharidjerba@iberostar.com.tn', NULL, 'Zone Touriqtique mIdoun', 4116, 'DJERBA', NULL, NULL, NULL, NULL, 0, NULL, NULL, 219, 0, NULL),
(345, 'Meninx', 1, NULL, '75 732 051', NULL, '75 732167', 'reservation.meninx@planet.tn', NULL, 'Midoun', 4116, 'Djerba', NULL, NULL, NULL, NULL, 0, NULL, NULL, 219, 0, NULL),
(346, 'Eden Star', 1, NULL, '75 706 333', NULL, '75 706 334', 'direction.commercial@edenstar.com.tn', NULL, 'Zone touristique Zarzis', NULL, 'zarzis', NULL, NULL, NULL, NULL, 0, NULL, NULL, NULL, 0, NULL),
(349, 'Mehari Douz', 1, NULL, '75 470 481', '75 471 589', '75 471, 589', 'mehari.douz@goldenyasmin.com', NULL, 'Douz', NULL, 'Douz', NULL, NULL, NULL, NULL, 0, NULL, NULL, 219, 0, NULL),
(350, 'Hafsi Tozeur', 1, NULL, '76 452 101', NULL, '76 452 588', 'info@hotel-hafsi.com', NULL, NULL, NULL, 'tozeur', NULL, NULL, NULL, NULL, 0, NULL, NULL, NULL, 0, NULL),
(351, 'Diar Abouhabibi', 1, NULL, '76 460 270', '22 374 300', NULL, NULL, NULL, 'Route de TOUAREG', 2200, 'Tozeur', NULL, NULL, NULL, NULL, 0, NULL, NULL, NULL, 0, NULL),
(352, 'Yadis Ksar Ghilene', 1, NULL, '75 62 18 70', NULL, '75 62 18 71', 'resa.yadisksarghilane@yadis.com', NULL, 'ksar ghilene', 4260, 'Douz', NULL, NULL, NULL, NULL, 0, NULL, NULL, NULL, 0, NULL),
(353, 'Dar Ismail Tabarka', 1, NULL, '78 670 188/120', NULL, '78 670 433', 'reservation@shti.com.tn', NULL, 'Zone Touristique Tabarka', NULL, 'Tabarka', NULL, NULL, NULL, NULL, 0, NULL, NULL, 219, 0, NULL),
(354, 'Dar Ismail Les sources de Korbous', 1, NULL, '72 284 540', NULL, '72 284 601', 'resa.korbous@shti.com.tn', NULL, NULL, NULL, NULL, NULL, NULL, NULL, NULL, 0, NULL, NULL, 219, 0, NULL),
(355, 'Dar Ismail Nour El Ain', 1, NULL, '78 655 000', NULL, '78 655 185', 'support.sales@shti.com.tn', NULL, 'AIN DRAHEM', 8130, 'AIN DRAHEM', NULL, '795446 V/A/M/000', NULL, NULL, 0, NULL, NULL, 219, 0, NULL),
(356, 'Hammam Bourguiba', 1, NULL, ':78 654 055', NULL, '73 246 250', 'sales.hb@elmouradi.com', NULL, NULL, NULL, 'Ain Drahem', NULL, NULL, NULL, NULL, 0, NULL, NULL, 219, 0, NULL),
(357, 'Yadis Morjene Tabarka', 1, NULL, '78 673 107', NULL, '78 673 888', 'info.morjenetabarka@yadis.com', NULL, 'Tabarka', NULL, 'Tabarka', NULL, '0074954/T', NULL, NULL, 0, NULL, NULL, 219, 0, NULL),
(358, 'Itropika', 1, NULL, '78 673 300', NULL, '78 673 301', 'itropika@planet.tn', NULL, 'zone touristiqueTabarka', 8110, 'tabarka', NULL, NULL, NULL, NULL, 0, NULL, NULL, 219, 0, NULL),
(359, 'Dar Zaghouan', 1, NULL, '24309309', '26781 581', '72 675 422', 'darzaghouan@gmail.com', NULL, 'ZAGHOUAN', NULL, 'Zaghouan', NULL, NULL, NULL, NULL, 0, NULL, NULL, 219, 0, NULL),
(360, 'Golden Tulip El Mechtel', 1, NULL, '71 703 200', NULL, '71 781 735', 'bdm@goldentulipelmechtel.com', NULL, 'Avenue Ouled Hafouz', 1005, 'tunis', NULL, NULL, NULL, NULL, 0, NULL, NULL, 219, 0, NULL),
(361, 'Tunisia Palace', 1, 'KRAYMI', '71 242 700', NULL, '71 242 555', 'contact@tunisiapalace.com', NULL, '13 Avenue de la France', 1000, 'Tunis', NULL, NULL, NULL, NULL, 0, NULL, NULL, 219, 0, NULL),
(362, 'Le Pacha', 1, NULL, '71 908 211', NULL, '71 909 418', 'contact@lepacha.com.tn', NULL, 'Tunis', 1013, 'Tunis', NULL, '015063 T/A/M/000', NULL, NULL, 0, NULL, NULL, NULL, 0, NULL),
(363, 'The Penthouse', 1, NULL, '71 811 766', NULL, '71 811 767', 'commercial@thepenthouse.tn', NULL, 'Ennasr 2 Ariana', NULL, 'Tunis', NULL, NULL, NULL, NULL, 0, NULL, NULL, 219, 0, NULL),
(364, 'Ramada Plaza', 1, NULL, '71 911 100', NULL, '71 910 041', 'messaoud@ramadaplazatunis.com', NULL, 'les cotes de carthage Gammarth', NULL, 'tunis', NULL, NULL, NULL, NULL, 0, NULL, NULL, 219, 0, NULL),
(365, 'Yadis Iben Khaldoun', 1, NULL, '71 832 211', NULL, '71 831 689', 'info.khaldountunis@yadis.com', NULL, 'zone industrielle Ariana', NULL, 'tunis', NULL, NULL, NULL, NULL, 0, NULL, NULL, 219, 0, NULL),
(366, 'Africa', 1, NULL, '71 34 74 77', NULL, '71 34 74 32', 'info.africa@elmouradi.com', NULL, 'Avenue Habib Bourguiba', 1001, 'Tunis', NULL, NULL, NULL, NULL, 0, NULL, NULL, 219, 0, NULL),
(367, 'Busness Hotel', 1, NULL, '71 900 555', NULL, '71 900655', 'daf@busnesshotel.com', NULL, '1073 Tunuis', 1073, 'Tunis', NULL, NULL, NULL, NULL, 0, NULL, NULL, 219, 0, NULL),
(368, 'el Mouradi Skanes', 1, NULL, '73 521 999', NULL, '73 521 208', 'res.skanesbeach@elmouradi.com', NULL, 'Monastir', NULL, 'Monastir', NULL, NULL, NULL, NULL, 0, NULL, NULL, NULL, 0, NULL),
(369, 'Nour Palace', 1, NULL, '73 682 500', '92 616 717', '73 682 470', 'reservation@hotelnourpalace.com.tn', NULL, 'Mahdia', NULL, 'Mahdia', NULL, NULL, NULL, NULL, 0, NULL, NULL, NULL, 0, NULL),
(370, 'Caribbean World Mahdia', 1, NULL, '73 682 400', '26 285 800', '73 682 606', 'cwmahdia.resa@caribbeanworld.com.tn', NULL, NULL, NULL, NULL, NULL, NULL, NULL, NULL, 0, NULL, NULL, NULL, 0, NULL),
(371, 'Marina Prestige', 1, NULL, '78 671 201', NULL, '87 670200', 'contact@marinaprestige.com', NULL, 'Tabarka', 8110, 'Tabarka', NULL, NULL, NULL, NULL, 0, NULL, NULL, 219, 0, NULL),
(372, 'Royal Nozha', 1, NULL, '72322 800', NULL, '72 322 640', 'mchouchene@gnet.tn', NULL, 'Hammamet', 8050, 'Hammamet', NULL, '0341829L/A/M/000', NULL, NULL, 0, NULL, NULL, 219, 0, NULL),
(373, 'Carthage Thalasso', 1, NULL, '71 910 111', NULL, '71 913 140', 'sales.events@carthagethalassoresort.com', NULL, 'la marsa', NULL, 'tunis', NULL, '043026W/A/M/000', 'B160971996', NULL, 0, 3, NULL, 219, 0, NULL),
(374, 'Ksar Ezzit', 1, NULL, '72 316 020', '28405 999', '72 316 025', 'commercial@ksarezzit.com', NULL, 'Zaghouan', NULL, 'ZAGHOUAN', NULL, NULL, NULL, NULL, 0, NULL, NULL, NULL, 0, NULL),
(375, 'Moevenpick Gammarth', 1, NULL, '71  741 444', NULL, '71 740 400', 'hotel.gammarth.sales@moevenpick.com', NULL, 'la Marsa Avenu Taieb Mhiri', 2078, 'tunis', NULL, NULL, NULL, NULL, 0, NULL, NULL, 219, 0, NULL),
(376, 'Carribbean world Mahdia', 1, NULL, '26 285 800', '26 285 800', NULL, 'cwmahdia.resa@caribbeanworld.com.tn', NULL, 'Zone Touristique Mahdia', NULL, 'Mahdia', NULL, NULL, NULL, NULL, 0, NULL, NULL, 219, 0, NULL),
(377, 'Yasmine Beach', 1, NULL, '72 244 508', '72 244 148', NULL, 'yasminebeach.resa@sunnyhotels.com.tn', NULL, 'YASMINE HAMMAMET', 8057, 'Hammamet', NULL, NULL, NULL, NULL, 0, NULL, NULL, NULL, 0, NULL),
(378, 'Eden Village el Borj', 1, NULL, '3 683 700', NULL, '73 683632', 'resa.elborj@edenvillage.com.tn', NULL, 'Mahdia', NULL, 'Mahdia', NULL, NULL, NULL, NULL, 0, NULL, NULL, 219, 0, NULL),
(379, 'One Resort', 1, NULL, '73 521 833', NULL, '73521 450', 'resa.onehotelsandresorts@planet.tn', NULL, 'Monsatir', NULL, 'Monastir', NULL, NULL, NULL, NULL, 0, NULL, NULL, NULL, 0, NULL),
(380, 'Tej Sultan', 1, NULL, '72 240 290', '23 454 041', '72 240 411', 'reservation.tajsultan@vinccitunisia.com', NULL, 'Hammamet', 8050, 'Hammamet', NULL, NULL, NULL, NULL, 0, NULL, NULL, NULL, 0, NULL),
(381, 'Evasions loisirs', 2, NULL, '71 833 155', NULL, '71 833 155', 'contact@evasionloisirs.com', NULL, '41 Rue Lafayette', 1002, 'Tunis', NULL, NULL, NULL, NULL, 0, NULL, NULL, 219, 0, NULL),
(382, 'E Tunisien Travel', 1, NULL, '71 885 029', '22 143 622', '71 885 037', 'etunisiantravel@yahoo.fr', NULL, 'El Manar II', NULL, 'Tunis', NULL, NULL, NULL, NULL, 0, NULL, NULL, 219, 0, NULL),
(383, 'Booking Travel', 1, NULL, '70 731 041', NULL, '70731040', NULL, NULL, 'Avenue de l''environnement Esadaka Ariana', NULL, 'Tunis', NULL, NULL, NULL, NULL, 0, NULL, NULL, 219, 0, NULL),
(384, 'Mercan Tourisme', 1, NULL, '0090-212 2337846', '0090-543 294 7978', '0090-212 2323954', NULL, NULL, 'Mercan Tourisme', NULL, 'Tunis', NULL, NULL, NULL, NULL, 0, NULL, NULL, 219, 0, NULL),
(385, 'Karnak Travel', 1, NULL, '71 862 999', NULL, '71 963 273', NULL, NULL, NULL, NULL, NULL, NULL, NULL, NULL, NULL, 0, NULL, NULL, NULL, 0, NULL),
(386, 'Tour', 1, NULL, '71 816 255', '58 374 754', '71 816 377', NULL, NULL, 'Avenue Hedi Nouira Ennasr 2', NULL, 'Tunis', NULL, NULL, NULL, NULL, 0, NULL, NULL, 219, 0, NULL),
(387, 'L''orient Express', 1, NULL, '72246 310', '22957053/53 335 830', NULL, 'manager@lorient-express.biz', NULL, 'Tunis', 1013, 'Tunis', NULL, NULL, NULL, NULL, 0, NULL, NULL, 219, 0, NULL),
(388, 'Amel Voyage', 1, NULL, '71 908 329', NULL, '71 906 405', 'info@amelvoyages.com', NULL, '75 Avenue Kheredine Pacha Mont Plaisir', 1013, 'Tunis', NULL, '884116/A/A/M/000', 'D2480622004', NULL, 0, NULL, NULL, NULL, 0, NULL),
(389, 'Au Coeur De Dessert', 1, NULL, '76 453 660', '98 213 077', '76 453 515', 'aucoeur.dudesert@gnet.tn', NULL, 'Route Touristique Tozeur', 2200, 'Tozeur', NULL, NULL, NULL, NULL, 0, NULL, NULL, 219, 0, NULL),
(390, 'Deep Travel Service', 1, NULL, '20370666', '71 950 350', NULL, NULL, NULL, '45 Avenue de Japon', 1073, 'Tunis', NULL, NULL, NULL, NULL, 0, NULL, NULL, 219, 0, NULL),
(391, 'Hotels Pro', 1, NULL, '58 881 443/  58 573 703', NULL, '71 816 231', NULL, NULL, 'ENNASER 2', 2073, 'TUNIS', NULL, NULL, NULL, NULL, 0, NULL, NULL, 219, 0, NULL),
(392, 'Orange Cruises', 1, NULL, '50825589 / 90279860', NULL, NULL, NULL, 'Web:www.orangecruises.com', NULL, NULL, NULL, NULL, NULL, NULL, NULL, 0, NULL, NULL, 219, 0, NULL),
(393, 'Arcadia Voyages', 1, NULL, '212 522 47 31 22', '212 661 50 73 28', NULL, NULL, NULL, 'Avenue 2 Mars Rue Victor Hugo', NULL, 'Casa', NULL, NULL, NULL, NULL, 0, NULL, NULL, 41, 0, NULL),
(394, 'Royal Kenz', 1, NULL, '73 24 61 00', '29 50 84 17', '73 24 62 30 :', 'a.daoud@tuihotels.tn', NULL, 'Sousse port el Kantaoui', 4089, 'sousse', NULL, NULL, NULL, NULL, 0, NULL, NULL, 219, 0, NULL),
(395, 'Sentido Rosa Beach', 1, NULL, '73 520 088', NULL, '73 520 088', 'rosabeach@planet.tn', NULL, '5 Route Touristique Skanes B.P., Monastir 5060', 5000, 'Monastir', NULL, NULL, NULL, NULL, 0, NULL, NULL, 219, 0, NULL),
(396, 'Promasol El Medi', 1, NULL, '73 67 2300', NULL, '73 67 13 07', 'reservation@hotelelmehdi.com', NULL, 'Zone Touriqtique', 5100, 'Madia', NULL, NULL, NULL, NULL, 0, NULL, NULL, 219, 0, NULL),
(397, 'TouchLink', 1, NULL, '29 903 6 54', NULL, '29 903 6 54', 'imen.aloui@touchlink.fr', NULL, 'les berges du Lac', NULL, 'tunis', NULL, NULL, NULL, NULL, 0, NULL, NULL, 219, 0, NULL),
(398, 'ABDESLEM Naili', 2, NULL, '98 510 723', '98 510 723', NULL, 'anaili@topnet.tn', NULL, 'Tunis', 1013, 'Tunis', NULL, NULL, NULL, NULL, 0, NULL, NULL, NULL, 0, NULL),
(399, 'Riadh Palms Sousse', 1, NULL, '73 225 700', NULL, '73 225 700', 'commercial@hotelriadhpalms.com', NULL, 'Boulvard 14 Janvier', NULL, 'sousse', NULL, NULL, NULL, NULL, 0, NULL, NULL, 219, 0, NULL),
(400, 'GSL VOYAGES', 1, NULL, '27 454 444', '55 636 902', NULL, 'reservation@gslvoyages.com', NULL, '41, rue Iran Lafayette Tunis', NULL, 'Tunis', NULL, NULL, NULL, NULL, 0, NULL, NULL, 219, 0, NULL),
(401, 'ITROPIKA', 1, NULL, '78673311', '99945 359', '78673301', 'commercial.itropika@planet.tn', NULL, 'TABARKA', NULL, 'TABARKA', NULL, NULL, NULL, NULL, 0, NULL, NULL, 219, 0, NULL),
(402, 'MEDTOUR', 1, NULL, '50505756', '71 253 537', NULL, 'info@medtour.com.tn', NULL, 'Tunis', NULL, NULL, NULL, NULL, NULL, NULL, 0, NULL, NULL, 219, 0, NULL),
(403, 'IATA', 1, 'IATA', NULL, NULL, NULL, NULL, NULL, NULL, NULL, NULL, NULL, NULL, NULL, NULL, 0, NULL, NULL, 219, 0, NULL),
(404, 'My Go', 1, NULL, NULL, NULL, NULL, NULL, NULL, NULL, NULL, NULL, NULL, NULL, NULL, NULL, 0, NULL, NULL, 6, 0, NULL),
(405, 'Frs Test Caisse 1', 1, NULL, NULL, NULL, NULL, NULL, NULL, NULL, NULL, NULL, NULL, NULL, NULL, NULL, 1, NULL, NULL, 219, 0, NULL);

-- --------------------------------------------------------

--
-- Structure de la table `ost_com_impaye`
--

CREATE TABLE IF NOT EXISTS `ost_com_impaye` (
  `id` int(11) NOT NULL,
  `fournisseur_id` int(11) DEFAULT NULL,
  `description` longtext COLLATE utf8_unicode_ci,
  `montant` decimal(11,3) NOT NULL,
  `id_dossier` int(11) DEFAULT NULL,
  `code` varchar(255) COLLATE utf8_unicode_ci DEFAULT NULL,
  `created` date NOT NULL,
  `montant_restant` decimal(11,3) NOT NULL,
  `frais_annulation` decimal(11,3) NOT NULL,
  `etat` int(11) DEFAULT NULL
) ENGINE=InnoDB AUTO_INCREMENT=18 DEFAULT CHARSET=utf8 COLLATE=utf8_unicode_ci;

--
-- Contenu de la table `ost_com_impaye`
--

INSERT INTO `ost_com_impaye` (`id`, `fournisseur_id`, `description`, `montant`, `id_dossier`, `code`, `created`, `montant_restant`, `frais_annulation`, `etat`) VALUES
(1, 318, 'Réservation Hôtel en tunisie : <br> <strong>RIU Palace Royal Garden</strong> le 15/06/2016 pour 2 nuitée(s) au nom de <strong>MLOUHI Adnen</strong> <br> - <strong>Chambre Double</strong> en <strong>Pension Complète</strong><br>    1 Adulte(s) <br>    1 Enfant(s) <br> - <strong>Chambre triple</strong> en <strong>Demi Pension</strong><br>    2 Adulte(s) <br>    1 Enfant(s) <br>', 972.000, 1, 'SHT', '2016-06-15', 0.000, 0.000, NULL),
(2, 378, 'Réservation Hôtel en tunisie : <br> <strong>Eden Village El Borj</strong> le 27/07/2016 pour 3 nuitée(s) au nom de <strong>Passager</strong> <br> - <strong>Chambre Double</strong> en <strong>All Inclusive</strong><br>    2 Adulte(s) <br>    0 Enfant(s) <br> - <strong>Chambre quadruple</strong> en <strong>All Inclusive</strong><br>    2 Adulte(s) <br>    2 Enfant(s) <br>', 1329.750, 2, 'SHT', '2016-07-27', 0.000, 0.000, NULL),
(3, 401, 'Réservation Hôtel en tunisie : <br> <strong>Itropika</strong> le 03/08/2016 pour 1 nuitée(s) au nom de <strong>abc</strong> <br> - <strong>Chambre Double</strong> en <strong>Logement Petit Déjeuner</strong><br>    2 Adulte(s) <br>    0 Enfant(s) <br>', 166.000, 3, 'SHT', '2016-08-11', 0.000, 0.000, NULL),
(4, 26, 'Réservation Hôtel en tunisie : <br> <strong>El Mouradi Hammam Bourguiba</strong> le 24/08/2016 pour 2 nuitée(s) au nom de <strong>ABDELJAWED SLIM</strong> <br> - <strong>Chambre Double</strong> en <strong>Pension Complète</strong><br>    2 Adulte(s) <br>    0 Enfant(s) <br>', 340.000, 4, 'SHT', '2016-08-24', 340.000, 0.000, NULL),
(5, 403, 'Réservation Billetterie  au nom de <strong>abc</strong><br>dfgdfgfg :  Num Billet : <strong>199 1245545647</strong>,Trajets : <strong>  DJE-TUN</strong>   , Date Emission : <strong>  25/08/2016</strong>', 120.000, 1, 'B', '2016-08-25', 0.000, 0.000, NULL),
(6, 342, 'Réservation Hôtel en tunisie : <br> <strong>Vincci Helios Beach</strong> le 26/08/2016 pour 3 nuitée(s) au nom de <strong>ABDELADHIM Abdessalem</strong> <br> - <strong>Chambre Double</strong> en <strong>All Inclusive</strong><br>    2 Adulte(s) <br>    0 Enfant(s) <br> - <strong>Chambre triple</strong> en <strong>All Inclusive</strong><br>    1 Adulte(s) <br>    2 Enfant(s) <br>', 2208.000, 5, 'SHT', '2016-08-26', 2208.000, 0.000, NULL),
(7, 343, 'Réservation Hôtel en tunisie : <br> <strong>Bravo Djerba</strong> le 02/09/2016 pour 5 nuitée(s) au nom de <strong>sameh meguebli</strong> <br> - <strong>Chambre Double</strong> en <strong>Logement Petit Déjeuner</strong><br>    2 Adulte(s) <br>    0 Enfant(s) <br> - <strong>Chambre Double</strong> en <strong>Pension Complète</strong><br>    0 Adulte(s) <br>    2 Enfant(s) <br>', 2470.000, 6, 'SHT', '2016-08-30', 0.000, 0.000, NULL),
(8, 117, 'Réservation Hôtel en tunisie : <br> <strong>Radisson Blu Palace Resort & Thalasso Djerba</strong> le 31/08/2016 pour 2 nuitée(s) au nom de <strong>ABDELJAWED SLIM</strong> <br> - <strong>Chambre Double</strong> en <strong>Demi Pension</strong><br>    2 Adulte(s) <br>    0 Enfant(s) <br> - <strong>Chambre triple</strong> en <strong>Logement Petit Déjeuner</strong><br>    2 Adulte(s) <br>    1 Enfant(s) <br>', 1411.000, 7, 'SHT', '2016-08-31', 1411.000, 0.000, NULL),
(9, 404, 'Réservation Hôtel en tunisie : <br> <strong>El Mouradi Hammam Bourguiba</strong> le 02/09/2016 pour 1 nuitée(s) au nom de <strong>ABDELADHIM Abdessalem</strong> <br> - <strong>Chambre Double</strong> en <strong>Logement Petit Déjeuner</strong><br>    2 Adulte(s) <br>    0 Enfant(s) <br>', 160.000, 8, 'SHT', '2016-09-02', 0.000, 0.000, NULL),
(10, 383, 'Réservation Hôtel en tunisie : <br> <strong>El Mouradi Hammam Bourguiba</strong> le 15/09/2016 pour 1 nuitée(s) au nom de <strong>Client OCTASOFT</strong> <br> - <strong>Chambre Double</strong> en <strong>Logement Petit Déjeuner</strong><br>    2 Adulte(s) <br>    0 Enfant(s) <br>', 136.000, 9, 'SHT', '2016-09-16', 136.000, 0.000, NULL),
(11, 405, 'Réservation Hôtel en tunisie : <br> <strong>Résidence Essaada</strong> le 20/09/2016 pour 1 nuitée(s) au nom de <strong>Client Test Caisse 1</strong> <br> - <strong>Chambre single</strong> en <strong>Demi Pension</strong><br>    1 Adulte(s) <br>    0 Enfant(s) <br> - <strong>Appartement 2/3 pièces</strong> en <strong>Demi Pension</strong><br>    4 Adulte(s) <br>    0 Enfant(s) <br> - <strong>Appartement 2/3 pièces</strong> en <strong>Demi Pension</strong><br>    6 Adulte(s) <br>    0 Enfant(s) <br>', 505.000, 10, 'SHT', '2016-09-20', 5.000, 5.000, NULL),
(12, 405, 'Réservation Hôtel en tunisie : <br> <strong>El Mouradi Hammam Bourguiba</strong> le 20/09/2016 pour 1 nuitée(s) au nom de <strong>Client Test Caisse 1</strong> <br> - <strong>Chambre Double</strong> en <strong>Logement Petit Déjeuner</strong><br>    2 Adulte(s) <br>    0 Enfant(s) <br>', 136.000, 11, 'SHT', '2016-09-20', 36.000, 36.000, NULL),
(13, 398, 'Réservation Hôtel en tunisie : <br> <strong>ISIS THALASSO & SPA</strong> le 21/09/2016 pour 1 nuitée(s) au nom de <strong>Test Caisse 2</strong> <br> - <strong>Chambre Double</strong> en <strong>Logement Petit Déjeuner</strong><br>    2 Adulte(s) <br>    0 Enfant(s) <br> - <strong>Chambre triple</strong> en <strong>Logement Petit Déjeuner</strong><br>    3 Adulte(s) <br>    0 Enfant(s) <br>', 225.600, 12, 'SHT', '2016-09-21', 55.600, 55.600, 2),
(14, 398, 'Réservation Hôtel en tunisie : <br> <strong>El Mouradi Hammam Bourguiba</strong> le 21/09/2016 pour 1 nuitée(s) au nom de <strong>Fraj OCTASOFT</strong> <br> - <strong>Chambre Double</strong> en <strong>Logement Petit Déjeuner</strong><br>    2 Adulte(s) <br>    0 Enfant(s) <br> - <strong>Chambre triple</strong> en <strong>Logement Petit Déjeuner</strong><br>    3 Adulte(s) <br>    0 Enfant(s) <br>', 326.400, 13, 'SHT', '2016-09-21', 326.400, 0.000, NULL),
(15, 104, 'Réservation Billetterie  au nom de <strong>Mahmoud</strong><br>Mahmoud :  Num Billet : <strong>199 1234567896</strong>,Trajets : <strong>  TUN-DJE-TUN</strong>   , Date Emission : <strong>  21/09/2016</strong>', 158.000, 2, 'B', '2016-09-21', -105.000, 53.000, 2),
(16, 383, 'Réservation Hôtel en tunisie : <br> <strong>El Mouradi Hammam Bourguiba</strong> le 22/09/2016 pour 3 nuitée(s) au nom de <strong>Fraj OCTASOFT</strong> <br> - <strong>Chambre Double</strong> en <strong>Logement Petit Déjeuner</strong><br>    2 Adulte(s) <br>    0 Enfant(s) <br>', 408.000, 14, 'SHT', '2016-09-22', 408.000, 0.000, NULL),
(17, 8, 'Réservation Hôtel en tunisie : <br> <strong>Sentido Le Sultan</strong> le 26/09/2016 pour 1 nuitée(s) au nom de <strong>ZAIEM IMED</strong> <br> - <strong>Chambre Double</strong> en <strong>Demi Pension</strong><br>    2 Adulte(s) <br>    0 Enfant(s) <br>', 190.000, 15, 'SHT', '2016-09-26', 120.000, 0.000, NULL);

-- --------------------------------------------------------

--
-- Structure de la table `ost_com_log_fac_print`
--

CREATE TABLE IF NOT EXISTS `ost_com_log_fac_print` (
  `id` int(11) NOT NULL,
  `facture_id` int(11) DEFAULT NULL,
  `PrintedAt` datetime NOT NULL,
  `printedBy_id` int(11) DEFAULT NULL
) ENGINE=InnoDB AUTO_INCREMENT=35 DEFAULT CHARSET=utf8 COLLATE=utf8_unicode_ci;

--
-- Contenu de la table `ost_com_log_fac_print`
--

INSERT INTO `ost_com_log_fac_print` (`id`, `facture_id`, `PrintedAt`, `printedBy_id`) VALUES
(1, 26, '2016-08-10 13:45:41', 4),
(2, 27, '2016-08-24 12:12:55', 4),
(3, 27, '2016-08-24 12:22:56', 4),
(4, 27, '2016-08-24 12:23:37', 4),
(5, 27, '2016-08-24 12:23:59', 4),
(6, 24, '2016-08-25 11:09:06', 4),
(7, 24, '2016-08-25 11:09:20', 4),
(8, 28, '2016-08-25 12:12:17', 4),
(9, 28, '2016-08-25 12:12:50', 4),
(10, 29, '2016-08-25 12:16:33', 4),
(11, 29, '2016-08-25 12:18:04', 4),
(12, 29, '2016-08-25 12:18:24', 4),
(13, 29, '2016-08-25 12:19:28', 4),
(14, 29, '2016-08-25 12:19:35', 4),
(15, 30, '2016-08-25 15:32:36', 4),
(16, 30, '2016-08-25 16:35:33', 4),
(17, 32, '2016-08-30 12:35:36', 4),
(18, 33, '2016-08-30 12:41:07', 4),
(19, 35, '2016-09-02 12:02:18', 4),
(20, 35, '2016-09-02 12:02:25', 4),
(21, 37, '2016-09-08 13:16:58', 4),
(22, 37, '2016-09-08 13:17:03', 4),
(23, 37, '2016-09-08 13:18:38', 4),
(24, 36, '2016-09-08 13:33:57', 4),
(25, 42, '2016-09-16 18:02:07', 4),
(26, 41, '2016-09-16 18:06:48', 4),
(27, 42, '2016-09-16 18:07:06', 4),
(28, 47, '2016-09-21 13:56:56', 4),
(29, 47, '2016-09-21 13:57:13', 4),
(30, 35, '2016-09-24 13:29:33', 4),
(31, 50, '2016-09-24 14:49:03', 4),
(32, 50, '2016-09-24 14:51:33', 4),
(33, 50, '2016-09-24 14:51:40', 4),
(34, 51, '2016-09-26 14:41:09', 4);

-- --------------------------------------------------------

--
-- Structure de la table `ost_com_piece`
--

CREATE TABLE IF NOT EXISTS `ost_com_piece` (
  `id` int(11) NOT NULL,
  `client_id` int(11) DEFAULT NULL,
  `numero` varchar(255) COLLATE utf8_unicode_ci DEFAULT NULL,
  `dateCreation` date NOT NULL,
  `modeReglement` varchar(4) COLLATE utf8_unicode_ci NOT NULL,
  `DateEcheance` date DEFAULT NULL,
  `montantOrigine` decimal(11,3) NOT NULL,
  `montant` decimal(11,3) NOT NULL,
  `dateReglement` date DEFAULT NULL,
  `regle` tinyint(1) DEFAULT NULL,
  `param` varchar(255) COLLATE utf8_unicode_ci DEFAULT NULL,
  `fournisseur_id` int(11) DEFAULT NULL,
  `bank` varchar(255) COLLATE utf8_unicode_ci DEFAULT NULL,
  `date_emission` date DEFAULT NULL,
  `cheque` varchar(255) COLLATE utf8_unicode_ci DEFAULT NULL,
  `guichet` varchar(255) COLLATE utf8_unicode_ci DEFAULT NULL,
  `titulaire` varchar(255) COLLATE utf8_unicode_ci DEFAULT NULL,
  `bordereau` varchar(255) COLLATE utf8_unicode_ci DEFAULT NULL,
  `returned` tinyint(1) NOT NULL,
  `updated` datetime NOT NULL,
  `canceled` tinyint(1) NOT NULL,
  `path` varchar(255) COLLATE utf8_unicode_ci DEFAULT NULL,
  `factures` longtext COLLATE utf8_unicode_ci COMMENT '(DC2Type:simple_array)',
  `pointvente_id` int(11) DEFAULT NULL,
  `amicale_id` int(11) DEFAULT NULL
) ENGINE=InnoDB AUTO_INCREMENT=358 DEFAULT CHARSET=utf8 COLLATE=utf8_unicode_ci;

--
-- Contenu de la table `ost_com_piece`
--

INSERT INTO `ost_com_piece` (`id`, `client_id`, `numero`, `dateCreation`, `modeReglement`, `DateEcheance`, `montantOrigine`, `montant`, `dateReglement`, `regle`, `param`, `fournisseur_id`, `bank`, `date_emission`, `cheque`, `guichet`, `titulaire`, `bordereau`, `returned`, `updated`, `canceled`, `path`, `factures`, `pointvente_id`, `amicale_id`) VALUES
(5, 2, 'facilité', '2015-07-13', 'E', NULL, 2100.000, 0.000, '2015-10-01', 1, NULL, NULL, NULL, NULL, NULL, NULL, NULL, NULL, 0, '0000-00-00 00:00:00', 0, NULL, NULL, NULL, NULL),
(6, 2, 'facilité', '2015-07-13', 'E', NULL, 1776.000, 0.000, '2015-07-13', 1, NULL, NULL, NULL, NULL, NULL, NULL, NULL, NULL, 0, '0000-00-00 00:00:00', 0, NULL, NULL, NULL, NULL),
(7, 2, 'debit', '2015-07-13', 'AD', NULL, 324.000, 0.000, '2015-07-13', 1, NULL, NULL, NULL, NULL, NULL, NULL, NULL, NULL, 0, '0000-00-00 00:00:00', 0, NULL, NULL, NULL, NULL),
(8, 2, 'facilité', '2015-07-16', 'E', NULL, 890.000, 890.000, NULL, 0, NULL, NULL, NULL, NULL, NULL, NULL, NULL, NULL, 0, '0000-00-00 00:00:00', 0, NULL, NULL, NULL, NULL),
(9, 2, 'debit', '2015-07-16', 'AD', NULL, 820.500, 800.000, NULL, 0, NULL, NULL, NULL, NULL, NULL, NULL, NULL, NULL, 0, '0000-00-00 00:00:00', 0, NULL, NULL, NULL, NULL),
(10, 2, 'STAF', '2015-07-16', 'PC', NULL, 616.000, 0.000, '2015-07-16', 1, NULL, NULL, NULL, NULL, NULL, NULL, NULL, NULL, 0, '0000-00-00 00:00:00', 0, NULL, NULL, NULL, NULL),
(11, 2, 'cherif', '2015-07-21', 'C', '2015-07-20', 890.000, 0.000, '2015-07-21', 1, NULL, NULL, NULL, NULL, NULL, NULL, NULL, NULL, 0, '0000-00-00 00:00:00', 0, NULL, NULL, NULL, NULL),
(12, 2, 'cherif', '2015-07-21', 'C', '2015-07-20', 450.000, 0.000, '2015-07-21', 1, NULL, NULL, NULL, NULL, NULL, NULL, NULL, NULL, 0, '0000-00-00 00:00:00', 0, NULL, NULL, NULL, NULL),
(13, 2, 'cherif', '2015-07-21', 'E', NULL, 300.500, 0.000, '2015-07-21', 1, NULL, NULL, NULL, NULL, NULL, NULL, NULL, NULL, 0, '0000-00-00 00:00:00', 0, NULL, NULL, NULL, NULL),
(14, 2, 'mahmoud Faouzi', '2015-07-21', 'E', NULL, 410.000, 0.000, '2015-07-21', 1, NULL, NULL, NULL, NULL, NULL, NULL, NULL, NULL, 0, '0000-00-00 00:00:00', 0, NULL, NULL, NULL, NULL),
(15, 2, 'PAYEMENT AGENCE', '2015-07-22', 'E', NULL, 75000.000, 75000.000, NULL, 0, NULL, NULL, NULL, NULL, NULL, NULL, NULL, NULL, 0, '0000-00-00 00:00:00', 0, NULL, NULL, NULL, NULL),
(16, 2, 'PAYEMENT A L''AGENCE', '2015-07-22', 'E', NULL, 75.000, 0.000, '2015-07-22', 1, NULL, NULL, NULL, NULL, NULL, NULL, NULL, NULL, 0, '0000-00-00 00:00:00', 0, NULL, NULL, NULL, NULL),
(17, 2, 'PAYEMENT A L''HOTEL', '2015-07-22', 'AD', NULL, 787.500, 0.000, '2015-07-22', 1, NULL, NULL, NULL, NULL, NULL, NULL, NULL, NULL, 0, '0000-00-00 00:00:00', 0, NULL, NULL, NULL, NULL),
(18, 2, 'piece 1', '2015-07-23', 'CB', NULL, 100.000, 0.000, '2015-07-23', 1, NULL, NULL, NULL, NULL, NULL, NULL, NULL, NULL, 0, '0000-00-00 00:00:00', 0, NULL, NULL, NULL, NULL),
(19, 2, 'piece 2', '2015-07-23', 'AD', NULL, 24.900, 0.000, '2015-07-23', 1, NULL, NULL, NULL, NULL, NULL, NULL, NULL, NULL, 0, '0000-00-00 00:00:00', 0, NULL, NULL, NULL, NULL),
(20, 2, 'AYADI', '2015-07-23', 'C', '0015-07-20', 2830.000, 2830.000, NULL, 0, NULL, NULL, NULL, NULL, NULL, NULL, NULL, NULL, 0, '0000-00-00 00:00:00', 0, NULL, NULL, NULL, NULL),
(21, 2, 'AYADI', '2015-07-23', 'C', '2015-07-23', 2830.000, 0.000, '2015-07-23', 1, NULL, NULL, NULL, NULL, NULL, NULL, NULL, NULL, 0, '0000-00-00 00:00:00', 0, NULL, NULL, NULL, NULL),
(22, 2, 'TIMBRE', '2015-07-23', 'E', NULL, 0.500, 0.000, '2015-07-23', 1, NULL, NULL, NULL, NULL, NULL, NULL, NULL, NULL, 0, '0000-00-00 00:00:00', 0, NULL, NULL, NULL, NULL),
(23, 2, 'debiT', '2015-07-24', 'AD', NULL, 244.000, 0.000, '2015-10-01', 1, NULL, NULL, NULL, NULL, NULL, NULL, NULL, NULL, 0, '0000-00-00 00:00:00', 0, NULL, NULL, NULL, NULL),
(24, 1, 'Piéce num 2', '2015-07-27', 'AD', NULL, 3560.000, 0.000, '2016-02-17', 1, NULL, NULL, NULL, NULL, NULL, NULL, NULL, NULL, 0, '0000-00-00 00:00:00', 0, NULL, NULL, NULL, NULL),
(25, 1, 'Piéce num 2', '2015-07-27', 'E', NULL, 1000.000, 0.000, '2015-07-27', 1, NULL, NULL, NULL, NULL, NULL, NULL, NULL, NULL, 0, '0000-00-00 00:00:00', 0, NULL, NULL, NULL, NULL),
(26, 4, 'gch', '2015-07-28', 'PC', NULL, 6000.000, 0.000, '2015-07-28', 1, NULL, NULL, NULL, NULL, NULL, NULL, NULL, NULL, 0, '0000-00-00 00:00:00', 0, NULL, NULL, NULL, NULL),
(27, 2, 'MOHAMED DRIDI', '2015-07-28', 'E', NULL, 1090.000, 0.000, '2015-07-28', 1, NULL, NULL, NULL, NULL, NULL, NULL, NULL, NULL, 0, '0000-00-00 00:00:00', 0, NULL, NULL, NULL, NULL),
(28, 2, 'MOHAMED DRIDI', '2015-07-28', 'E', NULL, 1090.500, 984.000, NULL, 0, NULL, NULL, NULL, NULL, NULL, NULL, NULL, NULL, 0, '0000-00-00 00:00:00', 0, NULL, NULL, NULL, NULL),
(29, 2, 'AYADI HATEM', '2015-08-01', 'C', '2015-08-03', 450.000, 0.000, '2015-08-01', 1, NULL, NULL, NULL, NULL, NULL, NULL, NULL, NULL, 0, '0000-00-00 00:00:00', 0, NULL, NULL, NULL, NULL),
(30, 2, 'timbre', '2015-08-01', 'AD', NULL, 0.500, 0.000, '2015-08-01', 1, NULL, NULL, NULL, NULL, NULL, NULL, NULL, NULL, 0, '0000-00-00 00:00:00', 0, NULL, NULL, NULL, NULL),
(31, 4, 'Piéce', '2015-08-17', 'E', NULL, 200.500, 0.000, '2015-08-17', 1, NULL, NULL, NULL, NULL, NULL, NULL, NULL, NULL, 0, '0000-00-00 00:00:00', 0, NULL, NULL, NULL, NULL),
(32, 2, 'DADAA', '2015-08-24', 'C', '2016-08-24', 760.000, 0.000, '2015-08-24', 1, NULL, NULL, NULL, NULL, NULL, NULL, NULL, NULL, 0, '0000-00-00 00:00:00', 0, NULL, NULL, NULL, NULL),
(33, 2, 'FERIEL', '2015-08-26', 'PC', NULL, 1200.000, 0.000, '2015-08-26', 1, NULL, NULL, NULL, NULL, NULL, NULL, NULL, NULL, 0, '0000-00-00 00:00:00', 0, NULL, NULL, NULL, NULL),
(34, 2, 'FERIEL', '2015-09-01', 'PC', NULL, 270.000, 0.000, '2015-09-01', 1, NULL, NULL, NULL, NULL, NULL, NULL, NULL, NULL, 0, '0000-00-00 00:00:00', 0, NULL, NULL, NULL, NULL),
(35, 4, 'rty', '2015-09-02', 'C', '2015-10-02', 200.000, 0.000, '2015-09-02', 1, NULL, NULL, NULL, NULL, NULL, NULL, NULL, NULL, 0, '0000-00-00 00:00:00', 0, NULL, NULL, NULL, NULL),
(36, 4, 'e', '2015-09-02', 'E', NULL, 1500.000, 0.000, '2015-09-02', 1, NULL, NULL, NULL, NULL, NULL, NULL, NULL, NULL, 0, '0000-00-00 00:00:00', 0, NULL, NULL, NULL, NULL),
(37, 4, 'ed', '2015-09-02', 'C', '2015-11-02', 1500.000, 0.000, '2015-09-02', 1, NULL, NULL, NULL, NULL, NULL, NULL, NULL, NULL, 0, '0000-00-00 00:00:00', 0, NULL, NULL, NULL, NULL),
(38, 4, '12364', '2015-09-02', 'E', NULL, 374.500, 0.000, '2015-09-02', 1, NULL, NULL, NULL, NULL, NULL, NULL, NULL, NULL, 0, '0000-00-00 00:00:00', 0, NULL, NULL, NULL, NULL),
(39, 4, '1236', '2015-09-02', 'C', '2015-11-01', 500.000, 0.000, '2015-09-02', 1, NULL, NULL, NULL, NULL, NULL, NULL, NULL, NULL, 0, '0000-00-00 00:00:00', 0, NULL, NULL, NULL, NULL),
(40, 4, '12364458', '2015-09-02', 'C', '2015-12-01', 500.000, 0.000, '2015-09-02', 1, NULL, NULL, NULL, NULL, NULL, NULL, NULL, NULL, 0, '0000-00-00 00:00:00', 0, NULL, NULL, NULL, NULL),
(41, 4, '123', '2015-09-02', 'C', '2015-10-02', 243.000, 0.000, '2015-09-02', 1, NULL, NULL, NULL, NULL, NULL, NULL, NULL, NULL, 0, '0000-00-00 00:00:00', 0, NULL, NULL, NULL, NULL),
(42, 4, 'ifikh', '2015-09-02', 'E', NULL, 2000.000, 0.000, '2015-09-02', 1, NULL, NULL, NULL, NULL, NULL, NULL, NULL, NULL, 0, '0000-00-00 00:00:00', 0, NULL, NULL, NULL, NULL),
(43, 4, '12345', '2015-09-02', 'C', '2015-10-02', 300.000, 0.000, '2015-09-02', 1, NULL, NULL, NULL, NULL, NULL, NULL, NULL, NULL, 0, '0000-00-00 00:00:00', 0, NULL, NULL, NULL, NULL),
(44, 4, 'ghghg', '2015-09-02', 'PC', NULL, 1000.000, 0.000, '2015-09-02', 1, NULL, NULL, NULL, NULL, NULL, NULL, NULL, NULL, 0, '0000-00-00 00:00:00', 0, NULL, NULL, NULL, NULL),
(45, 4, '12345', '2015-09-04', 'C', '2015-11-12', 2453.500, 0.000, '2015-09-04', 1, NULL, NULL, NULL, NULL, NULL, NULL, NULL, NULL, 0, '0000-00-00 00:00:00', 0, NULL, NULL, NULL, NULL),
(46, 1, 'gggg', '2015-09-04', 'E', NULL, 2204.240, 0.000, '2016-02-17', 1, NULL, NULL, NULL, NULL, NULL, NULL, NULL, NULL, 0, '0000-00-00 00:00:00', 0, NULL, NULL, NULL, NULL),
(47, 4, NULL, '2015-10-02', 'PC', NULL, 449.300, 0.000, '2015-10-02', 1, NULL, NULL, NULL, NULL, NULL, NULL, NULL, NULL, 0, '0000-00-00 00:00:00', 0, NULL, NULL, NULL, NULL),
(48, 4, NULL, '2015-10-02', 'PC', NULL, 228.500, 0.000, '2015-10-02', 1, NULL, NULL, NULL, NULL, NULL, NULL, NULL, NULL, 0, '0000-00-00 00:00:00', 0, NULL, NULL, NULL, NULL),
(49, 4, NULL, '2015-11-03', 'E', NULL, 630.000, 0.000, '2015-11-03', 1, NULL, NULL, NULL, NULL, NULL, NULL, NULL, NULL, 0, '0000-00-00 00:00:00', 0, NULL, NULL, NULL, NULL),
(50, 4, NULL, '2015-11-03', 'C', '2015-11-17', 0.500, 0.000, '2015-11-03', 1, NULL, NULL, NULL, NULL, NULL, NULL, NULL, NULL, 0, '0000-00-00 00:00:00', 0, NULL, NULL, NULL, NULL),
(51, 1, NULL, '2015-11-28', 'AD', NULL, 258.500, 0.000, '2015-11-28', 1, NULL, NULL, NULL, NULL, NULL, NULL, NULL, NULL, 0, '0000-00-00 00:00:00', 0, NULL, NULL, NULL, NULL),
(52, 1, NULL, '2015-12-14', 'E', NULL, 1348.700, 0.000, '2015-12-14', 1, NULL, NULL, NULL, NULL, NULL, NULL, NULL, NULL, 0, '0000-00-00 00:00:00', 0, NULL, NULL, NULL, NULL),
(53, 10, NULL, '2015-12-21', 'AD', NULL, 611.600, 0.000, '2015-12-21', 1, NULL, NULL, NULL, NULL, NULL, NULL, NULL, NULL, 0, '0000-00-00 00:00:00', 0, NULL, NULL, NULL, NULL),
(54, 11, 'ERTZER', '2015-12-21', 'AD', NULL, 482.400, 0.000, '2015-12-21', 1, NULL, NULL, NULL, NULL, NULL, NULL, NULL, NULL, 0, '0000-00-00 00:00:00', 0, NULL, NULL, NULL, NULL),
(55, 4, NULL, '2015-12-21', 'E', NULL, 309.850, 30.666, NULL, 0, NULL, NULL, NULL, NULL, NULL, NULL, NULL, NULL, 0, '0000-00-00 00:00:00', 0, NULL, NULL, NULL, NULL),
(56, 4, NULL, '2015-12-25', 'E', NULL, 225.000, 0.000, '2015-12-25', 1, NULL, NULL, NULL, NULL, NULL, NULL, NULL, NULL, 0, '0000-00-00 00:00:00', 0, NULL, NULL, NULL, NULL),
(57, 18, 'N°2015152501', '2015-12-25', 'PC', NULL, 615.000, 128.000, NULL, 0, NULL, NULL, NULL, NULL, NULL, NULL, NULL, NULL, 0, '0000-00-00 00:00:00', 0, NULL, NULL, NULL, NULL),
(58, 18, 'N°2015152501', '2015-12-25', 'PC', NULL, 212.000, 0.000, '2015-12-25', 1, NULL, NULL, NULL, NULL, NULL, NULL, NULL, NULL, 0, '0000-00-00 00:00:00', 0, NULL, NULL, NULL, NULL),
(59, 20, 'N°2015086303', '2015-12-25', 'PC', NULL, 124.844, 0.000, '2015-12-25', 1, NULL, NULL, NULL, NULL, NULL, NULL, NULL, NULL, 0, '0000-00-00 00:00:00', 0, NULL, NULL, NULL, NULL),
(60, 20, 'Versement espece', '2015-12-25', 'E', NULL, 265.256, 0.000, '2015-12-25', 1, NULL, NULL, NULL, NULL, NULL, NULL, NULL, NULL, 0, '0000-00-00 00:00:00', 0, NULL, NULL, NULL, NULL),
(61, 4, NULL, '2015-12-25', 'E', NULL, 2692.000, 0.000, '2015-12-25', 1, NULL, NULL, NULL, NULL, NULL, NULL, NULL, NULL, 0, '0000-00-00 00:00:00', 0, NULL, NULL, NULL, NULL),
(62, 25, 'N°2015017301', '2015-12-26', 'PC', NULL, 960.000, 454.600, NULL, 0, NULL, NULL, NULL, NULL, NULL, NULL, NULL, NULL, 0, '0000-00-00 00:00:00', 0, NULL, NULL, NULL, NULL),
(63, 19, NULL, '2015-12-26', 'AD', NULL, 628.105, 0.000, '2015-12-26', 1, NULL, NULL, NULL, NULL, NULL, NULL, NULL, NULL, 0, '0000-00-00 00:00:00', 0, NULL, NULL, NULL, NULL),
(64, 1, NULL, '2015-12-28', 'AD', NULL, 580.000, 0.000, '2015-12-28', 1, NULL, NULL, NULL, NULL, NULL, NULL, NULL, NULL, 0, '0000-00-00 00:00:00', 0, NULL, NULL, NULL, NULL),
(65, 31, NULL, '2015-12-29', 'E', NULL, 749.094, 0.000, '2015-12-29', 1, NULL, NULL, NULL, NULL, NULL, NULL, NULL, NULL, 0, '0000-00-00 00:00:00', 0, NULL, NULL, NULL, NULL),
(66, 30, '2015059202', '2015-12-29', 'PC', NULL, 85.120, 0.000, '2015-12-29', 1, NULL, NULL, NULL, NULL, NULL, NULL, NULL, NULL, 0, '0000-00-00 00:00:00', 0, NULL, NULL, NULL, NULL),
(67, 30, '-', '2015-12-29', 'E', NULL, 62.780, 0.000, '2015-12-29', 1, NULL, NULL, NULL, NULL, NULL, NULL, NULL, NULL, 0, '0000-00-00 00:00:00', 0, NULL, NULL, NULL, NULL),
(68, 34, NULL, '2015-12-29', 'E', NULL, 306.400, 0.000, '2015-12-29', 1, NULL, NULL, NULL, NULL, NULL, NULL, NULL, NULL, 0, '0000-00-00 00:00:00', 0, NULL, NULL, NULL, NULL),
(69, 27, NULL, '2015-12-29', 'V', NULL, 550.720, 550.720, NULL, 0, NULL, NULL, NULL, NULL, NULL, NULL, NULL, NULL, 0, '0000-00-00 00:00:00', 0, NULL, NULL, NULL, NULL),
(70, 12, NULL, '2015-12-29', 'AD', NULL, 363.370, 0.000, '2015-12-29', 1, NULL, NULL, NULL, NULL, NULL, NULL, NULL, NULL, 0, '0000-00-00 00:00:00', 0, NULL, NULL, NULL, NULL),
(71, 32, NULL, '2015-12-30', 'E', NULL, 482.400, 0.000, '2015-12-30', 1, NULL, NULL, NULL, NULL, NULL, NULL, NULL, NULL, 0, '0000-00-00 00:00:00', 0, NULL, NULL, NULL, NULL),
(72, 28, NULL, '2015-12-30', 'C', '2015-12-30', 221.600, 0.000, '2015-12-30', 1, NULL, NULL, NULL, NULL, NULL, NULL, NULL, NULL, 0, '0000-00-00 00:00:00', 0, NULL, NULL, NULL, NULL),
(73, 28, NULL, '2015-12-30', 'C', '2016-01-31', 110.800, 0.000, '2015-12-30', 1, NULL, NULL, NULL, NULL, NULL, NULL, NULL, NULL, 0, '0000-00-00 00:00:00', 0, NULL, NULL, NULL, NULL),
(74, 28, NULL, '2015-12-30', 'C', '2016-02-28', 110.800, 0.000, '2015-12-30', 1, NULL, NULL, NULL, NULL, NULL, NULL, NULL, NULL, 0, '0000-00-00 00:00:00', 0, NULL, NULL, NULL, NULL),
(75, 54, NULL, '2015-12-30', 'CB', NULL, 301.000, 0.000, '2015-12-30', 1, NULL, NULL, NULL, NULL, NULL, NULL, NULL, NULL, 0, '0000-00-00 00:00:00', 0, NULL, NULL, NULL, NULL),
(76, 51, NULL, '2015-12-30', 'CB', NULL, 364.000, 0.000, '2015-12-30', 1, NULL, NULL, NULL, NULL, NULL, NULL, NULL, NULL, 0, '0000-00-00 00:00:00', 0, NULL, NULL, NULL, NULL),
(77, 58, NULL, '2015-12-30', 'E', NULL, 243.200, 0.000, '2015-12-30', 1, NULL, NULL, NULL, NULL, NULL, NULL, NULL, NULL, 0, '0000-00-00 00:00:00', 0, NULL, NULL, NULL, NULL),
(78, 46, NULL, '2015-12-30', 'E', NULL, 1399.680, 0.000, '2015-12-30', 1, NULL, NULL, NULL, NULL, NULL, NULL, NULL, NULL, 0, '0000-00-00 00:00:00', 0, NULL, NULL, NULL, NULL),
(79, 46, NULL, '2015-12-30', 'PC', NULL, 285.520, 0.000, '2015-12-30', 1, NULL, NULL, NULL, NULL, NULL, NULL, NULL, NULL, 0, '0000-00-00 00:00:00', 0, NULL, NULL, NULL, NULL),
(80, 46, 'Réduction spéciale', '2015-12-30', 'E', NULL, 12.240, 0.000, '2015-12-30', 1, NULL, NULL, NULL, NULL, NULL, NULL, NULL, NULL, 0, '0000-00-00 00:00:00', 0, NULL, NULL, NULL, NULL),
(81, 50, NULL, '2015-12-30', 'AD', NULL, 825.625, 0.000, '2015-12-30', 1, NULL, NULL, NULL, NULL, NULL, NULL, NULL, NULL, 0, '0000-00-00 00:00:00', 0, NULL, NULL, NULL, NULL),
(82, 57, NULL, '2015-12-31', 'AD', NULL, 436.850, 0.000, '2015-12-31', 1, NULL, NULL, NULL, NULL, NULL, NULL, NULL, NULL, 0, '0000-00-00 00:00:00', 0, NULL, NULL, NULL, NULL),
(83, 27, NULL, '2016-01-04', 'V', NULL, 276.000, 0.000, '2016-01-04', 1, NULL, NULL, NULL, NULL, NULL, NULL, NULL, NULL, 0, '0000-00-00 00:00:00', 0, NULL, NULL, NULL, NULL),
(84, 27, NULL, '2016-01-04', 'V', NULL, 0.360, 0.000, '2016-01-04', 1, NULL, NULL, NULL, NULL, NULL, NULL, NULL, NULL, 0, '0000-00-00 00:00:00', 0, NULL, NULL, NULL, NULL),
(85, 20, NULL, '2016-01-04', 'V', NULL, 316.800, 316.800, NULL, 0, NULL, NULL, NULL, NULL, NULL, NULL, NULL, NULL, 0, '0000-00-00 00:00:00', 0, NULL, NULL, NULL, NULL),
(86, 60, NULL, '2016-01-05', 'V', NULL, 422.000, 0.000, '2016-01-05', 1, NULL, NULL, NULL, NULL, NULL, NULL, NULL, NULL, 0, '0000-00-00 00:00:00', 0, NULL, NULL, NULL, NULL),
(87, 63, NULL, '2016-01-05', 'AD', NULL, 381.200, 0.000, '2016-01-05', 1, NULL, NULL, NULL, NULL, NULL, NULL, NULL, NULL, 0, '0000-00-00 00:00:00', 0, NULL, NULL, NULL, NULL),
(88, 62, NULL, '2016-01-05', 'AD', NULL, 229.400, 0.000, '2016-01-05', 1, NULL, NULL, NULL, NULL, NULL, NULL, NULL, NULL, 0, '0000-00-00 00:00:00', 0, NULL, NULL, NULL, NULL),
(89, 61, NULL, '2016-01-05', 'AD', NULL, 229.400, 0.000, '2016-01-05', 1, NULL, NULL, NULL, NULL, NULL, NULL, NULL, NULL, 0, '0000-00-00 00:00:00', 0, NULL, NULL, NULL, NULL),
(90, 81, NULL, '2016-01-07', 'E', NULL, 140.000, 0.000, '2016-01-07', 1, NULL, NULL, NULL, NULL, NULL, NULL, NULL, NULL, 0, '0000-00-00 00:00:00', 0, NULL, NULL, NULL, NULL),
(91, 82, NULL, '2016-01-08', 'AD', NULL, 371.200, 0.000, '2016-01-08', 1, NULL, NULL, NULL, NULL, NULL, NULL, NULL, NULL, 0, '0000-00-00 00:00:00', 0, NULL, NULL, NULL, NULL),
(92, 84, NULL, '2016-01-08', 'AD', NULL, 182.400, 0.000, '2016-01-08', 1, NULL, NULL, NULL, NULL, NULL, NULL, NULL, NULL, 0, '0000-00-00 00:00:00', 0, NULL, NULL, NULL, NULL),
(93, 85, NULL, '2016-01-09', 'E', NULL, 103.800, 0.000, '2016-01-09', 1, NULL, NULL, NULL, NULL, NULL, NULL, NULL, NULL, 0, '0000-00-00 00:00:00', 0, NULL, NULL, NULL, NULL),
(94, 87, NULL, '2016-01-11', 'E', NULL, 610.000, 0.000, '2016-01-11', 1, NULL, NULL, NULL, NULL, NULL, NULL, NULL, NULL, 0, '0000-00-00 00:00:00', 0, NULL, NULL, NULL, NULL),
(95, 90, NULL, '2016-01-15', 'V', NULL, 319.800, 0.000, '2016-01-15', 1, NULL, NULL, NULL, NULL, NULL, NULL, NULL, NULL, 0, '0000-00-00 00:00:00', 0, NULL, NULL, NULL, NULL),
(96, 92, NULL, '2016-01-18', 'C', '2015-05-13', 242.800, 0.000, '2016-01-18', 1, NULL, NULL, NULL, NULL, NULL, NULL, NULL, NULL, 0, '0000-00-00 00:00:00', 0, NULL, NULL, NULL, NULL),
(97, 4, NULL, '2016-01-18', 'PE', NULL, 236.376, 0.000, '2016-01-18', 1, '157181T', NULL, NULL, NULL, NULL, NULL, NULL, NULL, 0, '0000-00-00 00:00:00', 0, NULL, NULL, NULL, NULL),
(98, 4, NULL, '2016-01-18', 'PE', NULL, 236.376, 0.000, '2016-01-18', 1, '151061T', NULL, NULL, NULL, NULL, NULL, NULL, NULL, 0, '0000-00-00 00:00:00', 0, NULL, NULL, NULL, NULL),
(99, 4, NULL, '2016-01-18', 'PE', NULL, 236.376, 0.000, '2016-01-18', 1, '151936T', NULL, NULL, NULL, NULL, NULL, NULL, NULL, 0, '0000-00-00 00:00:00', 0, NULL, NULL, NULL, NULL),
(100, 4, NULL, '2016-01-18', 'PE', NULL, 236.376, 0.000, '2016-01-18', 1, '152731T', NULL, NULL, NULL, NULL, NULL, NULL, NULL, 0, '0000-00-00 00:00:00', 0, NULL, NULL, NULL, NULL),
(101, 4, NULL, '2016-01-18', 'PE', NULL, 236.376, 0.000, '2016-01-18', 1, '155417T', NULL, NULL, NULL, NULL, NULL, NULL, NULL, 0, '0000-00-00 00:00:00', 0, NULL, NULL, NULL, NULL),
(102, 4, NULL, '2016-01-18', 'PE', NULL, 236.376, 0.000, '2016-01-18', 1, '155532T', NULL, NULL, NULL, NULL, NULL, NULL, NULL, 0, '0000-00-00 00:00:00', 0, NULL, NULL, NULL, NULL),
(103, 92, NULL, '2016-01-19', 'E', NULL, 19.400, 0.000, '2016-01-19', 1, NULL, NULL, NULL, NULL, NULL, NULL, NULL, NULL, 0, '0000-00-00 00:00:00', 0, NULL, NULL, NULL, NULL),
(104, 98, NULL, '2016-01-21', 'E', NULL, 243.960, 0.000, '2016-01-21', 1, NULL, NULL, NULL, NULL, NULL, NULL, NULL, NULL, 0, '0000-00-00 00:00:00', 0, NULL, NULL, NULL, NULL),
(105, 97, NULL, '2016-01-21', 'E', NULL, 286.600, 0.000, '2016-01-21', 1, NULL, NULL, NULL, NULL, NULL, NULL, NULL, NULL, 0, '0000-00-00 00:00:00', 0, NULL, NULL, NULL, NULL),
(106, 100, NULL, '2016-01-23', 'C', '2016-01-23', 142.200, 0.000, '2016-01-23', 1, NULL, NULL, NULL, NULL, NULL, NULL, NULL, NULL, 0, '0000-00-00 00:00:00', 0, NULL, NULL, NULL, NULL),
(107, 99, NULL, '2016-01-26', 'C', '2016-01-27', 638.900, 0.000, '2016-01-26', 1, NULL, NULL, NULL, NULL, NULL, NULL, NULL, NULL, 0, '0000-00-00 00:00:00', 0, NULL, NULL, NULL, NULL),
(108, 105, NULL, '2016-01-27', 'C', '2016-01-27', 121.600, 0.000, '2016-01-27', 1, NULL, NULL, NULL, NULL, NULL, NULL, NULL, NULL, 0, '0000-00-00 00:00:00', 0, NULL, NULL, NULL, NULL),
(109, 6, 'Prise en charge déjà reçu avant le 31/12/2015', '2016-01-30', 'PC', NULL, 143.000, 143.000, NULL, 0, NULL, NULL, NULL, NULL, NULL, NULL, NULL, NULL, 0, '0000-00-00 00:00:00', 0, NULL, NULL, NULL, NULL),
(110, 109, NULL, '2016-02-01', 'AD', NULL, 204.000, 0.000, '2016-02-01', 1, NULL, NULL, NULL, NULL, NULL, NULL, NULL, NULL, 0, '0000-00-00 00:00:00', 0, NULL, NULL, NULL, NULL),
(111, 110, NULL, '2016-02-01', 'PC', NULL, 136.000, 0.000, '2016-02-01', 1, NULL, NULL, NULL, NULL, NULL, NULL, NULL, NULL, 0, '0000-00-00 00:00:00', 0, NULL, NULL, NULL, NULL),
(112, 4, NULL, '2016-02-01', 'PE', NULL, 77.460, 0.000, '2016-02-01', 1, '213051T', NULL, NULL, NULL, NULL, NULL, NULL, NULL, 0, '0000-00-00 00:00:00', 0, NULL, NULL, NULL, NULL),
(113, 4, NULL, '2016-02-02', 'PC', NULL, 540.000, 0.000, '2016-02-02', 1, NULL, NULL, NULL, NULL, NULL, NULL, NULL, NULL, 0, '0000-00-00 00:00:00', 0, NULL, NULL, NULL, NULL),
(114, 2, NULL, '2016-02-02', 'AD', NULL, 200.000, 20.500, NULL, 0, NULL, NULL, NULL, NULL, NULL, NULL, NULL, NULL, 0, '0000-00-00 00:00:00', 0, NULL, NULL, NULL, NULL),
(115, 111, 'Chéque de Garantie', '2016-02-05', 'C', '2016-02-06', 158.250, 0.000, '2016-02-05', 1, NULL, NULL, NULL, NULL, NULL, NULL, NULL, NULL, 0, '0000-00-00 00:00:00', 0, NULL, NULL, NULL, NULL),
(116, 114, NULL, '2016-02-06', 'E', NULL, 79.800, 0.000, '2016-02-06', 1, NULL, NULL, NULL, NULL, NULL, NULL, NULL, NULL, 0, '0000-00-00 00:00:00', 0, NULL, NULL, NULL, NULL),
(117, 4, NULL, '2016-02-09', 'C', '2016-06-15', 309.850, 226.882, NULL, 0, NULL, NULL, NULL, NULL, NULL, NULL, NULL, NULL, 0, '0000-00-00 00:00:00', 0, NULL, NULL, NULL, NULL),
(118, 118, NULL, '2016-02-09', 'C', '2016-02-09', 79.100, 0.000, '2016-02-09', 1, NULL, NULL, NULL, NULL, NULL, NULL, NULL, NULL, 0, '0000-00-00 00:00:00', 0, NULL, NULL, NULL, NULL),
(119, 118, NULL, '2016-02-09', 'C', '2016-02-28', 79.100, 0.000, '2016-02-09', 1, NULL, NULL, NULL, NULL, NULL, NULL, NULL, NULL, 0, '0000-00-00 00:00:00', 0, NULL, NULL, NULL, NULL),
(120, 6, NULL, '2016-02-11', 'PC', NULL, 542.552, 0.000, '2016-02-11', 1, NULL, NULL, NULL, NULL, NULL, NULL, NULL, NULL, 0, '0000-00-00 00:00:00', 0, NULL, NULL, NULL, NULL),
(121, 6, 'Garantie / En attendant la PEC 2016', '2016-02-11', 'C', '2016-02-11', 85.796, 0.000, '2016-02-11', 1, NULL, NULL, NULL, NULL, NULL, NULL, NULL, NULL, 0, '0000-00-00 00:00:00', 0, NULL, NULL, NULL, NULL),
(122, 124, 'le montant avec soirée c''est 974.000 dt', '2016-02-12', 'C', '2016-02-12', 447.000, 0.000, '2016-02-12', 1, NULL, NULL, NULL, NULL, NULL, NULL, NULL, NULL, 0, '0000-00-00 00:00:00', 0, NULL, NULL, NULL, NULL),
(123, 125, NULL, '2016-02-12', 'E', NULL, 235.800, 235.800, NULL, 0, NULL, NULL, NULL, NULL, NULL, NULL, NULL, NULL, 0, '0000-00-00 00:00:00', 0, NULL, NULL, NULL, NULL),
(124, 125, NULL, '2016-02-12', 'E', NULL, 223.800, 0.000, '2016-02-12', 1, NULL, NULL, NULL, NULL, NULL, NULL, NULL, NULL, 0, '0000-00-00 00:00:00', 0, NULL, NULL, NULL, NULL),
(125, 126, 'Autorisé par Mr Noureddine', '2016-02-13', 'AD', NULL, 183.000, 0.000, '2016-02-13', 1, NULL, NULL, NULL, NULL, NULL, NULL, NULL, NULL, 0, '0000-00-00 00:00:00', 0, NULL, NULL, NULL, NULL),
(126, 110, NULL, '2016-02-16', 'PC', NULL, 542.552, 0.000, '2016-02-16', 1, NULL, NULL, NULL, NULL, NULL, NULL, NULL, NULL, 0, '0000-00-00 00:00:00', 0, NULL, NULL, NULL, NULL),
(127, 110, NULL, '2016-02-16', 'C', '2016-02-11', 36.371, 0.000, '2016-02-16', 1, NULL, NULL, NULL, NULL, NULL, NULL, NULL, NULL, 0, '0000-00-00 00:00:00', 0, NULL, NULL, NULL, NULL),
(128, 8, 'PEC 2015', '2016-02-16', 'PC', NULL, 542.552, 542.552, '2016-07-28', 1, NULL, NULL, NULL, NULL, NULL, NULL, NULL, NULL, 0, '2016-07-28 13:24:37', 0, NULL, NULL, NULL, NULL),
(129, 8, 'Chèque de garantie', '2016-02-16', 'C', '2016-02-11', 51.110, 0.000, '2016-02-16', 1, NULL, NULL, NULL, NULL, NULL, NULL, NULL, NULL, 0, '0000-00-00 00:00:00', 0, NULL, NULL, NULL, NULL),
(130, 129, 'ATT N°0134567', '2016-02-17', 'C', '2016-02-17', 168.000, 0.000, '2016-02-17', 1, NULL, NULL, NULL, NULL, NULL, NULL, NULL, NULL, 0, '0000-00-00 00:00:00', 0, NULL, NULL, NULL, NULL),
(131, 129, 'ATT N°0134567', '2016-02-17', 'C', '2016-02-17', 31.000, 0.000, '2016-02-17', 1, NULL, NULL, NULL, NULL, NULL, NULL, NULL, NULL, 0, '0000-00-00 00:00:00', 0, NULL, NULL, NULL, NULL),
(132, 1, NULL, '2016-02-17', 'CB', NULL, 90.600, 0.000, '2016-02-17', 1, NULL, NULL, NULL, NULL, NULL, NULL, NULL, NULL, 0, '0000-00-00 00:00:00', 0, NULL, NULL, NULL, NULL),
(133, 1, NULL, '2016-02-17', 'AD', NULL, 82.600, 0.000, '2016-02-17', 1, NULL, NULL, NULL, NULL, NULL, NULL, NULL, NULL, 0, '0000-00-00 00:00:00', 0, NULL, NULL, NULL, NULL),
(134, 130, NULL, '2016-02-18', 'C', '2016-02-28', 91.200, 0.000, '2016-02-18', 1, NULL, NULL, NULL, NULL, NULL, NULL, NULL, NULL, 0, '0000-00-00 00:00:00', 0, NULL, NULL, NULL, NULL),
(135, 4, NULL, '2016-02-19', 'AD', NULL, 255.850, 255.850, NULL, 0, NULL, NULL, NULL, NULL, NULL, NULL, NULL, NULL, 0, '0000-00-00 00:00:00', 0, NULL, NULL, NULL, NULL),
(136, 133, NULL, '2016-02-19', 'PC', NULL, 612.400, 0.000, '2016-02-19', 1, NULL, NULL, NULL, NULL, NULL, NULL, NULL, NULL, 0, '0000-00-00 00:00:00', 0, NULL, NULL, NULL, NULL),
(137, 132, NULL, '2016-02-19', 'E', NULL, 145.000, 29.200, NULL, 0, NULL, NULL, NULL, NULL, NULL, NULL, NULL, NULL, 0, '0000-00-00 00:00:00', 0, NULL, NULL, NULL, NULL),
(138, 134, 'Avec Remise Carte de Fidélité', '2016-02-19', 'E', NULL, 209.000, 0.000, '2016-02-19', 1, NULL, NULL, NULL, NULL, NULL, NULL, NULL, NULL, 0, '0000-00-00 00:00:00', 0, NULL, NULL, NULL, NULL),
(139, 136, NULL, '2016-02-19', 'AD', NULL, 290.000, 0.000, '2016-02-19', 1, NULL, NULL, NULL, NULL, NULL, NULL, NULL, NULL, 0, '0000-00-00 00:00:00', 0, NULL, NULL, NULL, NULL),
(140, 131, NULL, '2016-02-19', 'AD', NULL, 480.000, 0.000, '2016-02-19', 1, NULL, NULL, NULL, NULL, NULL, NULL, NULL, NULL, 0, '0000-00-00 00:00:00', 0, NULL, NULL, NULL, NULL),
(141, 126, 'TTT', '2016-02-20', 'AD', NULL, 231.000, 0.000, '2016-02-20', 1, NULL, NULL, NULL, NULL, NULL, NULL, NULL, NULL, 0, '0000-00-00 00:00:00', 0, NULL, NULL, NULL, NULL),
(142, 4, NULL, '2016-02-20', 'E', NULL, 99.390, 0.000, '2016-02-20', 1, NULL, NULL, NULL, NULL, NULL, NULL, NULL, NULL, 0, '0000-00-00 00:00:00', 0, NULL, NULL, NULL, NULL),
(143, 133, NULL, '2016-02-22', 'PC', NULL, 541.600, 0.000, '2016-02-22', 1, NULL, NULL, NULL, NULL, NULL, NULL, NULL, NULL, 0, '0000-00-00 00:00:00', 0, NULL, NULL, NULL, NULL),
(144, 4, NULL, '2016-02-23', 'E', NULL, 524.500, 0.000, '2016-02-23', 1, NULL, NULL, NULL, NULL, NULL, NULL, NULL, NULL, 0, '0000-00-00 00:00:00', 0, NULL, NULL, NULL, NULL),
(145, 140, NULL, '2016-02-24', 'E', NULL, 88.000, 0.000, '2016-02-24', 1, NULL, NULL, NULL, NULL, NULL, NULL, NULL, NULL, 0, '0000-00-00 00:00:00', 0, NULL, NULL, NULL, NULL),
(146, 139, NULL, '2016-02-24', 'E', NULL, 88.000, 0.000, '2016-02-24', 1, NULL, NULL, NULL, NULL, NULL, NULL, NULL, NULL, 0, '0000-00-00 00:00:00', 0, NULL, NULL, NULL, NULL),
(147, 4, NULL, '2016-02-24', 'E', NULL, 144.000, 0.000, '2016-03-18', 1, NULL, NULL, NULL, NULL, NULL, NULL, NULL, NULL, 0, '0000-00-00 00:00:00', 0, NULL, NULL, NULL, NULL),
(148, 4, NULL, '2016-02-25', 'E', NULL, 615.500, 0.000, '2016-02-25', 1, NULL, NULL, NULL, NULL, NULL, NULL, NULL, NULL, 0, '0000-00-00 00:00:00', 0, NULL, NULL, NULL, NULL),
(149, 105, NULL, '2016-02-25', 'C', '2016-02-25', 563.680, 0.000, '2016-02-25', 1, NULL, NULL, NULL, NULL, NULL, NULL, NULL, NULL, 0, '0000-00-00 00:00:00', 0, NULL, NULL, NULL, NULL),
(150, 143, NULL, '2016-02-25', 'E', NULL, 112.760, 0.000, '2016-02-25', 1, NULL, NULL, NULL, NULL, NULL, NULL, NULL, NULL, 0, '0000-00-00 00:00:00', 0, NULL, NULL, NULL, NULL),
(151, 137, NULL, '2016-02-26', 'PC', NULL, 960.000, 0.000, '2016-02-26', 1, NULL, NULL, NULL, NULL, NULL, NULL, NULL, NULL, 0, '0000-00-00 00:00:00', 0, NULL, NULL, NULL, NULL),
(152, 137, NULL, '2016-02-26', 'C', '2016-03-10', 297.920, 0.000, '2016-02-26', 1, NULL, NULL, NULL, NULL, NULL, NULL, NULL, NULL, 0, '0000-00-00 00:00:00', 0, NULL, NULL, NULL, NULL),
(153, 141, NULL, '2016-03-01', 'AD', NULL, 364.000, 0.000, '2016-03-01', 1, NULL, NULL, NULL, NULL, NULL, NULL, NULL, NULL, 0, '0000-00-00 00:00:00', 0, NULL, NULL, NULL, NULL),
(154, 149, NULL, '2016-03-03', 'AD', NULL, 131.700, 0.000, '2016-03-03', 1, NULL, NULL, NULL, NULL, NULL, NULL, NULL, NULL, 0, '0000-00-00 00:00:00', 0, NULL, NULL, NULL, NULL),
(155, 152, NULL, '2016-03-04', 'PC', NULL, 960.000, 725.120, NULL, 0, NULL, NULL, NULL, NULL, NULL, NULL, NULL, NULL, 0, '0000-00-00 00:00:00', 0, NULL, NULL, NULL, NULL),
(156, 153, NULL, '2016-03-04', 'AD', NULL, 186.400, 0.000, '2016-03-04', 1, NULL, NULL, NULL, NULL, NULL, NULL, NULL, NULL, 0, '0000-00-00 00:00:00', 0, NULL, NULL, NULL, NULL),
(157, 154, NULL, '2016-03-04', 'PC', NULL, 558.580, 0.000, '2016-03-04', 1, NULL, NULL, NULL, NULL, NULL, NULL, NULL, NULL, 0, '0000-00-00 00:00:00', 0, NULL, NULL, NULL, NULL),
(158, 156, NULL, '2016-03-05', 'PC', NULL, 95.960, 0.000, '2016-03-05', 1, NULL, NULL, NULL, NULL, NULL, NULL, NULL, NULL, 0, '0000-00-00 00:00:00', 0, NULL, NULL, NULL, NULL),
(159, 156, NULL, '2016-03-05', 'PC', NULL, 95.960, 0.000, '2016-03-05', 1, NULL, NULL, NULL, NULL, NULL, NULL, NULL, NULL, 0, '0000-00-00 00:00:00', 0, NULL, NULL, NULL, NULL),
(160, 4, NULL, '2016-03-05', 'AD', NULL, 1017.740, 1017.740, NULL, 0, NULL, NULL, NULL, NULL, NULL, NULL, NULL, NULL, 0, '0000-00-00 00:00:00', 0, NULL, NULL, NULL, NULL),
(161, 162, NULL, '2016-03-08', 'C', '2016-03-08', 183.500, 0.000, '2016-03-08', 1, NULL, NULL, NULL, NULL, NULL, NULL, NULL, NULL, 0, '0000-00-00 00:00:00', 0, NULL, NULL, NULL, NULL),
(162, 160, NULL, '2016-03-08', 'PC', NULL, 455.737, 0.000, '2016-03-08', 1, NULL, NULL, NULL, NULL, NULL, NULL, NULL, NULL, 0, '0000-00-00 00:00:00', 0, NULL, NULL, NULL, NULL),
(163, 158, NULL, '2016-03-10', 'V', NULL, 532.000, 0.000, '2016-03-10', 1, NULL, NULL, NULL, NULL, NULL, NULL, NULL, NULL, 0, '0000-00-00 00:00:00', 0, NULL, NULL, NULL, NULL),
(164, 12, NULL, '2016-03-11', 'AD', NULL, 429.600, 429.600, NULL, 0, NULL, NULL, NULL, NULL, NULL, NULL, NULL, NULL, 0, '0000-00-00 00:00:00', 0, NULL, NULL, NULL, NULL),
(165, 163, NULL, '2016-03-11', 'V', NULL, 259.360, 259.360, NULL, 0, NULL, NULL, NULL, NULL, NULL, NULL, NULL, NULL, 0, '0000-00-00 00:00:00', 0, NULL, NULL, NULL, NULL),
(166, 165, NULL, '2016-03-11', 'C', '2016-03-11', 363.500, 0.000, '2016-03-11', 1, NULL, NULL, NULL, NULL, NULL, NULL, NULL, NULL, 0, '0000-00-00 00:00:00', 0, NULL, NULL, NULL, NULL),
(167, 165, NULL, '2016-03-11', 'AD', NULL, 3.500, 0.000, '2016-03-11', 1, NULL, NULL, NULL, NULL, NULL, NULL, NULL, NULL, 0, '0000-00-00 00:00:00', 0, NULL, NULL, NULL, NULL),
(168, 169, NULL, '2016-03-11', 'E', NULL, 138.000, 0.000, '2016-03-11', 1, NULL, NULL, NULL, NULL, NULL, NULL, NULL, NULL, 0, '0000-00-00 00:00:00', 0, NULL, NULL, NULL, NULL),
(169, 167, NULL, '2016-03-11', 'E', NULL, 111.000, 0.000, '2016-03-11', 1, NULL, NULL, NULL, NULL, NULL, NULL, NULL, NULL, 0, '0000-00-00 00:00:00', 0, NULL, NULL, NULL, NULL),
(170, 147, NULL, '2016-03-12', 'AD', NULL, 90.584, 0.000, '2016-03-12', 1, NULL, NULL, NULL, NULL, NULL, NULL, NULL, NULL, 0, '0000-00-00 00:00:00', 0, NULL, NULL, NULL, NULL),
(171, 147, NULL, '2016-03-12', 'AD', NULL, 1400.724, 0.000, '2016-03-12', 1, NULL, NULL, NULL, NULL, NULL, NULL, NULL, NULL, 0, '0000-00-00 00:00:00', 0, NULL, NULL, NULL, NULL),
(172, 156, 'Chéque de Garantie en attente la PEC', '2016-03-12', 'PC', NULL, 144.120, 0.000, '2016-03-12', 1, NULL, NULL, NULL, NULL, NULL, NULL, NULL, NULL, 0, '0000-00-00 00:00:00', 0, NULL, NULL, NULL, NULL),
(173, 170, NULL, '2016-03-12', 'E', NULL, 300.000, 300.000, NULL, 0, NULL, NULL, NULL, NULL, NULL, NULL, NULL, NULL, 0, '0000-00-00 00:00:00', 0, NULL, NULL, NULL, NULL),
(174, 170, NULL, '2016-03-12', 'C', '2016-04-25', 275.000, 275.000, NULL, 0, NULL, NULL, NULL, NULL, NULL, NULL, NULL, NULL, 0, '0000-00-00 00:00:00', 0, NULL, NULL, NULL, NULL),
(175, 170, NULL, '2016-03-12', 'C', '2016-05-25', 249.800, 249.800, NULL, 0, NULL, NULL, NULL, NULL, NULL, NULL, NULL, NULL, 0, '0000-00-00 00:00:00', 0, NULL, NULL, NULL, NULL),
(176, 157, NULL, '2016-03-14', 'AD', NULL, 989.600, 0.000, '2016-03-14', 1, NULL, NULL, NULL, NULL, NULL, NULL, NULL, NULL, 0, '0000-00-00 00:00:00', 0, NULL, NULL, NULL, NULL),
(177, 171, NULL, '2016-03-14', 'V', NULL, 309.490, 0.000, '2016-03-14', 1, NULL, NULL, NULL, NULL, NULL, NULL, NULL, NULL, 0, '0000-00-00 00:00:00', 0, NULL, NULL, NULL, NULL),
(179, 166, NULL, '2016-03-14', 'AD', NULL, 517.224, 0.000, '2016-03-14', 1, NULL, NULL, NULL, NULL, NULL, NULL, NULL, NULL, 0, '0000-00-00 00:00:00', 0, NULL, NULL, NULL, NULL),
(183, 173, NULL, '2016-03-15', 'PC', NULL, 598.000, 0.000, '2016-03-15', 1, NULL, NULL, NULL, NULL, NULL, NULL, NULL, NULL, 0, '0000-00-00 00:00:00', 0, NULL, NULL, NULL, NULL),
(188, 172, '2 CHEQ STB BANK', '2016-03-15', 'C', '2016-03-15', 586.200, 0.000, '2016-03-15', 1, NULL, NULL, NULL, NULL, NULL, NULL, NULL, NULL, 0, '0000-00-00 00:00:00', 0, NULL, NULL, NULL, NULL),
(189, 172, NULL, '2016-03-15', 'C', '2016-03-15', 586.200, 0.000, '2016-03-15', 1, NULL, NULL, NULL, NULL, NULL, NULL, NULL, NULL, 0, '0000-00-00 00:00:00', 0, NULL, NULL, NULL, NULL),
(190, 10, NULL, '2016-03-15', 'PC', NULL, 282.400, 282.400, NULL, 0, NULL, NULL, NULL, NULL, NULL, NULL, NULL, NULL, 0, '0000-00-00 00:00:00', 0, NULL, NULL, NULL, NULL),
(191, 21, NULL, '2016-03-15', 'PC', NULL, 760.000, 760.000, NULL, 0, NULL, NULL, NULL, NULL, NULL, NULL, NULL, NULL, 0, '0000-00-00 00:00:00', 0, NULL, NULL, NULL, NULL),
(192, 11, NULL, '2016-03-15', 'AD', NULL, 215.200, 215.200, NULL, 0, NULL, NULL, NULL, NULL, NULL, NULL, NULL, NULL, 0, '0000-00-00 00:00:00', 0, NULL, NULL, NULL, NULL),
(193, 21, NULL, '2016-03-16', 'AD', NULL, 760.000, 0.000, '2016-03-16', 1, NULL, NULL, NULL, NULL, NULL, NULL, NULL, NULL, 0, '0000-00-00 00:00:00', 0, NULL, NULL, NULL, NULL),
(194, 150, 'Suivi PEC avec BOUEROUA Anis', '2016-03-16', 'AD', NULL, 523.480, 0.000, '2016-03-16', 1, NULL, NULL, NULL, NULL, NULL, NULL, NULL, NULL, 0, '0000-00-00 00:00:00', 0, NULL, NULL, NULL, NULL),
(195, 174, 'Solde PEC 2015', '2016-03-17', 'PC', NULL, 345.000, 0.000, '2016-03-17', 1, NULL, NULL, NULL, NULL, NULL, NULL, NULL, NULL, 0, '0000-00-00 00:00:00', 0, NULL, NULL, NULL, NULL),
(196, 174, 'PEC 2016', '2016-03-17', 'PC', NULL, 345.000, 0.000, '2016-03-17', 1, NULL, NULL, NULL, NULL, NULL, NULL, NULL, NULL, 0, '0000-00-00 00:00:00', 0, NULL, NULL, NULL, NULL),
(197, 174, 'BQ ZITOUNA 4000823', '2016-03-17', 'C', '2016-03-31', 130.000, 0.000, '2016-03-17', 1, NULL, NULL, NULL, NULL, NULL, NULL, NULL, NULL, 0, '0000-00-00 00:00:00', 0, NULL, NULL, NULL, NULL),
(198, 193, 'UBCI', '2016-03-17', 'C', '2016-03-17', 262.000, 0.000, '2016-03-17', 1, NULL, NULL, NULL, NULL, NULL, NULL, NULL, NULL, 0, '0000-00-00 00:00:00', 0, NULL, NULL, NULL, NULL),
(199, 185, 'PEC', '2016-03-17', 'PC', NULL, 960.000, 0.000, '2016-03-17', 1, NULL, NULL, NULL, NULL, NULL, NULL, NULL, NULL, 0, '0000-00-00 00:00:00', 0, NULL, NULL, NULL, NULL),
(200, 185, 'BT', '2016-03-17', 'C', '2016-03-17', 198.790, 0.000, '2016-03-17', 1, NULL, NULL, NULL, NULL, NULL, NULL, NULL, NULL, 0, '0000-00-00 00:00:00', 0, NULL, NULL, NULL, NULL),
(201, 184, NULL, '2016-03-17', 'PC', NULL, 631.200, 0.000, '2016-03-17', 1, NULL, NULL, NULL, NULL, NULL, NULL, NULL, NULL, 0, '0000-00-00 00:00:00', 0, NULL, NULL, NULL, NULL),
(202, 190, NULL, '2016-03-17', 'PC', NULL, 380.320, 0.000, '2016-03-17', 1, NULL, NULL, NULL, NULL, NULL, NULL, NULL, NULL, 0, '0000-00-00 00:00:00', 0, NULL, NULL, NULL, NULL),
(203, 191, NULL, '2016-03-17', 'PC', NULL, 130.680, 0.000, '2016-03-17', 1, NULL, NULL, NULL, NULL, NULL, NULL, NULL, NULL, 0, '0000-00-00 00:00:00', 0, NULL, NULL, NULL, NULL),
(204, 182, NULL, '2016-03-17', 'PC', NULL, 460.300, 0.000, '2016-03-17', 1, NULL, NULL, NULL, NULL, NULL, NULL, NULL, NULL, 0, '0000-00-00 00:00:00', 0, NULL, NULL, NULL, NULL),
(205, 1, NULL, '2016-03-18', 'E', NULL, 268.760, 0.000, '2016-03-18', 1, NULL, NULL, NULL, NULL, NULL, NULL, NULL, NULL, 0, '0000-00-00 00:00:00', 0, NULL, NULL, NULL, NULL),
(206, 129, NULL, '2016-03-18', 'C', '2016-04-30', 141.720, 0.000, '2016-03-18', 1, NULL, NULL, NULL, NULL, NULL, NULL, NULL, NULL, 0, '0000-00-00 00:00:00', 0, NULL, NULL, NULL, NULL),
(207, 129, NULL, '2016-03-18', 'C', '2016-05-31', 141.720, 0.000, '2016-03-18', 1, NULL, NULL, NULL, NULL, NULL, NULL, NULL, NULL, 0, '0000-00-00 00:00:00', 0, NULL, NULL, NULL, NULL),
(208, 192, NULL, '2016-03-18', 'V', NULL, 130.680, 0.000, '2016-03-18', 1, NULL, NULL, NULL, NULL, NULL, NULL, NULL, NULL, 0, '0000-00-00 00:00:00', 0, NULL, NULL, NULL, NULL),
(209, 199, NULL, '2016-03-18', 'E', NULL, 274.600, 0.000, '2016-03-18', 1, NULL, NULL, NULL, NULL, NULL, NULL, NULL, NULL, 0, '0000-00-00 00:00:00', 0, NULL, NULL, NULL, NULL),
(210, 4, 'test', '2016-03-18', 'E', NULL, 437.340, 0.000, '2016-03-18', 1, NULL, NULL, NULL, NULL, NULL, NULL, NULL, NULL, 0, '0000-00-00 00:00:00', 0, NULL, NULL, NULL, NULL),
(211, 4, NULL, '2016-03-19', 'C', '2016-03-30', 1527.250, 0.000, '2016-03-19', 1, NULL, NULL, NULL, NULL, NULL, NULL, NULL, NULL, 0, '0000-00-00 00:00:00', 0, NULL, NULL, NULL, NULL),
(212, 205, NULL, '2016-03-22', 'PC', NULL, 342.400, 0.000, '2016-03-22', 1, NULL, NULL, NULL, NULL, NULL, NULL, NULL, NULL, 0, '0000-00-00 00:00:00', 0, NULL, NULL, NULL, NULL),
(213, 151, NULL, '2016-03-23', 'E', NULL, 282.400, 0.000, '2016-06-14', 1, NULL, NULL, NULL, NULL, NULL, NULL, NULL, NULL, 0, '2016-06-14 17:29:47', 0, NULL, NULL, NULL, NULL),
(214, 199, NULL, '2016-03-23', 'E', NULL, 275.600, 0.000, '2016-03-23', 1, NULL, NULL, NULL, NULL, NULL, NULL, NULL, NULL, 0, '0000-00-00 00:00:00', 0, NULL, NULL, NULL, NULL),
(215, 1, NULL, '2016-04-07', 'E', NULL, 268.760, 0.000, '2016-04-20', 1, NULL, NULL, NULL, NULL, NULL, NULL, NULL, NULL, 0, '0000-00-00 00:00:00', 0, NULL, NULL, NULL, NULL),
(216, 151, NULL, '2016-04-15', 'CB', NULL, 269.400, 0.000, '2016-06-14', 1, NULL, NULL, NULL, NULL, NULL, NULL, NULL, NULL, 0, '2016-06-14 17:29:47', 0, NULL, NULL, NULL, NULL),
(217, 4, NULL, '2016-04-18', 'PC', NULL, 1835.060, 1835.060, NULL, 0, NULL, NULL, NULL, NULL, NULL, NULL, NULL, NULL, 0, '0000-00-00 00:00:00', 0, NULL, NULL, NULL, NULL),
(218, 4, NULL, '2016-04-18', 'PC', NULL, 187.867, 187.867, NULL, 0, NULL, NULL, NULL, NULL, NULL, NULL, NULL, NULL, 0, '0000-00-00 00:00:00', 0, NULL, NULL, NULL, NULL),
(219, 4, NULL, '2016-04-18', 'E', NULL, 1223.540, 1223.540, NULL, 0, NULL, NULL, NULL, NULL, NULL, NULL, NULL, NULL, 0, '0000-00-00 00:00:00', 0, NULL, NULL, NULL, NULL),
(220, 4, 'TEST', '2016-04-18', 'PC', NULL, 309.850, 309.850, NULL, 0, NULL, NULL, NULL, NULL, NULL, NULL, NULL, NULL, 0, '0000-00-00 00:00:00', 0, NULL, NULL, NULL, NULL),
(221, 4, NULL, '2016-04-18', 'PC', NULL, 6008.710, 6008.710, NULL, 0, NULL, NULL, NULL, NULL, NULL, NULL, NULL, NULL, 0, '0000-00-00 00:00:00', 0, NULL, NULL, NULL, NULL),
(222, 4, NULL, '2016-04-18', 'PC', NULL, 91.200, 91.200, NULL, 0, NULL, NULL, NULL, NULL, NULL, NULL, NULL, NULL, 0, '0000-00-00 00:00:00', 0, NULL, NULL, NULL, NULL),
(223, 4, NULL, '2016-04-18', 'PC', NULL, 542.000, 542.000, NULL, 0, NULL, NULL, NULL, NULL, NULL, NULL, NULL, NULL, 0, '0000-00-00 00:00:00', 0, NULL, NULL, NULL, NULL),
(224, 4, 'test', '2016-04-19', 'PC', NULL, 539.500, 539.500, NULL, 0, NULL, NULL, NULL, NULL, NULL, NULL, NULL, NULL, 0, '0000-00-00 00:00:00', 0, NULL, NULL, NULL, NULL),
(225, 4, 'test', '2016-04-19', 'AD', NULL, 110.800, 110.800, NULL, 0, NULL, NULL, NULL, NULL, NULL, NULL, NULL, NULL, 0, '0000-00-00 00:00:00', 0, NULL, NULL, NULL, NULL),
(226, 4, 'test', '2016-04-19', 'AD', NULL, 1529.300, 1529.300, NULL, 0, NULL, NULL, NULL, NULL, NULL, NULL, NULL, NULL, 0, '0000-00-00 00:00:00', 0, NULL, NULL, NULL, NULL),
(227, 4, 'test', '2016-04-19', 'PC', NULL, 603.760, 603.760, NULL, 0, NULL, NULL, NULL, NULL, NULL, NULL, NULL, NULL, 0, '0000-00-00 00:00:00', 0, NULL, NULL, NULL, NULL),
(228, 4, 'test', '2016-04-19', 'PC', NULL, 309.850, 309.850, NULL, 0, NULL, NULL, NULL, NULL, NULL, NULL, NULL, NULL, 0, '0000-00-00 00:00:00', 0, NULL, NULL, NULL, NULL),
(229, 1, NULL, '2016-04-20', 'E', NULL, 277.560, 0.000, '2016-04-20', 1, NULL, NULL, NULL, NULL, NULL, NULL, NULL, NULL, 0, '0000-00-00 00:00:00', 0, NULL, NULL, NULL, NULL),
(230, 1, NULL, '2016-04-20', 'V', NULL, 277.560, 0.000, '2016-04-20', 1, NULL, NULL, NULL, NULL, NULL, NULL, NULL, NULL, 0, '0000-00-00 00:00:00', 0, NULL, NULL, NULL, NULL),
(231, 1, NULL, '2016-04-20', 'V', NULL, 277.560, 0.000, '2016-04-20', 1, NULL, NULL, NULL, NULL, NULL, NULL, NULL, NULL, 0, '0000-00-00 00:00:00', 0, NULL, NULL, NULL, NULL),
(232, 4, 'test', '2016-04-23', 'E', NULL, 1223.540, 1223.540, NULL, 0, NULL, NULL, NULL, NULL, NULL, NULL, NULL, NULL, 0, '0000-00-00 00:00:00', 0, NULL, NULL, NULL, NULL),
(233, 4, 'test', '2016-04-23', 'AD', NULL, 473.400, 473.400, NULL, 0, NULL, NULL, NULL, NULL, NULL, NULL, NULL, NULL, 0, '0000-00-00 00:00:00', 0, NULL, NULL, NULL, NULL),
(234, 4, NULL, '2016-05-10', 'E', NULL, 101.784, 101.784, NULL, 0, NULL, NULL, NULL, NULL, NULL, NULL, NULL, NULL, 0, '0000-00-00 00:00:00', 0, NULL, NULL, NULL, NULL),
(235, 4, NULL, '2016-05-10', 'E', NULL, 101.784, 101.784, NULL, 0, NULL, NULL, NULL, NULL, NULL, NULL, NULL, NULL, 0, '0000-00-00 00:00:00', 0, NULL, NULL, NULL, NULL),
(236, 4, 'teste', '2016-05-11', 'E', NULL, 104.136, 0.000, '2016-05-11', 1, NULL, NULL, NULL, NULL, NULL, NULL, NULL, NULL, 0, '0000-00-00 00:00:00', 0, NULL, NULL, NULL, NULL),
(237, 4, 'teste', '2016-05-11', 'C', '2016-05-18', 3360.500, 0.000, '2016-05-11', 1, NULL, NULL, 'teste', NULL, NULL, NULL, NULL, NULL, 0, '0000-00-00 00:00:00', 0, NULL, NULL, NULL, NULL),
(238, 1, 'teste', '2016-05-11', 'C', '2016-05-12', 810.080, 0.000, '2016-05-11', 1, NULL, NULL, 'test', NULL, NULL, NULL, NULL, NULL, 0, '0000-00-00 00:00:00', 0, NULL, NULL, NULL, NULL),
(239, 1, 'hh', '2016-05-11', 'C', '2016-05-13', 268.760, 0.000, '2016-05-11', 1, NULL, NULL, 'hh', NULL, NULL, NULL, NULL, NULL, 0, '0000-00-00 00:00:00', 0, NULL, NULL, NULL, NULL),
(240, 151, NULL, '2016-05-14', 'PC', NULL, 87.000, 87.000, '2016-06-14', 1, NULL, NULL, NULL, NULL, NULL, NULL, NULL, NULL, 0, '2016-06-14 17:40:42', 0, NULL, NULL, NULL, NULL),
(241, 4, 'test', '2016-05-14', 'C', '2016-05-15', 1455.419, 1455.419, NULL, 0, NULL, NULL, 'teste', NULL, NULL, NULL, NULL, NULL, 0, '0000-00-00 00:00:00', 0, NULL, NULL, NULL, NULL),
(242, 4, NULL, '2016-06-14', 'C', '2016-06-30', 575.500, 0.000, '2016-06-14', 1, NULL, NULL, '00', '2016-06-14', '12525', '123', 'zefzefz', NULL, 0, '2016-06-14 17:16:43', 0, NULL, NULL, NULL, NULL),
(243, 151, NULL, '2016-06-14', 'E', NULL, 134.300, 0.000, '2016-06-14', 1, NULL, NULL, '00', NULL, NULL, NULL, 'ABDELADHIM Abdessalem', NULL, 0, '2016-06-14 17:29:59', 0, NULL, NULL, NULL, NULL),
(244, 151, NULL, '2016-06-14', 'E', NULL, 87.000, 0.000, '2016-06-14', 1, NULL, NULL, NULL, NULL, NULL, NULL, NULL, NULL, 0, '2016-06-14 17:40:42', 0, NULL, NULL, NULL, NULL),
(245, 128, NULL, '2016-06-15', 'PC', NULL, 1121.970, 121.970, '2016-06-15', 1, NULL, NULL, '00', NULL, NULL, NULL, 'MLOUHI Adnen', NULL, 0, '2016-06-26 12:56:00', 0, NULL, NULL, NULL, NULL),
(246, 302, NULL, '2016-06-19', 'E', NULL, 100.280, 0.000, '2016-06-19', 1, NULL, NULL, '00', NULL, NULL, NULL, 'Tarak ben brahim', NULL, 0, '2016-06-19 12:19:05', 0, NULL, NULL, NULL, NULL),
(247, 302, NULL, '2016-06-19', 'C', '2016-06-28', 55.000, 0.000, '2016-06-19', 1, NULL, NULL, '05', '2016-06-26', '545454545454545454545', '123', 'Tarak ben brahim', NULL, 1, '2016-06-19 12:28:43', 0, NULL, NULL, NULL, NULL),
(248, 302, NULL, '2016-06-19', 'AD', '2016-06-28', 55.000, 0.000, '2016-06-19', 1, NULL, NULL, NULL, NULL, NULL, NULL, 'Tarak ben brahim', NULL, 0, '2016-06-19 12:19:28', 0, NULL, NULL, NULL, NULL),
(249, 128, NULL, '2016-06-26', 'E', NULL, 121.970, 0.000, '2016-06-26', 1, NULL, NULL, NULL, NULL, NULL, NULL, NULL, NULL, 0, '2016-06-26 12:56:00', 0, NULL, NULL, NULL, NULL),
(250, 304, NULL, '2016-07-14', 'E', NULL, 150.000, 0.000, '2016-07-14', 1, NULL, NULL, '00', NULL, NULL, NULL, 'Froudj 1234', NULL, 0, '2016-07-14 12:19:29', 0, NULL, NULL, NULL, NULL),
(251, 304, NULL, '2016-07-14', 'AD', '2016-07-30', 57.000, 57.000, '2016-07-14', 1, NULL, NULL, '00', NULL, NULL, NULL, 'Froudj 1234', NULL, 0, '2016-07-14 12:38:53', 0, NULL, NULL, NULL, NULL),
(252, 304, NULL, '2016-07-14', 'C', '2016-07-25', 550.500, 0.000, '2016-07-14', 1, NULL, NULL, '00', '2016-07-14', '123456', '123', 'Froudj 1234', NULL, 0, '2016-07-14 12:23:39', 0, NULL, NULL, NULL, NULL),
(253, 304, NULL, '2016-07-14', 'AD', '2016-07-25', 300.000, 300.000, '2016-07-28', 1, NULL, NULL, '00', NULL, NULL, NULL, 'Froudj 1234', NULL, 0, '2016-07-28 13:30:46', 0, NULL, NULL, NULL, NULL),
(256, 304, NULL, '2016-07-14', 'C', '2016-07-25', 332.000, 0.000, '2016-07-28', 1, NULL, NULL, '00', '2016-07-14', '012345678912345', '123', 'Froudj 1234', NULL, 0, '2016-07-28 13:30:46', 0, NULL, NULL, NULL, NULL),
(257, 303, NULL, '2016-07-19', 'E', NULL, 100.000, 0.000, '2016-07-19', 1, NULL, NULL, '00', NULL, NULL, NULL, 'Client OCTASOFT', NULL, 0, '2016-07-19 13:01:36', 1, NULL, NULL, NULL, NULL),
(258, 303, NULL, '2016-07-21', 'E', NULL, 106.500, 0.000, '2016-07-21', 1, NULL, NULL, '00', NULL, NULL, NULL, 'Client OCTASOFT', NULL, 0, '2016-07-21 13:22:01', 0, NULL, NULL, NULL, NULL),
(259, 4, NULL, '2016-07-27', 'AD', '2016-08-27', 1533.000, 0.000, '2016-07-27', 1, NULL, NULL, '00', NULL, NULL, NULL, 'Passager', NULL, 0, '2016-07-27 16:03:35', 0, NULL, NULL, NULL, NULL),
(260, 4, NULL, '2016-07-27', 'E', NULL, 1533.000, 1533.000, NULL, 0, NULL, NULL, NULL, NULL, NULL, NULL, NULL, NULL, 0, '2016-07-27 16:07:29', 0, NULL, NULL, NULL, NULL),
(261, 4, NULL, '2016-07-27', 'E', NULL, 850.500, 0.000, '2016-07-27', 1, NULL, NULL, '00', NULL, NULL, NULL, 'Passager', NULL, 0, '2016-07-27 16:12:28', 0, NULL, NULL, NULL, NULL),
(262, 8, NULL, '2016-07-27', 'E', NULL, 850.500, 0.000, '2016-07-27', 1, NULL, NULL, '00', NULL, NULL, NULL, 'Maâcha Arbi passager', NULL, 0, '2016-07-27 16:15:11', 0, NULL, NULL, NULL, NULL),
(263, NULL, NULL, '2016-07-27', 'V', NULL, 1329.750, 0.000, NULL, 0, NULL, 378, '05', '2016-01-01', NULL, '010', NULL, '12547', 0, '2016-07-27 16:21:17', 0, NULL, NULL, NULL, NULL),
(264, 8, NULL, '2016-07-28', 'E', NULL, 500.000, 0.000, '2016-07-28', 1, NULL, NULL, NULL, NULL, NULL, NULL, NULL, NULL, 0, '2016-07-28 13:24:37', 0, NULL, NULL, NULL, NULL),
(265, 8, NULL, '2016-07-28', 'AD', '2016-07-31', 42.552, 42.552, NULL, 0, NULL, NULL, NULL, NULL, NULL, NULL, NULL, NULL, 0, '2016-07-28 13:22:35', 0, NULL, NULL, NULL, NULL),
(266, 8, NULL, '2016-07-28', 'E', NULL, 42.552, 0.000, '2016-07-28', 1, NULL, NULL, NULL, NULL, NULL, NULL, NULL, NULL, 0, '2016-07-28 13:24:37', 0, NULL, NULL, NULL, NULL),
(267, 304, NULL, '2016-07-28', 'E', NULL, 191.000, 0.000, '2016-07-28', 1, NULL, NULL, NULL, NULL, NULL, NULL, NULL, NULL, 0, '2016-07-28 13:30:46', 0, NULL, NULL, NULL, NULL),
(268, 304, NULL, '2016-07-28', 'E', NULL, 0.200, 0.200, NULL, 0, NULL, NULL, NULL, NULL, NULL, NULL, NULL, NULL, 0, '2016-07-28 13:30:46', 0, NULL, NULL, NULL, NULL),
(269, 151, NULL, '2016-07-28', 'AD', '2016-07-31', 166.200, 0.000, '2016-07-28', 1, NULL, NULL, '00', NULL, NULL, NULL, 'ABDELADHIM Abdessalem', NULL, 0, '2016-07-28 13:34:29', 0, NULL, NULL, NULL, NULL),
(270, 151, NULL, '2016-07-28', 'E', NULL, 66.200, 0.000, '2016-09-07', 1, NULL, NULL, NULL, NULL, NULL, NULL, NULL, NULL, 0, '2016-09-07 09:26:48', 0, NULL, NULL, NULL, NULL),
(271, 8, NULL, '2016-08-02', 'AD', '2016-09-02', 166.200, 0.000, '2016-08-02', 1, NULL, NULL, '00', NULL, NULL, NULL, 'Maâcha Arbi passager', NULL, 1, '2016-08-02 11:15:46', 0, NULL, NULL, NULL, NULL),
(272, 8, 'Générée suite retour pièce Num 271', '2016-08-02', 'AD', '2016-09-02', 166.200, 0.000, '2016-08-02', 1, NULL, NULL, NULL, NULL, NULL, NULL, 'Maâcha Arbi passager', NULL, 0, '2016-08-02 11:13:42', 0, NULL, NULL, NULL, NULL),
(273, 8, NULL, '2016-08-03', 'E', NULL, 66.200, 66.200, NULL, 0, NULL, NULL, NULL, NULL, NULL, NULL, NULL, NULL, 0, '2016-08-03 17:32:35', 0, NULL, NULL, NULL, NULL),
(274, 296, NULL, '2016-08-04', 'E', NULL, 100.000, 0.000, '2016-08-04', 1, NULL, NULL, '00', NULL, NULL, NULL, 'abc', NULL, 0, '2016-08-04 11:40:11', 0, NULL, NULL, NULL, NULL),
(275, 8, 'arbi', '2016-08-10', 'E', NULL, 100.000, 0.000, NULL, 0, NULL, NULL, NULL, NULL, NULL, NULL, 'arbi', NULL, 0, '2016-08-10 11:21:51', 0, NULL, NULL, NULL, NULL),
(276, 8, 'Remboursement suite à la validation de l''avoir N°: 2016000001', '2016-08-10', 'E', NULL, 200.000, 200.000, NULL, 0, NULL, NULL, NULL, NULL, NULL, NULL, NULL, NULL, 0, '2016-08-10 13:45:04', 0, NULL, NULL, NULL, NULL),
(277, 8, NULL, '2016-08-10', 'AD', '2016-08-10', 166.200, 166.200, NULL, 0, NULL, NULL, '00', NULL, NULL, NULL, 'Maâcha Arbi passager', NULL, 0, '2016-08-10 14:13:55', 0, NULL, NULL, NULL, NULL),
(278, 296, NULL, '2016-08-11', 'E', NULL, 93.900, 0.000, '2016-08-11', 1, NULL, NULL, '00', NULL, NULL, NULL, 'abc', NULL, 0, '2016-08-11 11:28:27', 0, NULL, NULL, NULL, NULL),
(279, NULL, NULL, '2016-08-11', 'E', NULL, 166.000, 0.000, NULL, 0, NULL, 401, NULL, NULL, NULL, NULL, NULL, NULL, 0, '2016-08-11 11:31:02', 0, NULL, NULL, NULL, NULL),
(280, 168, NULL, '2016-08-24', 'E', NULL, 211.000, 0.000, '2016-08-24', 1, NULL, NULL, '00', NULL, NULL, NULL, 'ABDELJAWED SLIM', NULL, 0, '2016-08-24 12:11:28', 0, NULL, NULL, NULL, NULL),
(281, 168, NULL, '2016-08-24', 'AD', '2016-08-28', 200.000, 0.000, '2016-08-24', 1, NULL, NULL, '00', NULL, NULL, NULL, 'ABDELJAWED SLIM', NULL, 0, '2016-08-24 12:11:50', 0, NULL, NULL, NULL, NULL),
(282, NULL, NULL, '2016-08-24', 'V', NULL, 500.000, 500.000, NULL, 0, NULL, 26, '05', '2016-08-24', NULL, '123', 'Cliebt Rym', '123654', 0, '2016-08-24 12:16:47', 0, NULL, NULL, NULL, NULL),
(283, 151, NULL, '2016-08-25', 'C', '2016-09-25', 150.500, 0.000, '2016-08-25', 1, NULL, NULL, '07', '2016-08-25', '123456', '123', 'ABDELADHIM Abdessalem', NULL, 0, '2016-08-25 11:55:47', 0, NULL, NULL, NULL, NULL),
(284, 296, NULL, '2016-08-25', 'E', NULL, 120.500, 0.000, '2016-08-25', 1, NULL, NULL, '00', NULL, NULL, NULL, 'abc', NULL, 0, '2016-08-25 12:10:21', 0, NULL, NULL, NULL, NULL),
(285, 296, NULL, '2016-08-25', 'AD', '2016-09-01', 200.500, 0.000, '2016-08-25', 1, NULL, NULL, '00', NULL, NULL, NULL, 'abc', NULL, 0, '2016-08-25 12:15:05', 0, NULL, NULL, NULL, NULL),
(286, NULL, NULL, '2016-08-25', 'V', NULL, 120.000, 0.000, NULL, 0, NULL, 403, '05', '2016-08-25', NULL, '123', 'IATA', '123456', 0, '2016-08-25 12:26:29', 0, NULL, NULL, NULL, NULL),
(287, 299, NULL, '2016-08-25', 'E', NULL, 288.600, 0.000, '2016-08-25', 1, NULL, NULL, '00', NULL, NULL, NULL, 'RHILI Aymen', NULL, 0, '2016-08-25 15:31:43', 0, NULL, NULL, NULL, NULL),
(288, 298, NULL, '2016-08-25', 'E', NULL, 5101.120, 0.000, '2016-08-25', 1, NULL, NULL, '00', NULL, NULL, NULL, 'DRIDI ALI', NULL, 0, '2016-08-25 16:13:54', 0, NULL, NULL, NULL, NULL),
(289, 151, NULL, '2016-08-26', 'E', NULL, 587.000, 0.000, '2016-08-26', 1, NULL, NULL, '00', NULL, NULL, NULL, 'ABDELADHIM Abdessalem', NULL, 0, '2016-08-26 13:32:40', 0, NULL, NULL, NULL, NULL),
(290, 151, NULL, '2016-08-26', 'C', '2016-09-26', 1000.000, 0.000, '2016-08-26', 1, NULL, NULL, '01', '2016-08-26', '12365445', '023', 'ABDELADHIM Abdessalem', NULL, 0, '2016-08-26 13:33:12', 0, NULL, NULL, NULL, NULL);
INSERT INTO `ost_com_piece` (`id`, `client_id`, `numero`, `dateCreation`, `modeReglement`, `DateEcheance`, `montantOrigine`, `montant`, `dateReglement`, `regle`, `param`, `fournisseur_id`, `bank`, `date_emission`, `cheque`, `guichet`, `titulaire`, `bordereau`, `returned`, `updated`, `canceled`, `path`, `factures`, `pointvente_id`, `amicale_id`) VALUES
(291, 151, NULL, '2016-08-26', 'E', NULL, 490.966, 0.000, '2016-08-26', 1, NULL, NULL, '00', NULL, NULL, NULL, 'ABDELADHIM Abdessalem', NULL, 0, '2016-08-26 21:09:00', 0, NULL, NULL, NULL, NULL),
(292, 151, NULL, '2016-08-26', 'C', '2016-09-30', 2000.000, 0.000, '2016-08-26', 1, NULL, NULL, '03', '2016-08-26', '1452222', '123', 'ABDELADHIM Abdessalem', NULL, 1, '2016-09-02 12:18:39', 0, NULL, NULL, NULL, NULL),
(293, NULL, 'wxcwxc', '2016-08-26', 'V', NULL, 3000.000, 3000.000, NULL, 0, NULL, 342, '05', '2016-08-26', NULL, '123', 'cvwxc', '12345', 0, '2016-08-26 21:11:38', 0, NULL, NULL, NULL, NULL),
(294, 306, NULL, '2016-08-29', 'E', NULL, 238.100, 0.000, '2016-08-29', 1, NULL, NULL, '00', NULL, NULL, NULL, 'jendli amira', NULL, 0, '2016-08-29 13:35:33', 0, NULL, NULL, NULL, NULL),
(295, 306, NULL, '2016-08-29', 'AD', '2016-09-12', 1000.000, 0.000, '2016-08-29', 1, NULL, NULL, '00', NULL, NULL, NULL, 'jendli amira', NULL, 0, '2016-08-29 13:36:08', 0, NULL, NULL, NULL, NULL),
(296, 307, NULL, '2016-08-30', 'E', NULL, 968.000, 0.000, '2016-08-30', 1, NULL, NULL, '00', NULL, NULL, NULL, 'sameh meguebli', NULL, 0, '2016-08-30 12:16:32', 0, NULL, NULL, NULL, NULL),
(297, 307, NULL, '2016-08-30', 'C', '2016-09-30', 1000.000, 0.000, '2016-08-30', 1, NULL, NULL, '03', '2016-08-30', '123456', '123', 'sameh meguebli', NULL, 1, '2016-08-30 12:25:50', 0, NULL, NULL, NULL, NULL),
(298, 307, NULL, '2016-08-30', 'AD', '2016-09-05', 1000.000, 0.000, '2016-08-30', 1, NULL, NULL, '00', NULL, NULL, NULL, 'sameh meguebli', NULL, 0, '2016-08-30 12:19:05', 0, NULL, NULL, NULL, NULL),
(299, 307, 'Générée suite retour pièce Num 297', '2016-08-30', 'AD', '2016-09-30', 1000.000, 1000.000, '2016-08-30', 1, NULL, NULL, NULL, NULL, NULL, NULL, 'sameh meguebli', NULL, 0, '2016-08-30 12:27:38', 0, NULL, NULL, NULL, NULL),
(300, 307, NULL, '2016-08-30', 'C', '2016-08-31', 500.000, 0.000, '2016-08-30', 1, NULL, NULL, '12', '2016-08-31', '985526', '123', 'sameh meguebli', NULL, 0, '2016-08-30 12:27:38', 0, NULL, NULL, NULL, NULL),
(301, 307, 'Générée suite retour pièce Num 297', '2016-08-30', 'AD', '2016-09-30', 500.000, 0.000, '2016-08-30', 1, NULL, NULL, NULL, NULL, NULL, NULL, 'sameh meguebli', NULL, 0, '2016-08-30 12:27:37', 0, NULL, NULL, NULL, NULL),
(302, 307, NULL, '2016-08-30', 'E', NULL, 127.700, 0.000, '2016-08-30', 1, NULL, NULL, '00', NULL, NULL, NULL, 'sameh meguebli', NULL, 0, '2016-08-30 12:40:08', 0, NULL, NULL, NULL, NULL),
(303, NULL, NULL, '2016-08-30', 'C', '2016-08-31', 2470.000, 0.000, NULL, 0, NULL, 343, '12', '2016-08-31', '985526', '123', 'sameh meguebli', NULL, 0, '2016-08-30 12:46:09', 0, NULL, NULL, NULL, NULL),
(304, 308, NULL, '2016-08-30', 'E', NULL, 1924.000, 0.000, '2016-08-30', 1, NULL, NULL, '00', NULL, NULL, NULL, 'SAMEH', NULL, 0, '2016-08-30 14:10:00', 0, NULL, NULL, NULL, NULL),
(306, 169, NULL, '2016-08-31', 'E', NULL, 625.650, 0.000, '2016-08-31', 1, NULL, NULL, '00', NULL, NULL, NULL, 'ABDELJAWED SLIM', NULL, 0, '2016-08-31 19:20:10', 0, NULL, NULL, NULL, NULL),
(307, 169, NULL, '2016-08-31', 'C', '2016-09-18', 1000.000, 0.000, '2016-08-31', 1, NULL, NULL, '03', '2016-08-31', '125448', '123', 'ABDELJAWED SLIM', NULL, 0, '2016-08-31 19:20:45', 0, NULL, NULL, NULL, NULL),
(308, NULL, NULL, '2016-08-31', 'E', NULL, 1411.000, 1411.000, NULL, 0, NULL, 117, NULL, NULL, NULL, NULL, NULL, NULL, 0, '2016-08-31 19:23:00', 0, NULL, NULL, NULL, NULL),
(309, 296, NULL, '2016-09-01', 'AD', '2016-09-30', 1804.900, 0.000, '2016-09-01', 1, NULL, NULL, '00', NULL, NULL, NULL, 'abc', NULL, 0, '2016-09-01 15:11:33', 0, NULL, NULL, NULL, NULL),
(310, 151, NULL, '2016-09-02', 'PC', NULL, 214.200, 0.000, '2016-09-02', 1, NULL, NULL, '00', NULL, NULL, NULL, 'ABDELADHIM Abdessalem', NULL, 0, '2016-09-02 12:01:30', 0, NULL, NULL, NULL, NULL),
(311, NULL, NULL, '2016-09-02', 'V', NULL, 260.000, 100.000, NULL, 0, NULL, 404, '02', '2016-09-02', NULL, '123', NULL, 'uuu', 0, '2016-09-24 13:33:03', 0, NULL, NULL, NULL, NULL),
(312, 151, 'Générée suite retour pièce Num 292', '2016-08-26', 'AD', '2016-09-30', 2000.000, 0.000, '2016-08-26', 1, NULL, NULL, NULL, NULL, NULL, NULL, 'ABDELADHIM Abdessalem', NULL, 0, '2016-08-26 21:09:21', 0, NULL, NULL, NULL, NULL),
(313, 169, NULL, '2016-09-04', 'E', NULL, 63.000, 0.000, '2016-09-04', 1, NULL, NULL, '00', NULL, NULL, NULL, 'ABDELJAWED SLIM', NULL, 0, '2016-09-04 13:38:17', 0, NULL, NULL, NULL, NULL),
(314, 169, NULL, '2016-09-04', 'C', '2016-09-24', 100.000, 0.000, '2016-09-04', 1, NULL, NULL, '03', '2016-09-04', '123654', '123', 'ABDELJAWED SLIM', NULL, 0, '2016-09-04 13:38:59', 0, NULL, NULL, NULL, NULL),
(315, 303, NULL, '2016-09-06', 'E', NULL, 100.000, 0.000, '2016-09-06', 1, NULL, NULL, '00', NULL, NULL, NULL, 'Client OCTASOFT', NULL, 0, '2016-09-06 11:57:41', 1, NULL, NULL, NULL, NULL),
(316, 151, NULL, '2016-09-07', 'E', NULL, 100.000, 0.000, '2016-09-07', 1, NULL, NULL, '00', NULL, NULL, NULL, 'ABDELADHIM Abdessalem', NULL, 0, '2016-09-07 09:27:00', 0, NULL, NULL, NULL, NULL),
(317, 303, NULL, '2016-09-08', 'E', NULL, 6.200, 0.000, '2016-09-08', 1, NULL, NULL, '00', NULL, NULL, NULL, 'Client OCTASOFT', NULL, 0, '2016-09-08 12:16:07', 0, NULL, NULL, NULL, NULL),
(318, 303, NULL, '2016-09-08', 'E', NULL, 160.000, 0.000, '2016-09-08', 1, NULL, NULL, '00', NULL, NULL, NULL, 'Client OCTASOFT', NULL, 0, '2016-09-08 13:14:12', 0, NULL, NULL, NULL, NULL),
(319, 303, NULL, '2016-09-15', 'E', NULL, 66.200, 0.000, '2016-09-15', 1, NULL, NULL, '00', NULL, NULL, NULL, 'Client OCTASOFT', NULL, 1, '2016-09-15 12:32:55', 0, NULL, NULL, 1, 13),
(320, 303, 'Générée suite retour pièce Num 319', '2016-09-15', 'AD', NULL, 66.200, 66.200, '2016-09-15', 1, NULL, NULL, NULL, NULL, NULL, NULL, 'Client OCTASOFT', NULL, 0, '2016-09-15 12:34:21', 0, NULL, NULL, 1, 13),
(321, 303, NULL, '2016-09-15', 'E', NULL, 0.200, 0.000, '2016-09-15', 1, NULL, NULL, '00', NULL, NULL, NULL, NULL, NULL, 0, '2016-09-15 12:34:21', 0, NULL, NULL, 1, NULL),
(322, 303, 'Générée suite retour pièce Num 319', '2016-09-15', 'AD', NULL, 66.000, 0.000, '2016-09-15', 1, NULL, NULL, NULL, NULL, NULL, NULL, 'Client OCTASOFT', NULL, 0, '2016-09-15 12:34:21', 0, NULL, NULL, 1, 13),
(323, 303, NULL, '2016-09-15', 'E', NULL, 100.000, 0.000, '2016-09-15', 1, NULL, NULL, '00', NULL, NULL, NULL, 'Client OCTASOFT', NULL, 0, '2016-09-15 12:36:10', 0, NULL, NULL, 1, 13),
(324, 213, NULL, '2016-09-15', 'E', NULL, 150.000, 0.000, '2016-09-15', 1, NULL, NULL, '00', NULL, NULL, NULL, 'Test', NULL, 0, '2016-09-15 14:01:01', 0, NULL, NULL, 1, NULL),
(325, 296, NULL, '2016-09-16', 'E', NULL, 0.500, 0.000, '2016-09-16', 1, NULL, NULL, '00', NULL, NULL, NULL, 'abc', NULL, 0, '2016-09-16 13:57:44', 0, NULL, NULL, 1, NULL),
(326, 6, NULL, '2016-09-16', 'E', NULL, 200.000, 0.000, '2016-09-16', 1, NULL, NULL, '00', NULL, NULL, NULL, 'Maâcha Arbi', NULL, 0, '2016-09-16 17:20:26', 0, NULL, NULL, 1, NULL),
(327, 310, NULL, '2016-09-16', 'C', '2016-10-16', 99.800, 0.000, '2016-09-16', 1, NULL, NULL, '05', '2016-09-16', '123456', NULL, 'Maâcha Souleima', NULL, 0, '2016-09-16 17:47:52', 0, NULL, NULL, 1, NULL),
(328, 310, NULL, '2016-09-16', 'E', NULL, 100.000, 0.000, '2016-09-16', 1, NULL, NULL, '00', NULL, NULL, NULL, 'Maâcha Souleima', NULL, 1, '2016-09-16 17:49:28', 0, NULL, NULL, 1, NULL),
(329, 310, 'Générée suite retour pièce Num 328', '2016-09-16', 'AD', NULL, 100.000, 100.000, '2016-09-16', 1, NULL, NULL, NULL, NULL, NULL, NULL, 'Maâcha Souleima', NULL, 0, '2016-09-16 17:51:13', 0, NULL, NULL, 1, NULL),
(330, 310, NULL, '2016-09-16', 'E', NULL, 100.000, 0.000, '2016-09-16', 1, NULL, NULL, '00', NULL, NULL, NULL, NULL, NULL, 0, '2016-09-16 17:51:13', 0, NULL, NULL, 1, NULL),
(331, 303, NULL, '2016-09-16', 'C', '2016-09-18', 55.800, 0.000, '2016-09-16', 1, NULL, NULL, '01', '2016-09-16', '123456', '123', 'Client OCTASOFT', NULL, 0, '2016-09-16 22:37:57', 1, NULL, NULL, 1, NULL),
(332, 311, NULL, '2016-09-20', 'E', NULL, 109.000, 0.000, NULL, 0, NULL, NULL, '00', NULL, NULL, NULL, 'Client Test Caisse 1', NULL, 0, '2016-09-20 12:10:15', 1, NULL, NULL, 1, NULL),
(333, 311, NULL, '2016-09-20', 'C', '2016-10-25', 250.000, 240.000, NULL, 0, NULL, NULL, '01', '2016-09-20', '123456', '123', 'Client Test Caisse 1', NULL, 0, '2016-09-20 12:10:15', 0, NULL, NULL, 1, NULL),
(334, 311, NULL, '2016-09-20', 'E', NULL, 100.000, 0.000, NULL, 0, NULL, NULL, '00', NULL, NULL, NULL, 'Client Test Caisse 1', NULL, 1, '2016-09-20 12:10:15', 0, NULL, NULL, 1, NULL),
(335, 311, 'Générée suite retour pièce Num 334', '2016-09-20', 'AD', NULL, 100.000, 100.000, NULL, 0, NULL, NULL, NULL, NULL, NULL, NULL, 'Client Test Caisse 1', NULL, 0, '2016-09-20 12:10:15', 0, NULL, NULL, 1, NULL),
(336, 311, NULL, '2016-09-20', 'E', NULL, 100.000, 0.000, NULL, 0, NULL, NULL, '00', NULL, NULL, NULL, NULL, NULL, 1, '2016-09-20 12:10:15', 0, NULL, NULL, 1, NULL),
(337, 311, 'Générée suite retour pièce Num 336', '2016-09-20', 'AD', NULL, 100.000, 100.000, NULL, 0, NULL, NULL, NULL, NULL, NULL, NULL, NULL, NULL, 0, '2016-09-20 12:10:15', 0, NULL, NULL, 1, NULL),
(338, 311, NULL, '2016-09-20', 'E', NULL, 259.000, 219.000, NULL, 0, NULL, NULL, '00', NULL, NULL, NULL, 'Client Test Caisse 1', NULL, 0, '2016-09-20 15:24:40', 0, NULL, NULL, 1, NULL),
(339, NULL, NULL, '2016-09-20', 'E', NULL, 1000.000, 1000.000, NULL, 0, NULL, 405, '00', NULL, NULL, NULL, NULL, NULL, 0, '2016-09-20 15:26:21', 0, NULL, NULL, NULL, NULL),
(340, 303, NULL, '2016-09-20', 'E', NULL, 355.800, 0.000, '2016-09-20', 1, NULL, NULL, '00', NULL, NULL, NULL, 'Client OCTASOFT', NULL, 0, '2016-09-20 18:03:20', 0, NULL, NULL, 1, NULL),
(341, 312, NULL, '2016-09-21', 'E', NULL, 262.440, 62.440, NULL, 0, NULL, NULL, '00', NULL, NULL, NULL, 'Test Caisse 2', NULL, 0, '2016-09-21 10:23:08', 0, NULL, NULL, 1, NULL),
(342, NULL, NULL, '2016-09-21', 'E', NULL, 300.000, 300.000, NULL, 0, NULL, 398, '00', NULL, NULL, NULL, NULL, NULL, 0, '2016-09-21 10:25:40', 0, NULL, NULL, NULL, NULL),
(343, 312, NULL, '2016-09-21', 'E', NULL, 813.000, 0.000, '2016-09-21', 1, NULL, NULL, '00', NULL, NULL, NULL, 'Test Caisse 2', NULL, 0, '2016-09-21 10:46:02', 0, NULL, NULL, 1, NULL),
(344, 313, NULL, '2016-09-21', 'PC', NULL, 300.000, 0.000, '2016-09-21', 1, NULL, NULL, '00', NULL, NULL, NULL, 'Fraj OCTASOFT', NULL, 0, '2016-09-21 10:51:51', 0, NULL, NULL, 1, 13),
(345, 313, NULL, '2016-09-21', 'C', '2016-10-21', 94.680, 0.000, '2016-09-21', 1, NULL, NULL, '01', '2016-09-21', '123456', '123', 'Fraj OCTASOFT', NULL, 0, '2016-09-21 10:52:17', 0, NULL, NULL, 1, NULL),
(346, 314, NULL, '2016-09-21', 'PC', NULL, 100.000, 25.000, NULL, 0, NULL, NULL, '00', NULL, NULL, NULL, 'Mahmoud', NULL, 0, '2016-09-21 13:50:02', 0, NULL, NULL, 1, 14),
(347, 314, NULL, '2016-09-21', 'E', NULL, 60.500, 60.500, NULL, 0, NULL, NULL, '00', NULL, NULL, NULL, 'Mahmoud', NULL, 1, '2016-09-21 14:12:20', 0, NULL, NULL, 1, NULL),
(348, NULL, NULL, '2016-09-21', 'E', NULL, 158.000, 0.000, NULL, 0, NULL, 104, '00', NULL, NULL, NULL, NULL, NULL, 0, '2016-09-21 13:34:03', 0, NULL, NULL, NULL, NULL),
(349, 305, NULL, '2016-09-21', 'C', '2016-10-21', 1003.500, 0.000, '2016-09-21', 1, NULL, NULL, '03', '2016-09-21', '555', '023', 'sssssssss', NULL, 0, '2016-09-21 14:07:37', 0, NULL, NULL, 1, NULL),
(350, 314, 'Générée suite retour pièce Num 347', '2016-09-21', 'AD', NULL, 60.500, 60.500, NULL, 0, NULL, NULL, NULL, NULL, NULL, NULL, 'Mahmoud', NULL, 0, '2016-09-21 13:50:02', 0, NULL, NULL, 1, NULL),
(351, 313, NULL, '2016-09-22', 'PC', NULL, 300.000, 0.000, '2016-09-22', 1, NULL, NULL, '00', NULL, NULL, NULL, 'Fraj OCTASOFT', NULL, 0, '2016-09-22 11:12:51', 0, NULL, NULL, 1, 13),
(352, 313, NULL, '2016-09-22', 'E', NULL, 192.600, 0.000, '2016-09-22', 1, NULL, NULL, '00', NULL, NULL, NULL, 'Fraj OCTASOFT', NULL, 0, '2016-09-22 11:12:58', 0, NULL, NULL, 1, NULL),
(353, 4, NULL, '2016-09-24', 'E', NULL, 72.069, 0.000, '2016-09-24', 1, NULL, NULL, '00', NULL, NULL, NULL, 'MOUSSA BILEL', NULL, 0, '2016-09-24 13:48:26', 0, NULL, NULL, 1, NULL),
(354, 4, NULL, '2016-09-24', 'C', '2016-10-20', 200.000, 0.000, '2016-09-24', 1, NULL, NULL, '03', '2016-09-24', '123', '123', 'MOUSSA BILEL', NULL, 0, '2016-09-24 13:48:57', 0, NULL, NULL, 1, NULL),
(355, 178, NULL, '2016-09-26', 'E', NULL, 43.000, 0.000, '2016-09-26', 1, NULL, NULL, '00', NULL, NULL, NULL, 'ZAIEM IMED', NULL, 0, '2016-09-26 14:18:40', 0, NULL, NULL, 1, NULL),
(356, 178, NULL, '2016-09-26', 'C', '2016-10-31', 200.000, 0.000, '2016-09-26', 1, NULL, NULL, '01', '2016-09-26', '123455', '123', 'ZAIEM IMED', NULL, 0, '2016-09-26 14:23:52', 0, NULL, NULL, 1, NULL),
(357, NULL, NULL, '2016-09-26', 'V', NULL, 70.000, 0.000, NULL, 0, NULL, 8, '12', '2016-09-28', NULL, '112', NULL, '1234455', 0, '2016-09-26 14:44:58', 0, NULL, NULL, NULL, NULL);

-- --------------------------------------------------------

--
-- Structure de la table `ost_com_reglement`
--

