CREATE TABLE IF NOT EXISTS `ost_vo_photos` (
  `id` int(11) NOT NULL,
  `voyage_id` int(11) NOT NULL,
  `url` longtext COLLATE utf8_unicode_ci NOT NULL,
  `type` int(11) NOT NULL,
  `ordre` int(11) NOT NULL,
  `visible` tinyint(1) NOT NULL
) ENGINE=InnoDB AUTO_INCREMENT=292 DEFAULT CHARSET=utf8 COLLATE=utf8_unicode_ci;

--
-- Contenu de la table `ost_vo_photos`
--

INSERT INTO `ost_vo_photos` (`id`, `voyage_id`, `url`, `type`, `ordre`, `visible`) VALUES
(6, 3, '9813b04a8b8a0357fa610542f07499354cf304a6.png', 1, 0, 1),
(10, 23, '14d56a0027e1788458683c5d7f216e25b95775dd.png', 1, 0, 1),
(12, 24, '398b23b2e9581d9bee9ae6756da15a1a42f8c5b0.png', 1, 0, 1),
(15, 27, '0772c6b5a3061251a33053a165dd69c703515d23.png', 1, 0, 1),
(24, 13, 'bae5540d225fe568e442f0081a6dc3ab790a23bc.png', 1, 0, 1),
(25, 35, '35abe978fe1e9e4e4927f792ad5d23a0fe00be42.png', 1, 0, 1),
(27, 32, '8f1cef07c6e86c0a61594629fddc44a88f3fce15.png', 1, 0, 1),
(28, 33, 'eac9e264c3b9f1490d3368e20c7b8bfb07342fa6.png', 1, 0, 1),
(31, 36, 'bf95455907a4c4cef9f9da608a9f9ab70ce71fdd.png', 1, 0, 1),
(32, 30, 'e93cfb5ce577f46a8837e3ff055913c3cc17d5d5.png', 1, 0, 1),
(33, 17, '1cb5ef7e2f09481ffc554786dda8e23bfd2650ff.png', 1, 0, 1),
(35, 16, 'f9eb0a7954a72633854ef8f3ee442b5fb3f1febe.png', 1, 0, 1),
(36, 38, '710ec05a3e8215fde7d68df2e150efe09a79208c.png', 1, 0, 1),
(37, 38, '679eb12c4d280bc9dec5acafa2fa964b164fc3c0.png', 2, 1, 1),
(38, 42, '040ea5633f6010c892421e0400c195942049d2f4.png', 1, 0, 1),
(39, 42, 'c3fcb12604b5a54077d893c9c2234896676dcb3d.png', 2, 1, 1),
(41, 10, '9d036e606f595a9be0e49de06d4b9e3dc000d683.png', 2, 1, 1),
(43, 49, 'f5cd33318d9bef4c533a12a5fa93d21d637ef63e.png', 1, 0, 1),
(44, 49, 'f4eb726f8d551a00ed33d6253e9d11aaa3dcd2eb.png', 2, 1, 1),
(45, 50, 'e899f7284acfb04bc662106a3091f7cc221a2d1b.png', 1, 0, 1),
(46, 50, '8daefd00906ac10cd267c24e607ff7c32bba31b8.png', 2, 1, 1),
(47, 50, '348230f783e4bb1bf68a17033602ee8c14b2ae96.png', 2, 2, 1),
(48, 50, '60b142cde819a0f1ce558a2a963962db2e89d926.png', 2, 3, 1),
(49, 50, 'fa191be79bc3d8c43b1e2c625405a083f36a76f0.png', 2, 4, 1),
(50, 34, 'cc06a88f813b6abe03658c35028928a8b91cc595.png', 1, 0, 1),
(51, 34, '07bdee7a65f912951830edec615ae6a0b7d3a58b.png', 2, 1, 1),
(52, 45, '11d49a7b92f127556c1d686b1ed68f49fe0580e8.png', 1, 0, 1),
(53, 45, '1f66fde0ce54247e182f371ff0a9a6bf2349ba53.png', 2, 1, 1),
(55, 40, '3319285331e3914a310e000082f23a9923579ad5.png', 1, 0, 1),
(56, 40, '092e7c9a017c0ee5ac2411793738aa8615684324.png', 2, 1, 1),
(57, 41, '8aa84c218dd612b5e87f43840aa30e14fb45555a.png', 1, 0, 1),
(58, 41, '5fe3aaa224e825e9fee138c050ca493e9557bc85.png', 2, 1, 1),
(59, 48, 'fc527f239a88c09b9f8ee44b02533e8c186d4138.png', 1, 0, 1),
(60, 48, '2a5e6ef882b04b23b2ac470ef98c0bc0da17788f.png', 2, 1, 1),
(61, 44, 'cb16bd98b3bf7a8e5633a55d8df77f5b1478ff53.png', 1, 0, 1),
(62, 44, '9b614a24e2e5756081b94bb7fed78e6f7cc449ed.png', 2, 1, 1),
(63, 39, '675eb73afeedf7855fc0c2c03799c9118c619fea.png', 1, 0, 1),
(64, 39, 'a92bc8588560db931b6b35d838aa8b397e97c24f.png', 2, 1, 1),
(65, 43, '59b025e9b410e7ed47138b58f25050e2e0175d12.png', 1, 0, 1),
(66, 43, '12995fedc761fcc205f8144111da2324928793b5.png', 2, 1, 1),
(67, 47, '07cb2be6097ec84e3b0b0d41ae92c8bbcaee2042.png', 1, 0, 1),
(68, 47, 'ddb66d8b3129ee2d637bc568633b6b86d97a4691.png', 2, 1, 1),
(69, 51, '8b3d1ea972b45bdd5d573c77b7b1a2eb145ad431.png', 1, 0, 1),
(70, 51, 'd57bb08debdc14422e537c91b29afa65b3c49375.png', 2, 1, 1),
(71, 53, 'b4e59b5d77297945770ef3bf04058773e4952282.png', 1, 0, 1),
(72, 53, 'bc9a472724b82a0687ca0551689af229d4e39735.png', 2, 1, 1),
(75, 10, 'ab7bbd9a133b95e97bc06fe6ef21456b846609de.png', 1, 0, 1),
(77, 55, '64d1cbf32d260720377a8c7c60d93c9cda0aeb7e.png', 2, 1, 1),
(78, 55, 'edfaaded9d8d07844f12e9a36bc7ff587c480074.png', 2, 2, 1),
(79, 55, '409a0e06c9a66f5ed9d4b746764ccf38ab6d21ee.png', 2, 3, 1),
(80, 55, '5ecfafc6c5792f38af438e5932729a4b906bb3a6.png', 2, 4, 1),
(81, 55, 'e4383a5ba684c49b22a9e81919b903f0d839b504.png', 2, 5, 1),
(82, 55, 'eaeb8e6b8bff6ee59126938eb6a344be0c8807d0.png', 2, 6, 1),
(83, 55, '9daefa95f7b83a8af1d13ce8d058f777a6ec4348.png', 1, 0, 1),
(84, 55, '81a2f8372db989827de93cbbea2ecaccc5554772.png', 2, 0, 1),
(85, 55, 'e6e030ad006b9acb8ccf8f5d8a3aa42a11cd06c3.png', 2, 8, 1),
(86, 55, '60a546a012cbf710db315000703de994c54db1c8.png', 2, 9, 1),
(87, 55, '6756607fe78d993be7d6f2d821d2311205264b8d.png', 2, 10, 1),
(88, 57, 'b36e53890afae09f6a90d2dba9f9ce485e88cad9.png', 1, 0, 1),
(89, 57, 'ccf0d1aab8d8ba37855d4691ebeddb48a9069126.png', 2, 1, 1),
(90, 57, '1755810259d342680fa24209cd2eb756d0212649.png', 2, 2, 1),
(91, 57, 'e04ee4ff7b16cf19eb5ceda549d1518ae97de647.png', 2, 10, 1),
(92, 57, '41b0650b321fbfe1661abccd6a54d2caea472c2a.png', 2, 9, 1),
(93, 57, '355b75860ef69398b75b7271fbdc54530db82288.png', 2, 8, 1),
(94, 57, 'd1bfd8296a45c2fcdb5c3e6883c4e746a6524f7a.png', 2, 6, 1),
(95, 57, '6f03b2d8780bc61f9f73fe781fe35af81c23d79a.png', 2, 1, 1),
(96, 57, '9a24159b0c4ff987d561f29a297952d2fe6e872d.png', 2, 1, 1),
(97, 57, '1aa48da711322471bf67c1822057c9a0746a2d47.png', 2, 1, 1),
(99, 57, 'e06ac853e75a50087ee7d3f8cc98bc272db4ba31.png', 2, 1, 1),
(100, 56, '0041a1cbdf78caec467ffa26613133cc8997efe8.png', 1, 0, 1),
(101, 56, 'e6d513d115fef169109d17954482e494fad4b2b9.png', 2, 1, 1),
(102, 56, '687b04a7f95d6c057f20cce8ba696c7f29b1e94b.png', 2, 2, 1),
(103, 56, '696ed1b354916d95a2f9d4efbef99d801aed8fe7.png', 2, 3, 1),
(104, 56, '9c9514ba2b2cae4e91374c11b269af62065bbe44.png', 2, 4, 1),
(105, 56, '51629baa1a89fd54df395275fa2e2f03c545f0c8.png', 2, 5, 1),
(106, 56, 'f226900f25f764eabaf49d324c317610d47ac9d8.png', 2, 6, 1),
(107, 56, '20da1bf16952a560499dfbeca31ce689e4f19cc0.png', 2, 7, 1),
(108, 56, 'fae9480dbf1dbc9b662f9a3eaa0f51728321c92a.png', 2, 8, 1),
(109, 56, 'bdc76c8b24d6a28d8da6063c9e662b0dbfc29a50.png', 2, 9, 1),
(110, 56, '4352c6d13dc3bce30398e229c40a54625fb594c3.png', 2, 10, 1),
(111, 58, '66f5a667c12ef95b8d313c0a7dc933f469155a75.png', 1, 1, 1),
(112, 58, '5191aea142758194db311d58869747c105342d19.png', 2, 1, 1),
(113, 58, '2438744e5c82c57c9a24a86a63a38f6a910652f8.png', 2, 2, 1),
(114, 58, 'a1993718258ade4486b7203672cb03594a11e59a.png', 1, 3, 1),
(115, 58, '8b111e95d1faef8ac06d965090634bcaef37afea.png', 2, 4, 1),
(116, 58, '88c8f44d7afd9ccef86b077a4ae164693ebd8465.png', 2, 5, 1),
(117, 58, '808ca343b21afe09574711003d1fbd5635cef93b.png', 2, 6, 1),
(118, 58, '8cfea7b38e905870a3f3c657b2e684fd576bb5cb.png', 2, 7, 1),
(119, 58, '48af43859373a28eb9a360049c15041aadd6c3c1.png', 2, 8, 1),
(120, 58, 'dc5d7c0558b4b188eabcaa4b8f1b705010143aee.png', 2, 9, 1),
(121, 58, 'd7f72eaf8ad90e84b6c3f74dc16732a523402950.png', 2, 10, 1),
(122, 58, 'ce095920ecb553f963f7692ba2f5198a726811c4.png', 2, 11, 1),
(123, 58, '741948d1d6fae0fe5923cda3cbb8fb48edd587ec.png', 2, 12, 1),
(124, 58, 'a64994aab4597271b6ea73c73fc49e62e66b3e19.png', 2, 13, 1),
(125, 58, '90726cbcf1076961db23a7bcf6120344a2e8bef7.png', 2, 14, 1),
(127, 59, 'a1294889271997bc9316802ef91576184d237190.jpeg', 1, 1, 1),
(128, 59, '8f22931490e62ef50c463f095ed0285ace15a97f.jpeg', 2, 2, 1),
(129, 59, '55461b3bc6382f5249e16cb13f1c991b265ba7a0.jpeg', 2, 3, 1),
(130, 59, '7c584ec5b7e2988f12fb957443f46692bfb328fb.jpeg', 2, 4, 1),
(131, 59, 'fd5eb91cb0c1d3279b1e7bcaaee8df5fd81e3a6d.jpeg', 2, 5, 1),
(132, 8, '950161ab1c1cec434062159628bcea0271beabdb.jpeg', 2, 1, 1),
(133, 8, '2dd0d721c1e23db08bb90d5edcb597fb3509087d.jpeg', 2, 2, 1),
(134, 8, '0f48f79ead2908419adef13f6ed34690d65a3010.jpeg', 2, 3, 1),
(139, 8, 'a04f63d23a32cc4a6923c6d27fc88de9d7f001f8.jpeg', 1, 1, 1),
(140, 61, '800bce58fcc9f4ef05678a9b27b3385429218a1f.jpeg', 2, 1, 0),
(141, 61, '883167856112a7c2c0d18b9a0ef8458c7c504a06.jpeg', 2, 2, 0),
(201, 52, '13b225e412270ae88660571b69f7d9da2828ca52.jpeg', 1, 1, 1),
(202, 52, '5c6cc60ddd006e7b38cfd0da791d7c90f91272b2.jpeg', 2, 1, 1),
(203, 52, '6a1545427b66e774beb0373fd0af044e94c66acc.jpeg', 2, 2, 1),
(205, 61, '5f42f2320ec8580c3cc948ff04a636f5220aa7e5.jpeg', 5, 1, 1),
(207, 61, '236904398162ac3ec545a5e00bc16d5bc38835de.jpeg', 5, 3, 1),
(211, 61, '02035179bd1bc27b3f598fda885447a01f999fff.pdf', 6, 1, 1),
(239, 60, 'dd803ef62b1b8df13c57a37656e927496ef55ade.pdf', 6, 1, 1),
(247, 61, '52d66ee66e0e250ae42e0d035108b5a3525555b9.jpeg', 3, 1, 1),
(248, 61, 'f6a1445b4e2c6a9204484b2742ab3916879a98dd.jpeg', 3, 2, 1),
(249, 61, '1bb43034021c4b762ceb9d1b4283c7e3c2e0c7bf.jpeg', 3, 3, 1),
(250, 61, '77d518f97b36a177ace3cd1c394f27fe8baf76ff.jpeg', 3, 4, 1),
(256, 1, '4f54a5e42075ae888c6cc3058f18e89c03c571b9.jpeg', 2, 1, 1),
(257, 1, '60893121f6fc67744c61c1786844c2f097355345.jpeg', 2, 2, 1),
(258, 1, 'e05a0a906d57a175eb741a5ecdbf5ee2bbd13cd0.jpeg', 2, 3, 1),
(266, 62, '8e775aaeb4f34a51cd4d1df9ed14186ef269474b.jpeg', 2, 1, 1),
(267, 62, 'caeccef027fbd93adc8fde8318e10c5d9446a82b.jpeg', 2, 2, 1),
(268, 62, '57aec14a1f8aee8e02706af27a46b2ae8c045ed8.jpeg', 2, 3, 1),
(269, 60, '420a25898a81f0d93dc7bf8e1df1333bde8afabe.jpeg', 6, 1, 1),
(270, 60, '92fc562f7e34d07916b3e6a76101c3b4d3610294.jpeg', 6, 1, 1),
(272, 62, 'c8dde32c072e0699e3c6e11f7cafe7e9b6da0db1.png', 1, 1, 1),
(273, 1, '47f26891cf5a1e4306d689d20393baa9d15c7fe4.png', 1, 1, 1),
(274, 1, '57cb166545b1e65cee43d0fbbafce7964afd3329.pdf', 6, 1, 1),
(275, 62, '952ea413ff0e910744a7803fcf882a7740815a5f.pdf', 6, 1, 1),
(277, 61, '97a8c3cb7dc702e36a83ffffe6e706b9a8f86c2a.jpeg', 4, 1, 1),
(278, 1, '1d826fe5d339c098787c24cc5b3653d560721839.jpeg', 4, 1, 1),
(279, 60, '9c1419b69a66bcfe074cf8faa3351fab0754bedd.jpeg', 4, 1, 1),
(280, 60, '178fd691cd4579921ba0d132d64f5fc111f3c43d.jpeg', 2, 1, 1),
(281, 60, '8aa1e7bf6b5d4a8eb84d82c1f5f0951cd72604d6.jpeg', 2, 2, 1),
(282, 60, '4595d2ab85a56dbca4bdfe85b997d420736dcd07.jpeg', 2, 3, 1),
(283, 62, '0ff648d125d6fab19be10a9f0f75f56c6620b89e.jpeg', 4, 1, 1),
(284, 60, '00eaa23a01f4bae969a8cd0fdbdc3caa083c3646.jpeg', 6, 1, 1),
(285, 60, '3a03694ddb3be0906c17c37bf0c0f60e3d3bdeba.jpeg', 1, 1, 1),
(287, 63, 'f6085541f69d6b925645c2b4318850e5b402e919.jpeg', 4, 1, 1),
(288, 61, 'f667e0f570a6269304e10de45a90d8aed5ffebe1.jpeg', 2, 1, 1),
(291, 63, '95453ca30998c24c0622bf67f652b269f2a460b0.jpeg', 2, 1, 1);

-- --------------------------------------------------------

--
-- Structure de la table `ost_vo_plan_voyage`
--

CREATE TABLE IF NOT EXISTS `ost_vo_plan_voyage` (
  `id` int(11) NOT NULL,
  `company_id` int(11) DEFAULT NULL,
  `periode_id` int(11) DEFAULT NULL,
  `description` longtext COLLATE utf8_unicode_ci NOT NULL,
  `ordre` int(11) NOT NULL
) ENGINE=InnoDB AUTO_INCREMENT=15 DEFAULT CHARSET=utf8 COLLATE=utf8_unicode_ci;

--
-- Contenu de la table `ost_vo_plan_voyage`
--

INSERT INTO `ost_vo_plan_voyage` (`id`, `company_id`, `periode_id`, `description`, `ordre`) VALUES
(1, 1, 75, 'AT 571 13JUL &nbsp;TUNCMN 1115 1405', 1),
(2, 1, 75, 'AT 221 13JUL CMNAGA 1610 1710', 2),
(3, 1, 75, 'AT 572 19JUL CMNTUN 1415 1650', 3),
(4, 1, 76, '<span style="background-color:rgb(249, 249, 249); color:rgb(0, 0, 0); font-family:open+sans,sans-serif">AT 571 20JUL &nbsp;TUNCMN 1115 1405</span>', 1),
(5, 1, 76, '<span style="color:rgb(0, 0, 0); font-family:open+sans,sans-serif">AT 221 20JUL CMNAGA 1610 1710</span>', 2),
(6, 1, 76, 'AT 572 19JUL CMNTUN 1415 1650', 3),
(7, 1, 77, 'AT 571 27JUL TUNCMN 1115 1405', 1),
(8, 1, 77, 'AT 221 27JUL CMNAGA 1610 1710', 2),
(9, 1, 77, 'AT 572 02AUG CMNTUN 1415 1650', 3),
(10, 3, 86, '.', 1),
(11, 3, 87, '.', 1),
(12, 3, 88, '.', 1),
(13, 4, 89, '.', 1),
(14, 4, 90, '.', 1);

-- --------------------------------------------------------

--
-- Structure de la table `ost_vo_reservations`
--

CREATE TABLE IF NOT EXISTS `ost_vo_reservations` (
  `id` int(11) NOT NULL,
  `voyage_id` int(11) DEFAULT NULL,
  `client_id` int(11) DEFAULT NULL,
  `commentaire` longtext COLLATE utf8_unicode_ci,
  `responsable_id` int(11) DEFAULT NULL,
  `code` varchar(255) COLLATE utf8_unicode_ci DEFAULT NULL,
  `etat` int(11) NOT NULL,
  `frontOffice` tinyint(1) NOT NULL,
  `validated` datetime DEFAULT NULL,
  `created` datetime NOT NULL,
  `updated` datetime NOT NULL,
  `coordonnees` longtext COLLATE utf8_unicode_ci NOT NULL COMMENT '(DC2Type:array)',
  `supplements` longtext COLLATE utf8_unicode_ci NOT NULL COMMENT '(DC2Type:array)',
  `circuits` longtext COLLATE utf8_unicode_ci NOT NULL COMMENT '(DC2Type:array)',
  `frais` longtext COLLATE utf8_unicode_ci NOT NULL COMMENT '(DC2Type:array)',
  `pack_id` int(11) DEFAULT NULL,
  `timbre` decimal(11,3) NOT NULL,
  `remise` decimal(11,3) NOT NULL,
  `amicale_id` int(11) DEFAULT NULL,
  `validated_amicale` datetime DEFAULT NULL,
  `frais_dossier` decimal(11,3) NOT NULL,
  `remise_internet` decimal(11,3) NOT NULL,
  `observation` longtext COLLATE utf8_unicode_ci,
  `type_payement` int(11) NOT NULL,
  `montant_payement_electronique` decimal(11,3) DEFAULT NULL,
  `status_payement` varchar(255) COLLATE utf8_unicode_ci DEFAULT NULL,
  `responsableAmicale_id` int(11) DEFAULT NULL,
  `devis` tinyint(1) NOT NULL,
  `clientArray` longtext COLLATE utf8_unicode_ci NOT NULL COMMENT '(DC2Type:array)',
  `path` longtext COLLATE utf8_unicode_ci NOT NULL COMMENT '(DC2Type:array)',
  `marge_b2b` decimal(11,3) NOT NULL,
  `depart` date DEFAULT NULL,
  `voucherpdf` varchar(255) COLLATE utf8_unicode_ci DEFAULT NULL,
  `frais_annulation_achat` decimal(11,3) NOT NULL,
  `frais_annulation_vente` decimal(11,3) NOT NULL,
  `pointvente_id` int(11) DEFAULT NULL,
  `nuitees` int(11) DEFAULT NULL,
  `hotels` longtext COLLATE utf8_unicode_ci COMMENT '(DC2Type:simple_array)'
) ENGINE=InnoDB AUTO_INCREMENT=127 DEFAULT CHARSET=utf8 COLLATE=utf8_unicode_ci;

--
-- Contenu de la table `ost_vo_reservations`
--

INSERT INTO `ost_vo_reservations` (`id`, `voyage_id`, `client_id`, `commentaire`, `responsable_id`, `code`, `etat`, `frontOffice`, `validated`, `created`, `updated`, `coordonnees`, `supplements`, `circuits`, `frais`, `pack_id`, `timbre`, `remise`, `amicale_id`, `validated_amicale`, `frais_dossier`, `remise_internet`, `observation`, `type_payement`, `montant_payement_electronique`, `status_payement`, `responsableAmicale_id`, `devis`, `clientArray`, `path`, `marge_b2b`, `depart`, `voucherpdf`, `frais_annulation_achat`, `frais_annulation_vente`, `pointvente_id`, `nuitees`, `hotels`) VALUES
(7, 61, 4, NULL, 62, NULL, 1, 1, NULL, '2017-01-03 21:20:15', '2017-01-04 10:16:34', 'a:5:{i:0;s:13:"traidi khaled";i:1;s:8:"58442513";i:2;s:8:"98515881";i:3;N;i:4;N;}', 'a:0:{}', 'a:0:{}', 'a:0:{}', 81, 0.500, 0.000, NULL, NULL, 0.000, 0.000, NULL, 1, NULL, NULL, NULL, 0, 'a:12:{s:9:"nomPrenom";s:13:"traidi khaled";s:3:"tel";s:8:"58442513";s:4:"tel2";s:8:"98515881";s:3:"fax";N;s:5:"email";s:22:"alloufa2005@outlook.fr";s:7:"adresse";N;s:10:"codeDouane";N;s:10:"codePostal";N;s:11:"commentaire";N;s:5:"ville";N;s:17:"registreCommercie";N;s:16:"matriculeFiscale";N;}', 'a:0:{}', 0.000, NULL, NULL, 0.000, 0.000, 1, NULL, ''),
(11, 61, 4, NULL, NULL, NULL, 1, 1, NULL, '2017-01-06 07:27:41', '2017-01-06 07:27:41', 'a:5:{i:0;s:5:"Yamen";i:1;s:8:"71234567";i:2;s:8:"56789654";i:3;N;i:4;N;}', 'a:0:{}', 'a:0:{}', 'a:0:{}', 80, 0.500, 0.000, NULL, NULL, 0.000, 0.000, NULL, 1, NULL, NULL, NULL, 0, 'a:12:{s:9:"nomPrenom";s:5:"Yamen";s:3:"tel";s:8:"71234567";s:4:"tel2";s:8:"56789654";s:3:"fax";N;s:5:"email";s:14:"live@gmail.com";s:7:"adresse";N;s:10:"codeDouane";N;s:10:"codePostal";N;s:11:"commentaire";N;s:5:"ville";N;s:17:"registreCommercie";N;s:16:"matriculeFiscale";N;}', 'a:0:{}', 0.000, NULL, NULL, 0.000, 0.000, NULL, NULL, ''),
(12, 61, 4, NULL, 62, NULL, 1, 1, NULL, '2017-01-06 07:37:35', '2017-01-09 10:26:54', 'a:5:{i:0;s:11:"jeddy aymen";i:1;s:8:"71513015";i:2;s:8:"96718250";i:3;N;i:4;N;}', 'a:0:{}', 'a:0:{}', 'a:0:{}', 82, 0.500, 0.000, NULL, NULL, 0.000, 0.000, NULL, 1, NULL, NULL, NULL, 0, 'a:12:{s:9:"nomPrenom";s:11:"jeddy aymen";s:3:"tel";s:8:"71513015";s:4:"tel2";s:8:"96718250";s:3:"fax";N;s:5:"email";s:20:"aymenjeddy@gmail.com";s:7:"adresse";N;s:10:"codeDouane";N;s:10:"codePostal";N;s:11:"commentaire";N;s:5:"ville";N;s:17:"registreCommercie";N;s:16:"matriculeFiscale";N;}', 'a:0:{}', 0.000, NULL, NULL, 0.000, 0.000, 1, NULL, ''),
(13, 61, 4, NULL, 4, NULL, 1, 1, NULL, '2017-01-07 19:07:23', '2017-01-09 11:47:01', 'a:5:{i:0;s:10:"laila afsi";i:1;s:8:"27538823";i:2;N;i:3;N;i:4;N;}', 'a:0:{}', 'a:0:{}', 'a:0:{}', 80, 0.500, 0.000, NULL, NULL, 0.000, 0.000, NULL, 1, NULL, NULL, NULL, 0, 'a:12:{s:9:"nomPrenom";s:10:"laila afsi";s:3:"tel";s:8:"27538823";s:4:"tel2";N;s:3:"fax";N;s:5:"email";N;s:7:"adresse";N;s:10:"codeDouane";N;s:10:"codePostal";N;s:11:"commentaire";N;s:5:"ville";N;s:17:"registreCommercie";N;s:16:"matriculeFiscale";N;}', 'a:0:{}', 0.000, NULL, NULL, 0.000, 0.000, 1, NULL, ''),
(15, 61, 4, NULL, 62, NULL, 1, 1, NULL, '2017-01-10 16:34:23', '2017-01-10 16:59:41', 'a:5:{i:0;s:12:"hamadi hajbi";i:1;N;i:2;s:17:"53252905/53252377";i:3;N;i:4;N;}', 'a:0:{}', 'a:0:{}', 'a:0:{}', 80, 0.500, 0.000, NULL, NULL, 0.000, 0.000, NULL, 1, NULL, NULL, NULL, 0, 'a:12:{s:9:"nomPrenom";s:12:"hamadi hajbi";s:3:"tel";N;s:4:"tel2";s:17:"53252905/53252377";s:3:"fax";N;s:5:"email";s:25:"nassima.farhani@gmail.com";s:7:"adresse";N;s:10:"codeDouane";N;s:10:"codePostal";N;s:11:"commentaire";N;s:5:"ville";N;s:17:"registreCommercie";N;s:16:"matriculeFiscale";N;}', 'a:0:{}', 0.000, NULL, NULL, 0.000, 0.000, 1, NULL, ''),
(17, 61, 4, NULL, NULL, NULL, 1, 1, NULL, '2017-01-10 17:56:55', '2017-01-10 17:56:55', 'a:5:{i:0;s:12:"hamadi hajbi";i:1;N;i:2;s:17:"53252905/53252377";i:3;N;i:4;N;}', 'a:0:{}', 'a:0:{}', 'a:0:{}', 80, 0.500, 0.000, NULL, NULL, 0.000, 0.000, NULL, 1, NULL, NULL, NULL, 0, 'a:12:{s:9:"nomPrenom";s:12:"hamadi hajbi";s:3:"tel";N;s:4:"tel2";s:17:"53252905/53252377";s:3:"fax";N;s:5:"email";s:25:"nassima.farhani@gmail.com";s:7:"adresse";N;s:10:"codeDouane";N;s:10:"codePostal";N;s:11:"commentaire";N;s:5:"ville";N;s:17:"registreCommercie";N;s:16:"matriculeFiscale";N;}', 'a:0:{}', 0.000, NULL, NULL, 0.000, 0.000, NULL, NULL, ''),
(20, 61, 4, NULL, NULL, NULL, 1, 1, NULL, '2017-01-11 13:30:19', '2017-01-11 13:30:19', 'a:5:{i:0;s:16:"GHARSALLI CHOKRI";i:1;s:8:"77473177";i:2;s:8:"53887453";i:3;N;i:4;N;}', 'a:0:{}', 'a:0:{}', 'a:0:{}', 80, 0.500, 0.000, NULL, NULL, 0.000, 0.000, NULL, 1, NULL, NULL, NULL, 0, 'a:12:{s:9:"nomPrenom";s:16:"GHARSALLI CHOKRI";s:3:"tel";s:8:"77473177";s:4:"tel2";s:8:"53887453";s:3:"fax";N;s:5:"email";s:22:"gharsalli2000@yahoo.fr";s:7:"adresse";N;s:10:"codeDouane";N;s:10:"codePostal";N;s:11:"commentaire";N;s:5:"ville";N;s:17:"registreCommercie";N;s:16:"matriculeFiscale";N;}', 'a:0:{}', 0.000, NULL, NULL, 0.000, 0.000, NULL, NULL, ''),
(21, 61, 4, NULL, NULL, NULL, 1, 1, NULL, '2017-01-11 19:13:15', '2017-01-11 19:13:15', 'a:5:{i:0;N;i:1;N;i:2;N;i:3;N;i:4;N;}', 'a:0:{}', 'a:0:{}', 'a:0:{}', 82, 0.500, 0.000, NULL, NULL, 0.000, 0.000, NULL, 1, NULL, NULL, NULL, 0, 'a:12:{s:9:"nomPrenom";N;s:3:"tel";N;s:4:"tel2";N;s:3:"fax";N;s:5:"email";N;s:7:"adresse";N;s:10:"codeDouane";N;s:10:"codePostal";N;s:11:"commentaire";N;s:5:"ville";N;s:17:"registreCommercie";N;s:16:"matriculeFiscale";N;}', 'a:0:{}', 0.000, NULL, NULL, 0.000, 0.000, NULL, NULL, ''),
(22, 61, 4, NULL, NULL, NULL, 1, 1, NULL, '2017-01-11 19:15:58', '2017-01-11 19:15:58', 'a:5:{i:0;N;i:1;N;i:2;N;i:3;N;i:4;N;}', 'a:0:{}', 'a:0:{}', 'a:0:{}', 82, 0.500, 0.000, NULL, NULL, 0.000, 0.000, NULL, 1, NULL, NULL, NULL, 0, 'a:12:{s:9:"nomPrenom";N;s:3:"tel";N;s:4:"tel2";N;s:3:"fax";N;s:5:"email";N;s:7:"adresse";N;s:10:"codeDouane";N;s:10:"codePostal";N;s:11:"commentaire";N;s:5:"ville";N;s:17:"registreCommercie";N;s:16:"matriculeFiscale";N;}', 'a:0:{}', 0.000, NULL, NULL, 0.000, 0.000, NULL, NULL, ''),
(23, 61, 4, NULL, NULL, NULL, 1, 1, NULL, '2017-01-11 21:22:33', '2017-01-11 21:22:33', 'a:5:{i:0;s:11:"Hammami ali";i:1;s:8:"00000000";i:2;s:13:"0033618867677";i:3;N;i:4;N;}', 'a:0:{}', 'a:0:{}', 'a:0:{}', 79, 0.500, 0.000, NULL, NULL, 0.000, 0.000, NULL, 1, NULL, NULL, NULL, 0, 'a:12:{s:9:"nomPrenom";s:11:"Hammami ali";s:3:"tel";s:8:"00000000";s:4:"tel2";s:13:"0033618867677";s:3:"fax";N;s:5:"email";s:17:"0618867677@sfr.fr";s:7:"adresse";N;s:10:"codeDouane";N;s:10:"codePostal";N;s:11:"commentaire";N;s:5:"ville";N;s:17:"registreCommercie";N;s:16:"matriculeFiscale";N;}', 'a:0:{}', 0.000, NULL, NULL, 0.000, 0.000, NULL, NULL, ''),
(24, 61, 4, NULL, NULL, NULL, 1, 1, NULL, '2017-01-12 04:34:15', '2017-01-12 04:34:15', 'a:5:{i:0;s:16:"Gharsalli chokri";i:1;s:8:"77473177";i:2;s:8:"53887453";i:3;N;i:4;N;}', 'a:0:{}', 'a:0:{}', 'a:0:{}', 79, 0.500, 0.000, NULL, NULL, 0.000, 0.000, NULL, 1, NULL, NULL, NULL, 0, 'a:12:{s:9:"nomPrenom";s:16:"Gharsalli chokri";s:3:"tel";s:8:"77473177";s:4:"tel2";s:8:"53887453";s:3:"fax";N;s:5:"email";s:22:"gharsalli2000@yahoo.fr";s:7:"adresse";N;s:10:"codeDouane";N;s:10:"codePostal";N;s:11:"commentaire";N;s:5:"ville";N;s:17:"registreCommercie";N;s:16:"matriculeFiscale";N;}', 'a:0:{}', 0.000, NULL, NULL, 0.000, 0.000, NULL, NULL, ''),
(25, 61, 4, NULL, NULL, NULL, 1, 1, NULL, '2017-01-12 22:18:52', '2017-01-12 22:18:52', 'a:5:{i:0;s:11:"Anis Chaari";i:1;s:8:"74443329";i:2;N;i:3;N;i:4;N;}', 'a:0:{}', 'a:0:{}', 'a:0:{}', 79, 0.500, 0.000, NULL, NULL, 0.000, 0.000, NULL, 1, NULL, NULL, NULL, 0, 'a:12:{s:9:"nomPrenom";s:11:"Anis Chaari";s:3:"tel";s:8:"74443329";s:4:"tel2";N;s:3:"fax";N;s:5:"email";s:21:"anisserour@hotmail.fr";s:7:"adresse";N;s:10:"codeDouane";N;s:10:"codePostal";N;s:11:"commentaire";N;s:5:"ville";N;s:17:"registreCommercie";N;s:16:"matriculeFiscale";N;}', 'a:0:{}', 0.000, NULL, NULL, 0.000, 0.000, NULL, NULL, ''),
(26, 61, 4, NULL, NULL, NULL, 1, 1, NULL, '2017-01-15 01:10:55', '2017-01-15 01:10:55', 'a:5:{i:0;N;i:1;N;i:2;N;i:3;N;i:4;N;}', 'a:0:{}', 'a:0:{}', 'a:0:{}', 80, 0.500, 0.000, NULL, NULL, 0.000, 0.000, NULL, 1, NULL, NULL, NULL, 0, 'a:12:{s:9:"nomPrenom";N;s:3:"tel";N;s:4:"tel2";N;s:3:"fax";N;s:5:"email";N;s:7:"adresse";N;s:10:"codeDouane";N;s:10:"codePostal";N;s:11:"commentaire";N;s:5:"ville";N;s:17:"registreCommercie";N;s:16:"matriculeFiscale";N;}', 'a:0:{}', 0.000, NULL, NULL, 0.000, 0.000, NULL, NULL, ''),
(28, 61, 4, NULL, NULL, NULL, 1, 1, NULL, '2017-01-16 12:08:34', '2017-01-16 12:08:34', 'a:5:{i:0;s:12:"Maâcha Arbi";i:1;s:10:"71 618 559";i:2;N;i:3;N;i:4;N;}', 'a:0:{}', 'a:0:{}', 'a:0:{}', 80, 0.500, 0.000, NULL, NULL, 0.000, 0.000, NULL, 1, NULL, NULL, NULL, 0, 'a:12:{s:9:"nomPrenom";s:12:"Maâcha Arbi";s:3:"tel";s:10:"71 618 559";s:4:"tel2";N;s:3:"fax";N;s:5:"email";s:23:"m.arbi.maacha@gmail.com";s:7:"adresse";N;s:10:"codeDouane";N;s:10:"codePostal";N;s:11:"commentaire";N;s:5:"ville";N;s:17:"registreCommercie";N;s:16:"matriculeFiscale";N;}', 'a:0:{}', 0.000, NULL, NULL, 0.000, 0.000, NULL, NULL, ''),
(32, 61, 4, NULL, 62, NULL, 1, 1, NULL, '2017-01-18 05:16:58', '2017-01-18 10:51:46', 'a:5:{i:0;s:13:"Sami Gassoumi";i:1;N;i:2;s:17:"00216 21 16 16 82";i:3;N;i:4;N;}', 'a:0:{}', 'a:0:{}', 'a:0:{}', 93, 0.500, 0.000, NULL, NULL, 0.000, 0.000, NULL, 1, NULL, NULL, NULL, 0, 'a:12:{s:9:"nomPrenom";s:13:"Sami Gassoumi";s:3:"tel";N;s:4:"tel2";s:17:"00216 21 16 16 82";s:3:"fax";N;s:5:"email";s:21:"gassoumisam@gmail.com";s:7:"adresse";N;s:10:"codeDouane";N;s:10:"codePostal";N;s:11:"commentaire";N;s:5:"ville";N;s:17:"registreCommercie";N;s:16:"matriculeFiscale";N;}', 'a:1:{i:0;s:44:"852884c104e3750c2f5a9e62453611f025ff5168.png";}', 0.000, NULL, NULL, 0.000, 0.000, 1, NULL, ''),
(33, 61, 4, NULL, NULL, NULL, 1, 1, NULL, '2017-01-20 17:58:15', '2017-01-20 17:58:15', 'a:5:{i:0;s:7:"Taoufik";i:1;s:8:"71905656";i:2;s:8:"58366544";i:3;N;i:4;N;}', 'a:0:{}', 'a:0:{}', 'a:0:{}', 93, 0.500, 0.000, NULL, NULL, 0.000, 0.000, NULL, 1, NULL, NULL, NULL, 0, 'a:12:{s:9:"nomPrenom";s:7:"Taoufik";s:3:"tel";s:8:"71905656";s:4:"tel2";s:8:"58366544";s:3:"fax";N;s:5:"email";s:28:"ecommerce@libertavoyages.com";s:7:"adresse";N;s:10:"codeDouane";N;s:10:"codePostal";N;s:11:"commentaire";N;s:5:"ville";N;s:17:"registreCommercie";N;s:16:"matriculeFiscale";N;}', 'a:0:{}', 0.000, NULL, NULL, 0.000, 0.000, NULL, NULL, ''),
(34, 61, 4, NULL, NULL, NULL, 1, 1, NULL, '2017-01-24 11:38:16', '2017-01-24 11:38:16', 'a:5:{i:0;s:10:"dfdfsdfsdf";i:1;s:8:"71225223";i:2;N;i:3;N;i:4;N;}', 'a:0:{}', 'a:0:{}', 'a:0:{}', 93, 0.500, 0.000, NULL, NULL, 0.000, 0.000, NULL, 1, NULL, NULL, NULL, 0, 'a:12:{s:9:"nomPrenom";s:10:"dfdfsdfsdf";s:3:"tel";s:8:"71225223";s:4:"tel2";N;s:3:"fax";N;s:5:"email";s:18:"fsfsdfsf@gmail.com";s:7:"adresse";N;s:10:"codeDouane";N;s:10:"codePostal";N;s:11:"commentaire";N;s:5:"ville";N;s:17:"registreCommercie";N;s:16:"matriculeFiscale";N;}', 'a:0:{}', 0.000, NULL, NULL, 0.000, 0.000, NULL, NULL, ''),
(35, 61, 4, NULL, 62, NULL, 1, 1, NULL, '2017-01-25 19:03:57', '2017-01-26 09:15:30', 'a:5:{i:0;s:13:"anis torkhani";i:1;s:8:"71760681";i:2;s:8:"58439608";i:3;N;i:4;N;}', 'a:0:{}', 'a:0:{}', 'a:0:{}', 126, 0.500, 0.000, NULL, NULL, 0.000, 0.000, NULL, 1, NULL, NULL, NULL, 0, 'a:12:{s:9:"nomPrenom";s:13:"anis torkhani";s:3:"tel";s:8:"71760681";s:4:"tel2";s:8:"58439608";s:3:"fax";N;s:5:"email";s:23:"anistorkhani@hotmail.fr";s:7:"adresse";N;s:10:"codeDouane";N;s:10:"codePostal";N;s:11:"commentaire";N;s:5:"ville";N;s:17:"registreCommercie";N;s:16:"matriculeFiscale";N;}', 'a:0:{}', 0.000, NULL, NULL, 0.000, 0.000, 1, NULL, ''),
(36, 61, 4, NULL, NULL, NULL, 1, 1, NULL, '2017-01-25 19:06:56', '2017-01-25 19:06:56', 'a:5:{i:0;s:13:"anis torkhani";i:1;s:8:"71760681";i:2;s:8:"58439608";i:3;N;i:4;N;}', 'a:0:{}', 'a:0:{}', 'a:0:{}', 126, 0.500, 0.000, NULL, NULL, 0.000, 0.000, NULL, 1, NULL, NULL, NULL, 0, 'a:12:{s:9:"nomPrenom";s:13:"anis torkhani";s:3:"tel";s:8:"71760681";s:4:"tel2";s:8:"58439608";s:3:"fax";N;s:5:"email";s:23:"anistorkhani@hotmail.fr";s:7:"adresse";N;s:10:"codeDouane";N;s:10:"codePostal";N;s:11:"commentaire";N;s:5:"ville";N;s:17:"registreCommercie";N;s:16:"matriculeFiscale";N;}', 'a:0:{}', 0.000, NULL, NULL, 0.000, 0.000, NULL, NULL, ''),
(37, 61, 4, NULL, 62, NULL, 1, 1, NULL, '2017-01-27 22:16:10', '2017-01-28 08:19:36', 'a:5:{i:0;s:16:"Samia abdelmoula";i:1;s:8:"55574847";i:2;s:8:"99823667";i:3;N;i:4;N;}', 'a:0:{}', 'a:0:{}', 'a:0:{}', 124, 0.500, 0.000, NULL, NULL, 0.000, 0.000, NULL, 1, NULL, NULL, NULL, 0, 'a:12:{s:9:"nomPrenom";s:16:"Samia abdelmoula";s:3:"tel";s:8:"55574847";s:4:"tel2";s:8:"99823667";s:3:"fax";N;s:5:"email";s:28:"samia.abdelmoula@hotmail.com";s:7:"adresse";N;s:10:"codeDouane";N;s:10:"codePostal";N;s:11:"commentaire";N;s:5:"ville";N;s:17:"registreCommercie";N;s:16:"matriculeFiscale";N;}', 'a:0:{}', 0.000, NULL, NULL, 0.000, 0.000, 1, NULL, ''),
(38, 61, 4, NULL, NULL, NULL, 1, 1, NULL, '2017-01-29 16:20:31', '2017-01-29 16:20:31', 'a:5:{i:0;s:16:"Mohamed jendoubi";i:1;s:8:"54155331";i:2;s:8:"54155331";i:3;N;i:4;N;}', 'a:0:{}', 'a:0:{}', 'a:0:{}', 131, 0.500, 0.000, NULL, NULL, 0.000, 0.000, NULL, 1, NULL, NULL, NULL, 0, 'a:12:{s:9:"nomPrenom";s:16:"Mohamed jendoubi";s:3:"tel";s:8:"54155331";s:4:"tel2";s:8:"54155331";s:3:"fax";N;s:5:"email";s:19:"tucal-pvc@planet.tn";s:7:"adresse";N;s:10:"codeDouane";N;s:10:"codePostal";N;s:11:"commentaire";N;s:5:"ville";N;s:17:"registreCommercie";N;s:16:"matriculeFiscale";N;}', 'a:0:{}', 0.000, NULL, NULL, 0.000, 0.000, NULL, NULL, ''),
(39, 61, 4, NULL, NULL, NULL, 1, 1, NULL, '2017-01-29 16:20:35', '2017-01-29 16:20:35', 'a:5:{i:0;s:16:"Mohamed jendoubi";i:1;s:8:"54155331";i:2;s:8:"54155331";i:3;N;i:4;N;}', 'a:0:{}', 'a:0:{}', 'a:0:{}', 131, 0.500, 0.000, NULL, NULL, 0.000, 0.000, NULL, 1, NULL, NULL, NULL, 0, 'a:12:{s:9:"nomPrenom";s:16:"Mohamed jendoubi";s:3:"tel";s:8:"54155331";s:4:"tel2";s:8:"54155331";s:3:"fax";N;s:5:"email";s:19:"tucal-pvc@planet.tn";s:7:"adresse";N;s:10:"codeDouane";N;s:10:"codePostal";N;s:11:"commentaire";N;s:5:"ville";N;s:17:"registreCommercie";N;s:16:"matriculeFiscale";N;}', 'a:0:{}', 0.000, NULL, NULL, 0.000, 0.000, NULL, NULL, ''),
(40, 61, 4, NULL, 62, NULL, 1, 1, NULL, '2017-01-29 16:20:36', '2017-01-30 10:11:25', 'a:5:{i:0;s:16:"Mohamed jendoubi";i:1;s:8:"54155331";i:2;s:8:"54155331";i:3;N;i:4;N;}', 'a:0:{}', 'a:0:{}', 'a:0:{}', 131, 0.500, 0.000, NULL, NULL, 0.000, 0.000, NULL, 1, NULL, NULL, NULL, 0, 'a:12:{s:9:"nomPrenom";s:16:"Mohamed jendoubi";s:3:"tel";s:8:"54155331";s:4:"tel2";s:8:"54155331";s:3:"fax";N;s:5:"email";s:19:"tucal-pvc@planet.tn";s:7:"adresse";N;s:10:"codeDouane";N;s:10:"codePostal";N;s:11:"commentaire";N;s:5:"ville";N;s:17:"registreCommercie";N;s:16:"matriculeFiscale";N;}', 'a:0:{}', 0.000, NULL, NULL, 0.000, 0.000, 1, NULL, ''),
(48, 61, 4, NULL, 62, NULL, 1, 1, NULL, '2017-02-01 21:14:05', '2017-02-02 12:10:51', 'a:5:{i:0;s:15:"Abderrazak zini";i:1;s:8:"76241231";i:2;s:8:"98551572";i:3;N;i:4;N;}', 'a:0:{}', 'a:0:{}', 'a:0:{}', 110, 0.500, 0.000, NULL, NULL, 0.000, 0.000, NULL, 1, NULL, NULL, NULL, 0, 'a:12:{s:9:"nomPrenom";s:15:"Abderrazak zini";s:3:"tel";s:8:"76241231";s:4:"tel2";s:8:"98551572";s:3:"fax";N;s:5:"email";s:18:"Aberrazak@yahoo.fr";s:7:"adresse";N;s:10:"codeDouane";N;s:10:"codePostal";N;s:11:"commentaire";N;s:5:"ville";N;s:17:"registreCommercie";N;s:16:"matriculeFiscale";N;}', 'a:0:{}', 0.000, NULL, NULL, 0.000, 0.000, 1, NULL, ''),
(49, 61, 4, NULL, 62, NULL, 1, 1, NULL, '2017-02-01 22:34:31', '2017-02-02 12:19:30', 'a:5:{i:0;s:12:"bornaz akrem";i:1;s:8:"71733155";i:2;N;i:3;N;i:4;N;}', 'a:0:{}', 'a:0:{}', 'a:0:{}', 124, 0.500, 0.000, NULL, NULL, 0.000, 0.000, NULL, 1, NULL, NULL, NULL, 0, 'a:12:{s:9:"nomPrenom";s:12:"bornaz akrem";s:3:"tel";s:8:"71733155";s:4:"tel2";N;s:3:"fax";N;s:5:"email";s:21:"akrambornaz@gmail.com";s:7:"adresse";N;s:10:"codeDouane";N;s:10:"codePostal";N;s:11:"commentaire";N;s:5:"ville";N;s:17:"registreCommercie";N;s:16:"matriculeFiscale";N;}', 'a:0:{}', 0.000, NULL, NULL, 0.000, 0.000, 1, NULL, ''),
(52, 61, 4, NULL, NULL, NULL, 1, 1, NULL, '2017-02-02 10:56:53', '2017-02-02 10:56:53', 'a:5:{i:0;s:16:"zouhour chouikhi";i:1;s:8:"75619070";i:2;s:13:"0021699220246";i:3;N;i:4;N;}', 'a:0:{}', 'a:0:{}', 'a:0:{}', 131, 0.500, 0.000, NULL, NULL, 0.000, 0.000, NULL, 1, NULL, NULL, NULL, 0, 'a:12:{s:9:"nomPrenom";s:16:"zouhour chouikhi";s:3:"tel";s:8:"75619070";s:4:"tel2";s:13:"0021699220246";s:3:"fax";N;s:5:"email";s:19:"ch_zouhour@yahoo.fr";s:7:"adresse";N;s:10:"codeDouane";N;s:10:"codePostal";N;s:11:"commentaire";N;s:5:"ville";N;s:17:"registreCommercie";N;s:16:"matriculeFiscale";N;}', 'a:0:{}', 0.000, NULL, NULL, 0.000, 0.000, NULL, NULL, ''),
(54, 61, 4, NULL, NULL, NULL, 1, 1, NULL, '2017-02-02 13:04:42', '2017-02-02 13:04:42', 'a:5:{i:0;s:12:"bornaz akrem";i:1;s:8:"71733155";i:2;N;i:3;N;i:4;N;}', 'a:0:{}', 'a:0:{}', 'a:0:{}', 131, 0.500, 0.000, NULL, NULL, 0.000, 0.000, NULL, 1, NULL, NULL, NULL, 0, 'a:12:{s:9:"nomPrenom";s:12:"bornaz akrem";s:3:"tel";s:8:"71733155";s:4:"tel2";N;s:3:"fax";N;s:5:"email";s:21:"akrambornaz@gmail.com";s:7:"adresse";N;s:10:"codeDouane";N;s:10:"codePostal";N;s:11:"commentaire";N;s:5:"ville";N;s:17:"registreCommercie";N;s:16:"matriculeFiscale";N;}', 'a:0:{}', 0.000, NULL, NULL, 0.000, 0.000, NULL, NULL, ''),
(55, 61, 4, NULL, NULL, NULL, 1, 1, NULL, '2017-02-02 13:09:59', '2017-02-02 13:09:59', 'a:5:{i:0;s:12:"bornaz akrem";i:1;s:8:"71733155";i:2;N;i:3;N;i:4;N;}', 'a:0:{}', 'a:0:{}', 'a:0:{}', 137, 0.500, 0.000, NULL, NULL, 0.000, 0.000, NULL, 1, NULL, NULL, NULL, 0, 'a:12:{s:9:"nomPrenom";s:12:"bornaz akrem";s:3:"tel";s:8:"71733155";s:4:"tel2";N;s:3:"fax";N;s:5:"email";s:21:"akrambornaz@gmail.com";s:7:"adresse";N;s:10:"codeDouane";N;s:10:"codePostal";N;s:11:"commentaire";N;s:5:"ville";N;s:17:"registreCommercie";N;s:16:"matriculeFiscale";N;}', 'a:0:{}', 0.000, NULL, NULL, 0.000, 0.000, NULL, NULL, ''),
(56, 61, 4, NULL, 62, NULL, 1, 1, NULL, '2017-02-02 17:00:26', '2017-02-02 17:24:55', 'a:5:{i:0;s:30:"Mohamed Bechir ZINE EL ABIDINE";i:1;s:8:"70854056";i:2;s:8:"58430211";i:3;N;i:4;N;}', 'a:0:{}', 'a:0:{}', 'a:0:{}', 106, 0.500, 0.000, NULL, NULL, 0.000, 0.000, NULL, 1, NULL, NULL, NULL, 0, 'a:12:{s:9:"nomPrenom";s:30:"Mohamed Bechir ZINE EL ABIDINE";s:3:"tel";s:8:"70854056";s:4:"tel2";s:8:"58430211";s:3:"fax";N;s:5:"email";s:29:"bechir.zinelabidine@gmail.com";s:7:"adresse";N;s:10:"codeDouane";N;s:10:"codePostal";N;s:11:"commentaire";N;s:5:"ville";N;s:17:"registreCommercie";N;s:16:"matriculeFiscale";N;}', 'a:0:{}', 0.000, NULL, NULL, 0.000, 0.000, 1, NULL, ''),
(57, 61, 4, NULL, NULL, NULL, 1, 1, NULL, '2017-02-03 00:20:59', '2017-02-03 00:20:59', 'a:5:{i:0;s:12:"Samir cherif";i:1;s:13:"0021653903974";i:2;s:8:"53903974";i:3;N;i:4;N;}', 'a:0:{}', 'a:0:{}', 'a:0:{}', 125, 0.500, 0.000, NULL, NULL, 0.000, 0.000, NULL, 1, NULL, NULL, NULL, 0, 'a:12:{s:9:"nomPrenom";s:12:"Samir cherif";s:3:"tel";s:13:"0021653903974";s:4:"tel2";s:8:"53903974";s:3:"fax";N;s:5:"email";s:22:"cherif samirr@yahoo.fr";s:7:"adresse";N;s:10:"codeDouane";N;s:10:"codePostal";N;s:11:"commentaire";N;s:5:"ville";N;s:17:"registreCommercie";N;s:16:"matriculeFiscale";N;}', 'a:0:{}', 0.000, NULL, NULL, 0.000, 0.000, NULL, NULL, ''),
(58, 61, 4, NULL, NULL, NULL, 1, 1, NULL, '2017-02-03 05:38:54', '2017-02-03 05:38:54', 'a:5:{i:0;s:11:"Ayadi Habib";i:1;s:16:"0049-22130196130";i:2;s:15:"0049-1734957481";i:3;N;i:4;N;}', 'a:0:{}', 'a:0:{}', 'a:0:{}', 110, 0.500, 0.000, NULL, NULL, 0.000, 0.000, NULL, 1, NULL, NULL, NULL, 0, 'a:12:{s:9:"nomPrenom";s:11:"Ayadi Habib";s:3:"tel";s:16:"0049-22130196130";s:4:"tel2";s:15:"0049-1734957481";s:3:"fax";N;s:5:"email";s:18:"habib-ayadi@web.de";s:7:"adresse";N;s:10:"codeDouane";N;s:10:"codePostal";N;s:11:"commentaire";N;s:5:"ville";N;s:17:"registreCommercie";N;s:16:"matriculeFiscale";N;}', 'a:0:{}', 0.000, NULL, NULL, 0.000, 0.000, NULL, NULL, ''),
(59, 61, 4, NULL, NULL, NULL, 1, 1, NULL, '2017-02-03 05:40:10', '2017-02-03 05:40:10', 'a:5:{i:0;s:11:"Ayadi Habib";i:1;s:16:"0049-22130196130";i:2;s:15:"0049-1734957481";i:3;N;i:4;N;}', 'a:0:{}', 'a:0:{}', 'a:0:{}', 110, 0.500, 0.000, NULL, NULL, 0.000, 0.000, NULL, 1, NULL, NULL, NULL, 0, 'a:12:{s:9:"nomPrenom";s:11:"Ayadi Habib";s:3:"tel";s:16:"0049-22130196130";s:4:"tel2";s:15:"0049-1734957481";s:3:"fax";N;s:5:"email";s:18:"habib-ayadi@web.de";s:7:"adresse";N;s:10:"codeDouane";N;s:10:"codePostal";N;s:11:"commentaire";N;s:5:"ville";N;s:17:"registreCommercie";N;s:16:"matriculeFiscale";N;}', 'a:0:{}', 0.000, NULL, NULL, 0.000, 0.000, NULL, NULL, ''),
(60, 61, 4, NULL, 62, NULL, 1, 1, NULL, '2017-02-03 10:58:43', '2017-02-03 11:53:39', 'a:5:{i:0;s:17:"BEN MOUSSA  AHLEM";i:1;s:8:"71472686";i:2;s:8:"22605077";i:3;N;i:4;N;}', 'a:0:{}', 'a:0:{}', 'a:0:{}', 125, 0.500, 0.000, NULL, NULL, 0.000, 0.000, NULL, 1, NULL, NULL, NULL, 0, 'a:12:{s:9:"nomPrenom";s:17:"BEN MOUSSA  AHLEM";s:3:"tel";s:8:"71472686";s:4:"tel2";s:8:"22605077";s:3:"fax";N;s:5:"email";s:17:"ham_no22@yahoo.gr";s:7:"adresse";N;s:10:"codeDouane";N;s:10:"codePostal";N;s:11:"commentaire";N;s:5:"ville";N;s:17:"registreCommercie";N;s:16:"matriculeFiscale";N;}', 'a:0:{}', 0.000, NULL, NULL, 0.000, 0.000, 1, NULL, ''),
(61, 61, 4, NULL, NULL, NULL, 1, 1, NULL, '2017-02-03 15:36:34', '2017-02-03 15:36:34', 'a:5:{i:0;s:14:"Karray morched";i:1;s:8:"71873710";i:2;s:8:"99336419";i:3;N;i:4;N;}', 'a:0:{}', 'a:0:{}', 'a:0:{}', 131, 0.500, 0.000, NULL, NULL, 0.000, 0.000, NULL, 1, NULL, NULL, NULL, 0, 'a:12:{s:9:"nomPrenom";s:14:"Karray morched";s:3:"tel";s:8:"71873710";s:4:"tel2";s:8:"99336419";s:3:"fax";N;s:5:"email";s:22:"morched.kspg@planet.tn";s:7:"adresse";N;s:10:"codeDouane";N;s:10:"codePostal";N;s:11:"commentaire";N;s:5:"ville";N;s:17:"registreCommercie";N;s:16:"matriculeFiscale";N;}', 'a:0:{}', 0.000, NULL, NULL, 0.000, 0.000, NULL, NULL, ''),
(62, 61, 4, NULL, NULL, NULL, 1, 1, NULL, '2017-02-03 21:16:30', '2017-02-03 21:16:30', 'a:5:{i:0;s:11:"Souki mouna";i:1;s:10:"25 725 198";i:2;s:10:"25 725 198";i:3;N;i:4;N;}', 'a:0:{}', 'a:0:{}', 'a:0:{}', 136, 0.500, 0.000, NULL, NULL, 0.000, 0.000, NULL, 1, NULL, NULL, NULL, 0, 'a:12:{s:9:"nomPrenom";s:11:"Souki mouna";s:3:"tel";s:10:"25 725 198";s:4:"tel2";s:10:"25 725 198";s:3:"fax";N;s:5:"email";s:20:"soukimouna@gmail.com";s:7:"adresse";N;s:10:"codeDouane";N;s:10:"codePostal";N;s:11:"commentaire";N;s:5:"ville";N;s:17:"registreCommercie";N;s:16:"matriculeFiscale";N;}', 'a:0:{}', 0.000, NULL, NULL, 0.000, 0.000, NULL, NULL, ''),
(63, 61, 4, NULL, NULL, NULL, 1, 1, NULL, '2017-02-04 08:17:18', '2017-02-04 08:17:18', 'a:5:{i:0;s:2:"rg";i:1;s:8:"71905656";i:2;s:8:"22777722";i:3;N;i:4;N;}', 'a:0:{}', 'a:0:{}', 'a:0:{}', 104, 0.500, 0.000, NULL, NULL, 0.000, 0.000, NULL, 1, NULL, NULL, NULL, 0, 'a:12:{s:9:"nomPrenom";s:2:"rg";s:3:"tel";s:8:"71905656";s:4:"tel2";s:8:"22777722";s:3:"fax";N;s:5:"email";s:22:"b2b@libertavoyages.com";s:7:"adresse";N;s:10:"codeDouane";N;s:10:"codePostal";N;s:11:"commentaire";N;s:5:"ville";N;s:17:"registreCommercie";N;s:16:"matriculeFiscale";N;}', 'a:0:{}', 0.000, NULL, NULL, 0.000, 0.000, NULL, NULL, ''),
(64, 61, 4, NULL, NULL, NULL, 1, 1, NULL, '2017-02-04 08:47:52', '2017-02-04 08:47:52', 'a:5:{i:0;s:16:"majdi abdelmalak";i:1;s:8:"72349017";i:2;s:8:"93950754";i:3;N;i:4;N;}', 'a:0:{}', 'a:0:{}', 'a:0:{}', 104, 0.500, 0.000, NULL, NULL, 0.000, 0.000, NULL, 1, NULL, NULL, NULL, 0, 'a:12:{s:9:"nomPrenom";s:16:"majdi abdelmalak";s:3:"tel";s:8:"72349017";s:4:"tel2";s:8:"93950754";s:3:"fax";N;s:5:"email";s:28:"majdi.abdelmalak@outlook.com";s:7:"adresse";N;s:10:"codeDouane";N;s:10:"codePostal";N;s:11:"commentaire";N;s:5:"ville";N;s:17:"registreCommercie";N;s:16:"matriculeFiscale";N;}', 'a:1:{i:0;s:45:"8db6a414e16e309354e95d42a7f313756faf7fc3.jpeg";}', 0.000, NULL, NULL, 0.000, 0.000, NULL, NULL, ''),
(65, 61, 4, NULL, 62, NULL, 1, 1, NULL, '2017-02-04 08:49:09', '2017-02-08 15:46:54', 'a:5:{i:0;s:16:"majdi abdelmalak";i:1;s:8:"72349017";i:2;s:8:"93950754";i:3;N;i:4;N;}', 'a:0:{}', 'a:0:{}', 'a:0:{}', 104, 0.500, 0.000, NULL, NULL, 0.000, 0.000, NULL, 1, NULL, NULL, NULL, 0, 'a:12:{s:9:"nomPrenom";s:16:"majdi abdelmalak";s:3:"tel";s:8:"72349017";s:4:"tel2";s:8:"93950754";s:3:"fax";N;s:5:"email";s:28:"majdi.abdelmalak@outlook.com";s:7:"adresse";N;s:10:"codeDouane";N;s:10:"codePostal";N;s:11:"commentaire";N;s:5:"ville";N;s:17:"registreCommercie";N;s:16:"matriculeFiscale";N;}', 'a:0:{}', 0.000, NULL, NULL, 0.000, 0.000, 1, NULL, ''),
(66, 61, 4, NULL, NULL, NULL, 1, 1, NULL, '2017-02-04 08:50:06', '2017-02-04 08:50:06', 'a:5:{i:0;s:16:"majdi abdelmalak";i:1;s:8:"72349017";i:2;s:8:"93950754";i:3;N;i:4;N;}', 'a:0:{}', 'a:0:{}', 'a:0:{}', 104, 0.500, 0.000, NULL, NULL, 0.000, 0.000, NULL, 1, NULL, NULL, NULL, 0, 'a:12:{s:9:"nomPrenom";s:16:"majdi abdelmalak";s:3:"tel";s:8:"72349017";s:4:"tel2";s:8:"93950754";s:3:"fax";N;s:5:"email";s:28:"majdi.abdelmalak@outlook.com";s:7:"adresse";N;s:10:"codeDouane";N;s:10:"codePostal";N;s:11:"commentaire";N;s:5:"ville";N;s:17:"registreCommercie";N;s:16:"matriculeFiscale";N;}', 'a:0:{}', 0.000, NULL, NULL, 0.000, 0.000, NULL, NULL, ''),
(67, 61, 4, NULL, 62, NULL, 1, 1, NULL, '2017-02-04 08:51:20', '2017-02-04 13:00:18', 'a:5:{i:0;s:16:"majdi abdelmalak";i:1;s:8:"72349017";i:2;s:8:"93950754";i:3;N;i:4;N;}', 'a:0:{}', 'a:0:{}', 'a:0:{}', 104, 0.500, 0.000, NULL, NULL, 0.000, 0.000, NULL, 1, NULL, NULL, NULL, 0, 'a:12:{s:9:"nomPrenom";s:16:"majdi abdelmalak";s:3:"tel";s:8:"72349017";s:4:"tel2";s:8:"93950754";s:3:"fax";N;s:5:"email";s:28:"majdi.abdelmalak@outlook.com";s:7:"adresse";N;s:10:"codeDouane";N;s:10:"codePostal";N;s:11:"commentaire";N;s:5:"ville";N;s:17:"registreCommercie";N;s:16:"matriculeFiscale";N;}', 'a:1:{i:0;s:45:"d15c7c586d9a41521752ccf4f6c9bf0228fe7cd0.jpeg";}', 0.000, NULL, NULL, 0.000, 0.000, 1, NULL, ''),
(68, 61, 4, NULL, 62, NULL, 1, 1, NULL, '2017-02-04 11:51:25', '2017-02-04 11:56:42', 'a:5:{i:0;s:33:"Zine El Abidine mohamed abdelaziz";i:1;s:8:"73203270";i:2;s:8:"98287754";i:3;N;i:4;N;}', 'a:0:{}', 'a:0:{}', 'a:0:{}', 104, 0.500, 0.000, NULL, NULL, 0.000, 0.000, NULL, 1, NULL, NULL, NULL, 0, 'a:12:{s:9:"nomPrenom";s:33:"Zine El Abidine mohamed abdelaziz";s:3:"tel";s:8:"73203270";s:4:"tel2";s:8:"98287754";s:3:"fax";N;s:5:"email";s:23:"zinemeimoun@hotmail.com";s:7:"adresse";N;s:10:"codeDouane";N;s:10:"codePostal";N;s:11:"commentaire";N;s:5:"ville";N;s:17:"registreCommercie";N;s:16:"matriculeFiscale";N;}', 'a:1:{i:0;s:45:"b6cdb3f721df9d8773653ba182fde2e94f2b8489.jpeg";}', 0.000, NULL, NULL, 0.000, 0.000, 1, NULL, ''),
(69, 61, 4, NULL, 62, NULL, 1, 1, NULL, '2017-02-04 11:59:58', '2017-02-04 12:05:05', 'a:5:{i:0;s:17:"Kamel ben sedrine";i:1;s:8:"71731627";i:2;s:8:"25142991";i:3;N;i:4;N;}', 'a:0:{}', 'a:0:{}', 'a:0:{}', 115, 0.500, 0.000, NULL, NULL, 0.000, 0.000, NULL, 1, NULL, NULL, NULL, 0, 'a:12:{s:9:"nomPrenom";s:17:"Kamel ben sedrine";s:3:"tel";s:8:"71731627";s:4:"tel2";s:8:"25142991";s:3:"fax";N;s:5:"email";s:19:"kamkambs@hotmail.fr";s:7:"adresse";N;s:10:"codeDouane";N;s:10:"codePostal";N;s:11:"commentaire";N;s:5:"ville";N;s:17:"registreCommercie";N;s:16:"matriculeFiscale";N;}', 'a:0:{}', 0.000, NULL, NULL, 0.000, 0.000, 1, NULL, ''),
(70, 61, 4, NULL, NULL, NULL, 1, 1, NULL, '2017-02-04 15:08:19', '2017-02-04 15:08:19', 'a:5:{i:0;s:12:"Msalmi Noura";i:1;s:8:"78655932";i:2;s:8:"94833375";i:3;N;i:4;N;}', 'a:0:{}', 'a:0:{}', 'a:0:{}', 120, 0.500, 0.000, NULL, NULL, 0.000, 0.000, NULL, 1, NULL, NULL, NULL, 0, 'a:12:{s:9:"nomPrenom";s:12:"Msalmi Noura";s:3:"tel";s:8:"78655932";s:4:"tel2";s:8:"94833375";s:3:"fax";N;s:5:"email";s:17:"gwathek@gmail.com";s:7:"adresse";N;s:10:"codeDouane";N;s:10:"codePostal";N;s:11:"commentaire";N;s:5:"ville";N;s:17:"registreCommercie";N;s:16:"matriculeFiscale";N;}', 'a:0:{}', 0.000, NULL, NULL, 0.000, 0.000, NULL, NULL, ''),
(71, 61, 4, NULL, 62, NULL, 1, 1, NULL, '2017-02-04 15:12:57', '2017-02-06 09:35:18', 'a:5:{i:0;s:13:"Msalmi Chokri";i:1;s:8:"78655932";i:2;s:8:"94833375";i:3;N;i:4;N;}', 'a:0:{}', 'a:0:{}', 'a:0:{}', 120, 0.500, 0.000, NULL, NULL, 0.000, 0.000, NULL, 1, NULL, NULL, NULL, 0, 'a:12:{s:9:"nomPrenom";s:13:"Msalmi Chokri";s:3:"tel";s:8:"78655932";s:4:"tel2";s:8:"94833375";s:3:"fax";N;s:5:"email";s:17:"gwathek@gmail.com";s:7:"adresse";N;s:10:"codeDouane";N;s:10:"codePostal";N;s:11:"commentaire";N;s:5:"ville";N;s:17:"registreCommercie";N;s:16:"matriculeFiscale";N;}', 'a:0:{}', 0.000, NULL, NULL, 0.000, 0.000, 1, NULL, ''),
(72, 61, 4, NULL, 62, NULL, 1, 1, NULL, '2017-02-04 16:57:26', '2017-02-06 09:45:12', 'a:5:{i:0;s:12:"yassin hamdi";i:1;s:8:"90734584";i:2;s:19:"madina el mounawara";i:3;N;i:4;N;}', 'a:0:{}', 'a:0:{}', 'a:0:{}', 104, 0.500, 0.000, NULL, NULL, 0.000, 0.000, NULL, 1, NULL, NULL, NULL, 0, 'a:12:{s:9:"nomPrenom";s:12:"yassin hamdi";s:3:"tel";s:8:"90734584";s:4:"tel2";s:19:"madina el mounawara";s:3:"fax";N;s:5:"email";s:20:"yassinhamdi@yahoo.fr";s:7:"adresse";N;s:10:"codeDouane";N;s:10:"codePostal";N;s:11:"commentaire";N;s:5:"ville";N;s:17:"registreCommercie";N;s:16:"matriculeFiscale";N;}', 'a:0:{}', 0.000, NULL, NULL, 0.000, 0.000, 1, NULL, ''),
(73, 61, 4, NULL, 62, NULL, 1, 1, NULL, '2017-02-04 22:22:08', '2017-02-06 15:53:15', 'a:5:{i:0;s:14:"Fethi ben amar";i:1;N;i:2;s:8:"28881881";i:3;N;i:4;N;}', 'a:0:{}', 'a:0:{}', 'a:0:{}', 97, 0.500, 0.000, NULL, NULL, 0.000, 0.000, NULL, 1, NULL, NULL, NULL, 0, 'a:12:{s:9:"nomPrenom";s:14:"Fethi ben amar";s:3:"tel";N;s:4:"tel2";s:8:"28881881";s:3:"fax";N;s:5:"email";s:22:"amyra.khelif@gmail.com";s:7:"adresse";N;s:10:"codeDouane";N;s:10:"codePostal";N;s:11:"commentaire";N;s:5:"ville";N;s:17:"registreCommercie";N;s:16:"matriculeFiscale";N;}', 'a:0:{}', 0.000, NULL, NULL, 0.000, 0.000, 1, NULL, ''),
(75, 61, 4, NULL, 62, NULL, 1, 1, NULL, '2017-02-04 23:05:52', '2017-02-06 10:13:51', 'a:5:{i:0;s:11:"Tarek jroud";i:1;s:8:"55762181";i:2;s:8:"22762181";i:3;N;i:4;N;}', 'a:0:{}', 'a:0:{}', 'a:0:{}', 120, 0.500, 0.000, NULL, NULL, 0.000, 0.000, NULL, 1, NULL, NULL, NULL, 0, 'a:12:{s:9:"nomPrenom";s:11:"Tarek jroud";s:3:"tel";s:8:"55762181";s:4:"tel2";s:8:"22762181";s:3:"fax";N;s:5:"email";s:19:"jroudtarek@yahoo.fr";s:7:"adresse";N;s:10:"codeDouane";N;s:10:"codePostal";N;s:11:"commentaire";N;s:5:"ville";N;s:17:"registreCommercie";N;s:16:"matriculeFiscale";N;}', 'a:0:{}', 0.000, NULL, NULL, 0.000, 0.000, 1, NULL, ''),
(77, 61, 4, NULL, 62, NULL, 1, 1, NULL, '2017-02-05 12:20:35', '2017-02-06 10:21:43', 'a:5:{i:0;s:13:"ferjani jamel";i:1;s:13:"0033324593058";i:2;s:13:"0033787152156";i:3;N;i:4;N;}', 'a:0:{}', 'a:0:{}', 'a:0:{}', 104, 0.500, 0.000, NULL, NULL, 0.000, 0.000, NULL, 1, NULL, NULL, NULL, 0, 'a:12:{s:9:"nomPrenom";s:13:"ferjani jamel";s:3:"tel";s:13:"0033324593058";s:4:"tel2";s:13:"0033787152156";s:3:"fax";N;s:5:"email";s:24:"jamel.ferjani@outlook.fr";s:7:"adresse";N;s:10:"codeDouane";N;s:10:"codePostal";N;s:11:"commentaire";N;s:5:"ville";N;s:17:"registreCommercie";N;s:16:"matriculeFiscale";N;}', 'a:0:{}', 0.000, NULL, NULL, 0.000, 0.000, 1, NULL, ''),
(78, 61, 4, NULL, 62, NULL, 1, 1, NULL, '2017-02-05 19:42:03', '2017-02-06 11:21:43', 'a:5:{i:0;s:14:"Yassine Jelmam";i:1;s:8:"71938139";i:2;s:8:"98202093";i:3;N;i:4;N;}', 'a:0:{}', 'a:0:{}', 'a:0:{}', 115, 0.500, 0.000, NULL, NULL, 0.000, 0.000, NULL, 1, NULL, NULL, NULL, 0, 'a:12:{s:9:"nomPrenom";s:14:"Yassine Jelmam";s:3:"tel";s:8:"71938139";s:4:"tel2";s:8:"98202093";s:3:"fax";N;s:5:"email";s:23:"yassine.jelmam@yahoo.fr";s:7:"adresse";N;s:10:"codeDouane";N;s:10:"codePostal";N;s:11:"commentaire";N;s:5:"ville";N;s:17:"registreCommercie";N;s:16:"matriculeFiscale";N;}', 'a:0:{}', 0.000, NULL, NULL, 0.000, 0.000, 1, NULL, ''),
(80, 61, 4, NULL, 62, NULL, 1, 1, NULL, '2017-02-06 16:19:12', '2017-02-06 16:36:59', 'a:5:{i:0;s:19:"DRISS Mohamed Ridha";i:1;s:8:"72447740";i:2;s:8:"50435207";i:3;N;i:4;N;}', 'a:0:{}', 'a:0:{}', 'a:0:{}', 107, 0.500, 0.000, NULL, NULL, 0.000, 0.000, NULL, 1, NULL, NULL, NULL, 0, 'a:12:{s:9:"nomPrenom";s:19:"DRISS Mohamed Ridha";s:3:"tel";s:8:"72447740";s:4:"tel2";s:8:"50435207";s:3:"fax";N;s:5:"email";s:18:"riddriss@yahoo.com";s:7:"adresse";N;s:10:"codeDouane";N;s:10:"codePostal";N;s:11:"commentaire";N;s:5:"ville";N;s:17:"registreCommercie";N;s:16:"matriculeFiscale";N;}', 'a:1:{i:0;s:45:"d5fbd68ea4d1e2eff24220e7e981a270126412c1.docx";}', 0.000, NULL, NULL, 0.000, 0.000, 1, NULL, ''),
(81, 61, 4, NULL, 62, NULL, 1, 1, NULL, '2017-02-07 11:39:30', '2017-02-07 12:01:12', 'a:5:{i:0;s:18:"zouhayer benrhouma";i:1;s:8:"98608987";i:2;s:8:"96353332";i:3;N;i:4;N;}', 'a:0:{}', 'a:0:{}', 'a:0:{}', 107, 0.500, 0.000, NULL, NULL, 0.000, 0.000, NULL, 1, NULL, NULL, NULL, 0, 'a:12:{s:9:"nomPrenom";s:18:"zouhayer benrhouma";s:3:"tel";s:8:"98608987";s:4:"tel2";s:8:"96353332";s:3:"fax";N;s:5:"email";s:24:"mahmoudmaha762@gmail.com";s:7:"adresse";N;s:10:"codeDouane";N;s:10:"codePostal";N;s:11:"commentaire";N;s:5:"ville";N;s:17:"registreCommercie";N;s:16:"matriculeFiscale";N;}', 'a:1:{i:0;s:45:"43733b147c9ec49875759c6e62ea27007efec6e4.jpeg";}', 0.000, NULL, NULL, 0.000, 0.000, 1, NULL, ''),
(82, 61, 4, NULL, 62, NULL, 1, 1, NULL, '2017-02-08 12:37:58', '2017-02-08 15:45:02', 'a:5:{i:0;s:10:"Ksir fouad";i:1;s:10:"0629285486";i:2;s:10:"0629285486";i:3;N;i:4;N;}', 'a:0:{}', 'a:0:{}', 'a:0:{}', 112, 0.500, 0.000, NULL, NULL, 0.000, 0.000, NULL, 1, NULL, NULL, NULL, 0, 'a:12:{s:9:"nomPrenom";s:10:"Ksir fouad";s:3:"tel";s:10:"0629285486";s:4:"tel2";s:10:"0629285486";s:3:"fax";N;s:5:"email";s:19:"salma512@hotmail.fr";s:7:"adresse";N;s:10:"codeDouane";N;s:10:"codePostal";N;s:11:"commentaire";N;s:5:"ville";N;s:17:"registreCommercie";N;s:16:"matriculeFiscale";N;}', 'a:0:{}', 0.000, NULL, NULL, 0.000, 0.000, 1, NULL, ''),
(83, 61, 4, NULL, NULL, NULL, 1, 1, NULL, '2017-02-09 14:57:49', '2017-02-09 14:57:49', 'a:5:{i:0;s:12:"Maâcha Arbi";i:1;s:10:"71 618 559";i:2;s:10:"52 557 390";i:3;N;i:4;N;}', 'a:0:{}', 'a:0:{}', 'a:0:{}', 104, 0.500, 0.000, NULL, NULL, 0.000, 0.000, NULL, 1, NULL, NULL, NULL, 0, 'a:12:{s:9:"nomPrenom";s:12:"Maâcha Arbi";s:3:"tel";s:10:"71 618 559";s:4:"tel2";s:10:"52 557 390";s:3:"fax";N;s:5:"email";s:23:"m.arbi.maacha@gmail.com";s:7:"adresse";N;s:10:"codeDouane";N;s:10:"codePostal";N;s:11:"commentaire";N;s:5:"ville";N;s:17:"registreCommercie";N;s:16:"matriculeFiscale";N;}', 'a:0:{}', 0.000, NULL, NULL, 0.000, 0.000, NULL, NULL, NULL),
(84, 61, 4, NULL, NULL, NULL, 1, 1, NULL, '2017-02-09 16:21:31', '2017-02-09 16:21:31', 'a:5:{i:0;s:12:"Maâcha Arbi";i:1;s:10:"71 618 559";i:2;s:10:"52 557 390";i:3;N;i:4;N;}', 'a:0:{}', 'a:0:{}', 'a:0:{}', 95, 0.500, 0.000, NULL, NULL, 0.000, 0.000, NULL, 1, NULL, NULL, NULL, 0, 'a:12:{s:9:"nomPrenom";s:12:"Maâcha Arbi";s:3:"tel";s:10:"71 618 559";s:4:"tel2";s:10:"52 557 390";s:3:"fax";N;s:5:"email";s:23:"m.arbi.maacha@gmail.com";s:7:"adresse";N;s:10:"codeDouane";N;s:10:"codePostal";N;s:11:"commentaire";N;s:5:"ville";N;s:17:"registreCommercie";N;s:16:"matriculeFiscale";N;}', 'a:0:{}', 0.000, '2017-02-09', NULL, 0.000, 0.000, NULL, 1, NULL),
(86, 61, 4, NULL, NULL, NULL, 1, 1, NULL, '2017-02-10 03:25:39', '2017-02-10 03:25:39', 'a:5:{i:0;s:14:"Omezzine Kamel";i:1;N;i:2;s:8:"98229276";i:3;N;i:4;N;}', 'a:0:{}', 'a:0:{}', 'a:0:{}', 106, 0.500, 0.000, NULL, NULL, 0.000, 0.000, NULL, 1, NULL, NULL, NULL, 0, 'a:12:{s:9:"nomPrenom";s:14:"Omezzine Kamel";s:3:"tel";N;s:4:"tel2";s:8:"98229276";s:3:"fax";N;s:5:"email";s:22:"kamelomezine@gmail.com";s:7:"adresse";N;s:10:"codeDouane";N;s:10:"codePostal";N;s:11:"commentaire";N;s:5:"ville";N;s:17:"registreCommercie";N;s:16:"matriculeFiscale";N;}', 'a:0:{}', 0.000, NULL, NULL, 0.000, 0.000, NULL, NULL, NULL),
(87, 61, 4, NULL, NULL, NULL, 1, 1, NULL, '2017-02-10 03:29:58', '2017-02-10 03:29:58', 'a:5:{i:0;s:14:"Omezzine Kamel";i:1;N;i:2;s:8:"98229276";i:3;N;i:4;N;}', 'a:0:{}', 'a:0:{}', 'a:0:{}', 106, 0.500, 0.000, NULL, NULL, 0.000, 0.000, NULL, 1, NULL, NULL, NULL, 0, 'a:12:{s:9:"nomPrenom";s:14:"Omezzine Kamel";s:3:"tel";N;s:4:"tel2";s:8:"98229276";s:3:"fax";N;s:5:"email";s:22:"kamelomezine@gmail.com";s:7:"adresse";N;s:10:"codeDouane";N;s:10:"codePostal";N;s:11:"commentaire";N;s:5:"ville";N;s:17:"registreCommercie";N;s:16:"matriculeFiscale";N;}', 'a:0:{}', 0.000, NULL, NULL, 0.000, 0.000, NULL, NULL, NULL),
(88, 61, 4, NULL, NULL, NULL, 1, 1, NULL, '2017-02-10 03:29:59', '2017-02-10 03:29:59', 'a:5:{i:0;s:14:"Omezzine Kamel";i:1;N;i:2;s:8:"98229276";i:3;N;i:4;N;}', 'a:0:{}', 'a:0:{}', 'a:0:{}', 106, 0.500, 0.000, NULL, NULL, 0.000, 0.000, NULL, 1, NULL, NULL, NULL, 0, 'a:12:{s:9:"nomPrenom";s:14:"Omezzine Kamel";s:3:"tel";N;s:4:"tel2";s:8:"98229276";s:3:"fax";N;s:5:"email";s:22:"kamelomezine@gmail.com";s:7:"adresse";N;s:10:"codeDouane";N;s:10:"codePostal";N;s:11:"commentaire";N;s:5:"ville";N;s:17:"registreCommercie";N;s:16:"matriculeFiscale";N;}', 'a:0:{}', 0.000, NULL, NULL, 0.000, 0.000, NULL, NULL, NULL),
(89, 61, 4, NULL, 62, NULL, 1, 1, NULL, '2017-02-10 03:30:00', '2017-02-10 11:50:15', 'a:5:{i:0;s:14:"Omezzine Kamel";i:1;N;i:2;s:8:"98229276";i:3;N;i:4;N;}', 'a:0:{}', 'a:0:{}', 'a:0:{}', 106, 0.500, 0.000, NULL, NULL, 0.000, 0.000, NULL, 1, NULL, NULL, NULL, 0, 'a:12:{s:9:"nomPrenom";s:14:"Omezzine Kamel";s:3:"tel";N;s:4:"tel2";s:8:"98229276";s:3:"fax";N;s:5:"email";s:22:"kamelomezine@gmail.com";s:7:"adresse";N;s:10:"codeDouane";N;s:10:"codePostal";N;s:11:"commentaire";N;s:5:"ville";N;s:17:"registreCommercie";N;s:16:"matriculeFiscale";N;}', 'a:0:{}', 0.000, NULL, NULL, 0.000, 0.000, 1, NULL, NULL),
(91, 61, 4, NULL, 62, NULL, 1, 1, NULL, '2017-02-10 10:12:10', '2017-02-10 15:05:05', 'a:5:{i:0;s:14:"chebbi.chaouki";i:1;s:8:"71322718";i:2;s:8:"52318136";i:3;N;i:4;N;}', 'a:0:{}', 'a:0:{}', 'a:0:{}', 107, 0.500, 0.000, NULL, NULL, 0.000, 0.000, NULL, 1, NULL, NULL, NULL, 0, 'a:12:{s:9:"nomPrenom";s:14:"chebbi.chaouki";s:3:"tel";s:8:"71322718";s:4:"tel2";s:8:"52318136";s:3:"fax";N;s:5:"email";s:23:"chebbi.chaouki@yahoo.fr";s:7:"adresse";N;s:10:"codeDouane";N;s:10:"codePostal";N;s:11:"commentaire";N;s:5:"ville";N;s:17:"registreCommercie";N;s:16:"matriculeFiscale";N;}', 'a:0:{}', 0.000, NULL, NULL, 0.000, 0.000, 1, NULL, NULL),
(92, 61, 4, NULL, 62, NULL, 1, 1, NULL, '2017-02-10 12:46:09', '2017-02-10 15:14:51', 'a:5:{i:0;s:14:"Ramzi makhlouf";i:1;s:8:"98440714";i:2;s:8:"20631174";i:3;N;i:4;N;}', 'a:0:{}', 'a:0:{}', 'a:0:{}', 112, 0.500, 0.000, NULL, NULL, 0.000, 0.000, NULL, 1, NULL, NULL, NULL, 0, 'a:12:{s:9:"nomPrenom";s:14:"Ramzi makhlouf";s:3:"tel";s:8:"98440714";s:4:"tel2";s:8:"20631174";s:3:"fax";N;s:5:"email";s:18:"ramzimak@gmail.com";s:7:"adresse";N;s:10:"codeDouane";N;s:10:"codePostal";N;s:11:"commentaire";N;s:5:"ville";N;s:17:"registreCommercie";N;s:16:"matriculeFiscale";N;}', 'a:3:{i:0;s:45:"49d0713173a4d6d418effe5b1208c8d5d1fb9d52.jpeg";i:1;s:45:"9b66db3bb6c18bb15dce4f5b92e391e20c4271de.jpeg";i:2;s:45:"30fad92a149848b3ac746cca1ff445ed05e798ef.jpeg";}', 0.000, NULL, NULL, 0.000, 0.000, 1, NULL, NULL),
(93, 61, 4, NULL, NULL, NULL, 1, 1, NULL, '2017-02-10 19:43:59', '2017-02-10 19:43:59', 'a:5:{i:0;s:1:"a";i:1;s:2:"dd";i:2;N;i:3;N;i:4;N;}', 'a:0:{}', 'a:0:{}', 'a:0:{}', 135, 0.500, 0.000, NULL, NULL, 0.000, 0.000, NULL, 1, NULL, NULL, NULL, 0, 'a:12:{s:9:"nomPrenom";s:1:"a";s:3:"tel";s:2:"dd";s:4:"tel2";N;s:3:"fax";N;s:5:"email";s:3:"a@b";s:7:"adresse";N;s:10:"codeDouane";N;s:10:"codePostal";N;s:11:"commentaire";N;s:5:"ville";N;s:17:"registreCommercie";N;s:16:"matriculeFiscale";N;}', 'a:0:{}', 0.000, NULL, NULL, 0.000, 0.000, NULL, NULL, NULL),
(94, 61, 4, NULL, NULL, NULL, 1, 1, NULL, '2017-02-10 21:05:01', '2017-02-10 21:05:01', 'a:5:{i:0;s:4:"هف";i:1;N;i:2;N;i:3;N;i:4;N;}', 'a:0:{}', 'a:0:{}', 'a:0:{}', 106, 0.500, 0.000, NULL, NULL, 0.000, 0.000, NULL, 1, NULL, NULL, NULL, 0, 'a:12:{s:9:"nomPrenom";s:4:"هف";s:3:"tel";N;s:4:"tel2";N;s:3:"fax";N;s:5:"email";N;s:7:"adresse";N;s:10:"codeDouane";N;s:10:"codePostal";N;s:11:"commentaire";N;s:5:"ville";N;s:17:"registreCommercie";N;s:16:"matriculeFiscale";N;}', 'a:0:{}', 0.000, NULL, NULL, 0.000, 0.000, NULL, NULL, NULL),
(95, 61, 4, NULL, 62, NULL, 1, 1, NULL, '2017-02-11 11:42:29', '2017-02-11 12:03:13', 'a:5:{i:0;s:9:"BALI IMEN";i:1;s:10:"71 751 296";i:2;s:10:"22 718 027";i:3;N;i:4;N;}', 'a:0:{}', 'a:0:{}', 'a:0:{}', 107, 0.500, 0.000, NULL, NULL, 0.000, 0.000, NULL, 1, NULL, NULL, NULL, 0, 'a:12:{s:9:"nomPrenom";s:9:"BALI IMEN";s:3:"tel";s:10:"71 751 296";s:4:"tel2";s:10:"22 718 027";s:3:"fax";N;s:5:"email";s:19:"imenbaly@hotmail.fr";s:7:"adresse";N;s:10:"codeDouane";N;s:10:"codePostal";N;s:11:"commentaire";N;s:5:"ville";N;s:17:"registreCommercie";N;s:16:"matriculeFiscale";N;}', 'a:0:{}', 0.000, NULL, NULL, 0.000, 0.000, 1, NULL, NULL),
(97, 61, 4, NULL, 62, NULL, 1, 1, NULL, '2017-02-12 19:24:43', '2017-02-13 09:56:10', 'a:5:{i:0;s:14:"Guersene Fathi";i:1;s:8:"75854855";i:2;s:17:"98555170/55660078";i:3;N;i:4;N;}', 'a:0:{}', 'a:0:{}', 'a:0:{}', 135, 0.500, 0.000, NULL, NULL, 0.000, 0.000, NULL, 1, NULL, NULL, NULL, 0, 'a:12:{s:9:"nomPrenom";s:14:"Guersene Fathi";s:3:"tel";s:8:"75854855";s:4:"tel2";s:17:"98555170/55660078";s:3:"fax";N;s:5:"email";s:17:"fgnvql5@gmail.com";s:7:"adresse";N;s:10:"codeDouane";N;s:10:"codePostal";N;s:11:"commentaire";N;s:5:"ville";N;s:17:"registreCommercie";N;s:16:"matriculeFiscale";N;}', 'a:0:{}', 0.000, NULL, NULL, 0.000, 0.000, 1, NULL, NULL),
(102, 63, 4, NULL, NULL, NULL, 1, 1, NULL, '2017-02-12 23:51:06', '2017-02-12 23:51:06', 'a:5:{i:0;s:23:"Maâcha Arbi a la carte";i:1;s:10:"71 123 456";i:2;s:10:"52 557 390";i:3;N;i:4;N;}', 'a:0:{}', 'a:0:{}', 'a:0:{}', 139, 0.500, 0.000, NULL, NULL, 0.000, 0.000, NULL, 1, NULL, NULL, NULL, 0, 'a:12:{s:9:"nomPrenom";s:23:"Maâcha Arbi a la carte";s:3:"tel";s:10:"71 123 456";s:4:"tel2";s:10:"52 557 390";s:3:"fax";N;s:5:"email";s:23:"m.arbi.maacha@gmail.com";s:7:"adresse";N;s:10:"codeDouane";N;s:10:"codePostal";N;s:11:"commentaire";N;s:5:"ville";N;s:17:"registreCommercie";N;s:16:"matriculeFiscale";N;}', 'a:0:{}', 0.000, '2017-02-12', NULL, 0.000, 0.000, NULL, 1, '132,134'),
(103, 63, 4, NULL, NULL, NULL, 1, 1, NULL, '2017-02-12 23:52:27', '2017-02-12 23:52:27', 'a:5:{i:0;s:23:"Maâcha Arbi a la carte";i:1;s:10:"71 123 456";i:2;s:10:"52 557 390";i:3;N;i:4;N;}', 'a:0:{}', 'a:0:{}', 'a:0:{}', 139, 0.500, 0.000, NULL, NULL, 0.000, 0.000, NULL, 1, NULL, NULL, NULL, 0, 'a:12:{s:9:"nomPrenom";s:23:"Maâcha Arbi a la carte";s:3:"tel";s:10:"71 123 456";s:4:"tel2";s:10:"52 557 390";s:3:"fax";N;s:5:"email";s:23:"m.arbi.maacha@gmail.com";s:7:"adresse";N;s:10:"codeDouane";N;s:10:"codePostal";N;s:11:"commentaire";N;s:5:"ville";N;s:17:"registreCommercie";N;s:16:"matriculeFiscale";N;}', 'a:0:{}', 0.000, '2017-02-12', NULL, 0.000, 0.000, NULL, 1, '133,134'),
(107, 61, 4, NULL, 62, NULL, 1, 1, NULL, '2017-02-13 15:18:20', '2017-02-14 17:38:54', 'a:5:{i:0;s:13:"Sarray Makram";i:1;s:8:"75270618";i:2;s:8:"52866947";i:3;N;i:4;N;}', 'a:0:{}', 'a:0:{}', 'a:0:{}', 125, 0.500, 0.000, NULL, NULL, 0.000, 0.000, NULL, 1, NULL, NULL, NULL, 0, 'a:12:{s:9:"nomPrenom";s:13:"Sarray Makram";s:3:"tel";s:8:"75270618";s:4:"tel2";s:8:"52866947";s:3:"fax";N;s:5:"email";N;s:7:"adresse";N;s:10:"codeDouane";N;s:10:"codePostal";N;s:11:"commentaire";N;s:5:"ville";N;s:17:"registreCommercie";N;s:16:"matriculeFiscale";N;}', 'a:0:{}', 0.000, NULL, NULL, 0.000, 0.000, 1, NULL, NULL),
(108, 61, 4, NULL, NULL, NULL, 1, 1, NULL, '2017-02-13 20:11:25', '2017-02-13 20:11:25', 'a:5:{i:0;s:14:"Bouaziz haizem";i:1;s:10:"0760330027";i:2;s:10:"0760330027";i:3;N;i:4;N;}', 'a:0:{}', 'a:0:{}', 'a:0:{}', 116, 0.500, 0.000, NULL, NULL, 0.000, 0.000, NULL, 1, NULL, NULL, NULL, 0, 'a:12:{s:9:"nomPrenom";s:14:"Bouaziz haizem";s:3:"tel";s:10:"0760330027";s:4:"tel2";s:10:"0760330027";s:3:"fax";N;s:5:"email";s:26:"bouaziz.haizem@hotmail.com";s:7:"adresse";N;s:10:"codeDouane";N;s:10:"codePostal";N;s:11:"commentaire";N;s:5:"ville";N;s:17:"registreCommercie";N;s:16:"matriculeFiscale";N;}', 'a:0:{}', 0.000, NULL, NULL, 0.000, 0.000, NULL, NULL, NULL),
(109, 61, 4, NULL, NULL, NULL, 1, 1, NULL, '2017-02-13 21:11:28', '2017-02-13 21:11:28', 'a:5:{i:0;s:26:"Henda bahloul ep dakhlaoui";i:1;s:8:"71918865";i:2;s:8:"54871760";i:3;N;i:4;N;}', 'a:0:{}', 'a:0:{}', 'a:0:{}', 95, 0.500, 0.000, NULL, NULL, 0.000, 0.000, NULL, 1, NULL, NULL, NULL, 0, 'a:12:{s:9:"nomPrenom";s:26:"Henda bahloul ep dakhlaoui";s:3:"tel";s:8:"71918865";s:4:"tel2";s:8:"54871760";s:3:"fax";N;s:5:"email";s:22:"hendadahmani@gmail.com";s:7:"adresse";N;s:10:"codeDouane";N;s:10:"codePostal";N;s:11:"commentaire";N;s:5:"ville";N;s:17:"registreCommercie";N;s:16:"matriculeFiscale";N;}', 'a:0:{}', 0.000, NULL, NULL, 0.000, 0.000, NULL, NULL, NULL),
(110, 61, 4, NULL, 62, NULL, 1, 1, NULL, '2017-02-13 21:14:24', '2017-02-14 09:33:09', 'a:5:{i:0;s:26:"Henda bahloul ep dakhlaoui";i:1;s:8:"71918865";i:2;s:8:"54871760";i:3;N;i:4;N;}', 'a:0:{}', 'a:0:{}', 'a:0:{}', 95, 0.500, 0.000, NULL, NULL, 0.000, 0.000, NULL, 1, NULL, NULL, NULL, 0, 'a:12:{s:9:"nomPrenom";s:26:"Henda bahloul ep dakhlaoui";s:3:"tel";s:8:"71918865";s:4:"tel2";s:8:"54871760";s:3:"fax";N;s:5:"email";s:22:"hendadahmani@gmail.com";s:7:"adresse";N;s:10:"codeDouane";N;s:10:"codePostal";N;s:11:"commentaire";N;s:5:"ville";N;s:17:"registreCommercie";N;s:16:"matriculeFiscale";N;}', 'a:0:{}', 0.000, NULL, NULL, 0.000, 0.000, 1, NULL, NULL),
(111, 63, 4, NULL, NULL, NULL, 1, 1, NULL, '2017-02-14 13:16:52', '2017-02-14 13:16:52', 'a:5:{i:0;s:7:"Taoufik";i:1;s:8:"71905656";i:2;s:8:"58366544";i:3;N;i:4;N;}', 'a:0:{}', 'a:0:{}', 'a:0:{}', 139, 0.500, 0.000, NULL, NULL, 0.000, 0.000, NULL, 1, NULL, NULL, NULL, 0, 'a:12:{s:9:"nomPrenom";s:7:"Taoufik";s:3:"tel";s:8:"71905656";s:4:"tel2";s:8:"58366544";s:3:"fax";N;s:5:"email";s:28:"ecommerce@libertavoyages.com";s:7:"adresse";N;s:10:"codeDouane";N;s:10:"codePostal";N;s:11:"commentaire";N;s:5:"ville";N;s:17:"registreCommercie";N;s:16:"matriculeFiscale";N;}', 'a:0:{}', 0.000, '2017-03-12', NULL, 0.000, 0.000, NULL, 1, '132,134'),
(112, 63, 4, NULL, NULL, NULL, 1, 1, NULL, '2017-02-14 14:38:07', '2017-02-14 14:38:07', 'a:5:{i:0;s:7:"Taoufik";i:1;s:8:"71905656";i:2;s:8:"58366544";i:3;N;i:4;N;}', 'a:0:{}', 'a:0:{}', 'a:0:{}', 139, 0.500, 0.000, NULL, NULL, 0.000, 0.000, NULL, 1, NULL, NULL, NULL, 0, 'a:12:{s:9:"nomPrenom";s:7:"Taoufik";s:3:"tel";s:8:"71905656";s:4:"tel2";s:8:"58366544";s:3:"fax";N;s:5:"email";s:28:"ecommerce@libertavoyages.com";s:7:"adresse";N;s:10:"codeDouane";N;s:10:"codePostal";N;s:11:"commentaire";N;s:5:"ville";N;s:17:"registreCommercie";N;s:16:"matriculeFiscale";N;}', 'a:0:{}', 0.000, '2017-02-24', NULL, 0.000, 0.000, NULL, 3, '132,134'),
(113, 63, 4, NULL, NULL, NULL, 1, 1, NULL, '2017-02-14 18:06:22', '2017-02-14 18:06:22', 'a:5:{i:0;s:4:"test";i:1;s:8:"22587412";i:2;s:8:"25369741";i:3;N;i:4;N;}', 'a:0:{}', 'a:0:{}', 'a:0:{}', 139, 0.500, 0.000, NULL, NULL, 0.000, 0.000, NULL, 1, NULL, NULL, NULL, 0, 'a:12:{s:9:"nomPrenom";s:4:"test";s:3:"tel";s:8:"22587412";s:4:"tel2";s:8:"25369741";s:3:"fax";N;s:5:"email";s:12:"aa@gmail.com";s:7:"adresse";N;s:10:"codeDouane";N;s:10:"codePostal";N;s:11:"commentaire";N;s:5:"ville";N;s:17:"registreCommercie";N;s:16:"matriculeFiscale";N;}', 'a:0:{}', 0.000, '2017-02-14', NULL, 0.000, 0.000, NULL, 1, '132,135'),
(114, 63, 4, NULL, NULL, NULL, 1, 1, NULL, '2017-02-14 22:47:52', '2017-02-14 22:47:52', 'a:5:{i:0;s:12:"Maâcha Arbi";i:1;s:10:"70 618 123";i:2;s:10:"52 557 390";i:3;N;i:4;N;}', 'a:0:{}', 'a:0:{}', 'a:0:{}', 139, 0.500, 0.000, NULL, NULL, 0.000, 0.000, NULL, 1, NULL, NULL, NULL, 0, 'a:12:{s:9:"nomPrenom";s:12:"Maâcha Arbi";s:3:"tel";s:10:"70 618 123";s:4:"tel2";s:10:"52 557 390";s:3:"fax";N;s:5:"email";s:23:"m.arbi.maacha@gmail.com";s:7:"adresse";N;s:10:"codeDouane";N;s:10:"codePostal";N;s:11:"commentaire";N;s:5:"ville";N;s:17:"registreCommercie";N;s:16:"matriculeFiscale";N;}', 'a:0:{}', 0.000, '2017-02-14', NULL, 0.000, 0.000, NULL, 1, '133,135'),
(115, 61, 4, NULL, 62, NULL, 1, 1, NULL, '2017-02-15 07:11:21', '2017-02-15 09:32:24', 'a:5:{i:0;s:30:"Mejda ibn haj rhouma ep assidi";i:1;s:8:"58839900";i:2;s:8:"21491395";i:3;N;i:4;N;}', 'a:0:{}', 'a:0:{}', 'a:0:{}', 107, 0.500, 0.000, NULL, NULL, 0.000, 0.000, NULL, 1, NULL, NULL, NULL, 0, 'a:12:{s:9:"nomPrenom";s:30:"Mejda ibn haj rhouma ep assidi";s:3:"tel";s:8:"58839900";s:4:"tel2";s:8:"21491395";s:3:"fax";N;s:5:"email";s:21:"mejda.benhr@gmail.com";s:7:"adresse";N;s:10:"codeDouane";N;s:10:"codePostal";N;s:11:"commentaire";N;s:5:"ville";N;s:17:"registreCommercie";N;s:16:"matriculeFiscale";N;}', 'a:0:{}', 0.000, NULL, NULL, 0.000, 0.000, 1, NULL, NULL),
(116, 61, 4, NULL, 62, NULL, 1, 1, NULL, '2017-02-15 07:55:54', '2017-02-15 09:34:34', 'a:5:{i:0;s:16:"Marzouk misseoui";i:1;s:15:"+216 52 138 246";i:2;s:17:"00 216 20 449 362";i:3;N;i:4;N;}', 'a:0:{}', 'a:0:{}', 'a:0:{}', 115, 0.500, 0.000, NULL, NULL, 0.000, 0.000, NULL, 1, NULL, NULL, NULL, 0, 'a:12:{s:9:"nomPrenom";s:16:"Marzouk misseoui";s:3:"tel";s:15:"+216 52 138 246";s:4:"tel2";s:17:"00 216 20 449 362";s:3:"fax";N;s:5:"email";s:18:"dhouhami@gmail.com";s:7:"adresse";N;s:10:"codeDouane";N;s:10:"codePostal";N;s:11:"commentaire";N;s:5:"ville";N;s:17:"registreCommercie";N;s:16:"matriculeFiscale";N;}', 'a:0:{}', 0.000, NULL, NULL, 0.000, 0.000, 1, NULL, NULL),
(117, 63, 4, NULL, 4, NULL, 1, 1, NULL, '2017-02-15 08:48:17', '2017-02-15 08:55:32', 'a:5:{i:0;s:4:"Hana";i:1;s:10:"71 123 456";i:2;s:10:"52 557 390";i:3;N;i:4;N;}', 'a:0:{}', 'a:0:{}', 'a:0:{}', 139, 0.500, 0.000, NULL, NULL, 0.000, 0.000, NULL, 1, NULL, NULL, NULL, 0, 'a:12:{s:9:"nomPrenom";s:4:"Hana";s:3:"tel";s:10:"71 123 456";s:4:"tel2";s:10:"52 557 390";s:3:"fax";N;s:5:"email";s:23:"m.arbi.maacha@gmail.com";s:7:"adresse";N;s:10:"codeDouane";N;s:10:"codePostal";N;s:11:"commentaire";N;s:5:"ville";N;s:17:"registreCommercie";N;s:16:"matriculeFiscale";N;}', 'a:0:{}', 0.000, '2017-02-15', NULL, 0.000, 0.000, 1, 1, '133,135'),
(118, 63, 4, NULL, 4, NULL, 1, 1, NULL, '2017-02-15 13:10:43', '2017-02-15 13:26:48', 'a:5:{i:0;s:12:"Maâcha Arbi";i:1;s:10:"71 123 456";i:2;s:10:"52 557 390";i:3;N;i:4;N;}', 'a:0:{}', 'a:0:{}', 'a:0:{}', 139, 0.500, 0.000, NULL, NULL, 0.000, 0.000, NULL, 1, NULL, NULL, NULL, 0, 'a:12:{s:9:"nomPrenom";s:12:"Maâcha Arbi";s:3:"tel";s:10:"71 123 456";s:4:"tel2";s:10:"52 557 390";s:3:"fax";N;s:5:"email";s:23:"m.arbi.maacha@gmail.com";s:7:"adresse";N;s:10:"codeDouane";N;s:10:"codePostal";N;s:11:"commentaire";N;s:5:"ville";N;s:17:"registreCommercie";N;s:16:"matriculeFiscale";N;}', 'a:0:{}', 0.000, '2017-02-15', NULL, 0.000, 0.000, 1, 1, NULL);
INSERT INTO `ost_vo_reservations` (`id`, `voyage_id`, `client_id`, `commentaire`, `responsable_id`, `code`, `etat`, `frontOffice`, `validated`, `created`, `updated`, `coordonnees`, `supplements`, `circuits`, `frais`, `pack_id`, `timbre`, `remise`, `amicale_id`, `validated_amicale`, `frais_dossier`, `remise_internet`, `observation`, `type_payement`, `montant_payement_electronique`, `status_payement`, `responsableAmicale_id`, `devis`, `clientArray`, `path`, `marge_b2b`, `depart`, `voucherpdf`, `frais_annulation_achat`, `frais_annulation_vente`, `pointvente_id`, `nuitees`, `hotels`) VALUES
(119, 63, 4, NULL, NULL, NULL, 1, 1, NULL, '2017-02-15 14:56:58', '2017-02-15 14:56:58', 'a:5:{i:0;s:12:"Maâcha Arbi";i:1;s:10:"71 123 456";i:2;s:10:"52 557 390";i:3;N;i:4;N;}', 'a:0:{}', 'a:0:{}', 'a:0:{}', 139, 0.500, 0.000, NULL, NULL, 0.000, 0.000, NULL, 1, NULL, NULL, NULL, 0, 'a:12:{s:9:"nomPrenom";s:12:"Maâcha Arbi";s:3:"tel";s:10:"71 123 456";s:4:"tel2";s:10:"52 557 390";s:3:"fax";N;s:5:"email";s:23:"m.arbi.maacha@gmail.com";s:7:"adresse";N;s:10:"codeDouane";N;s:10:"codePostal";N;s:11:"commentaire";N;s:5:"ville";N;s:17:"registreCommercie";N;s:16:"matriculeFiscale";N;}', 'a:0:{}', 0.000, '2017-02-15', NULL, 0.000, 0.000, NULL, 1, '134'),
(120, 61, 4, NULL, NULL, NULL, 1, 1, NULL, '2017-02-15 16:05:46', '2017-02-15 16:05:46', 'a:5:{i:0;s:16:"Abdelmoula samia";i:1;s:8:"99823669";i:2;s:8:"99823667";i:3;N;i:4;N;}', 'a:0:{}', 'a:0:{}', 'a:0:{}', 134, 0.500, 0.000, NULL, NULL, 0.000, 0.000, NULL, 1, NULL, NULL, NULL, 0, 'a:12:{s:9:"nomPrenom";s:16:"Abdelmoula samia";s:3:"tel";s:8:"99823669";s:4:"tel2";s:8:"99823667";s:3:"fax";N;s:5:"email";s:28:"samia.abdelmoula@hotmail.com";s:7:"adresse";N;s:10:"codeDouane";N;s:10:"codePostal";N;s:11:"commentaire";N;s:5:"ville";N;s:17:"registreCommercie";N;s:16:"matriculeFiscale";N;}', 'a:0:{}', 0.000, NULL, NULL, 0.000, 0.000, NULL, NULL, NULL),
(121, 63, 4, NULL, NULL, NULL, 1, 1, NULL, '2017-02-15 21:35:16', '2017-02-15 21:35:16', 'a:5:{i:0;s:12:"Maâcha Arbi";i:1;s:10:"70 618 123";i:2;s:10:"52 557 390";i:3;N;i:4;N;}', 'a:0:{}', 'a:0:{}', 'a:0:{}', 139, 0.500, 0.000, NULL, NULL, 0.000, 0.000, NULL, 1, NULL, NULL, NULL, 0, 'a:12:{s:9:"nomPrenom";s:12:"Maâcha Arbi";s:3:"tel";s:10:"70 618 123";s:4:"tel2";s:10:"52 557 390";s:3:"fax";N;s:5:"email";s:23:"m.arbi.maacha@gmail.com";s:7:"adresse";N;s:10:"codeDouane";N;s:10:"codePostal";N;s:11:"commentaire";N;s:5:"ville";N;s:17:"registreCommercie";N;s:16:"matriculeFiscale";N;}', 'a:0:{}', 0.000, '2017-02-15', NULL, 0.000, 0.000, NULL, 1, '132,134'),
(122, 61, 4, NULL, 62, NULL, 1, 1, NULL, '2017-02-16 12:33:51', '2017-02-16 13:58:50', 'a:4:{i:0;s:8:"Passager";i:1;s:6:"No Tel";i:2;s:6:"No tel";i:3;s:10:"No Address";}', 'a:0:{}', 'a:0:{}', 'a:0:{}', 125, 0.500, 0.000, NULL, NULL, 0.000, 0.000, NULL, 1, NULL, NULL, NULL, 0, 'a:12:{s:9:"nomPrenom";s:8:"Passager";s:3:"tel";s:6:"No Tel";s:4:"tel2";s:6:"No tel";s:3:"fax";N;s:5:"email";s:0:"";s:7:"adresse";s:10:"No Address";s:10:"codeDouane";N;s:10:"codePostal";N;s:11:"commentaire";N;s:5:"ville";N;s:17:"registreCommercie";N;s:16:"matriculeFiscale";N;}', 'a:0:{}', 0.000, NULL, NULL, 0.000, 0.000, 1, NULL, NULL),
(123, 61, 4, NULL, NULL, NULL, 1, 1, NULL, '2017-02-16 14:36:30', '2017-02-16 14:36:30', 'a:5:{i:0;s:7:"Taoufik";i:1;s:8:"58366544";i:2;N;i:3;N;i:4;N;}', 'a:0:{}', 'a:0:{}', 'a:0:{}', 107, 0.500, 0.000, NULL, NULL, 0.000, 0.000, NULL, 1, NULL, NULL, NULL, 0, 'a:12:{s:9:"nomPrenom";s:7:"Taoufik";s:3:"tel";s:8:"58366544";s:4:"tel2";N;s:3:"fax";N;s:5:"email";s:23:"info@libertavoyages.com";s:7:"adresse";N;s:10:"codeDouane";N;s:10:"codePostal";N;s:11:"commentaire";N;s:5:"ville";N;s:17:"registreCommercie";N;s:16:"matriculeFiscale";N;}', 'a:0:{}', 0.000, NULL, NULL, 0.000, 0.000, NULL, NULL, NULL),
(124, 61, 4, NULL, NULL, NULL, 1, 1, NULL, '2017-02-16 14:37:41', '2017-02-16 14:37:41', 'a:5:{i:0;s:13:"Nejia OTHMANI";i:1;s:8:"71647670";i:2;s:8:"21616202";i:3;N;i:4;N;}', 'a:0:{}', 'a:0:{}', 'a:0:{}', 125, 0.500, 0.000, NULL, NULL, 0.000, 0.000, NULL, 1, NULL, NULL, NULL, 0, 'a:12:{s:9:"nomPrenom";s:13:"Nejia OTHMANI";s:3:"tel";s:8:"71647670";s:4:"tel2";s:8:"21616202";s:3:"fax";N;s:5:"email";s:24:"fouda_nibrasse@yahoo.com";s:7:"adresse";N;s:10:"codeDouane";N;s:10:"codePostal";N;s:11:"commentaire";N;s:5:"ville";N;s:17:"registreCommercie";N;s:16:"matriculeFiscale";N;}', 'a:0:{}', 0.000, NULL, NULL, 0.000, 0.000, NULL, NULL, NULL),
(125, 61, 4, NULL, NULL, NULL, 1, 1, NULL, '2017-02-16 14:38:56', '2017-02-16 14:38:56', 'a:5:{i:0;s:15:"HAJER LANDOULSI";i:1;s:10:"70 132 046";i:2;s:10:"26 830 590";i:3;N;i:4;N;}', 'a:0:{}', 'a:0:{}', 'a:0:{}', 107, 0.500, 0.000, NULL, NULL, 0.000, 0.000, NULL, 1, NULL, NULL, NULL, 0, 'a:12:{s:9:"nomPrenom";s:15:"HAJER LANDOULSI";s:3:"tel";s:10:"70 132 046";s:4:"tel2";s:10:"26 830 590";s:3:"fax";N;s:5:"email";s:25:"hajer.landoulsi@gmail.com";s:7:"adresse";N;s:10:"codeDouane";N;s:10:"codePostal";N;s:11:"commentaire";N;s:5:"ville";N;s:17:"registreCommercie";N;s:16:"matriculeFiscale";N;}', 'a:0:{}', 0.000, NULL, NULL, 0.000, 0.000, NULL, NULL, NULL),
(126, 61, 4, NULL, NULL, NULL, 1, 1, NULL, '2017-02-16 21:02:05', '2017-02-16 21:02:05', 'a:5:{i:0;s:16:"Ben nesib mourad";i:1;s:8:"72322447";i:2;s:12:"+21698346572";i:3;N;i:4;N;}', 'a:0:{}', 'a:0:{}', 'a:0:{}', 131, 0.500, 0.000, NULL, NULL, 0.000, 0.000, NULL, 1, NULL, NULL, NULL, 0, 'a:12:{s:9:"nomPrenom";s:16:"Ben nesib mourad";s:3:"tel";s:8:"72322447";s:4:"tel2";s:12:"+21698346572";s:3:"fax";N;s:5:"email";s:20:"bennesib@hotmail.com";s:7:"adresse";N;s:10:"codeDouane";N;s:10:"codePostal";N;s:11:"commentaire";N;s:5:"ville";N;s:17:"registreCommercie";N;s:16:"matriculeFiscale";N;}', 'a:0:{}', 0.000, NULL, NULL, 0.000, 0.000, NULL, NULL, NULL);

-- --------------------------------------------------------

--
-- Structure de la table `ost_vo_reservations_chambres`
--

CREATE TABLE IF NOT EXISTS `ost_vo_reservations_chambres` (
  `id` int(11) NOT NULL,
  `reservation_id` int(11) DEFAULT NULL,
  `type` int(11) NOT NULL
) ENGINE=InnoDB AUTO_INCREMENT=146 DEFAULT CHARSET=utf8 COLLATE=utf8_unicode_ci;

--
-- Contenu de la table `ost_vo_reservations_chambres`
--

INSERT INTO `ost_vo_reservations_chambres` (`id`, `reservation_id`, `type`) VALUES
(9, 7, 2),
(13, 11, 4),
(14, 12, 4),
(15, 13, 4),
(17, 15, 3),
(19, 17, 4),
(25, 20, 2),
(26, 20, 3),
(27, 21, 2),
(28, 21, 3),
(29, 22, 2),
(30, 23, 4),
(31, 24, 2),
(32, 25, 2),
(33, 26, 4),
(35, 28, 2),
(39, 32, 4),
(40, 33, 4),
(41, 34, 3),
(42, 35, 4),
(43, 36, 3),
(44, 37, 3),
(45, 38, 2),
(46, 39, 2),
(47, 40, 2),
(55, 48, 2),
(56, 49, 2),
(59, 52, 3),
(61, 54, 2),
(62, 55, 2),
(63, 56, 3),
(64, 57, 2),
(65, 58, 2),
(66, 58, 3),
(67, 59, 2),
(68, 59, 3),
(69, 60, 4),
(70, 61, 2),
(71, 62, 2),
(72, 62, 4),
(73, 63, 4),
(74, 64, 4),
(75, 65, 3),
(76, 66, 3),
(77, 67, 4),
(78, 68, 4),
(79, 69, 4),
(80, 70, 4),
(81, 71, 4),
(82, 72, 3),
(83, 72, 4),
(84, 73, 2),
(86, 75, 4),
(88, 77, 2),
(89, 78, 2),
(91, 80, 4),
(92, 81, 4),
(93, 82, 2),
(94, 83, 2),
(95, 84, 4),
(97, 86, 4),
(98, 87, 4),
(99, 88, 4),
(100, 89, 4),
(102, 91, 4),
(103, 92, 3),
(104, 93, 4),
(105, 94, 4),
(106, 95, 4),
(108, 97, 2),
(114, 102, 1),
(115, 103, 1),
(125, 107, 4),
(126, 108, 2),
(127, 109, 4),
(128, 110, 4),
(129, 111, 2),
(130, 112, 2),
(131, 113, 2),
(132, 114, 2),
(133, 115, 4),
(134, 116, 4),
(135, 117, 2),
(136, 118, 1),
(137, 119, 1),
(138, 120, 2),
(139, 121, 2),
(140, 122, 4),
(141, 122, 4),
(142, 123, 2),
(143, 124, 3),
(144, 125, 3),
(145, 126, 3);

-- --------------------------------------------------------

--
-- Structure de la table `ost_vo_reservations_lignes`
--

CREATE TABLE IF NOT EXISTS `ost_vo_reservations_lignes` (
  `id` int(11) NOT NULL,
  `personne_id` int(11) DEFAULT NULL,
  `code` varchar(255) COLLATE utf8_unicode_ci NOT NULL,
  `libelle` varchar(255) COLLATE utf8_unicode_ci NOT NULL,
  `achat` decimal(11,3) NOT NULL,
  `vente` decimal(11,3) NOT NULL
) ENGINE=InnoDB AUTO_INCREMENT=336 DEFAULT CHARSET=utf8 COLLATE=utf8_unicode_ci;

--
-- Contenu de la table `ost_vo_reservations_lignes`
--

INSERT INTO `ost_vo_reservations_lignes` (`id`, `personne_id`, `code`, `libelle`, `achat`, `vente`) VALUES
(15, 15, 'chambre_adulte_double', '[Adulte] Logement chambre double', 3000.000, 3000.000),
(16, 16, 'chambre_adulte_double', '[Adulte] Logement chambre double', 3000.000, 3000.000),
(25, 25, 'chambre_adulte_quadruple', '[Adulte] Logement chambre quadruple', 2670.000, 2670.000),
(26, 26, 'chambre_adulte_quadruple', '[Adulte] Logement chambre quadruple', 2670.000, 2670.000),
(27, 27, 'chambre_adulte_quadruple', '[Adulte] Logement chambre quadruple', 2670.000, 2670.000),
(28, 28, 'chambre_adulte_quadruple', '[Adulte] Logement chambre quadruple', 2670.000, 2670.000),
(29, 29, 'chambre_adulte_quadruple', '[Adulte] Logement chambre quadruple', 2360.000, 2360.000),
(30, 30, 'chambre_adulte_quadruple', '[Adulte] Logement chambre quadruple', 2360.000, 2360.000),
(31, 31, 'chambre_adulte_quadruple', '[Adulte] Logement chambre quadruple', 2360.000, 2360.000),
(32, 32, 'chambre_adulte_quadruple', '[Adulte] Logement chambre quadruple', 2360.000, 2360.000),
(33, 33, 'chambre_adulte_quadruple', '[Adulte] Logement chambre quadruple', 2670.000, 2670.000),
(34, 34, 'chambre_adulte_quadruple', '[Adulte] Logement chambre quadruple', 2670.000, 2670.000),
(35, 35, 'chambre_adulte_quadruple', '[Adulte] Logement chambre quadruple', 2670.000, 2670.000),
(36, 36, 'chambre_adulte_quadruple', '[Adulte] Logement chambre quadruple', 2670.000, 2670.000),
(41, 41, 'chambre_adulte_triple', '[Adulte] Logement chambre triple', 3200.000, 3200.000),
(42, 42, 'chambre_adulte_triple', '[Adulte] Logement chambre triple', 3200.000, 3200.000),
(43, 43, 'chambre_enfant_age1_triple', '[Enfant 2.00 - 12.00 ] Logement chambre triple', 3420.000, 3420.000),
(48, 48, 'chambre_adulte_quadruple', '[Adulte] Logement chambre quadruple', 2670.000, 2670.000),
(49, 49, 'chambre_adulte_quadruple', '[Adulte] Logement chambre quadruple', 2670.000, 2670.000),
(50, 50, 'chambre_adulte_quadruple', '[Adulte] Logement chambre quadruple', 2670.000, 2670.000),
(51, 51, 'chambre_adulte_quadruple', '[Adulte] Logement chambre quadruple', 2670.000, 2670.000),
(65, 65, 'chambre_adulte_double', '[Adulte] Logement chambre double', 3670.000, 3670.000),
(66, 66, 'chambre_adulte_double', '[Adulte] Logement chambre double', 3670.000, 3670.000),
(67, 67, 'chambre_adulte_triple', '[Adulte] Logement chambre triple', 3200.000, 3200.000),
(68, 68, 'chambre_enfant_age1_triple', '[Enfant 2.00 - 12.00 ] Logement chambre triple', 3420.000, 3420.000),
(69, 69, 'chambre_enfant_age1_triple', '[Enfant 2.00 - 12.00 ] Logement chambre triple', 3420.000, 3420.000),
(70, 70, 'chambre_adulte_double', '[Adulte] Logement chambre double', 3000.000, 3000.000),
(71, 71, 'chambre_adulte_double', '[Adulte] Logement chambre double', 3000.000, 3000.000),
(72, 72, 'chambre_adulte_triple', '[Adulte] Logement chambre triple', 2700.000, 2700.000),
(73, 73, 'chambre_adulte_triple', '[Adulte] Logement chambre triple', 2700.000, 2700.000),
(74, 74, 'chambre_bebe_triple', '[Bébé] Logement chambre triple', 0.000, 0.000),
(75, 75, 'chambre_adulte_double', '[Adulte] Logement chambre double', 3000.000, 3000.000),
(76, 76, 'chambre_adulte_double', '[Adulte] Logement chambre double', 3000.000, 3000.000),
(77, 77, 'chambre_adulte_quadruple', '[Adulte] Logement chambre quadruple', 2670.000, 2670.000),
(78, 78, 'chambre_adulte_quadruple', '[Adulte] Logement chambre quadruple', 2670.000, 2670.000),
(79, 79, 'chambre_enfant_age1_quadruple', '[Enfant 2.00 - 12.00 ] Logement chambre quadruple', 3420.000, 3420.000),
(80, 80, 'chambre_enfant_age1_quadruple', '[Enfant 2.00 - 12.00 ] Logement chambre quadruple', 3420.000, 3420.000),
(81, 81, 'chambre_adulte_double', '[Adulte] Logement chambre double', 3670.000, 3670.000),
(82, 82, 'chambre_adulte_double', '[Adulte] Logement chambre double', 3670.000, 3670.000),
(83, 83, 'chambre_adulte_double', '[Adulte] Logement chambre double', 3670.000, 3670.000),
(84, 84, 'chambre_adulte_double', '[Adulte] Logement chambre double', 3670.000, 3670.000),
(85, 85, 'chambre_adulte_quadruple', '[Adulte] Logement chambre quadruple', 2670.000, 2670.000),
(86, 86, 'chambre_enfant_age1_quadruple', '[Enfant 2.00 - 12.00 ] Logement chambre quadruple', 3420.000, 3420.000),
(87, 87, 'chambre_bebe_quadruple', '[Bébé] Logement chambre quadruple', 350.000, 350.000),
(88, 88, 'chambre_bebe_quadruple', '[Bébé] Logement chambre quadruple', 350.000, 350.000),
(89, 90, 'chambre_adulte_double', '[Adulte] Logement chambre double', 3670.000, 3670.000),
(90, 91, 'chambre_bebe_double', '[Bébé] Logement chambre double', 350.000, 350.000),
(91, 95, 'chambre_adulte_quadruple', '[Adulte] Logement chambre quadruple', 2500.000, 2500.000),
(92, 96, 'chambre_bebe_quadruple', '[Bébé] Logement chambre quadruple', 350.000, 350.000),
(93, 97, 'chambre_bebe_quadruple', '[Bébé] Logement chambre quadruple', 350.000, 350.000),
(94, 98, 'chambre_bebe_quadruple', '[Bébé] Logement chambre quadruple', 350.000, 350.000),
(95, 99, 'chambre_adulte_quadruple', '[Adulte] Logement chambre quadruple', 2500.000, 2500.000),
(96, 100, 'chambre_bebe_quadruple', '[Bébé] Logement chambre quadruple', 350.000, 350.000),
(97, 101, 'chambre_bebe_quadruple', '[Bébé] Logement chambre quadruple', 350.000, 350.000),
(98, 102, 'chambre_bebe_quadruple', '[Bébé] Logement chambre quadruple', 350.000, 350.000),
(99, 103, 'chambre_adulte_triple', '[Adulte] Logement chambre triple', 3030.000, 3030.000),
(100, 104, 'chambre_bebe_triple', '[Bébé] Logement chambre triple', 350.000, 350.000),
(101, 105, 'chambre_enfant_age1_triple', '[Enfant 2.00 - 12.00 ] Logement chambre triple', 0.000, 0.000),
(102, 106, 'chambre_adulte_quadruple', '[Adulte] Logement chambre quadruple', 2670.000, 2670.000),
(103, 107, 'chambre_adulte_quadruple', '[Adulte] Logement chambre quadruple', 2670.000, 2670.000),
(104, 108, 'chambre_adulte_quadruple', '[Adulte] Logement chambre quadruple', 2670.000, 2670.000),
(105, 109, 'chambre_bebe_quadruple', '[Bébé] Logement chambre quadruple', 350.000, 350.000),
(106, 110, 'chambre_bebe_triple', '[Bébé] Logement chambre triple', 350.000, 350.000),
(107, 111, 'chambre_adulte_triple', '[Adulte] Logement chambre triple', 3200.000, 3200.000),
(108, 112, 'chambre_adulte_triple', '[Adulte] Logement chambre triple', 3200.000, 3200.000),
(109, 113, 'chambre_adulte_triple', '[Adulte] Logement chambre triple', 3200.000, 3200.000),
(110, 114, 'chambre_adulte_triple', '[Adulte] Logement chambre triple', 3200.000, 3200.000),
(111, 115, 'chambre_adulte_triple', '[Adulte] Logement chambre triple', 3200.000, 3200.000),
(112, 116, 'chambre_bebe_double', '[Bébé] Logement chambre double', 350.000, 350.000),
(113, 117, 'chambre_bebe_double', '[Bébé] Logement chambre double', 350.000, 350.000),
(114, 118, 'chambre_bebe_double', '[Bébé] Logement chambre double', 350.000, 350.000),
(115, 119, 'chambre_bebe_double', '[Bébé] Logement chambre double', 350.000, 350.000),
(116, 120, 'chambre_bebe_double', '[Bébé] Logement chambre double', 350.000, 350.000),
(117, 121, 'chambre_bebe_double', '[Bébé] Logement chambre double', 350.000, 350.000),
(126, 135, 'chambre_adulte_double', '[Adulte] Logement chambre double', 3670.000, 3670.000),
(127, 136, 'chambre_adulte_double', '[Adulte] Logement chambre double', 3670.000, 3670.000),
(128, 137, 'chambre_adulte_double', '[Adulte] Logement chambre double', 3670.000, 3670.000),
(129, 138, 'chambre_bebe_double', '[Bébé] Logement chambre double', 350.000, 350.000),
(130, 143, 'chambre_adulte_triple', '[Adulte] Logement chambre triple', 3200.000, 3200.000),
(131, 144, 'chambre_adulte_triple', '[Adulte] Logement chambre triple', 3200.000, 3200.000),
(132, 145, 'chambre_enfant_age1_triple', '[Enfant 2.00 - 12.00 ] Logement chambre triple', 0.000, 0.000),
(136, 149, 'chambre_adulte_double', '[Adulte] Logement chambre double', 3670.000, 3670.000),
(137, 150, 'chambre_adulte_double', '[Adulte] Logement chambre double', 3670.000, 3670.000),
(138, 151, 'chambre_adulte_double', '[Adulte] Logement chambre double', 3000.000, 3000.000),
(139, 152, 'chambre_adulte_double', '[Adulte] Logement chambre double', 3000.000, 3000.000),
(140, 153, 'chambre_adulte_triple', '[Adulte] Logement chambre triple', 3200.000, 3200.000),
(141, 154, 'chambre_adulte_triple', '[Adulte] Logement chambre triple', 3200.000, 3200.000),
(142, 155, 'chambre_adulte_triple', '[Adulte] Logement chambre triple', 3200.000, 3200.000),
(143, 156, 'chambre_adulte_double', '[Adulte] Logement chambre double', 3670.000, 3670.000),
(144, 157, 'chambre_bebe_double', '[Bébé] Logement chambre double', 350.000, 350.000),
(145, 158, 'chambre_adulte_double', '[Adulte] Logement chambre double', 3670.000, 3670.000),
(146, 159, 'chambre_adulte_double', '[Adulte] Logement chambre double', 3670.000, 3670.000),
(147, 160, 'chambre_adulte_triple', '[Adulte] Logement chambre triple', 3200.000, 3200.000),
(148, 161, 'chambre_adulte_triple', '[Adulte] Logement chambre triple', 3200.000, 3200.000),
(149, 162, 'chambre_bebe_triple', '[Bébé] Logement chambre triple', 350.000, 350.000),
(150, 163, 'chambre_adulte_double', '[Adulte] Logement chambre double', 3670.000, 3670.000),
(151, 164, 'chambre_adulte_double', '[Adulte] Logement chambre double', 3670.000, 3670.000),
(152, 165, 'chambre_adulte_triple', '[Adulte] Logement chambre triple', 3200.000, 3200.000),
(153, 166, 'chambre_adulte_triple', '[Adulte] Logement chambre triple', 3200.000, 3200.000),
(154, 167, 'chambre_adulte_triple', '[Adulte] Logement chambre triple', 3200.000, 3200.000),
(155, 168, 'chambre_adulte_quadruple', '[Adulte] Logement chambre quadruple', 2670.000, 2670.000),
(156, 169, 'chambre_adulte_double', '[Adulte] Logement chambre double', 3670.000, 3670.000),
(157, 170, 'chambre_adulte_double', '[Adulte] Logement chambre double', 3670.000, 3670.000),
(158, 171, 'chambre_adulte_double', '[Adulte] Logement chambre double', 3000.000, 3000.000),
(159, 172, 'chambre_adulte_double', '[Adulte] Logement chambre double', 3000.000, 3000.000),
(160, 173, 'chambre_adulte_quadruple', '[Adulte] Logement chambre quadruple', 2370.000, 2370.000),
(161, 174, 'chambre_adulte_quadruple', '[Adulte] Logement chambre quadruple', 2500.000, 2500.000),
(162, 175, 'chambre_adulte_quadruple', '[Adulte] Logement chambre quadruple', 2500.000, 2500.000),
(163, 176, 'chambre_adulte_quadruple', '[Adulte] Logement chambre quadruple', 2500.000, 2500.000),
(164, 177, 'chambre_bebe_quadruple', '[Bébé] Logement chambre quadruple', 350.000, 350.000),
(165, 178, 'chambre_adulte_quadruple', '[Adulte] Logement chambre quadruple', 2500.000, 2500.000),
(166, 179, 'chambre_adulte_quadruple', '[Adulte] Logement chambre quadruple', 2500.000, 2500.000),
(167, 180, 'chambre_adulte_quadruple', '[Adulte] Logement chambre quadruple', 2500.000, 2500.000),
(168, 181, 'chambre_bebe_quadruple', '[Bébé] Logement chambre quadruple', 350.000, 350.000),
(169, 182, 'chambre_adulte_triple', '[Adulte] Logement chambre triple', 3030.000, 3030.000),
(170, 183, 'chambre_bebe_triple', '[Bébé] Logement chambre triple', 350.000, 350.000),
(171, 184, 'chambre_bebe_triple', '[Bébé] Logement chambre triple', 350.000, 350.000),
(172, 185, 'chambre_adulte_triple', '[Adulte] Logement chambre triple', 3030.000, 3030.000),
(173, 186, 'chambre_adulte_triple', '[Adulte] Logement chambre triple', 3030.000, 3030.000),
(174, 187, 'chambre_adulte_triple', '[Adulte] Logement chambre triple', 3030.000, 3030.000),
(175, 188, 'chambre_adulte_quadruple', '[Adulte] Logement chambre quadruple', 2500.000, 2500.000),
(176, 189, 'chambre_adulte_quadruple', '[Adulte] Logement chambre quadruple', 2500.000, 2500.000),
(177, 190, 'chambre_adulte_quadruple', '[Adulte] Logement chambre quadruple', 2500.000, 2500.000),
(178, 191, 'chambre_bebe_quadruple', '[Bébé] Logement chambre quadruple', 350.000, 350.000),
(179, 192, 'chambre_adulte_quadruple', '[Adulte] Logement chambre quadruple', 2500.000, 2500.000),
(180, 193, 'chambre_bebe_quadruple', '[Bébé] Logement chambre quadruple', 350.000, 350.000),
(181, 194, 'chambre_bebe_quadruple', '[Bébé] Logement chambre quadruple', 350.000, 350.000),
(182, 195, 'chambre_bebe_quadruple', '[Bébé] Logement chambre quadruple', 350.000, 350.000),
(183, 196, 'chambre_adulte_quadruple', '[Adulte] Logement chambre quadruple', 2670.000, 2670.000),
(184, 197, 'chambre_adulte_quadruple', '[Adulte] Logement chambre quadruple', 2670.000, 2670.000),
(185, 198, 'chambre_adulte_quadruple', '[Adulte] Logement chambre quadruple', 2670.000, 2670.000),
(186, 199, 'chambre_adulte_quadruple', '[Adulte] Logement chambre quadruple', 2670.000, 2670.000),
(187, 200, 'chambre_adulte_quadruple', '[Adulte] Logement chambre quadruple', 2370.000, 2370.000),
(188, 201, 'chambre_adulte_quadruple', '[Adulte] Logement chambre quadruple', 2370.000, 2370.000),
(189, 202, 'chambre_adulte_quadruple', '[Adulte] Logement chambre quadruple', 2370.000, 2370.000),
(190, 203, 'chambre_adulte_quadruple', '[Adulte] Logement chambre quadruple', 2370.000, 2370.000),
(191, 204, 'chambre_adulte_triple', '[Adulte] Logement chambre triple', 3030.000, 3030.000),
(192, 205, 'chambre_adulte_triple', '[Adulte] Logement chambre triple', 3030.000, 3030.000),
(193, 206, 'chambre_adulte_triple', '[Adulte] Logement chambre triple', 3030.000, 3030.000),
(194, 207, 'chambre_adulte_quadruple', '[Adulte] Logement chambre quadruple', 2500.000, 2500.000),
(195, 208, 'chambre_enfant_age1_quadruple', '[Enfant 2.00 - 12.00 ] Logement chambre quadruple', 0.000, 0.000),
(196, 209, 'chambre_enfant_age1_quadruple', '[Enfant 2.00 - 12.00 ] Logement chambre quadruple', 0.000, 0.000),
(197, 210, 'chambre_adulte_quadruple', '[Adulte] Logement chambre quadruple', 2500.000, 2500.000),
(198, 211, 'chambre_adulte_double', '[Adulte] Logement chambre double', 3000.000, 3000.000),
(199, 212, 'chambre_bebe_double', '[Bébé] Logement chambre double', 350.000, 350.000),
(202, 215, 'chambre_adulte_quadruple', '[Adulte] Logement chambre quadruple', 2370.000, 2370.000),
(203, 216, 'chambre_adulte_quadruple', '[Adulte] Logement chambre quadruple', 2370.000, 2370.000),
(204, 217, 'chambre_adulte_quadruple', '[Adulte] Logement chambre quadruple', 2370.000, 2370.000),
(205, 218, 'chambre_adulte_quadruple', '[Adulte] Logement chambre quadruple', 2370.000, 2370.000),
(207, 220, 'chambre_adulte_double', '[Adulte] Logement chambre double', 3500.000, 3500.000),
(208, 221, 'chambre_adulte_double', '[Adulte] Logement chambre double', 3670.000, 3670.000),
(209, 222, 'chambre_adulte_double', '[Adulte] Logement chambre double', 3670.000, 3670.000),
(214, 227, 'chambre_adulte_quadruple', '[Adulte] Logement chambre quadruple', 2670.000, 2670.000),
(215, 228, 'chambre_adulte_quadruple', '[Adulte] Logement chambre quadruple', 2670.000, 2670.000),
(216, 229, 'chambre_bebe_quadruple', '[Bébé] Logement chambre quadruple', 350.000, 350.000),
(217, 230, 'chambre_bebe_quadruple', '[Bébé] Logement chambre quadruple', 350.000, 350.000),
(218, 231, 'chambre_adulte_quadruple', '[Adulte] Logement chambre quadruple', 2670.000, 2670.000),
(219, 232, 'chambre_adulte_double', '[Adulte] Logement chambre double', 3670.000, 3670.000),
(220, 233, 'chambre_adulte_double', '[Adulte] Logement chambre double', 3670.000, 3670.000),
(221, 234, 'chambre_adulte_double', '[Adulte] Logement chambre double', 3500.000, 3500.000),
(222, 235, 'chambre_adulte_quadruple', '[Adulte] Logement chambre quadruple', 2200.000, 2200.000),
(224, 237, 'chambre_adulte_quadruple', '[Adulte] Logement chambre quadruple', 2670.000, 2670.000),
(225, 238, 'chambre_adulte_quadruple', '[Adulte] Logement chambre quadruple', 2670.000, 2670.000),
(226, 239, 'chambre_adulte_quadruple', '[Adulte] Logement chambre quadruple', 2670.000, 2670.000),
(227, 240, 'chambre_bebe_quadruple', '[Bébé] Logement chambre quadruple', 350.000, 350.000),
(228, 241, 'chambre_adulte_quadruple', '[Adulte] Logement chambre quadruple', 2670.000, 2670.000),
(229, 242, 'chambre_adulte_quadruple', '[Adulte] Logement chambre quadruple', 2670.000, 2670.000),
(230, 243, 'chambre_adulte_quadruple', '[Adulte] Logement chambre quadruple', 2670.000, 2670.000),
(231, 244, 'chambre_adulte_quadruple', '[Adulte] Logement chambre quadruple', 2670.000, 2670.000),
(232, 245, 'chambre_adulte_quadruple', '[Adulte] Logement chambre quadruple', 2670.000, 2670.000),
(233, 246, 'chambre_adulte_quadruple', '[Adulte] Logement chambre quadruple', 2670.000, 2670.000),
(234, 247, 'chambre_adulte_quadruple', '[Adulte] Logement chambre quadruple', 2670.000, 2670.000),
(235, 248, 'chambre_adulte_quadruple', '[Adulte] Logement chambre quadruple', 2670.000, 2670.000),
(236, 249, 'chambre_adulte_quadruple', '[Adulte] Logement chambre quadruple', 2670.000, 2670.000),
(237, 250, 'chambre_adulte_quadruple', '[Adulte] Logement chambre quadruple', 2670.000, 2670.000),
(238, 251, 'chambre_adulte_quadruple', '[Adulte] Logement chambre quadruple', 2670.000, 2670.000),
(239, 252, 'chambre_adulte_quadruple', '[Adulte] Logement chambre quadruple', 2670.000, 2670.000),
(241, 254, 'chambre_adulte_quadruple', '[Adulte] Logement chambre quadruple', 2670.000, 2670.000),
(242, 255, 'chambre_adulte_triple', '[Adulte] Logement chambre triple', 3200.000, 3200.000),
(243, 256, 'chambre_adulte_triple', '[Adulte] Logement chambre triple', 3200.000, 3200.000),
(244, 257, 'chambre_adulte_triple', '[Adulte] Logement chambre triple', 3200.000, 3200.000),
(245, 258, 'chambre_adulte_quadruple', '[Adulte] Logement chambre quadruple', 2370.000, 2370.000),
(246, 259, 'chambre_bebe_quadruple', '[Bébé] Logement chambre quadruple', 350.000, 350.000),
(247, 260, 'chambre_bebe_quadruple', '[Bébé] Logement chambre quadruple', 350.000, 350.000),
(248, 261, 'chambre_bebe_quadruple', '[Bébé] Logement chambre quadruple', 350.000, 350.000),
(249, 262, 'chambre_adulte_quadruple', '[Adulte] Logement chambre quadruple', 2670.000, 2670.000),
(250, 263, 'chambre_bebe_quadruple', '[Bébé] Logement chambre quadruple', 350.000, 350.000),
(251, 264, 'chambre_bebe_quadruple', '[Bébé] Logement chambre quadruple', 350.000, 350.000),
(252, 265, 'chambre_bebe_quadruple', '[Bébé] Logement chambre quadruple', 350.000, 350.000),
(253, 266, 'chambre_adulte_quadruple', '[Adulte] Logement chambre quadruple', 2670.000, 2670.000),
(254, 267, 'chambre_adulte_quadruple', '[Adulte] Logement chambre quadruple', 2670.000, 2670.000),
(255, 268, 'chambre_adulte_quadruple', '[Adulte] Logement chambre quadruple', 2670.000, 2670.000),
(256, 269, 'chambre_adulte_quadruple', '[Adulte] Logement chambre quadruple', 2670.000, 2670.000),
(258, 271, 'chambre_adulte_double', '[Adulte] Logement chambre double', 3000.000, 3000.000),
(259, 272, 'chambre_adulte_double', '[Adulte] Logement chambre double', 3000.000, 3000.000),
(267, 280, 'chambre_adulte_single', '[Adulte] Logement chambre single', 0.000, 1000.000),
(294, 307, 'chambre_adulte_quadruple', '[Adulte] Logement chambre quadruple', 2670.000, 2670.000),
(295, 308, 'chambre_bebe_quadruple', '[Bébé] Logement chambre quadruple', 350.000, 350.000),
(296, 309, 'chambre_bebe_quadruple', '[Bébé] Logement chambre quadruple', 350.000, 350.000),
(297, 310, 'chambre_bebe_quadruple', '[Bébé] Logement chambre quadruple', 350.000, 350.000),
(298, 311, 'chambre_adulte_double', '[Adulte] Logement chambre double', 3670.000, 3670.000),
(299, 312, 'chambre_adulte_double', '[Adulte] Logement chambre double', 3670.000, 3670.000),
(300, 313, 'chambre_adulte_quadruple', '[Adulte] Logement chambre quadruple', 2200.000, 2200.000),
(301, 314, 'chambre_bebe_quadruple', '[Bébé] Logement chambre quadruple', 350.000, 350.000),
(302, 315, 'chambre_bebe_quadruple', '[Bébé] Logement chambre quadruple', 350.000, 350.000),
(303, 316, 'chambre_bebe_quadruple', '[Bébé] Logement chambre quadruple', 350.000, 350.000),
(304, 317, 'chambre_adulte_quadruple', '[Adulte] Logement chambre quadruple', 2370.000, 2370.000),
(305, 318, 'chambre_adulte_double', '[Adulte] Logement chambre double', 0.000, 2000.000),
(306, 319, 'chambre_adulte_double', '[Adulte] Logement chambre double', 0.000, 2000.000),
(307, 320, 'chambre_adulte_double', '[Adulte] Logement chambre double', 0.000, 2000.000),
(308, 321, 'chambre_bebe_double', '[Bébé] Logement chambre double', 0.000, 0.000),
(309, 322, 'chambre_adulte_double', '[Adulte] Logement chambre double', 0.000, 0.000),
(310, 323, 'chambre_bebe_double', '[Bébé] Logement chambre double', 0.000, 0.000),
(311, 324, 'chambre_adulte_double', '[Adulte] Logement chambre double', 0.000, 0.000),
(312, 325, 'chambre_adulte_quadruple', '[Adulte] Logement chambre quadruple', 2670.000, 2670.000),
(313, 326, 'chambre_adulte_quadruple', '[Adulte] Logement chambre quadruple', 2670.000, 2670.000),
(314, 327, 'chambre_adulte_double', '[Adulte] Logement chambre double', 0.000, 0.000),
(315, 328, 'chambre_adulte_single', '[Adulte] Logement chambre single', 0.000, 0.000),
(316, 329, 'chambre_adulte_single', '[Adulte] Logement chambre single', 0.000, 0.000),
(317, 330, 'chambre_adulte_double', '[Adulte] Logement chambre double', 3000.000, 3000.000),
(318, 331, 'chambre_adulte_double', '[Adulte] Logement chambre double', 3000.000, 3000.000),
(319, 332, 'chambre_adulte_double', '[Adulte] Logement chambre double', 0.000, 0.000),
(320, 333, 'chambre_adulte_quadruple', '[Adulte] Logement chambre quadruple', 2670.000, 2670.000),
(321, 334, 'chambre_bebe_quadruple', '[Bébé] Logement chambre quadruple', 350.000, 350.000),
(322, 335, 'chambre_bebe_quadruple', '[Bébé] Logement chambre quadruple', 350.000, 350.000),
(323, 336, 'chambre_bebe_quadruple', '[Bébé] Logement chambre quadruple', 350.000, 350.000),
(324, 337, 'chambre_bebe_quadruple', '[Bébé] Logement chambre quadruple', 350.000, 350.000),
(325, 338, 'chambre_bebe_quadruple', '[Bébé] Logement chambre quadruple', 350.000, 350.000),
(326, 339, 'chambre_bebe_quadruple', '[Bébé] Logement chambre quadruple', 350.000, 350.000),
(327, 340, 'chambre_bebe_quadruple', '[Bébé] Logement chambre quadruple', 350.000, 350.000),
(328, 341, 'chambre_adulte_double', '[Adulte] Logement chambre double', 3670.000, 3670.000),
(329, 342, 'chambre_adulte_triple', '[Adulte] Logement chambre triple', 3200.000, 3200.000),
(330, 343, 'chambre_adulte_triple', '[Adulte] Logement chambre triple', 3200.000, 3200.000),
(331, 344, 'chambre_adulte_triple', '[Adulte] Logement chambre triple', 3200.000, 3200.000),
(332, 345, 'chambre_adulte_triple', '[Adulte] Logement chambre triple', 3200.000, 3200.000),
(333, 346, 'chambre_enfant_age1_triple', '[Enfant 2.00 - 12.00 ] Logement chambre triple', 0.000, 0.000),
(334, 347, 'chambre_adulte_triple', '[Adulte] Logement chambre triple', 3200.000, 3200.000),
(335, 348, 'chambre_adulte_triple', '[Adulte] Logement chambre triple', 3200.000, 3200.000);

-- --------------------------------------------------------

--
-- Structure de la table `ost_vo_reservation_gestion_etats`
--

CREATE TABLE IF NOT EXISTS `ost_vo_reservation_gestion_etats` (
  `id` int(11) NOT NULL,
  `libelle` varchar(255) COLLATE utf8_unicode_ci NOT NULL,
  `ordre` int(11) NOT NULL,
  `type` int(11) NOT NULL
) ENGINE=InnoDB DEFAULT CHARSET=utf8 COLLATE=utf8_unicode_ci;

-- --------------------------------------------------------

--
-- Structure de la table `ost_vo_reservation_personnes`
--

CREATE TABLE IF NOT EXISTS `ost_vo_reservation_personnes` (
  `id` int(11) NOT NULL,
  `chambre_id` int(11) DEFAULT NULL,
  `enfant` tinyint(1) DEFAULT NULL,
  `nom_prenom` varchar(255) COLLATE utf8_unicode_ci NOT NULL,
  `age` int(11) DEFAULT NULL,
  `passport` varchar(100) COLLATE utf8_unicode_ci DEFAULT NULL,
  `chambreContingent_id` int(11) DEFAULT NULL,
  `visas` longtext COLLATE utf8_unicode_ci NOT NULL COMMENT '(DC2Type:array)'
) ENGINE=InnoDB AUTO_INCREMENT=349 DEFAULT CHARSET=utf8 COLLATE=utf8_unicode_ci;

--
-- Contenu de la table `ost_vo_reservation_personnes`
--

INSERT INTO `ost_vo_reservation_personnes` (`id`, `chambre_id`, `enfant`, `nom_prenom`, `age`, `passport`, `chambreContingent_id`, `visas`) VALUES
(15, 9, 0, 'fahem mnasri', NULL, '', NULL, 'a:0:{}'),
(16, 9, 0, 'aycha dridi', NULL, '', NULL, 'a:0:{}'),
(25, 13, 0, 'Taoufik', NULL, '', NULL, 'a:0:{}'),
(26, 13, 0, 'Firas', NULL, '', NULL, 'a:0:{}'),
(27, 13, 0, 'Aymen', NULL, '', NULL, 'a:0:{}'),
(28, 13, 0, 'Rafik', NULL, '', NULL, 'a:0:{}'),
(29, 14, 0, 'warda jabli', NULL, '', NULL, 'a:0:{}'),
(30, 14, 0, 'warda jabli', NULL, '', NULL, 'a:0:{}'),
(31, 14, 0, 'warda jabli', NULL, '', NULL, 'a:0:{}'),
(32, 14, 0, 'warda jabli', NULL, '', NULL, 'a:0:{}'),
(33, 15, 0, '', NULL, '', NULL, 'a:0:{}'),
(34, 15, 0, '', NULL, '', NULL, 'a:0:{}'),
(35, 15, 0, '', NULL, '', NULL, 'a:0:{}'),
(36, 15, 0, '', NULL, '', NULL, 'a:0:{}'),
(41, 17, 0, 'hamadi hajbi', NULL, '', NULL, 'a:0:{}'),
(42, 17, 0, 'nassima farhani', NULL, '', NULL, 'a:0:{}'),
(43, 17, 1, 'miral hajbi', 6, '', NULL, 'a:0:{}'),
(48, 19, 0, 'hmida hajbi', NULL, '', NULL, 'a:0:{}'),
(49, 19, 0, 'khira hajbi', NULL, '', NULL, 'a:0:{}'),
(50, 19, 0, 'hamadi hajbi', NULL, '', NULL, 'a:0:{}'),
(51, 19, 0, 'nassima farhani hajbi', NULL, '', NULL, 'a:0:{}'),
(65, 25, 0, 'GHARSALLI CHOKRI', NULL, '', NULL, 'a:0:{}'),
(66, 25, 0, 'BOUGHALMI SONIA', NULL, '', NULL, 'a:0:{}'),
(67, 26, 0, 'GHARSALLI ILEF', NULL, '', NULL, 'a:0:{}'),
(68, 26, 1, 'GHARSALLI ANFEL', 12, '', NULL, 'a:0:{}'),
(69, 26, 1, 'GHARSALLI YAHYA', 7, '', NULL, 'a:0:{}'),
(70, 27, 0, '', NULL, '', NULL, 'a:0:{}'),
(71, 27, 0, '', NULL, '', NULL, 'a:0:{}'),
(72, 28, 0, '', NULL, '', NULL, 'a:0:{}'),
(73, 28, 0, 'Firas mouaddeb', NULL, '', NULL, 'a:0:{}'),
(74, 28, 1, '', 0, '', NULL, 'a:0:{}'),
(75, 29, 0, 'Firas mouaddeb', NULL, '', NULL, 'a:0:{}'),
(76, 29, 0, '', NULL, '', NULL, 'a:0:{}'),
(77, 30, 0, 'Hamam ali', NULL, '', NULL, 'a:0:{}'),
(78, 30, 0, 'khadri faouzia', NULL, '', NULL, 'a:0:{}'),
(79, 30, 1, 'Hammami adem', 5, '', NULL, 'a:0:{}'),
(80, 30, 1, 'Hammami haha', 4, '', NULL, 'a:0:{}'),
(81, 31, 0, 'Gharsalli Chokri', NULL, '', NULL, 'a:0:{}'),
(82, 31, 0, 'BOUGHALMI Sounia', NULL, '', NULL, 'a:0:{}'),
(83, 32, 0, 'Chaari anis', NULL, '', NULL, 'a:0:{}'),
(84, 32, 0, 'Abida sourour', NULL, '', NULL, 'a:0:{}'),
(85, 33, 0, '', NULL, '', NULL, 'a:0:{}'),
(86, 33, 1, 'chaima ', 5, '', NULL, 'a:0:{}'),
(87, 33, 1, '', 0, '', NULL, 'a:0:{}'),
(88, 33, 1, '', 0, '', NULL, 'a:0:{}'),
(90, 35, 0, 'Maâcha Arbi', NULL, '', NULL, 'a:0:{}'),
(91, 35, 1, 'Maâcha Asma', 0, '', NULL, 'a:0:{}'),
(95, 39, 0, 'Sami Gassoumi ', NULL, '', NULL, 'a:0:{}'),
(96, 39, 1, '', 0, '', NULL, 'a:0:{}'),
(97, 39, 1, '', 0, '', NULL, 'a:0:{}'),
(98, 39, 1, '', 0, '', NULL, 'a:0:{}'),
(99, 40, 0, 'Taoufik Haraketi', NULL, '', NULL, 'a:0:{}'),
(100, 40, 1, 'Taoufik Haraketi', 0, '', NULL, 'a:0:{}'),
(101, 40, 1, 'Taoufik Haraketi', 0, '', NULL, 'a:0:{}'),
(102, 40, 1, 'Taoufik Haraketi', 0, '', NULL, 'a:0:{}'),
(103, 41, 0, 'ererer', NULL, '', NULL, 'a:0:{}'),
(104, 41, 1, 'erere', 0, '', NULL, 'a:0:{}'),
(105, 41, 1, 'ererer', 5, '', NULL, 'a:0:{}'),
(106, 42, 0, 'anis torkhani', NULL, '', NULL, 'a:0:{}'),
(107, 42, 0, 'monia shilli', NULL, '', NULL, 'a:0:{}'),
(108, 42, 0, 'chalbia sallmi', NULL, '', NULL, 'a:0:{}'),
(109, 42, 1, 'yaakoub torkhani', 0, '', NULL, 'a:0:{}'),
(110, 43, 1, 'yaakoub torkhani', 0, '', NULL, 'a:0:{}'),
(111, 43, 0, 'anis torkhani', NULL, '', NULL, 'a:0:{}'),
(112, 43, 0, 'monia torkhani', NULL, '', NULL, 'a:0:{}'),
(113, 44, 0, 'Abdelmoula samia ep karma', NULL, '', NULL, 'a:0:{}'),
(114, 44, 0, 'Karma mondher', NULL, '', NULL, 'a:0:{}'),
(115, 44, 0, 'Zeineb karma', NULL, '', NULL, 'a:0:{}'),
(116, 45, 1, 'Mohamed jendoubbi', 0, '', NULL, 'a:0:{}'),
(117, 45, 1, 'Abir Abichou', 0, '', NULL, 'a:0:{}'),
(118, 46, 1, 'Mohamed jendoubbi', 0, '', NULL, 'a:0:{}'),
(119, 46, 1, 'Abir Abichou', 0, '', NULL, 'a:0:{}'),
(120, 47, 1, 'Mohamed jendoubbi', 0, '', NULL, 'a:0:{}'),
(121, 47, 1, 'Abir Abichou', 0, '', NULL, 'a:0:{}'),
(135, 55, 0, 'Abderrazak zini', NULL, '', NULL, 'a:0:{}'),
(136, 55, 0, 'Samir zini', NULL, '', NULL, 'a:0:{}'),
(137, 56, 0, 'bornaz akram', NULL, '', NULL, 'a:0:{}'),
(138, 56, 1, 'bornaz najoua', 0, '', NULL, 'a:0:{}'),
(143, 59, 0, 'khaled yahia', NULL, '', NULL, 'a:0:{}'),
(144, 59, 0, ' zouhour chouikhi', NULL, '', NULL, 'a:0:{}'),
(145, 59, 1, 'ahmed sabri yahia', 2, '', NULL, 'a:0:{}'),
(149, 61, 0, 'habib ben nejma', NULL, '', NULL, 'a:0:{}'),
(150, 61, 0, 'noura hamrouni ben nejma', NULL, '', NULL, 'a:0:{}'),
(151, 62, 0, 'habib ben nejma', NULL, '', NULL, 'a:0:{}'),
(152, 62, 0, 'noura hamrouni ben nejma', NULL, '', NULL, 'a:0:{}'),
(153, 63, 0, 'Abdelhamid ZINE EL ABIDINE', NULL, '', NULL, 'a:0:{}'),
(154, 63, 0, 'Hayet Mejidi Epouse ZINE EL ABIDINE', NULL, '', NULL, 'a:0:{}'),
(155, 63, 0, 'Mohamed Bechir ZINE EL ABIDINE', NULL, '', NULL, 'a:0:{}'),
(156, 64, 0, '', NULL, '', NULL, 'a:0:{}'),
(157, 64, 1, '', 0, '', NULL, 'a:0:{}'),
(158, 65, 0, 'Ayadi Habib ', NULL, '', NULL, 'a:0:{}'),
(159, 65, 0, 'Ayadi Naima ', NULL, '', NULL, 'a:0:{}'),
(160, 66, 0, 'Ayadi Habib ', NULL, '', NULL, 'a:0:{}'),
(161, 66, 0, 'Ayadi Mouldi ', NULL, '', NULL, 'a:0:{}'),
(162, 66, 1, 'Ayadi Naima ', 1, '', NULL, 'a:0:{}'),
(163, 67, 0, 'Ayadi Habib ', NULL, '', NULL, 'a:0:{}'),
(164, 67, 0, 'Ayadi Naima ', NULL, '', NULL, 'a:0:{}'),
(165, 68, 0, 'Ayadi Habib ', NULL, '', NULL, 'a:0:{}'),
(166, 68, 0, 'Ayadi Mouldi ', NULL, '', NULL, 'a:0:{}'),
(167, 68, 0, 'Ayadi Naima ', NULL, '', NULL, 'a:0:{}'),
(168, 69, 0, 'BEN MOUSSA AHLEM', NULL, '', NULL, 'a:0:{}'),
(169, 70, 0, 'Karray morched', NULL, '', NULL, 'a:0:{}'),
(170, 70, 0, 'Karray morched', NULL, '', NULL, 'a:0:{}'),
(171, 71, 0, 'Souki mouna ', NULL, '', NULL, 'a:0:{}'),
(172, 71, 0, 'Mlouka zeineb ', NULL, '', NULL, 'a:0:{}'),
(173, 72, 0, 'Souki mouna ', NULL, '', NULL, 'a:0:{}'),
(174, 73, 0, 'rgrg', NULL, '', NULL, 'a:0:{}'),
(175, 73, 0, 'rgrgr', NULL, '', NULL, 'a:0:{}'),
(176, 73, 0, 'rggr', NULL, '', NULL, 'a:0:{}'),
(177, 73, 1, 'rgg', 1, '', NULL, 'a:0:{}'),
(178, 74, 0, 'majdi abdelmalak', NULL, '', NULL, 'a:0:{}'),
(179, 74, 0, 'dalila jabnoun', NULL, '', NULL, 'a:0:{}'),
(180, 74, 0, 'wiem saidani', NULL, '', NULL, 'a:0:{}'),
(181, 74, 1, 'ayoub abdelmalak', 1, '', NULL, 'a:0:{}'),
(182, 75, 0, 'MAJDI Abdelmalak', NULL, '', NULL, 'a:0:{}'),
(183, 75, 1, 'dalila jabnoun', 0, '', NULL, 'a:0:{}'),
(184, 75, 1, 'wiem saidani', 0, '', NULL, 'a:0:{}'),
(185, 76, 0, 'MAJDI Abdelmalak', NULL, '', NULL, 'a:0:{}'),
(186, 76, 0, 'dalila jabnoun', NULL, '', NULL, 'a:0:{}'),
(187, 76, 0, 'wiem saidani', NULL, '', NULL, 'a:0:{}'),
(188, 77, 0, 'majdi abdelmalak', NULL, '', NULL, 'a:0:{}'),
(189, 77, 0, 'dalila jabnoun', NULL, '', NULL, 'a:0:{}'),
(190, 77, 0, 'wiem saidani', NULL, '', NULL, 'a:0:{}'),
(191, 77, 1, 'ayoub abdelmalak', 1, '', NULL, 'a:0:{}'),
(192, 78, 0, 'Zine El Abidine mohamed abdelaziz', NULL, '', NULL, 'a:0:{}'),
(193, 78, 1, 'xx', 0, '', NULL, 'a:0:{}'),
(194, 78, 1, 'xx', 0, '', NULL, 'a:0:{}'),
(195, 78, 1, 'xx', 0, '', NULL, 'a:0:{}'),
(196, 79, 0, 'Kamel ben sedrine', NULL, '', NULL, 'a:0:{}'),
(197, 79, 0, 'Thouraya ben sedrine', NULL, '', NULL, 'a:0:{}'),
(198, 79, 0, 'Med ali ben sedrine', NULL, '', NULL, 'a:0:{}'),
(199, 79, 0, 'Khadija ben sedrine', NULL, '', NULL, 'a:0:{}'),
(200, 80, 0, 'Ghenimi Chokri', NULL, '', NULL, 'a:0:{}'),
(201, 80, 0, 'Msalmi Salha', NULL, '', NULL, 'a:0:{}'),
(202, 81, 0, 'Ghenimi Chokri', NULL, '', NULL, 'a:0:{}'),
(203, 81, 0, 'Msalmi Salha', NULL, '', NULL, 'a:0:{}'),
(204, 82, 0, 'yassin hamdi', NULL, '', NULL, 'a:0:{}'),
(205, 82, 0, 'yassin hamdi', NULL, '', NULL, 'a:0:{}'),
(206, 82, 0, 'yassin hamdi', NULL, '', NULL, 'a:0:{}'),
(207, 83, 0, 'yassin hamdi', NULL, '', NULL, 'a:0:{}'),
(208, 83, 1, 'yassin hamdi', 12, '', NULL, 'a:0:{}'),
(209, 83, 1, 'yassin hamdi', 12, '', NULL, 'a:0:{}'),
(210, 83, 0, 'yassin hamdi', NULL, '', NULL, 'a:0:{}'),
(211, 84, 0, 'Fethi ben amar', NULL, '', NULL, 'a:0:{}'),
(212, 84, 1, '', 0, '', NULL, 'a:0:{}'),
(215, 86, 0, 'Jroud tarek', NULL, '', NULL, 'a:0:{}'),
(216, 86, 0, 'Melliti wided', NULL, '', NULL, 'a:0:{}'),
(217, 86, 0, 'Fatma gabouch ', NULL, '', NULL, 'a:0:{}'),
(218, 86, 0, 'Miloud jroud', NULL, '', NULL, 'a:0:{}'),
(220, 88, 0, 'ferjani jamel ', NULL, '', NULL, 'a:0:{}'),
(221, 89, 0, 'Jelmam Yassine', NULL, '', NULL, 'a:0:{}'),
(222, 89, 0, 'Radhia Ben Hassine Jelmam', NULL, '', NULL, 'a:0:{}'),
(227, 91, 0, 'DRISS Mohamed Ridha', NULL, '', NULL, 'a:0:{}'),
(228, 91, 0, 'DRISS Mohamed Ridha', NULL, '', NULL, 'a:0:{}'),
(229, 91, 1, 'DRISS Mohamed Ridha', 0, '', NULL, 'a:0:{}'),
(230, 91, 1, 'DRISS Mohamed Ridha', 0, '', NULL, 'a:0:{}'),
(231, 92, 0, 'zouhayer ben rhouma', NULL, '', NULL, 'a:0:{}'),
(232, 93, 0, 'Ksir fouad', NULL, '', NULL, 'a:0:{}'),
(233, 93, 0, 'Ksir salma', NULL, '', NULL, 'a:0:{}'),
(234, 94, 0, 'Maâcha Arbi', NULL, '', NULL, 'a:0:{}'),
(235, 95, 0, 'Maâcha Arbi test à la carte', NULL, '', NULL, 'a:0:{}'),
(237, 97, 0, 'Omezzine Kamel', NULL, '', NULL, 'a:0:{}'),
(238, 97, 0, 'Souissi Chedia ', NULL, '', NULL, 'a:0:{}'),
(239, 97, 0, 'Omezzine Mohamed Aziz ', NULL, '', NULL, 'a:0:{}'),
(240, 97, 1, 'Omezzine Aya', 0, '', NULL, 'a:0:{}'),
(241, 98, 0, 'Omezzine Kamel', NULL, '', NULL, 'a:0:{}'),
(242, 98, 0, 'Souissi Chedia ', NULL, '', NULL, 'a:0:{}'),
(243, 98, 0, 'Omezzine Mohamed Aziz ', NULL, '', NULL, 'a:0:{}'),
(244, 98, 0, 'Omezzine Aya', NULL, '', NULL, 'a:0:{}'),
(245, 99, 0, 'Omezzine Kamel', NULL, '', NULL, 'a:0:{}'),
(246, 99, 0, 'Souissi Chedia ', NULL, '', NULL, 'a:0:{}'),
(247, 99, 0, 'Omezzine Mohamed Aziz ', NULL, '', NULL, 'a:0:{}'),
(248, 99, 0, 'Omezzine Aya', NULL, '', NULL, 'a:0:{}'),
(249, 100, 0, 'Omezzine Kamel', NULL, '', NULL, 'a:0:{}'),
(250, 100, 0, 'Souissi Chedia ', NULL, '', NULL, 'a:0:{}'),
(251, 100, 0, 'Omezzine Mohamed Aziz ', NULL, '', NULL, 'a:0:{}'),
(252, 100, 0, 'Omezzine Aya', NULL, '', NULL, 'a:0:{}'),
(254, 102, 0, 'ben ghenaia  fatma', NULL, '', NULL, 'a:0:{}'),
(255, 103, 0, 'Ridha makhlouf ', NULL, '', NULL, 'a:0:{}'),
(256, 103, 0, 'Ramzi makhlouf ', NULL, '', NULL, 'a:0:{}'),
(257, 103, 0, 'Leila makhlouf ', NULL, '', NULL, 'a:0:{}'),
(258, 104, 0, 'a', NULL, '', NULL, 'a:0:{}'),
(259, 104, 1, 'b', 0, '', NULL, 'a:0:{}'),
(260, 104, 1, 'c', 0, '', NULL, 'a:0:{}'),
(261, 104, 1, 'd', 0, '', NULL, 'a:0:{}'),
(262, 105, 0, '', NULL, '', NULL, 'a:0:{}'),
(263, 105, 1, '', 0, '', NULL, 'a:0:{}'),
(264, 105, 1, '', 0, '', NULL, 'a:0:{}'),
(265, 105, 1, '', 0, '', NULL, 'a:0:{}'),
(266, 106, 0, 'BALI BRAHIM', NULL, '', NULL, 'a:0:{}'),
(267, 106, 0, 'SALIHA ZAIEM EP BALI', NULL, '', NULL, 'a:0:{}'),
(268, 106, 0, 'IMEN BALI', NULL, '', NULL, 'a:0:{}'),
(269, 106, 0, 'SLIM ZAIEM', NULL, '', NULL, 'a:0:{}'),
(271, 108, 0, 'Guersene Fathi', NULL, '', NULL, 'a:0:{}'),
(272, 108, 0, 'Sabta Mbarka', NULL, '', NULL, 'a:0:{}'),
(280, 115, 0, 'Maâcha Arbi test à la carte', NULL, '', NULL, 'a:0:{}'),
(307, 125, 0, 'Sarray Makram', NULL, '', NULL, 'a:0:{}'),
(308, 125, 1, '', 0, '', NULL, 'a:0:{}'),
(309, 125, 1, '', 0, '', NULL, 'a:0:{}'),
(310, 125, 1, '', 0, '', NULL, 'a:0:{}'),
(311, 126, 0, 'Bouaziz madiouni', NULL, '', NULL, 'a:0:{}'),
(312, 126, 0, 'Ellili basma ', NULL, '', NULL, 'a:0:{}'),
(313, 127, 0, 'Henda bahloul ep dakhlaoui', NULL, '', NULL, 'a:0:{}'),
(314, 127, 1, '', 0, '', NULL, 'a:0:{}'),
(315, 127, 1, '', 0, '', NULL, 'a:0:{}'),
(316, 127, 1, '', 0, '', NULL, 'a:0:{}'),
(317, 128, 0, 'Henda bahloul ep dakhlaoui', NULL, '', NULL, 'a:0:{}'),
(318, 129, 0, 'Taoufik Haraketi', NULL, '', NULL, 'a:0:{}'),
(319, 129, 0, 'Taoufik Haraketi', NULL, '', NULL, 'a:0:{}'),
(320, 130, 0, 'Taoufik Haraketi', NULL, '', NULL, 'a:0:{}'),
(321, 130, 1, 'Taoufik Haraketi', 0, '', NULL, 'a:0:{}'),
(322, 131, 0, 'a', NULL, '', NULL, 'a:0:{}'),
(323, 131, 1, 'a', 0, '', NULL, 'a:0:{}'),
(324, 132, 0, 'Maâcha Arbi', NULL, '', NULL, 'a:0:{}'),
(325, 133, 0, 'Mejda ibn haj rhouma ep assidi', NULL, '', NULL, 'a:0:{}'),
(326, 134, 0, 'Marzouk misseoui', NULL, '', NULL, 'a:0:{}'),
(327, 135, 0, 'hana test octasoft', NULL, '', NULL, 'a:0:{}'),
(328, 136, 0, 'Maâcha Arbi test à la carte', NULL, '', NULL, 'a:0:{}'),
(329, 137, 0, 'Maâcha Arbi test à la carte', NULL, '', NULL, 'a:0:{}'),
(330, 138, 0, 'Abdelmoula ep karma samia', NULL, '', NULL, 'a:0:{}'),
(331, 138, 0, 'Karma Mondher ', NULL, '', NULL, 'a:0:{}'),
(332, 139, 0, 'Maâcha Arbi', NULL, '', NULL, 'a:0:{}'),
(333, 140, 0, 'Sarray Makram ', NULL, '', NULL, 'a:0:{}'),
(334, 140, 1, 'Mehrez Hafedh ', 0, '', NULL, 'a:0:{}'),
(335, 140, 1, 'Ben chikh Lotfi', 0, '', NULL, 'a:0:{}'),
(336, 140, 1, 'Salah Mohamed ', 0, '', NULL, 'a:0:{}'),
(337, 141, 1, 'Gouider Cherifa ep mehrez', 0, '', NULL, 'a:0:{}'),
(338, 141, 1, 'Baabou Hedia', 0, '', NULL, 'a:0:{}'),
(339, 141, 1, 'Ben chikh Nadia ', 0, '', NULL, 'a:0:{}'),
(340, 141, 1, '', 0, '', NULL, 'a:0:{}'),
(341, 142, 0, 'Taoufik Haraketi', NULL, '', NULL, 'a:0:{}'),
(342, 143, 0, 'Nejia OTHMANI', NULL, '', NULL, 'a:0:{}'),
(343, 144, 0, 'MUSTAPHA LANDOULSI ', NULL, '', NULL, 'a:0:{}'),
(344, 144, 0, 'MANOUBIA LANDOULSI ', NULL, '', NULL, 'a:0:{}'),
(345, 144, 0, 'HAJER LANDOULSI ', NULL, '', NULL, 'a:0:{}'),
(346, 145, 1, 'مريم بن نصيب', 5, '', NULL, 'a:0:{}'),
(347, 145, 0, 'مراد بن نصيب', NULL, '', NULL, 'a:0:{}'),
(348, 145, 0, 'نادية الكشرودي', NULL, '', NULL, 'a:0:{}');

-- --------------------------------------------------------

--
-- Structure de la table `ost_vo_reservation_personne_billets`
--

CREATE TABLE IF NOT EXISTS `ost_vo_reservation_personne_billets` (
  `id` int(11) NOT NULL,
  `personne_id` int(11) DEFAULT NULL,
  `libelle` varchar(255) COLLATE utf8_unicode_ci NOT NULL
) ENGINE=InnoDB DEFAULT CHARSET=utf8 COLLATE=utf8_unicode_ci;

-- --------------------------------------------------------

--
-- Structure de la table `ost_vo_reservation_personne_billets_logs`
--

CREATE TABLE IF NOT EXISTS `ost_vo_reservation_personne_billets_logs` (
  `id` int(11) NOT NULL,
  `etat_id` int(11) DEFAULT NULL,
  `billet_id` int(11) DEFAULT NULL,
  `commentaire` varchar(255) COLLATE utf8_unicode_ci DEFAULT NULL,
  `byUser` varchar(255) COLLATE utf8_unicode_ci NOT NULL,
  `createdAt` datetime NOT NULL
) ENGINE=InnoDB DEFAULT CHARSET=utf8 COLLATE=utf8_unicode_ci;

-- --------------------------------------------------------

--
-- Structure de la table `ost_vo_reservation_personne_hotels`
--

CREATE TABLE IF NOT EXISTS `ost_vo_reservation_personne_hotels` (
  `id` int(11) NOT NULL,
  `personne_id` int(11) DEFAULT NULL,
  `libelle` varchar(255) COLLATE utf8_unicode_ci NOT NULL
) ENGINE=InnoDB AUTO_INCREMENT=42 DEFAULT CHARSET=utf8 COLLATE=utf8_unicode_ci;

--
-- Contenu de la table `ost_vo_reservation_personne_hotels`
--

INSERT INTO `ost_vo_reservation_personne_hotels` (`id`, `personne_id`, `libelle`) VALUES
(17, 280, 'Hôtel 2 (Madinah)'),
(18, 280, 'Hôtel 1-1 (Makkah)'),
(19, 318, 'Hôtel 1 (Madinah)'),
(20, 318, 'Hôtel 1-1 (Makkah)'),
(21, 319, 'Hôtel 1 (Madinah)'),
(22, 319, 'Hôtel 1-1 (Makkah)'),
(23, 320, 'Mövenpick Anwar Al Madinah 5* (Madinah)'),
(24, 320, 'Swiss Hotel Makkah 5* (Makkah)'),
(25, 321, 'Mövenpick Anwar Al Madinah 5* (Madinah)'),
(26, 321, 'Swiss Hotel Makkah 5* (Makkah)'),
(27, 322, 'Mövenpick Anwar Al Madinah 5* (Madinah)'),
(28, 322, 'Elaf Mashaer makkah 5* (Makkah)'),
(29, 323, 'Mövenpick Anwar Al Madinah 5* (Madinah)'),
(30, 323, 'Elaf Mashaer makkah 5* (Makkah)'),
(31, 324, 'Elaf Taiba Al Madinah 3* (Madinah)'),
(32, 324, 'Elaf Mashaer makkah 5* (Makkah)'),
(33, 327, 'Elaf Taiba Al Madinah 3* (Madinah)'),
(34, 327, 'Elaf Mashaer makkah 5* (Makkah)'),
(35, 327, 'test'),
(36, 328, '[autre] Test Hôtel Madinah (Madinah)'),
(37, 328, '[autre] Test Hôtel Makkah (Makkah)'),
(38, 329, '[autre] Autre hôtel 4* (Madinah)'),
(39, 329, 'Swiss Hotel Makkah 5* (Makkah)'),
(40, 332, 'Mövenpick Anwar Al Madinah 5* (Madinah)'),
(41, 332, 'Swiss Hotel Makkah 5* (Makkah)');

-- --------------------------------------------------------

--
-- Structure de la table `ost_vo_reservation_personne_hotels_logs`
--

CREATE TABLE IF NOT EXISTS `ost_vo_reservation_personne_hotels_logs` (
  `id` int(11) NOT NULL,
  `etat_id` int(11) DEFAULT NULL,
  `hotel_id` int(11) DEFAULT NULL,
  `commentaire` varchar(255) COLLATE utf8_unicode_ci DEFAULT NULL,
  `byUser` varchar(255) COLLATE utf8_unicode_ci NOT NULL,
  `createdAt` datetime NOT NULL
) ENGINE=InnoDB DEFAULT CHARSET=utf8 COLLATE=utf8_unicode_ci;

-- --------------------------------------------------------

--
-- Structure de la table `ost_vo_reservation_personne_visas`
--

CREATE TABLE IF NOT EXISTS `ost_vo_reservation_personne_visas` (
  `id` int(11) NOT NULL,
  `personne_id` int(11) DEFAULT NULL,
  `libelle` varchar(255) COLLATE utf8_unicode_ci NOT NULL
) ENGINE=InnoDB DEFAULT CHARSET=utf8 COLLATE=utf8_unicode_ci;

-- --------------------------------------------------------

--
-- Structure de la table `ost_vo_reservation_personne_visas_logs`
--

CREATE TABLE IF NOT EXISTS `ost_vo_reservation_personne_visas_logs` (
  `id` int(11) NOT NULL,
  `etat_id` int(11) DEFAULT NULL,
  `visa_id` int(11) DEFAULT NULL,
  `commentaire` varchar(255) COLLATE utf8_unicode_ci DEFAULT NULL,
  `byUser` varchar(255) COLLATE utf8_unicode_ci NOT NULL,
  `createdAt` datetime NOT NULL
) ENGINE=InnoDB DEFAULT CHARSET=utf8 COLLATE=utf8_unicode_ci;

-- --------------------------------------------------------

--
-- Structure de la table `ost_vo_ResponsableVoyage`
--

CREATE TABLE IF NOT EXISTS `ost_vo_ResponsableVoyage` (
  `id` int(11) NOT NULL,
  `voyage_id` int(11) DEFAULT NULL,
  `responsableName` varchar(255) COLLATE utf8_unicode_ci NOT NULL,
  `responsableTel1` varchar(255) COLLATE utf8_unicode_ci NOT NULL,
  `responsableTel2` varchar(255) COLLATE utf8_unicode_ci DEFAULT NULL
) ENGINE=InnoDB AUTO_INCREMENT=2 DEFAULT CHARSET=utf8 COLLATE=utf8_unicode_ci;

--
-- Contenu de la table `ost_vo_ResponsableVoyage`
--

INSERT INTO `ost_vo_ResponsableVoyage` (`id`, `voyage_id`, `responsableName`, `responsableTel1`, `responsableTel2`) VALUES
(1, 61, 'Cellule OMRA', '71905656', NULL);

-- --------------------------------------------------------

--
-- Structure de la table `ost_vo_themes`
--

CREATE TABLE IF NOT EXISTS `ost_vo_themes` (
  `id` int(11) NOT NULL,
  `libelle` varchar(255) COLLATE utf8_unicode_ci NOT NULL,
  `themeCategorie_id` int(11) DEFAULT NULL
) ENGINE=InnoDB AUTO_INCREMENT=18 DEFAULT CHARSET=utf8 COLLATE=utf8_unicode_ci;

--
-- Contenu de la table `ost_vo_themes`
--

INSERT INTO `ost_vo_themes` (`id`, `libelle`, `themeCategorie_id`) VALUES
(1, 'Voyages de Noces', 7),
(13, 'Long séjour', 7),
(15, 'Voyages en groupe', 7),
(16, 'Famille', 7),
(17, 'Jeunes', 7);

-- --------------------------------------------------------

--
-- Structure de la table `ost_vo_themes_categories`
--

CREATE TABLE IF NOT EXISTS `ost_vo_themes_categories` (
  `id` int(11) NOT NULL,
  `libelle` varchar(255) COLLATE utf8_unicode_ci NOT NULL
) ENGINE=InnoDB AUTO_INCREMENT=8 DEFAULT CHARSET=utf8 COLLATE=utf8_unicode_ci;

--
-- Contenu de la table `ost_vo_themes_categories`
--

INSERT INTO `ost_vo_themes_categories` (`id`, `libelle`) VALUES
(1, 'Long Séjour'),
(2, 'Voyages de Noces'),
(3, 'Moyen courrier'),
(4, 'Voyages en groupe'),
(5, 'Famille'),
(6, 'Jeunes'),
(7, 'Thème');

-- --------------------------------------------------------

--
-- Structure de la table `ost_vo_videos`
--

CREATE TABLE IF NOT EXISTS `ost_vo_videos` (
  `id` int(11) NOT NULL,
  `voyage_id` int(11) NOT NULL,
  `ordre` int(11) NOT NULL,
  `visible` tinyint(1) NOT NULL,
  `youtube_id` varchar(255) COLLATE utf8_unicode_ci NOT NULL
) ENGINE=InnoDB AUTO_INCREMENT=17 DEFAULT CHARSET=utf8 COLLATE=utf8_unicode_ci;

--
-- Contenu de la table `ost_vo_videos`
--

INSERT INTO `ost_vo_videos` (`id`, `voyage_id`, `ordre`, `visible`, `youtube_id`) VALUES
(10, 61, 2, 1, 'm1mdQNGxuTc'),
(11, 61, 3, 1, 'OsUVqydKk2I'),
(12, 61, 4, 1, 'QPU_eD6ZT1s'),
(13, 60, 1, 1, 'f7xDugnbwIA&t'),
(14, 1, 1, 1, 'pu2aVZT-CO0'),
(15, 62, 1, 1, 'YbMJFoqYSXo'),
(16, 61, 1, 1, 'cW05gBAKdfo&t');

-- --------------------------------------------------------

--
-- Structure de la table `ost_vo_visas`
--

CREATE TABLE IF NOT EXISTS `ost_vo_visas` (
  `id` int(11) NOT NULL,
  `voyage_id` int(11) DEFAULT NULL,
  `titre` varchar(255) COLLATE utf8_unicode_ci NOT NULL,
  `texte` longtext COLLATE utf8_unicode_ci NOT NULL,
  `ordre` int(11) NOT NULL
) ENGINE=InnoDB DEFAULT CHARSET=utf8 COLLATE=utf8_unicode_ci;

-- --------------------------------------------------------

--
-- Structure de la table `ost_vo_voyages`
--

CREATE TABLE IF NOT EXISTS `ost_vo_voyages` (
  `id` int(11) NOT NULL,
  `nbr_jour` int(11) NOT NULL,
  `nbr_nuit` int(11) NOT NULL,
  `prix` decimal(11,3) DEFAULT NULL,
  `description_courte` longtext COLLATE utf8_unicode_ci NOT NULL,
  `created` datetime NOT NULL,
  `updated` datetime NOT NULL,
  `destination_id` int(11) DEFAULT NULL,
  `libelle` varchar(255) COLLATE utf8_unicode_ci NOT NULL,
  `slug` varchar(128) COLLATE utf8_unicode_ci NOT NULL,
  `type` int(11) NOT NULL,
  `aPartirDe` tinyint(1) DEFAULT NULL,
  `etat` tinyint(1) NOT NULL,
  `prix_compris` varchar(255) COLLATE utf8_unicode_ci DEFAULT NULL,
  `villes` varchar(255) COLLATE utf8_unicode_ci DEFAULT NULL,
  `titre_promtion` varchar(255) COLLATE utf8_unicode_ci DEFAULT NULL,
  `vol` tinyint(1) DEFAULT NULL,
  `bateau` tinyint(1) DEFAULT NULL,
  `autocar` tinyint(1) DEFAULT NULL,
  `train` tinyint(1) DEFAULT NULL,
  `hotels` tinyint(1) DEFAULT NULL,
  `min_age1` decimal(4,2) DEFAULT NULL,
  `max_age1` decimal(4,2) DEFAULT NULL,
  `min_age2` decimal(4,2) DEFAULT NULL,
  `max_age2` decimal(4,2) DEFAULT NULL,
  `updated_at` datetime DEFAULT NULL,
  `path` varchar(255) COLLATE utf8_unicode_ci DEFAULT NULL,
  `comprend` longtext COLLATE utf8_unicode_ci,
  `ne_comprend_pas` longtext COLLATE utf8_unicode_ci,
  `description_liste` varchar(255) COLLATE utf8_unicode_ci DEFAULT NULL,
  `typeVisas` longtext COLLATE utf8_unicode_ci NOT NULL COMMENT '(DC2Type:array)',
  `description_detail` varchar(255) COLLATE utf8_unicode_ci DEFAULT NULL
) ENGINE=InnoDB AUTO_INCREMENT=64 DEFAULT CHARSET=utf8 COLLATE=utf8_unicode_ci;

--
-- Contenu de la table `ost_vo_voyages`
--

INSERT INTO `ost_vo_voyages` (`id`, `nbr_jour`, `nbr_nuit`, `prix`, `description_courte`, `created`, `updated`, `destination_id`, `libelle`, `slug`, `type`, `aPartirDe`, `etat`, `prix_compris`, `villes`, `titre_promtion`, `vol`, `bateau`, `autocar`, `train`, `hotels`, `min_age1`, `max_age1`, `min_age2`, `max_age2`, `updated_at`, `path`, `comprend`, `ne_comprend_pas`, `description_liste`, `typeVisas`, `description_detail`) VALUES
(1, 10, 9, 1340.000, 'Liberta Voyages, Votre Premier Tour Opérateur de Luxe en Tunisie vous propose un voyage organisé vers Madrid à seulement 1340 DT pour faire le plein de loisirs et de shopping', '2015-12-09 09:14:35', '2017-02-16 21:19:44', 27, 'Voyages organisé madrid', 'voyages-organise-madrid', 1, 1, 1, NULL, 'Tunis, Madrid, Tunis', 'Titre Promotion', 1, 1, 1, 1, 1, NULL, NULL, NULL, NULL, '2017-02-16 21:19:44', NULL, '<ul class="list_ok">\r\n	<li>Vol aller et retour: Tunis / Madrid / Tunis.</li>\r\n	<li>Transfert</li>\r\n	<li>Guide au d&eacute;part de Tunis&nbsp;</li>\r\n	<li>5 nuits en plein centre de Madrid en LPD</li>\r\n	<li>Excursion demi-journ&eacute;e</li>\r\n</ul>\r\n<small>*d&#39;autres excursions sont propos&eacute;es en extra</small>', NULL, 'Description liste', 'a:0:{}', NULL),
(3, 5, 4, 980.000, 'Barcelone est la captivante capitale de la Catalogne, une cité inoubliable pour sa richesse architecturale, culturelle et sa vie trépidante. Berceau des œuvres de Gaudi, du FC Barcelone mais aussi réputée pour ses nombreux musées, ses Concerts, ses boites de nuits, sa cuisine, ses plages.. Barcelone est un petit paradis du tourisme au cœur de l’Europe.', '2015-12-09 09:55:14', '2017-02-07 13:24:51', 27, 'Barcelone Spécial Solde Hiver', 'barcelone-special-solde-hiver', 1, 1, 0, NULL, NULL, NULL, NULL, NULL, NULL, NULL, NULL, 0.00, 0.00, NULL, NULL, '2017-02-07 13:24:51', NULL, NULL, NULL, NULL, 'a:0:{}', NULL),
(8, 7, 6, 920.000, 'Si vous aimez vibrer au rythme des mille et une nuits, découvrir une destination aux coutumes royales qui a su préserver un charme unique, alors le Maroc est la destination qu’il vous faut.', '2015-12-09 10:42:02', '2016-09-01 14:01:42', 29, 'Le charme du Maroc', 'le-charme-du-maroc', 1, 1, 0, NULL, 'CASABLANCA / RABAT / MARRAKECH', NULL, 0, 0, 1, 0, 1, 2.00, 12.00, NULL, NULL, '2016-09-01 14:01:42', NULL, NULL, NULL, NULL, 'a:0:{}', NULL),
(10, 7, 6, 1675.000, 'Istanbul est une merveille pour chaque visiteur. Des couchers du soleil spectaculaires avec les minarets profilés à l’horizon, des édifices ou le destin du monde a été décidé, des bazars agglomérés, voici seulement quelques unes des attractions avec lesquelles l’ancienne ville attire ses visiteurs.', '2015-12-09 11:03:46', '2016-05-22 15:58:28', 27, 'Istanbul & Sabanja', 'istanbul-sabanja', 2, 1, 0, NULL, NULL, NULL, NULL, NULL, NULL, NULL, NULL, 0.00, 2.00, 3.00, 12.00, '2016-05-22 15:58:28', NULL, NULL, NULL, NULL, 'a:0:{}', NULL),
(13, 8, 7, 2190.000, 'Pleine de lumière, Lisbonne est une ville où il fait toujours bon de vivre. Vous découvrirez ses nombreux trésors et ses impressionnants monuments, qui feront de votre visite un moment mémorable. Ce pays d’une beauté peu conventionnelle, vous fera littéralement chavirer.', '2015-12-09 13:15:22', '2016-05-22 15:58:28', 27, 'Portugal Coimbra-Porto-Lisbonne', 'portugal-coimbra-porto-lisbonne', 1, 1, 0, NULL, NULL, NULL, NULL, NULL, NULL, NULL, NULL, 0.00, 2.00, 3.00, 11.00, '2016-05-22 15:58:28', NULL, NULL, NULL, NULL, 'a:1:{i:0;s:13:"Visa schengen";}', NULL),
(16, 7, 6, 2150.000, 'Avant de choisir votre hôtel à Paris parmi les forfaits pas chers, découvrez ce que l’une des plus belles capitales de l’Europe peut vous offrir en tant que destination de rêve. Ses 20 arrondissements délicieusement différents, ses parcs aux charmes illimités, ses monuments célèbres et ses attractions à ne pas manquer promettent un voyage inoubliable, quel que soit votre âge.', '2015-12-09 14:12:41', '2016-05-22 15:58:27', 27, 'Paris & Disneyland', 'paris-disneyland', 1, 1, 0, NULL, NULL, NULL, NULL, NULL, NULL, NULL, NULL, 0.00, 2.00, 3.00, 11.00, '2016-05-22 15:58:27', NULL, NULL, NULL, NULL, 'a:1:{i:0;s:13:"Visa schengen";}', NULL),
(17, 8, 7, 1680.000, 'Voyage combiné', '2015-12-10 07:48:29', '2016-04-04 05:14:33', 27, 'Paris-Bruxelles-Amsterdam', 'paris-bruxelles-amsterdam', 1, 0, 0, NULL, NULL, NULL, NULL, NULL, NULL, NULL, NULL, 0.00, 0.00, NULL, NULL, '2016-04-04 05:14:33', NULL, NULL, NULL, NULL, 'a:0:{}', NULL),
(23, 5, 4, 1680.000, 'Découvrez les richesses de Bali et profitez d''un séjour de rêves au coeur d''une nature splendide et surprenante. Ce voyage vous permet de découvrir Bali avec sa richesse et sa diversité, à travers ses temples étonnants, sa nature magnifique et sa culture authentique.', '2015-12-10 14:48:58', '2016-05-22 15:58:26', 28, 'Bali Voyage de Noce', 'bali-voyage-de-noce', 2, 1, 0, NULL, NULL, NULL, NULL, NULL, NULL, NULL, NULL, 0.00, 0.00, NULL, NULL, '2016-05-22 15:58:26', NULL, NULL, NULL, NULL, 'a:0:{}', NULL),
(24, 8, 7, 2950.000, 'Découvrez le monde magique de l’Île Maurice avec ses paysages paradisiaques, sa beauté époustouflante et son charme incontestable. Destination idéale pour les voyages de noces.', '2015-12-11 10:18:27', '2016-05-22 15:58:25', 29, 'Ile Maurice Spécial Voyage de Noce', 'ile-maurice-special-voyage-de-noce', 2, 1, 0, NULL, NULL, NULL, NULL, NULL, NULL, NULL, NULL, 0.00, 2.00, 3.00, 12.00, '2016-05-22 15:58:25', NULL, NULL, NULL, NULL, 'a:0:{}', NULL),
(27, 8, 7, 3600.000, 'Avec une variété infinie d’endroits à explorer, l’Inde est un pays charmant et fascinant.', '2015-12-11 15:55:38', '2016-04-04 03:53:20', 28, 'L''Inde Février 2016', 'l-inde-fevrier-2016-1', 1, 0, 0, NULL, NULL, NULL, NULL, NULL, NULL, NULL, NULL, 0.00, 0.00, NULL, NULL, '2016-04-04 03:53:20', NULL, NULL, NULL, NULL, 'a:0:{}', NULL),
(30, 10, 9, 3200.000, 'Nos voyages organisés en Malaisie vous permettent de découvrir ce pays d’aventures et de rêves. Vous pouvez profiter de sa diversité culturelle, sa jungle montagneuse, ses plages superbes, ses kampungs typiquement malais aux maisons en bois sur pilotis, ses îles tropicales, ses temples colorés des villes coloniales…', '2015-12-22 10:57:08', '2016-05-22 15:58:24', 28, 'Malaisie:  Lang Kawi & Kuala Lumpur', 'malaisie-lang-kawi-kuala-lumpur', 2, 1, 0, NULL, NULL, NULL, NULL, NULL, NULL, NULL, NULL, 0.00, 2.00, 3.00, 12.00, '2016-05-22 15:58:24', NULL, NULL, NULL, NULL, 'a:0:{}', NULL),
(32, 8, 7, 1200.000, 'Barcelone, Intellectuelle ou balnéaire, conservatrice ou délurée, Barcelone est la destination idéale le temps d´un week-end! Les plus grands artistes et architectes ont ici laissé leur griffe pour le bonheur du promeneur et des grands curieux. Profondément marquée par le passage des JO, Barcelone en a profité pour réhabiliter ses quartiers sombres et offre aujourd´hui un cadre pittoresque & design au bord de la Méditerranée.', '2015-12-23 08:09:27', '2017-02-07 13:24:51', 27, 'Barcelone', 'barcelone', 2, 1, 0, NULL, NULL, NULL, NULL, NULL, NULL, NULL, NULL, 0.00, 0.00, NULL, NULL, '2017-02-07 13:24:51', NULL, NULL, NULL, NULL, 'a:0:{}', NULL),
(33, 8, 7, 1320.000, 'Madrid a de nombreux atouts : des galeries d''art étonnantes, une vie nocturne animée et incessante, une élégance et une ambiance circulant à travers les rues et les places de la ville, une récente ascension comme capitale de la mode en Espagne, une scène flamenco et jazz en plein essor, des restaurants et des bars à tapas réputés, et une population qui excelle dans l''art de mener la belle vie. \r\n \r\nOn la considère souvent comme la plus espagnole des villes d''Espagne, c''est aussi la cité la plus passionnée d''Europe. Très peu d''habitants sont madrilènes d''origine, ce qui en fait sans doute l''une des capitales les plus ouvertes et les plus accueillantes.', '2015-12-23 08:22:49', '2017-02-07 13:24:51', 27, 'City break culturel à Madrid', 'city-break-culturel-a-madrid', 2, 1, 0, NULL, NULL, NULL, NULL, NULL, NULL, NULL, NULL, 0.00, 0.00, NULL, NULL, '2017-02-07 13:24:51', NULL, NULL, NULL, NULL, 'a:0:{}', NULL),
(34, 8, 7, 2350.000, 'La Malaisie reste inoubliable une fois visitée. Avec un mélange de traditions, cultures et vie moderne, la Malaisie est un "must" pour les amoureux d''Asie.  \r\n\r\nQuand on dit Thaïlande déjà on s''imagine sur des plages au sable fin, entourés d''eau turquoise et végétation luxuriante. A tout cela on ajoute des temples et des monuments comme on ne voit pas ailleurs et on obtient une destination qui doit etre visitée au moins une fois dans la vie!', '2015-12-23 08:57:55', '2016-05-22 15:58:21', 28, 'Kuala Lampur & Phuket', 'kuala-lampur-phuket', 2, 1, 0, NULL, NULL, NULL, NULL, NULL, NULL, NULL, NULL, 0.00, 0.00, NULL, NULL, '2016-05-22 15:58:21', NULL, NULL, NULL, NULL, 'a:0:{}', NULL),
(35, 8, 7, 2350.000, 'La Thaïlande est un pays où on peut vivre l''ambiance des grandes villes asiatiques à Bangkok, l''incroyable culture et monuments historiques au nord et le charme des plages et jungles tropicales au sud. Nous proposons des voyages organisés en Thaïlande selon vos envies et budgets. Nous proposons des circuits pour découvrir le charme de ce pays avec extensions balnéaires et des séjours combinés entre Bangkok & Phuket .', '2015-12-23 10:20:13', '2016-05-22 15:57:29', 28, 'Bangkok & Phuket', 'bangkok-phuket', 2, 1, 0, NULL, NULL, NULL, NULL, NULL, NULL, NULL, NULL, 0.00, 0.00, NULL, NULL, '2016-05-22 15:57:29', NULL, NULL, NULL, NULL, 'a:0:{}', NULL),
(36, 7, 6, 2350.000, 'La Thaïlande est un pays où on peut vivre l''ambiance des grandes villes asiatiques à Bangkok, l''incroyable culture et monuments historiques au nord et le charme des plages et jungles tropicales au sud. Nous proposons des voyages organisés en Thaïlande selon vos envies et budgets. Nous proposons des circuits pour découvrir le charme de ce pays avec extensions balnéaires et des séjours combinés entre Bangkok & Phuket .', '2015-12-23 10:43:47', '2016-05-22 15:58:14', 28, 'La Perle Phuket', 'la-perle-phuket', 2, 1, 0, NULL, NULL, NULL, NULL, NULL, NULL, NULL, NULL, 0.00, 0.00, NULL, NULL, '2016-05-22 15:58:14', NULL, NULL, NULL, NULL, 'a:0:{}', NULL),
(38, 9, 8, 3500.000, 'Des paysages fascinants, des traditions et des coutumes du fond du siècle qui se mêlent avec une modernité éclatante. Nous vous invitons à nous rejoindre à la découverte de la Chine qui ne cesse de se moderniser, tout en restant authentique et traditionnelle.', '2016-01-04 13:19:07', '2016-05-22 15:58:14', 28, 'Chine: Pékin & Shanghai', 'chine-pekin-shanghai', 1, 1, 0, NULL, NULL, NULL, NULL, NULL, NULL, NULL, NULL, 0.00, 0.00, NULL, NULL, '2016-05-22 15:58:14', NULL, NULL, NULL, NULL, 'a:0:{}', NULL),
(39, 8, 7, 1820.000, 'D’emblée, Vienne émerveille par son cadre romantique et son architecture flamboyante qui lui a valu d’être inscrite au patrimoine mondial de l’humanité par l’UNESCO. Ses monuments, nombreux et tous remarquables, s’inscrivent parfaitement dans la logique de prestige de la ville.', '2016-01-07 08:09:20', '2016-05-22 15:58:13', 27, 'Vienne & Budapest', 'vienne-budapest', 2, 1, 0, NULL, NULL, NULL, NULL, NULL, NULL, NULL, NULL, 1.00, 2.00, 3.00, 4.00, '2016-05-22 15:58:13', NULL, NULL, NULL, NULL, 'a:0:{}', NULL),
(40, 8, 7, 1490.000, 'Depuis ses tous premiers jours, Amsterdam est un lieu de commerce animé qui accueille les autres cultures à bras ouverts. Découvrez toutes les facettes de cette charmante ville bordée de canaux, dont sa riche histoire et le développement de sa société si tolérante. Ou projetez vous directement dans le présent et découvrez l’architecture de la ville et ses quartiers colorés. Si vous êtes ambitieux, vous apprendrez peut-être même quelques mots de néerlandais, qui sait!', '2016-01-07 08:19:24', '2016-05-22 15:58:12', 27, 'La Magie d’Amsterdam', 'la-magie-d-amsterdam', 2, 1, 0, NULL, NULL, NULL, 1, 0, 0, 0, 1, 1.00, 2.00, 3.00, 4.00, '2016-05-22 15:58:12', NULL, NULL, NULL, NULL, 'a:0:{}', NULL),
(41, 8, 7, 1180.000, 'Bucarest possède une âme que l''on se plaît à découvrir : une foule estudiantine joyeuse et exubérante s''est donné pour lieu de ralliement les bars en terrasse du centre historique, des couples de tous âges fréquentent aussi bien le théâtre ou l''Opéra que les cinémas projetant des films en version originale, et les familles aiment à se détendre le week-end dans les parcs de la ville. Un tableau qui tient presque du miracle quand on songe à la Révolution qui a littéralement déchiré cette ville il y a une vingtaine d''années.', '2016-01-07 16:11:24', '2016-05-22 15:58:11', 27, 'Roumanie : Bucarest', 'roumanie-bucarest', 2, 1, 0, NULL, NULL, NULL, NULL, NULL, NULL, NULL, NULL, 1.00, 2.00, 3.00, 4.00, '2016-05-22 15:58:11', NULL, NULL, NULL, NULL, 'a:0:{}', NULL),
(42, 8, 7, 2180.000, 'Explorez l''Espagne avec une tournée . Visitez la région coloré espagnol qui est célèbre pour l''architecture mauresque, les corridas, et, bien sûr, le flamenco! Séjournez dans de grands hôtels et profitez des visites guidées...', '2016-01-07 16:18:18', '2017-02-07 13:24:51', 27, 'Circuit Andalousie', 'circuit-andalousie', 2, 1, 0, NULL, NULL, NULL, 1, 0, 0, 0, 1, 1.00, 2.00, 3.00, 4.00, '2017-02-07 13:24:51', NULL, NULL, NULL, NULL, 'a:0:{}', NULL),
(43, 8, 7, 1820.000, 'République Tchèque, Autriche... Les deux grandes capitales d’Europe Centrale. C’est au travers de ce superbe circuit que vous découvrirez la prestigieuse dynastie des Habsbourg , du Moyen-Âge au début du siècle passé, régna sur tout le centre de l’Europe.', '2016-01-07 16:29:13', '2016-05-22 15:57:47', 27, 'Vienne & Prague', 'vienne-prague', 2, 1, 0, NULL, NULL, NULL, NULL, NULL, NULL, NULL, NULL, 1.00, 2.00, 3.00, 4.00, '2016-05-22 15:57:47', NULL, NULL, NULL, NULL, 'a:0:{}', NULL),
(44, 8, 7, 1910.000, 'Une chose est sure c’est qu’à Venise, il y en a pour tout les goûts…les amoureux à l’instar des pigeons roucouleront place Saint Marc, les timides oseront tout derrière leurs masques pendant le carnaval…les uns visiteront les musées, les autres flâneront au gré des canaux, d’autres encore iront admirer l’artisanat sur les îles plus calme de Venise (la dentelle à Burano et le verre à Murano).\r\nVous passerez tous sur le grand Canal et serez surpris par l’architecture.\r\nSans oublier une petite balade nocturne où se dévoile Venise la mystérieuse…', '2016-01-07 16:35:35', '2016-05-22 15:57:47', 27, 'Venise', 'venise', 2, 1, 0, NULL, NULL, NULL, NULL, NULL, NULL, NULL, NULL, 1.00, 2.00, 3.00, 4.00, '2016-05-22 15:57:47', NULL, NULL, NULL, NULL, 'a:0:{}', NULL),
(45, 8, 7, 1420.000, 'Bienvenue à Lisbonne ! « Lisa », comme l''appellent ses habitants, est d''une beauté peu conventionnelle. Ses maisons pastel balafrées de tags, sa vie nocturne débridée font penser à La Havane, ses eaux bleues, ses tramways et son pont évoquent San Francisco, ses boutiques chics et ses docks réhabilités rappellent Londres, tandis que l''Alfama arbore un air de médina nord-africai', '2016-01-07 16:43:46', '2016-05-22 15:57:47', 27, 'L''Ame de Lisbonne', 'l-ame-de-lisbonne', 2, 1, 0, NULL, NULL, NULL, NULL, NULL, NULL, NULL, NULL, 1.00, 2.00, 3.00, 4.00, '2016-05-22 15:57:47', NULL, NULL, NULL, NULL, 'a:0:{}', NULL),
(47, 3, 2, 255.000, 'Barcelone, la ville balnéaire de l’Espagne', '2016-01-25 15:41:47', '2017-02-07 13:24:51', 27, 'Weekend à Barcelone', 'weekend-a-barcelone', 2, 1, 0, NULL, NULL, NULL, NULL, NULL, NULL, NULL, NULL, 0.00, 2.00, 3.00, 12.00, '2017-02-07 13:24:51', NULL, NULL, NULL, NULL, 'a:0:{}', NULL),
(48, 7, 6, 1400.000, 'Kopaonik, le plus grand massif serbe, s’étend du nord-est vers le sud-est dans une longueur de 80 km, atteignant dans sa partie centrale une largeur de 40 km. La plus haute partie de Kopaonik est le vaste plateau Ravni Kopaonik, d’où s’érige Suvo Rudiste avec le plus haut sommet de Kopaonik – le Mont Pancic, 2017m.\r\n\r\nKopaonik possède un climat subalpin. Grâce à presque 200 jours ensoleillés durant l’année, Kopaonik mérite son surnom de « montagne du soleil ».', '2016-01-29 08:54:13', '2016-05-22 15:57:46', 27, 'Ski Package Tour à KOPAONIK', 'ski-package-tour-a-kopaonik', 2, 1, 0, NULL, NULL, NULL, 0, 0, 0, 0, 0, 3.00, 6.00, 7.00, 12.00, '2016-05-22 15:57:46', NULL, NULL, NULL, NULL, 'a:0:{}', NULL),
(49, 7, 6, 1170.000, 'Autre ville cosmopolite: Istanbul. Toute l''année, elle charme les visiteurs avec son centre historique, ses mosquées et autres monuments byzantins, ses anciennes citernes souterraines et ses croisières sur le Bosphore.', '2016-02-01 14:56:58', '2016-05-22 15:57:46', 27, 'Istanbul', 'istanbul', 1, 1, 0, NULL, NULL, NULL, NULL, NULL, NULL, NULL, NULL, 2.00, 6.00, 7.00, 12.00, '2016-05-22 15:57:46', NULL, NULL, NULL, NULL, 'a:0:{}', NULL),
(50, 7, 6, 1620.000, 'Istanbul est une merveille pour chaque visiteur. Des couchers du soleil spectaculaires avec les minarets profilés à l’horizon, des édifices ou le destin du monde a été décidé, des bazars agglomérés, voici seulement quelques unes des attractions avec lesquelles l’ancienne ville attire ses visiteurs.', '2016-02-01 15:50:33', '2016-05-22 15:57:43', 27, 'Istanbul & Bursa', 'istanbul-bursa-1', 1, 1, 0, NULL, NULL, NULL, NULL, NULL, NULL, NULL, NULL, 0.00, 2.00, 3.00, 12.00, '2016-05-22 15:57:43', NULL, NULL, NULL, NULL, 'a:0:{}', NULL),
(51, 8, 7, 1390.000, 'Malte est la terre des temples mégalithiques, de la grotte de Calypso et des citadelles médiévales. Encore hantée par le souvenir des chevaliers de l''ordre de Saint-Jean de Jérusalem, l''île de Malte occupe depuis la plus haute Antiquité une position stratégique au centre du bassin méditerranéen.\r\n \r\nLes voyageurs qui souhaitent se tenir à l''écart de ces réjouissances ont la possibilité de quitter Malte, l''île principale, pour se retirer sur les petites îles de Gozo ou de Comino et y savourer un calme absolu', '2016-02-09 08:07:49', '2016-05-22 15:57:43', 27, 'Ile de Malte', 'ile-de-malte', 2, 1, 0, NULL, NULL, NULL, NULL, NULL, NULL, NULL, NULL, 0.00, 2.00, 3.00, 12.00, '2016-05-22 15:57:43', NULL, NULL, NULL, NULL, 'a:0:{}', NULL),
(52, 10, 9, NULL, 'Situé au nord-est des USA, New York est le cœur économique et culturel du pays. Ville de tous les superlatifs, cette dernière ne manque pas à sa réputation. Captivante, surpassée, électrique celle que l’on surnomme « The Big Apple » se croque en toute saison.', '2016-02-19 10:35:00', '2017-02-16 17:06:53', 1, 'New York, Washington, Orlando & Miami', 'new-york-washington-orlando-miami', 2, 1, 1, NULL, NULL, NULL, NULL, NULL, NULL, NULL, NULL, 2.00, 6.00, 7.00, 11.00, '2017-02-16 17:06:53', NULL, NULL, NULL, NULL, 'a:1:{i:0;s:8:"Visa USA";}', NULL),
(53, 8, 7, 2085.000, 'Ce circuit permet la découverte des trois plus prestigieuses capitales d’Europe Centrale.', '2016-02-20 08:22:03', '2016-05-22 15:57:41', 27, 'Vienne-Prague-Bratislava', 'vienne-prague-bratislava', 1, 1, 0, NULL, NULL, NULL, NULL, NULL, NULL, NULL, NULL, 0.00, 2.00, 3.00, 12.00, '2016-05-22 15:57:41', NULL, NULL, NULL, NULL, 'a:1:{i:0;s:13:"Visa schengen";}', NULL),
(55, 8, 7, 2060.000, 'Portugal est l''un des 10 plus beaux pays européens. Un pays de petites dimensions qui réussit à être incroyablement belle ainsi que surprenante. Une culture spécifique, influencée par de nombreuses civilisations. Pour des vacances comme dans les films vous avez besoin seulement d’envie de l’explorer.', '2016-04-06 11:35:40', '2016-05-22 15:57:41', 27, 'Porto-Lisbonne', 'porto-lisbonne', 1, 1, 0, NULL, NULL, NULL, NULL, NULL, NULL, NULL, NULL, 0.00, 2.00, 3.00, 11.00, '2016-05-22 15:57:41', NULL, NULL, NULL, NULL, 'a:1:{i:0;s:13:"Visa schengen";}', NULL),
(56, 7, 6, 1800.000, 'Voyage inoubliable combiné Madrid & Ibiza', '2016-04-15 17:13:24', '2017-02-07 13:24:51', 27, 'Madrid-Ibiza', 'madrid-ibiza', 1, 1, 0, NULL, NULL, NULL, NULL, NULL, NULL, NULL, NULL, 0.00, 2.00, 3.00, 11.00, '2017-02-07 13:24:51', NULL, NULL, NULL, NULL, 'a:1:{i:0;s:13:"Visa schengen";}', NULL),
(57, 8, 7, 1820.000, 'TIME 2 TRAVEL vous propose un voyage d’exception en groupe à la découverte des plus beaux pays L''Espagne & Portugal', '2016-04-16 10:13:42', '2017-02-07 13:24:51', 27, 'Madrid & Lisbonne', 'madrid-lisbonne', 1, 0, 0, NULL, NULL, NULL, NULL, NULL, NULL, NULL, NULL, 0.00, 2.00, 3.00, 11.00, '2017-02-07 13:24:51', NULL, NULL, NULL, NULL, 'a:1:{i:0;s:13:"Visa schengen";}', NULL),
(58, 7, 6, 1575.000, 'Vol Via Royal Air Maroc + Transfert + 03 Nuitées en DP à Aghadir + City tour Agadir avec déjeuner + 02 Nuitées DP à Marrakech + Dîner spectacle che Ali + 01 Nuitée en DP à Casa.', '2016-05-22 16:23:02', '2017-02-07 15:41:01', 29, 'Summer In Morocco', 'summer-in-morocco', 1, 1, 0, 'Vol+Hôtel+Transfert+Excursion', 'AGADIR / MARRAKECH / CASABLANCA', NULL, 1, 0, 1, 0, 1, 2.00, 5.99, 6.00, 11.99, '2017-02-07 15:41:01', NULL, NULL, NULL, NULL, 'a:0:{}', NULL),
(59, 10, 9, 2185.000, 'Offrez-vous un séjour en Europe pour retrouver toute votre vitalité\r\nHébergement de 3 ou 4 personnes en demi Pension, HÔTEL ou résidence', '2016-05-30 17:56:28', '2017-02-07 13:24:51', 27, 'Tour de l’Europe 2016', 'tour-de-l-europe-2016', 1, 1, 1, NULL, 'PARIS / ESPAGNE / ALLEMAGNE / ITALIE', NULL, 0, 0, 0, 0, 1, NULL, NULL, NULL, NULL, '2017-02-07 13:24:51', NULL, NULL, NULL, NULL, 'a:1:{i:0;s:13:"Visa schengen";}', NULL),
(60, 6, 5, 1245.000, 'Liberta Voyages votre premier Tour opérateur de Luxe en Tunisie, vous propose des voyages organisés vers Barcelone avec plusieurs dates de départs.', '2016-06-01 01:29:24', '2017-02-15 22:59:36', 27, 'Voyage Organisé Barcelone', 'voyage-organise-barcelone', 1, 1, 1, NULL, 'Tunis, Barcelone, Tunis', NULL, 1, 0, 0, 0, 1, NULL, NULL, NULL, NULL, '2017-02-15 22:59:36', NULL, '<ul class="list_ok">\r\n	<li>Vols Tunis/Barcelone/Tunis.</li>\r\n	<li>5 nuit&eacute;es en LPD &agrave; l&rsquo;h&ocirc;tel &laquo; Rialto 3* &raquo;&nbsp;</li>\r\n	<li>Transferts a&eacute;roport/hotel/a&eacute;roport</li>\r\n	<li>Guide accompagnateur au d&eacute;part de Tunis</li>\r\n	<li>Assistance durant les transferts</li>\r\n</ul>\r\n<small>*d&#39;autres excursions sont propos&eacute;es en extra</small>', NULL, NULL, 'a:1:{i:0;s:13:"Visa schengen";}', NULL),
(61, 15, 14, 2670.000, 'تقدم ليبرتا برنامج رفاهة أ و رفاهة ب لسنة 2017 - Omra confort A et Confort B 2017', '2016-12-12 17:55:42', '2017-02-16 21:41:10', 29, 'Omra Liberta 2017 عمرة ليبرتا تونس', 'omra-confort-a-b', 6, 1, 1, NULL, NULL, NULL, NULL, NULL, NULL, NULL, NULL, 2.00, 12.00, NULL, NULL, '2017-02-16 21:41:10', NULL, NULL, NULL, NULL, 'a:0:{}', NULL),
(62, 10, 9, 1245.000, 'Liberta Voyages, Votre Premier Tour Opérateur de Luxe en Tunisie vous propose un voyage organisé vers MARRAKECH du 29/12/2015 au 03/01/2016 (5 nuits / 6 jours)', '2015-12-09 09:14:35', '2017-02-16 11:07:48', 27, 'Voyages organisé marrakech', 'voyages-organise-marrakech', 1, 1, 1, NULL, 'Tunis, Casablanca, Marrakech', 'Titre Promotion', 1, 1, 1, 1, 1, NULL, NULL, NULL, NULL, '2017-02-16 11:07:48', NULL, '<ul class="list_ok">\r\n	<li>Vols Tunis/Casablanca/Tunis.</li>\r\n	<li>5 nuit&eacute;es en LPD dans un excellent 4* &laquo; Blue Sea Le printemps &raquo;</li>\r\n	<li>Transferts a&eacute;roport/hotel/a&eacute;roport</li>\r\n	<li>Guide accompagnateur au d&eacute;part de Tunis</li>\r\n	<li>Mise &agrave; disposition d&rsquo;un guide + bus durant les excursions</li>\r\n</ul>\r\n<small>*d&#39;autres excursions sont propos&eacute;es en extra</small>', NULL, 'Description liste', 'a:1:{i:0;s:13:"Visa schengen";}', NULL),
(63, 15, 14, 2670.000, 'تقدم لبرتا برنامج رفاهة أ و رفاهة ب لسنة 2017 - Omra confort A et Confort B 2017', '2017-02-09 16:35:28', '2017-02-16 20:01:17', 29, 'Omra Liberta 2017 عمرة ليبرتا تونس', 'omra-liberta-2017-عمرة-ليبرتا-تونس', 7, 1, 1, NULL, NULL, NULL, NULL, NULL, NULL, NULL, NULL, 2.00, 12.00, NULL, NULL, '2017-02-16 20:01:17', NULL, NULL, NULL, NULL, 'a:0:{}', NULL);

-- --------------------------------------------------------

--
-- Structure de la table `ost_vo_voyages_lignes_amicales`
--

CREATE TABLE IF NOT EXISTS `ost_vo_voyages_lignes_amicales` (
  `ligne_id` int(11) NOT NULL,
  `amicale_id` int(11) NOT NULL
) ENGINE=InnoDB DEFAULT CHARSET=utf8 COLLATE=utf8_unicode_ci;

-- --------------------------------------------------------

--
-- Structure de la table `ost_vo_voyages_packs_amicales`
--

CREATE TABLE IF NOT EXISTS `ost_vo_voyages_packs_amicales` (
  `pack_id` int(11) NOT NULL,
  `amicale_id` int(11) NOT NULL
) ENGINE=InnoDB DEFAULT CHARSET=utf8 COLLATE=utf8_unicode_ci;

-- --------------------------------------------------------

--
-- Structure de la table `ost_vo_voyages_packs_hotels`
--

CREATE TABLE IF NOT EXISTS `ost_vo_voyages_packs_hotels` (
  `pack_id` int(11) NOT NULL,
  `hotel_id` int(11) NOT NULL
) ENGINE=InnoDB DEFAULT CHARSET=utf8 COLLATE=utf8_unicode_ci;

--
-- Contenu de la table `ost_vo_voyages_packs_hotels`
--

INSERT INTO `ost_vo_voyages_packs_hotels` (`pack_id`, `hotel_id`) VALUES
(4, 38),
(15, 13),
(15, 14),
(15, 15),
(18, 17),
(19, 7),
(19, 16),
(19, 24),
(33, 69),
(42, 95),
(43, 96),
(44, 97),
(45, 36),
(45, 101),
(49, 107),
(50, 109),
(50, 110),
(51, 113),
(51, 114),
(52, 115),
(53, 109),
(53, 110),
(57, 118),
(58, 118),
(58, 123),
(59, 124),
(59, 125),
(59, 126),
(59, 127),
(60, 11),
(60, 58),
(60, 128),
(61, 129),
(61, 130),
(61, 131),
(62, 1),
(69, 3),
(139, 132),
(139, 133),
(139, 134),
(139, 135);

-- --------------------------------------------------------

--
-- Structure de la table `ost_vo_voyages_pays`
--

CREATE TABLE IF NOT EXISTS `ost_vo_voyages_pays` (
  `voyageorganise_id` int(11) NOT NULL,
  `pays_id` int(11) NOT NULL
) ENGINE=InnoDB DEFAULT CHARSET=utf8 COLLATE=utf8_unicode_ci;

--
-- Contenu de la table `ost_vo_voyages_pays`
--

INSERT INTO `ost_vo_voyages_pays` (`voyageorganise_id`, `pays_id`) VALUES
(1, 27),
(3, 27),
(8, 41),
(10, 61),
(13, 51),
(16, 1),
(17, 1),
(17, 11),
(17, 47),
(23, 33),
(24, 163),
(27, 32),
(30, 40),
(32, 27),
(33, 27),
(34, 40),
(34, 60),
(35, 60),
(36, 60),
(38, 16),
(39, 10),
(39, 31),
(40, 47),
(41, 53),
(42, 27),
(43, 10),
(43, 52),
(44, 36),
(45, 51),
(47, 27),
(48, 238),
(49, 61),
(50, 61),
(51, 159),
(52, 25),
(53, 6),
(53, 9),
(53, 31),
(53, 52),
(55, 51),
(56, 27),
(57, 27),
(58, 41),
(59, 1),
(59, 6),
(59, 27),
(59, 36),
(59, 47),
(60, 27),
(61, 7),
(62, 27),
(63, 7);

-- --------------------------------------------------------

--
-- Structure de la table `ost_vo_voyages_themes`
--

CREATE TABLE IF NOT EXISTS `ost_vo_voyages_themes` (
  `voyageorganise_id` int(11) NOT NULL,
  `theme_id` int(11) NOT NULL
) ENGINE=InnoDB DEFAULT CHARSET=utf8 COLLATE=utf8_unicode_ci;

--
-- Contenu de la table `ost_vo_voyages_themes`
--

INSERT INTO `ost_vo_voyages_themes` (`voyageorganise_id`, `theme_id`) VALUES
(1, 15),
(1, 16),
(1, 17),
(8, 1),
(8, 16),
(8, 17),
(10, 1),
(13, 13),
(16, 13),
(23, 1),
(24, 1),
(30, 1),
(32, 1),
(33, 1),
(34, 1),
(35, 1),
(36, 1),
(39, 1),
(40, 1),
(43, 1),
(44, 1),
(45, 1),
(49, 1),
(50, 1),
(51, 1),
(52, 1),
(52, 13),
(53, 13),
(55, 1),
(55, 13),
(56, 1),
(57, 1),
(57, 13),
(58, 1),
(59, 15),
(60, 15),
(60, 16),
(60, 17),
(61, 15),
(62, 15),
(62, 16),
(62, 17),
(63, 16);

--
-- Index pour les tables exportées
--

--
-- Index pour la table `ConfigurationCaisse`
--
ALTER TABLE `ConfigurationCaisse`
  ADD PRIMARY KEY (`id`),
  ADD KEY `IDX_87B20AA35FAD855C` (`movCredit_id`),
  ADD KEY `IDX_87B20AA38B88B0A0` (`movDebit_id`);

--
-- Index pour la table `ext_log_entries`
--
ALTER TABLE `ext_log_entries`
  ADD PRIMARY KEY (`id`),
  ADD KEY `log_class_lookup_idx` (`object_class`),
  ADD KEY `log_date_lookup_idx` (`logged_at`),
  ADD KEY `log_user_lookup_idx` (`username`),
  ADD KEY `log_version_lookup_idx` (`object_id`,`object_class`,`version`);

--
-- Index pour la table `ext_translations`
--
ALTER TABLE `ext_translations`
  ADD PRIMARY KEY (`id`),
  ADD UNIQUE KEY `lookup_unique_idx` (`locale`,`object_class`,`field`,`foreign_key`),
  ADD KEY `translations_lookup_idx` (`locale`,`object_class`,`foreign_key`);

--
-- Index pour la table `Groupe`
--
ALTER TABLE `Groupe`
  ADD PRIMARY KEY (`id`);

--
-- Index pour la table `groupescategories`
--
ALTER TABLE `groupescategories`
  ADD PRIMARY KEY (`groupecategorie_id`,`categorie_id`),
  ADD KEY `IDX_E986AA46D95261D` (`groupecategorie_id`),
  ADD KEY `IDX_E986AA4BCF5E72D` (`categorie_id`);

--
-- Index pour la table `groupescategories_ordre`
--
ALTER TABLE `groupescategories_ordre`
  ADD PRIMARY KEY (`ordrebloc_id`,`categorie_id`),
  ADD KEY `IDX_DA24A600D1E1091C` (`ordrebloc_id`),
  ADD KEY `IDX_DA24A600BCF5E72D` (`categorie_id`);

--
-- Index pour la table `ost_agence`
--
ALTER TABLE `ost_agence`
  ADD PRIMARY KEY (`id`),
  ADD UNIQUE KEY `UNIQ_22CCF5A5F2A4DFE3` (`impressionBackground_id`),
  ADD UNIQUE KEY `UNIQ_22CCF5A5B73A3B7` (`cachetNumrique_id`);

--
-- Index pour la table `ost_agence_cachetnumerique`
--
ALTER TABLE `ost_agence_cachetnumerique`
  ADD PRIMARY KEY (`id`);

--
-- Index pour la table `ost_agence_impression_background`
--
ALTER TABLE `ost_agence_impression_background`
  ADD PRIMARY KEY (`id`);

--
-- Index pour la table `ost_agence_impression_model`
--
ALTER TABLE `ost_agence_impression_model`
  ADD PRIMARY KEY (`id`);

--
-- Index pour la table `ost_amicale`
--
ALTER TABLE `ost_amicale`
  ADD PRIMARY KEY (`id`),
  ADD UNIQUE KEY `UNIQ_D039855989D9B62` (`slug`);

--
-- Index pour la table `ost_amicale_produit`
--
ALTER TABLE `ost_amicale_produit`
  ADD PRIMARY KEY (`id_amicale`,`id_produit`),
  ADD KEY `IDX_E2087EBCDA6E7061` (`id_amicale`),
  ADD KEY `IDX_E2087EBCF7384557` (`id_produit`);

--
-- Index pour la table `ost_attachment`
--
ALTER TABLE `ost_attachment`
  ADD PRIMARY KEY (`object_id`,`file_id`,`type`);

--
-- Index pour la table `ost_back_articles_categorie`
--
ALTER TABLE `ost_back_articles_categorie`
  ADD PRIMARY KEY (`id`);

--
-- Index pour la table `ost_back_articles_element`
--
ALTER TABLE `ost_back_articles_element`
  ADD PRIMARY KEY (`id`),
  ADD UNIQUE KEY `UNIQ_3D899EEB989D9B62` (`slug`),
  ADD KEY `IDX_3D899EEB3174800F` (`createdBy_id`),
  ADD KEY `IDX_3D899EEBBCF5E72D` (`categorie_id`);

--
-- Index pour la table `ost_back_blochtml`
--
ALTER TABLE `ost_back_blochtml`
  ADD PRIMARY KEY (`id`);

--
-- Index pour la table `ost_back_categorie`
--
ALTER TABLE `ost_back_categorie`
  ADD PRIMARY KEY (`id`);

--
-- Index pour la table `ost_back_contactmotif`
--
ALTER TABLE `ost_back_contactmotif`
  ADD PRIMARY KEY (`id`);

--
-- Index pour la table `ost_back_element`
--
ALTER TABLE `ost_back_element`
  ADD PRIMARY KEY (`id`),
  ADD KEY `IDX_70F7B46FBCF5E72D` (`categorie_id`);

--
-- Index pour la table `ost_back_filtre_theme_categorie_pr`
--
ALTER TABLE `ost_back_filtre_theme_categorie_pr`
  ADD PRIMARY KEY (`id`),
  ADD KEY `IDX_71094E612529D24` (`themeCategorie_id`);

--
-- Index pour la table `ost_back_filtre_theme_categorie_sht`
--
ALTER TABLE `ost_back_filtre_theme_categorie_sht`
  ADD PRIMARY KEY (`id`),
  ADD KEY `IDX_7E6F49F312529D24` (`themeCategorie_id`);

--
-- Index pour la table `ost_back_filtre_theme_categorie_vo`
--
ALTER TABLE `ost_back_filtre_theme_categorie_vo`
  ADD PRIMARY KEY (`id`),
  ADD KEY `IDX_324C5FB912529D24` (`themeCategorie_id`);

--
-- Index pour la table `ost_back_footer_bloc_comm`
--
ALTER TABLE `ost_back_footer_bloc_comm`
  ADD PRIMARY KEY (`id`);

--
-- Index pour la table `ost_back_footer_comm`
--
ALTER TABLE `ost_back_footer_comm`
  ADD PRIMARY KEY (`id`);

--
-- Index pour la table `ost_back_footer_extra_comm`
--
ALTER TABLE `ost_back_footer_extra_comm`
  ADD PRIMARY KEY (`id`);

--
-- Index pour la table `ost_back_footer_social_comm`
--
ALTER TABLE `ost_back_footer_social_comm`
  ADD PRIMARY KEY (`id`);

--
-- Index pour la table `ost_back_groupe_categorie`
--
ALTER TABLE `ost_back_groupe_categorie`
  ADD PRIMARY KEY (`id`),
  ADD UNIQUE KEY `UNIQ_2045A1705A805D31` (`icone_id`),
  ADD UNIQUE KEY `UNIQ_2045A170E5529553` (`image1_id`),
  ADD UNIQUE KEY `UNIQ_2045A170F7E73ABD` (`image2_id`),
  ADD UNIQUE KEY `UNIQ_2045A1704F5B5DD8` (`image3_id`);

--
-- Index pour la table `ost_back_images`
--
ALTER TABLE `ost_back_images`
  ADD PRIMARY KEY (`id`);

--
-- Index pour la table `ost_back_information_agence`
--
ALTER TABLE `ost_back_information_agence`
  ADD PRIMARY KEY (`id`);

--
-- Index pour la table `ost_back_lien_categorie`
--
ALTER TABLE `ost_back_lien_categorie`
  ADD PRIMARY KEY (`id`);

--
-- Index pour la table `ost_back_lien_element`
--
ALTER TABLE `ost_back_lien_element`
  ADD PRIMARY KEY (`id`),
  ADD KEY `IDX_868CCE64BCF5E72D` (`categorie_id`);

--
-- Index pour la table `ost_back_news_letter`
--
ALTER TABLE `ost_back_news_letter`
  ADD PRIMARY KEY (`id`);

--
-- Index pour la table `ost_back_odre_bloc`
--
ALTER TABLE `ost_back_odre_bloc`
  ADD PRIMARY KEY (`id`);

--
-- Index pour la table `ost_back_partenaire`
--
ALTER TABLE `ost_back_partenaire`
  ADD PRIMARY KEY (`id`);

--
-- Index pour la table `ost_back_silder`
--
ALTER TABLE `ost_back_silder`
  ADD PRIMARY KEY (`id`);

--
-- Index pour la table `ost_be_centre`
--
ALTER TABLE `ost_be_centre`
  ADD PRIMARY KEY (`id`),
  ADD UNIQUE KEY `UNIQ_3BA6332C989D9B62` (`slug`),
  ADD KEY `IDX_3BA6332C3243BB18` (`hotel_id`),
  ADD KEY `IDX_3BA6332CA73F0036` (`ville_id`);

--
-- Index pour la table `ost_be_configuration_voucher`
--
ALTER TABLE `ost_be_configuration_voucher`
  ADD PRIMARY KEY (`id`);

--
-- Index pour la table `ost_be_dossier`
--
ALTER TABLE `ost_be_dossier`
  ADD PRIMARY KEY (`id`),
  ADD KEY `IDX_2F020FBEF347EFB` (`produit_id`);

--
-- Index pour la table `ost_be_dossier_ligne`
--
ALTER TABLE `ost_be_dossier_ligne`
  ADD PRIMARY KEY (`id`),
  ADD KEY `IDX_E6401B9D670C757F` (`fournisseur_id`),
  ADD KEY `IDX_E6401B9D611C0C56` (`dossier_id`),
  ADD KEY `IDX_E6401B9D13DD0342` (`impaye_id`),
  ADD KEY `IDX_E6401B9D56DF0769` (`factureFournisseur_id`),
  ADD KEY `IDX_E6401B9D4D79775F` (`tva_id`);

--
-- Index pour la table `ost_be_dossier_reservations`
--
ALTER TABLE `ost_be_dossier_reservations`
  ADD PRIMARY KEY (`dossier_id`,`reservation_id`),
  ADD KEY `IDX_934D7AF5611C0C56` (`dossier_id`),
  ADD KEY `IDX_934D7AF5B83297E7` (`reservation_id`);

--
-- Index pour la table `ost_be_photo`
--
ALTER TABLE `ost_be_photo`
  ADD PRIMARY KEY (`id`),
  ADD KEY `IDX_7097A702E0975F98` (`id_centre`),
  ADD KEY `IDX_7097A702F347EFB` (`produit_id`);

--
-- Index pour la table `ost_be_produit`
--
ALTER TABLE `ost_be_produit`
  ADD PRIMARY KEY (`id`),
  ADD UNIQUE KEY `UNIQ_3BEF03AE989D9B62` (`slug`);

--
-- Index pour la table `ost_be_produit_centre`
--
ALTER TABLE `ost_be_produit_centre`
  ADD PRIMARY KEY (`produit_id`,`centre_id`),
  ADD KEY `IDX_233DF8C5F347EFB` (`produit_id`),
  ADD KEY `IDX_233DF8C5463CD7C3` (`centre_id`);

--
-- Index pour la table `ost_be_reservations`
--
ALTER TABLE `ost_be_reservations`
  ADD PRIMARY KEY (`id`),
  ADD KEY `IDX_375E597153C59D72` (`responsable_id`),
  ADD KEY `IDX_375E5971F347EFB` (`produit_id`),
  ADD KEY `IDX_375E5971357C0A59` (`tarif_id`),
  ADD KEY `IDX_375E597119EB6921` (`client_id`),
  ADD KEY `IDX_375E5971463CD7C3` (`centre_id`),
  ADD KEY `IDX_375E5971FEBD183` (`amicale_id`),
  ADD KEY `IDX_375E5971F06C2258` (`responsableAmicale_id`),
  ADD KEY `IDX_375E5971BE5B0FBB` (`pointvente_id`);

--
-- Index pour la table `ost_be_tarif`
--
ALTER TABLE `ost_be_tarif`
  ADD PRIMARY KEY (`id`),
  ADD KEY `IDX_6A51AAD3F347EFB` (`produit_id`);

--
-- Index pour la table `ost_billetterie_airoport`
--
ALTER TABLE `ost_billetterie_airoport`
  ADD PRIMARY KEY (`id`);

--
-- Index pour la table `ost_billetterie_dossier`
--
ALTER TABLE `ost_billetterie_dossier`
  ADD PRIMARY KEY (`id`);

--
-- Index pour la table `ost_billetterie_dossier_ligne`
--
ALTER TABLE `ost_billetterie_dossier_ligne`
  ADD PRIMARY KEY (`id`),
  ADD KEY `IDX_FF7F974D670C757F` (`fournisseur_id`),
  ADD KEY `IDX_FF7F974D611C0C56` (`dossier_id`),
  ADD KEY `IDX_FF7F974D13DD0342` (`impaye_id`),
  ADD KEY `IDX_FF7F974D56DF0769` (`factureFournisseur_id`),
  ADD KEY `IDX_FF7F974D4D79775F` (`tva_id`);

--
-- Index pour la table `ost_billetterie_dossier_reservations`
--
ALTER TABLE `ost_billetterie_dossier_reservations`
  ADD PRIMARY KEY (`dossier_id`,`billetteriereservation_id`),
  ADD KEY `IDX_5F9C9A51611C0C56` (`dossier_id`),
  ADD KEY `IDX_5F9C9A51E841C113` (`billetteriereservation_id`);

--
-- Index pour la table `ost_billetterie_reservation`
--
ALTER TABLE `ost_billetterie_reservation`
  ADD PRIMARY KEY (`id`),
  ADD KEY `IDX_803A574C53C59D72` (`responsable_id`),
  ADD KEY `IDX_803A574C19EB6921` (`client_id`),
  ADD KEY `IDX_803A574CFEBD183` (`amicale_id`),
  ADD KEY `IDX_803A574CF06C2258` (`responsableAmicale_id`),
  ADD KEY `IDX_803A574CBE5B0FBB` (`pointvente_id`);

--
-- Index pour la table `ost_billetterie_reservation_ligne`
--
ALTER TABLE `ost_billetterie_reservation_ligne`
  ADD PRIMARY KEY (`id`),
  ADD KEY `IDX_51C2ED96B83297E7` (`reservation_id`),
  ADD KEY `IDX_51C2ED96979B1AD6` (`company_id`);

--
-- Index pour la table `ost_billetterie_reservation_ligne_trajet`
--
ALTER TABLE `ost_billetterie_reservation_ligne_trajet`
  ADD PRIMARY KEY (`id`),
  ADD KEY `IDX_14CED629B0E8B6D8` (`reservationLigne_id`),
  ADD KEY `IDX_14CED629DE219720` (`airoportDepart_id`),
  ADD KEY `IDX_14CED62930E0E5FB` (`airoportArrivee_id`);

--
-- Index pour la table `ost_billetterie_reservation_typevol`
--
ALTER TABLE `ost_billetterie_reservation_typevol`
  ADD PRIMARY KEY (`id`),
  ADD UNIQUE KEY `UNIQ_525EABF7913067AD` (`reservationB_id`);

--
-- Index pour la table `ost_canned_response`
--
ALTER TABLE `ost_canned_response`
  ADD PRIMARY KEY (`canned_id`),
  ADD UNIQUE KEY `title` (`title`),
  ADD KEY `dept_id` (`dept_id`),
  ADD KEY `active` (`isenabled`);

--
-- Index pour la table `ost_client`
--
ALTER TABLE `ost_client`
  ADD PRIMARY KEY (`id`),
  ADD KEY `IDX_81496B59FEBD183` (`amicale_id`),
  ADD KEY `IDX_81496B59A6E44244` (`pays_id`);

--
-- Index pour la table `ost_com_entete_remboursement`
--
ALTER TABLE `ost_com_entete_remboursement`
  ADD PRIMARY KEY (`id`),
  ADD UNIQUE KEY `UNIQ_23155983C5F71014` (`transactionCaisse_id`),
  ADD KEY `IDX_2315598319EB6921` (`client_id`),
  ADD KEY `IDX_23155983FEBD183` (`amicale_id`),
  ADD KEY `IDX_2315598325012A35` (`responsableCreation_id`),
  ADD KEY `IDX_23155983A7073CF` (`responsableAnnulation_id`);

--
-- Index pour la table `ost_com_facture`
--
ALTER TABLE `ost_com_facture`
  ADD PRIMARY KEY (`id`),
  ADD KEY `IDX_C8D3535B19EB6921` (`client_id`),
  ADD KEY `IDX_C8D3535BFEBD183` (`amicale_id`),
  ADD KEY `IDX_C8D3535B53C59D72` (`responsable_id`),
  ADD KEY `IDX_C8D3535BA76AAAE1` (`validatedPar_id`),
  ADD KEY `IDX_C8D3535BBE5B0FBB` (`pointvente_id`);

--
-- Index pour la table `ost_com_facture_fournisseur`
--
ALTER TABLE `ost_com_facture_fournisseur`
  ADD PRIMARY KEY (`id`),
  ADD KEY `IDX_73AFA8F1670C757F` (`fournisseur_id`);

--
-- Index pour la table `ost_com_facture_ligne`
--
ALTER TABLE `ost_com_facture_ligne`
  ADD PRIMARY KEY (`id`),
  ADD KEY `IDX_6F6FABBF7F2DEE08` (`facture_id`),
  ADD KEY `IDX_6F6FABBF601A244C` (`reservationVO_id`),
  ADD KEY `IDX_6F6FABBF4D295EAE` (`reservationPR_id`),
  ADD KEY `IDX_6F6FABBF9AC7F56A` (`reservationBE_id`),
  ADD KEY `IDX_6F6FABBFE4426FEE` (`reservationT_id`),
  ADD KEY `IDX_6F6FABBF67F05A51` (`reservationRB_id`),
  ADD KEY `IDX_6F6FABBF4773709E` (`reservationSHT_id`),
  ADD KEY `IDX_6F6FABBFC95377FB` (`reservationM_id`),
  ADD KEY `IDX_6F6FABBFCEC9A386` (`reservationDIV_id`),
  ADD KEY `IDX_6F6FABBF913067AD` (`reservationB_id`),
  ADD KEY `IDX_6F6FABBFBBCA8CF` (`reservationMICE_id`),
  ADD KEY `IDX_6F6FABBFAFD64064` (`reservationSHE_id`);

--
-- Index pour la table `ost_com_fournisseur`
--
ALTER TABLE `ost_com_fournisseur`
  ADD PRIMARY KEY (`id`),
  ADD KEY `IDX_53D9DA93A6E44244` (`pays_id`),
  ADD KEY `IDX_53D9DA9363DB213B` (`typeActivite_id`);

--
-- Index pour la table `ost_com_impaye`
--
ALTER TABLE `ost_com_impaye`
  ADD PRIMARY KEY (`id`),
  ADD KEY `IDX_48E9A784670C757F` (`fournisseur_id`);

--
-- Index pour la table `ost_com_ligne_remboursement`
--
ALTER TABLE `ost_com_ligne_remboursement`
  ADD PRIMARY KEY (`id`),
  ADD KEY `IDX_891561BBC40FCFA8` (`piece_id`),
  ADD KEY `IDX_891561BBF61EE8B` (`remboursement_id`);

--
-- Index pour la table `ost_com_log_fac_print`
--
ALTER TABLE `ost_com_log_fac_print`
  ADD PRIMARY KEY (`id`),
  ADD KEY `IDX_FDEA4F818F77905C` (`printedBy_id`),
  ADD KEY `IDX_FDEA4F817F2DEE08` (`facture_id`);

--
-- Index pour la table `ost_com_piece`
--
ALTER TABLE `ost_com_piece`
  ADD PRIMARY KEY (`id`),
  ADD KEY `IDX_8AB3821619EB6921` (`client_id`),
  ADD KEY `IDX_8AB38216670C757F` (`fournisseur_id`),
  ADD KEY `IDX_8AB38216BE5B0FBB` (`pointvente_id`),
  ADD KEY `IDX_8AB38216FEBD183` (`amicale_id`);

--
-- Index pour la table `ost_com_reglement`
--
ALTER TABLE `ost_com_reglement`
  ADD PRIMARY KEY (`id`),
  ADD KEY `IDX_40D4C4D8C40FCFA8` (`piece_id`),
  ADD KEY `IDX_40D4C4D8B83297E7` (`reservation_id`),
  ADD KEY `IDX_40D4C4D8601A244C` (`reservationVO_id`),
  ADD KEY `IDX_40D4C4D84D295EAE` (`reservationPR_id`),
  ADD KEY `IDX_40D4C4D87BBD6A38` (`reservationsBilletterie_id`),
  ADD KEY `IDX_40D4C4D899E8E100` (`reservationMaritime_id`),
  ADD KEY `IDX_40D4C4D89AC7F56A` (`reservationBE_id`),
  ADD KEY `IDX_40D4C4D8E4426FEE` (`reservationT_id`),
  ADD KEY `IDX_40D4C4D867F05A51` (`reservationRB_id`),
  ADD KEY `IDX_40D4C4D8CEC9A386` (`reservationDIV_id`),
  ADD KEY `IDX_40D4C4D8BBCA8CF` (`reservationMICE_id`),
  ADD KEY `IDX_40D4C4D8AFD64064` (`reservationSHE_id`),
  ADD KEY `IDX_40D4C4D8BE5B0FBB` (`pointvente_id`),
  ADD KEY `IDX_40D4C4D8F61EE8B` (`remboursement_id`);

--
-- Index pour la table `ost_com_reglements_fournisseurs`
--
ALTER TABLE `ost_com_reglements_fournisseurs`
  ADD PRIMARY KEY (`id`),
  ADD KEY `IDX_2F8382CC40FCFA8` (`piece_id`),
  ADD KEY `IDX_2F8382C13DD0342` (`impaye_id`);

--
-- Index pour la table `ost_com_tarif`
--
ALTER TABLE `ost_com_tarif`
  ADD PRIMARY KEY (`id`);

--
-- Index pour la table `ost_contact`
--
ALTER TABLE `ost_contact`
  ADD PRIMARY KEY (`id`),
  ADD KEY `IDX_4592A77CA6E44244` (`pays_id`),
  ADD KEY `IDX_4592A77C670C757F` (`fournisseur_id`),
  ADD KEY `IDX_4592A77C19EB6921` (`client_id`);

--
-- Index pour la table `ost_content`
--
ALTER TABLE `ost_content`
  ADD PRIMARY KEY (`id`),
  ADD UNIQUE KEY `name` (`name`);

--
-- Index pour la table `ost_contrat_media`
--
ALTER TABLE `ost_contrat_media`
  ADD PRIMARY KEY (`id`),
  ADD KEY `IDX_E883DC611823061F` (`contrat_id`);

--
-- Index pour la table `ost_c_caisse_config`
--
ALTER TABLE `ost_c_caisse_config`
  ADD PRIMARY KEY (`id`),
  ADD KEY `IDX_75FFDC3B5FAD855C` (`movCredit_id`),
  ADD KEY `IDX_75FFDC3B8B88B0A0` (`movDebit_id`),
  ADD KEY `IDX_75FFDC3BA07E088C` (`movRemboursement_id`);

--
-- Index pour la table `ost_c_sessioncaisse`
--
ALTER TABLE `ost_c_sessioncaisse`
  ADD PRIMARY KEY (`id`),
  ADD KEY `IDX_4EB4DBA4A76ED395` (`user_id`),
  ADD KEY `IDX_4EB4DBA487F7F7A5` (`whoValidation_id`),
  ADD KEY `IDX_4EB4DBA4BE5B0FBB` (`pointvente_id`);

--
-- Index pour la table `ost_c_typeligne`
--
ALTER TABLE `ost_c_typeligne`
  ADD PRIMARY KEY (`id`);

--
-- Index pour la table `ost_department`
--
ALTER TABLE `ost_department`
  ADD PRIMARY KEY (`dept_id`),
  ADD UNIQUE KEY `dept_name` (`dept_name`),
  ADD KEY `manager_id` (`manager_id`),
  ADD KEY `autoresp_email_id` (`autoresp_email_id`),
  ADD KEY `tpl_id` (`tpl_id`);

--
-- Index pour la table `ost_devise`
--
ALTER TABLE `ost_devise`
  ADD PRIMARY KEY (`id`);

--
-- Index pour la table `ost_div_dossier`
--
ALTER TABLE `ost_div_dossier`
  ADD PRIMARY KEY (`id`);

--
-- Index pour la table `ost_div_dossier_ligne`
--
ALTER TABLE `ost_div_dossier_ligne`
  ADD PRIMARY KEY (`id`),
  ADD KEY `IDX_DD4E1551670C757F` (`fournisseur_id`),
  ADD KEY `IDX_DD4E1551611C0C56` (`dossier_id`),
  ADD KEY `IDX_DD4E155113DD0342` (`impaye_id`),
  ADD KEY `IDX_DD4E155156DF0769` (`factureFournisseur_id`),
  ADD KEY `IDX_DD4E15514D79775F` (`tva_id`);

--
-- Index pour la table `ost_div_dossier_reservations`
--
ALTER TABLE `ost_div_dossier_reservations`
  ADD PRIMARY KEY (`dossier_id`,`reservation_id`),
  ADD KEY `IDX_3AE02FBB611C0C56` (`dossier_id`),
  ADD KEY `IDX_3AE02FBBB83297E7` (`reservation_id`);

--
-- Index pour la table `ost_div_reservations`
--
ALTER TABLE `ost_div_reservations`
  ADD PRIMARY KEY (`id`),
  ADD KEY `IDX_57705D5119EB6921` (`client_id`),
  ADD KEY `IDX_57705D5153C59D72` (`responsable_id`),
  ADD KEY `IDX_57705D51FEBD183` (`amicale_id`),
  ADD KEY `IDX_57705D51F06C2258` (`responsableAmicale_id`),
  ADD KEY `IDX_57705D51F347EFB` (`produit_id`),
  ADD KEY `IDX_57705D51BE5B0FBB` (`pointvente_id`);

--
-- Index pour la table `ost_div_reservations_ligne`
--
ALTER TABLE `ost_div_reservations_ligne`
  ADD PRIMARY KEY (`id`),
  ADD KEY `IDX_D8557F9EB83297E7` (`reservation_id`);

--
-- Index pour la table `ost_draft`
--
ALTER TABLE `ost_draft`
  ADD PRIMARY KEY (`id`);

--
-- Index pour la table `ost_emails`
--
ALTER TABLE `ost_emails`
  ADD PRIMARY KEY (`id`);

--
-- Index pour la table `ost_emails_produits`
--
ALTER TABLE `ost_emails_produits`
  ADD PRIMARY KEY (`email_id`,`produit_id`),
  ADD KEY `IDX_9DAE2F2BA832C1C9` (`email_id`),
  ADD KEY `IDX_9DAE2F2BF347EFB` (`produit_id`);

--
-- Index pour la table `ost_email_template`
--
ALTER TABLE `ost_email_template`
  ADD PRIMARY KEY (`id`),
  ADD UNIQUE KEY `template_lookup` (`tpl_id`,`code_name`);

--
-- Index pour la table `ost_email_template_group`
--
ALTER TABLE `ost_email_template_group`
  ADD PRIMARY KEY (`tpl_id`);

--
-- Index pour la table `ost_etat`
--
ALTER TABLE `ost_etat`
  ADD PRIMARY KEY (`id`),
  ADD KEY `IDX_EF17987BF347EFB` (`produit_id`);

--
-- Index pour la table `ost_faq`
--
ALTER TABLE `ost_faq`
  ADD PRIMARY KEY (`faq_id`),
  ADD UNIQUE KEY `question` (`question`),
  ADD KEY `category_id` (`category_id`),
  ADD KEY `ispublished` (`ispublished`);

--
-- Index pour la table `ost_faq_category`
--
ALTER TABLE `ost_faq_category`
  ADD PRIMARY KEY (`category_id`),
  ADD KEY `ispublic` (`ispublic`);

--
-- Index pour la table `ost_faq_topic`
--
ALTER TABLE `ost_faq_topic`
  ADD PRIMARY KEY (`faq_id`,`topic_id`);

--
-- Index pour la table `ost_file_chunk`
--
ALTER TABLE `ost_file_chunk`
  ADD PRIMARY KEY (`file_id`,`chunk_id`);

--
-- Index pour la table `ost_filter`
--
ALTER TABLE `ost_filter`
  ADD PRIMARY KEY (`id`),
  ADD KEY `target` (`target`),
  ADD KEY `email_id` (`email_id`);

--
-- Index pour la table `ost_filter_rule`
--
ALTER TABLE `ost_filter_rule`
  ADD PRIMARY KEY (`id`),
  ADD UNIQUE KEY `filter` (`filter_id`,`what`,`how`,`val`),
  ADD KEY `filter_id` (`filter_id`);

--
-- Index pour la table `ost_font_bloclibres_items`
--
ALTER TABLE `ost_font_bloclibres_items`
  ADD PRIMARY KEY (`bloc_id`,`item_id`),
  ADD KEY `IDX_735277285582E9C0` (`bloc_id`),
  ADD KEY `IDX_73527728126F525E` (`item_id`);

--
-- Index pour la table `ost_font_themes_selections`
--
ALTER TABLE `ost_font_themes_selections`
  ADD PRIMARY KEY (`notreselection_id`,`selection_id`),
  ADD KEY `IDX_35A3E08547232DE5` (`notreselection_id`),
  ADD KEY `IDX_35A3E085E48EFE78` (`selection_id`);

--
-- Index pour la table `ost_form`
--
ALTER TABLE `ost_form`
  ADD PRIMARY KEY (`id`);

--
-- Index pour la table `ost_form_entry`
--
ALTER TABLE `ost_form_entry`
  ADD PRIMARY KEY (`id`),
  ADD KEY `entry_lookup` (`object_type`,`object_id`);

--
-- Index pour la table `ost_form_entry_values`
--
ALTER TABLE `ost_form_entry_values`
  ADD PRIMARY KEY (`entry_id`,`field_id`);

--
-- Index pour la table `ost_form_field`
--
ALTER TABLE `ost_form_field`
  ADD PRIMARY KEY (`id`);

--
-- Index pour la table `ost_front_accueil`
--
ALTER TABLE `ost_front_accueil`
  ADD PRIMARY KEY (`id`),
  ADD KEY `IDX_A340FE8F321C7CD4` (`photo1_id`),
  ADD KEY `IDX_A340FE8F20A9D33A` (`photo2_id`),
  ADD KEY `IDX_A340FE8F9815B45F` (`photo3_id`);

--
-- Index pour la table `ost_front_articles`
--
ALTER TABLE `ost_front_articles`
  ADD PRIMARY KEY (`id`),
  ADD UNIQUE KEY `UNIQ_EEA2E8E0989D9B62` (`slug`),
  ADD KEY `IDX_EEA2E8E03174800F` (`createdBy_id`);

--
-- Index pour la table `ost_front_bannierelaterale`
--
ALTER TABLE `ost_front_bannierelaterale`
  ADD PRIMARY KEY (`id`);

--
-- Index pour la table `ost_front_bannierelateralepub`
--
ALTER TABLE `ost_front_bannierelateralepub`
  ADD PRIMARY KEY (`id`);

--
-- Index pour la table `ost_front_bloclibre`
--
ALTER TABLE `ost_front_bloclibre`
  ADD PRIMARY KEY (`id`),
  ADD UNIQUE KEY `UNIQ_721A8E6387EEAE74` (`fond_id`);

--
-- Index pour la table `ost_front_bloclibre_image`
--
ALTER TABLE `ost_front_bloclibre_image`
  ADD PRIMARY KEY (`id`);

--
-- Index pour la table `ost_front_bloclibre_items`
--
ALTER TABLE `ost_front_bloclibre_items`
  ADD PRIMARY KEY (`id`);

--
-- Index pour la table `ost_front_config`
--
ALTER TABLE `ost_front_config`
  ADD PRIMARY KEY (`id`);

--
-- Index pour la table `ost_front_contactinfo`
--
ALTER TABLE `ost_front_contactinfo`
  ADD PRIMARY KEY (`id`);

--
-- Index pour la table `ost_front_contactmotif`
--
ALTER TABLE `ost_front_contactmotif`
  ADD PRIMARY KEY (`id`);

--
-- Index pour la table `ost_front_destination`
--
ALTER TABLE `ost_front_destination`
  ADD PRIMARY KEY (`id`);

--
-- Index pour la table `ost_front_filtre_theme_categorie_pr`
--
ALTER TABLE `ost_front_filtre_theme_categorie_pr`
  ADD PRIMARY KEY (`id`),
  ADD KEY `IDX_BED4F11D12529D24` (`themeCategorie_id`);

--
-- Index pour la table `ost_front_filtre_theme_categorie_sht`
--
ALTER TABLE `ost_front_filtre_theme_categorie_sht`
  ADD PRIMARY KEY (`id`),
  ADD KEY `IDX_54B9A60212529D24` (`themeCategorie_id`);

--
-- Index pour la table `ost_front_filtre_theme_categorie_vo`
--
ALTER TABLE `ost_front_filtre_theme_categorie_vo`
  ADD PRIMARY KEY (`id`),
  ADD KEY `IDX_8B883A4212529D24` (`themeCategorie_id`);

--
-- Index pour la table `ost_front_footer`
--
ALTER TABLE `ost_front_footer`
  ADD PRIMARY KEY (`id`);

--
-- Index pour la table `ost_front_footer_desc`
--
ALTER TABLE `ost_front_footer_desc`
  ADD PRIMARY KEY (`id`);

--
-- Index pour la table `ost_front_footer_deux`
--
ALTER TABLE `ost_front_footer_deux`
  ADD PRIMARY KEY (`id`);

--
-- Index pour la table `ost_front_footer_social`
--
ALTER TABLE `ost_front_footer_social`
  ADD PRIMARY KEY (`id`);

--
-- Index pour la table `ost_front_footer_trois`
--
ALTER TABLE `ost_front_footer_trois`
  ADD PRIMARY KEY (`id`);

--
-- Index pour la table `ost_front_footer_un`
--
ALTER TABLE `ost_front_footer_un`
  ADD PRIMARY KEY (`id`);

--
-- Index pour la table `ost_front_hotelsdeux`
--
ALTER TABLE `ost_front_hotelsdeux`
  ADD PRIMARY KEY (`id`),
  ADD KEY `IDX_682BFFFFC532F67E` (`hotel1_id`),
  ADD KEY `IDX_682BFFFFD7875990` (`hotel2_id`),
  ADD KEY `IDX_682BFFFF6F3B3EF5` (`hotel3_id`),
  ADD KEY `IDX_682BFFFFF2EC064C` (`hotel4_id`),
  ADD KEY `IDX_682BFFFF4A506129` (`hotel5_id`),
  ADD KEY `IDX_682BFFFF58E5CEC7` (`hotel6_id`);

--
-- Index pour la table `ost_front_hotelsquatre`
--
ALTER TABLE `ost_front_hotelsquatre`
  ADD PRIMARY KEY (`id`),
  ADD KEY `IDX_3AB4DB8EC532F67E` (`hotel1_id`),
  ADD KEY `IDX_3AB4DB8ED7875990` (`hotel2_id`),
  ADD KEY `IDX_3AB4DB8E6F3B3EF5` (`hotel3_id`),
  ADD KEY `IDX_3AB4DB8EF2EC064C` (`hotel4_id`),
  ADD KEY `IDX_3AB4DB8E4A506129` (`hotel5_id`),
  ADD KEY `IDX_3AB4DB8E58E5CEC7` (`hotel6_id`);

--
-- Index pour la table `ost_front_hotelstrois`
--
ALTER TABLE `ost_front_hotelstrois`
  ADD PRIMARY KEY (`id`),
  ADD KEY `IDX_D922F66BC532F67E` (`hotel1_id`),
  ADD KEY `IDX_D922F66BD7875990` (`hotel2_id`),
  ADD KEY `IDX_D922F66B6F3B3EF5` (`hotel3_id`),
  ADD KEY `IDX_D922F66BF2EC064C` (`hotel4_id`),
  ADD KEY `IDX_D922F66B4A506129` (`hotel5_id`),
  ADD KEY `IDX_D922F66B58E5CEC7` (`hotel6_id`);

--
-- Index pour la table `ost_front_hotelsun`
--
ALTER TABLE `ost_front_hotelsun`
  ADD PRIMARY KEY (`id`),
  ADD KEY `IDX_54C96957C532F67E` (`hotel1_id`),
  ADD KEY `IDX_54C96957D7875990` (`hotel2_id`),
  ADD KEY `IDX_54C969576F3B3EF5` (`hotel3_id`),
  ADD KEY `IDX_54C96957F2EC064C` (`hotel4_id`),
  ADD KEY `IDX_54C969574A506129` (`hotel5_id`),
  ADD KEY `IDX_54C9695758E5CEC7` (`hotel6_id`);

--
-- Index pour la table `ost_front_iconeaccueilblocs`
--
ALTER TABLE `ost_front_iconeaccueilblocs`
  ADD PRIMARY KEY (`id`);

--
-- Index pour la table `ost_front_location_lieuprise`
--
ALTER TABLE `ost_front_location_lieuprise`
  ADD PRIMARY KEY (`id`);

--
-- Index pour la table `ost_front_location_lieuremise`
--
ALTER TABLE `ost_front_location_lieuremise`
  ADD PRIMARY KEY (`id`);

--
-- Index pour la table `ost_front_location_voiture`
--
ALTER TABLE `ost_front_location_voiture`
  ADD PRIMARY KEY (`id`);

--
-- Index pour la table `ost_front_media_accueil`
--
ALTER TABLE `ost_front_media_accueil`
  ADD PRIMARY KEY (`id`);

--
-- Index pour la table `ost_front_menu_extra`
--
ALTER TABLE `ost_front_menu_extra`
  ADD PRIMARY KEY (`id`);

--
-- Index pour la table `ost_front_notreselection`
--
ALTER TABLE `ost_front_notreselection`
  ADD PRIMARY KEY (`id`);

--
-- Index pour la table `ost_front_omra`
--
ALTER TABLE `ost_front_omra`
  ADD PRIMARY KEY (`id`),
  ADD KEY `IDX_3E2E39A168C9E5AF` (`voyage_id`);

--
-- Index pour la table `ost_front_partenaire`
--
ALTER TABLE `ost_front_partenaire`
  ADD PRIMARY KEY (`id`);

--
-- Index pour la table `ost_front_programmedeux`
--
ALTER TABLE `ost_front_programmedeux`
  ADD PRIMARY KEY (`id`),
  ADD KEY `IDX_9022896A62BB7AEE` (`programme_id`);

--
-- Index pour la table `ost_front_programmeun`
--
ALTER TABLE `ost_front_programmeun`
  ADD PRIMARY KEY (`id`),
  ADD KEY `IDX_E764400762BB7AEE` (`programme_id`);

--
-- Index pour la table `ost_front_responsables_produits`
--
ALTER TABLE `ost_front_responsables_produits`
  ADD PRIMARY KEY (`id`);

--
-- Index pour la table `ost_front_selection`
--
ALTER TABLE `ost_front_selection`
  ADD PRIMARY KEY (`id`);

--
-- Index pour la table `ost_front_silder`
--
ALTER TABLE `ost_front_silder`
  ADD PRIMARY KEY (`id`);

--
-- Index pour la table `ost_front_titreblocs`
--
ALTER TABLE `ost_front_titreblocs`
  ADD PRIMARY KEY (`id`),
  ADD KEY `IDX_BD3C6BCFFCB34D39` (`image_voyage1_id`),
  ADD KEY `IDX_BD3C6BCFEE06E2D7` (`image_voyage2_id`),
  ADD KEY `IDX_BD3C6BCF56BA85B2` (`image_voyage3_id`),
  ADD KEY `IDX_BD3C6BCFD5B2BB9D` (`image_programme1_id`),
  ADD KEY `IDX_BD3C6BCFC7071473` (`image_programme2_id`);

--
-- Index pour la table `ost_front_topdestination`
--
ALTER TABLE `ost_front_topdestination`
  ADD PRIMARY KEY (`id`),
  ADD KEY `IDX_52D43B90816C6140` (`destination_id`);

--
-- Index pour la table `ost_front_topprogramme`
--
ALTER TABLE `ost_front_topprogramme`
  ADD PRIMARY KEY (`id`),
  ADD KEY `IDX_AC57A2E359027487` (`theme_id`);

--
-- Index pour la table `ost_front_tvoyage`
--
ALTER TABLE `ost_front_tvoyage`
  ADD PRIMARY KEY (`id`);

--
-- Index pour la table `ost_front_voyagedeux`
--
ALTER TABLE `ost_front_voyagedeux`
  ADD PRIMARY KEY (`id`),
  ADD KEY `IDX_BB61ED8768C9E5AF` (`voyage_id`);

--
-- Index pour la table `ost_front_voyagenoce`
--
ALTER TABLE `ost_front_voyagenoce`
  ADD PRIMARY KEY (`id`),
  ADD KEY `IDX_A6D5513B68C9E5AF` (`voyage_id`);

--
-- Index pour la table `ost_front_voyageun`
--
ALTER TABLE `ost_front_voyageun`
  ADD PRIMARY KEY (`id`),
  ADD KEY `IDX_BB4CA79368C9E5AF` (`voyage_id`);

--
-- Index pour la table `ost_group`
--
ALTER TABLE `ost_group`
  ADD PRIMARY KEY (`id`),
  ADD UNIQUE KEY `UNIQ_911316A5E237E06` (`name`);

--
-- Index pour la table `ost_groups`
--
ALTER TABLE `ost_groups`
  ADD PRIMARY KEY (`group_id`),
  ADD KEY `group_active` (`group_enabled`);

--
-- Index pour la table `ost_group_dept_access`
--
ALTER TABLE `ost_group_dept_access`
  ADD UNIQUE KEY `group_dept` (`group_id`,`dept_id`),
  ADD KEY `dept_id` (`dept_id`);

--
-- Index pour la table `ost_help_topic`
--
ALTER TABLE `ost_help_topic`
  ADD PRIMARY KEY (`topic_id`),
  ADD UNIQUE KEY `topic` (`topic`,`topic_pid`),
  ADD KEY `topic_pid` (`topic_pid`),
  ADD KEY `priority_id` (`priority_id`),
  ADD KEY `dept_id` (`dept_id`),
  ADD KEY `staff_id` (`staff_id`,`team_id`),
  ADD KEY `sla_id` (`sla_id`),
  ADD KEY `page_id` (`page_id`);

--
-- Index pour la table `ost_list`
--
ALTER TABLE `ost_list`
  ADD PRIMARY KEY (`id`),
  ADD KEY `type` (`type`);

--
-- Index pour la table `ost_list_items`
--
ALTER TABLE `ost_list_items`
  ADD PRIMARY KEY (`id`),
  ADD KEY `list_item_lookup` (`list_id`);

--
-- Index pour la table `ost_maritime_dossier`
--
ALTER TABLE `ost_maritime_dossier`
  ADD PRIMARY KEY (`id`);

--
-- Index pour la table `ost_maritime_dossier_ligne`
--
ALTER TABLE `ost_maritime_dossier_ligne`
  ADD PRIMARY KEY (`id`),
  ADD KEY `IDX_3EBE275B670C757F` (`fournisseur_id`),
  ADD KEY `IDX_3EBE275B611C0C56` (`dossier_id`),
  ADD KEY `IDX_3EBE275B13DD0342` (`impaye_id`),
  ADD KEY `IDX_3EBE275B56DF0769` (`factureFournisseur_id`),
  ADD KEY `IDX_3EBE275B4D79775F` (`tva_id`);

--
-- Index pour la table `ost_maritime_dossier_reservations`
--
ALTER TABLE `ost_maritime_dossier_reservations`
  ADD PRIMARY KEY (`dossierm_id`,`maritimereservation_id`),
  ADD KEY `IDX_5BDC68D8D5DE7544` (`dossierm_id`),
  ADD KEY `IDX_5BDC68D8ACAA5ACD` (`maritimereservation_id`);

--
-- Index pour la table `ost_maritime_reservation`
--
ALTER TABLE `ost_maritime_reservation`
  ADD PRIMARY KEY (`id`),
  ADD KEY `IDX_276511AC53C59D72` (`responsable_id`),
  ADD KEY `IDX_276511AC19EB6921` (`client_id`),
  ADD KEY `IDX_276511ACFEBD183` (`amicale_id`),
  ADD KEY `IDX_276511ACF06C2258` (`responsableAmicale_id`),
  ADD KEY `IDX_276511ACBE5B0FBB` (`pointvente_id`);

--
-- Index pour la table `ost_media`
--
ALTER TABLE `ost_media`
  ADD PRIMARY KEY (`id`),
  ADD KEY `IDX_EFDD4A3A73F0036` (`ville_id`),
  ADD KEY `IDX_EFDD4A3CB35D94E` (`Hotel_id`);

--
-- Index pour la table `ost_menu_circuit`
--
ALTER TABLE `ost_menu_circuit`
  ADD PRIMARY KEY (`id`);

--
-- Index pour la table `ost_mice_configuration_voucher`
--
ALTER TABLE `ost_mice_configuration_voucher`
  ADD PRIMARY KEY (`id`);

--
-- Index pour la table `ost_mice_dossier`
--
ALTER TABLE `ost_mice_dossier`
  ADD PRIMARY KEY (`id`);

--
-- Index pour la table `ost_mice_dossier_ligne`
--
ALTER TABLE `ost_mice_dossier_ligne`
  ADD PRIMARY KEY (`id`),
  ADD KEY `IDX_7ED3FF57670C757F` (`fournisseur_id`),
  ADD KEY `IDX_7ED3FF57611C0C56` (`dossier_id`),
  ADD KEY `IDX_7ED3FF5713DD0342` (`impaye_id`),
  ADD KEY `IDX_7ED3FF5756DF0769` (`factureFournisseur_id`),
  ADD KEY `IDX_7ED3FF574D79775F` (`tva_id`);

--
-- Index pour la table `ost_mice_dossier_reservations`
--
ALTER TABLE `ost_mice_dossier_reservations`
  ADD PRIMARY KEY (`dossier_id`,`reservation_id`),
  ADD KEY `IDX_98A7772F611C0C56` (`dossier_id`),
  ADD KEY `IDX_98A7772FB83297E7` (`reservation_id`);

--
-- Index pour la table `ost_mice_reservations`
--
ALTER TABLE `ost_mice_reservations`
  ADD PRIMARY KEY (`id`),
  ADD KEY `IDX_769A2F33A6E44244` (`pays_id`),
  ADD KEY `IDX_769A2F3319EB6921` (`client_id`),
  ADD KEY `IDX_769A2F3353C59D72` (`responsable_id`),
  ADD KEY `IDX_769A2F33FEBD183` (`amicale_id`),
  ADD KEY `IDX_769A2F33F06C2258` (`responsableAmicale_id`),
  ADD KEY `IDX_769A2F33BE5B0FBB` (`pointvente_id`);

--
-- Index pour la table `ost_mice_services`
--
ALTER TABLE `ost_mice_services`
  ADD PRIMARY KEY (`id`),
  ADD KEY `IDX_CEBE313A140649EB` (`typeservice_id`);

--
-- Index pour la table `ost_mice_type_services`
--
ALTER TABLE `ost_mice_type_services`
  ADD PRIMARY KEY (`id`);

--
-- Index pour la table `ost_modalite_paiement`
--
ALTER TABLE `ost_modalite_paiement`
  ADD PRIMARY KEY (`id`);

--
-- Index pour la table `ost_modalite_paiement_agence`
--
ALTER TABLE `ost_modalite_paiement_agence`
  ADD PRIMARY KEY (`modalitepaiement_id`,`produit_id`),
  ADD KEY `IDX_EEEB6F66AEE8A773` (`modalitepaiement_id`),
  ADD KEY `IDX_EEEB6F66F347EFB` (`produit_id`);

--
-- Index pour la table `ost_modalite_paiement_a_domicile`
--
ALTER TABLE `ost_modalite_paiement_a_domicile`
  ADD PRIMARY KEY (`modalitepaiement_id`,`produit_id`),
  ADD KEY `IDX_1C71E229AEE8A773` (`modalitepaiement_id`),
  ADD KEY `IDX_1C71E229F347EFB` (`produit_id`);

--
-- Index pour la table `ost_modalite_paiement_cheque_facilite`
--
ALTER TABLE `ost_modalite_paiement_cheque_facilite`
  ADD PRIMARY KEY (`modalitepaiement_id`,`produit_id`),
  ADD KEY `IDX_E71E36D9AEE8A773` (`modalitepaiement_id`),
  ADD KEY `IDX_E71E36D9F347EFB` (`produit_id`);

--
-- Index pour la table `ost_modalite_paiement_cheque_versable`
--
ALTER TABLE `ost_modalite_paiement_cheque_versable`
  ADD PRIMARY KEY (`modalitepaiement_id`,`produit_id`),
  ADD KEY `IDX_F114D299AEE8A773` (`modalitepaiement_id`),
  ADD KEY `IDX_F114D299F347EFB` (`produit_id`);

--
-- Index pour la table `ost_modalite_paiement_mondat_postal`
--
ALTER TABLE `ost_modalite_paiement_mondat_postal`
  ADD PRIMARY KEY (`modalitepaiement_id`,`produit_id`),
  ADD KEY `IDX_413D638AEE8A773` (`modalitepaiement_id`),
  ADD KEY `IDX_413D638F347EFB` (`produit_id`);

--
-- Index pour la table `ost_modalite_paiement_paiement_partiel`
--
ALTER TABLE `ost_modalite_paiement_paiement_partiel`
  ADD PRIMARY KEY (`modalitepaiement_id`,`produit_id`),
  ADD KEY `IDX_C254BDDAAEE8A773` (`modalitepaiement_id`),
  ADD KEY `IDX_C254BDDAF347EFB` (`produit_id`);

--
-- Index pour la table `ost_modalite_paiement_paiement_total`
--
ALTER TABLE `ost_modalite_paiement_paiement_total`
  ADD PRIMARY KEY (`modalitepaiement_id`,`produit_id`),
  ADD KEY `IDX_A216CAC7AEE8A773` (`modalitepaiement_id`),
  ADD KEY `IDX_A216CAC7F347EFB` (`produit_id`);

--
-- Index pour la table `ost_modalite_paiement_versement_bancaire`
--
ALTER TABLE `ost_modalite_paiement_versement_bancaire`
  ADD PRIMARY KEY (`modalitepaiement_id`,`produit_id`),
  ADD KEY `IDX_F96D467AEE8A773` (`modalitepaiement_id`),
  ADD KEY `IDX_F96D467F347EFB` (`produit_id`);

--
-- Index pour la table `ost_news_letter`
--
ALTER TABLE `ost_news_letter`
  ADD PRIMARY KEY (`id`);

--
-- Index pour la table `ost_note`
--
ALTER TABLE `ost_note`
  ADD PRIMARY KEY (`id`),
  ADD KEY `ext_id` (`ext_id`);

--
-- Index pour la table `ost_organization`
--
ALTER TABLE `ost_organization`
  ADD PRIMARY KEY (`id`);

--
-- Index pour la table `ost_periodes`
--
ALTER TABLE `ost_periodes`
  ADD PRIMARY KEY (`id`),
  ADD KEY `IDX_4E91DA48F965414C` (`saison_id`);

--
-- Index pour la table `ost_plugin`
--
ALTER TABLE `ost_plugin`
  ADD PRIMARY KEY (`id`);

--
-- Index pour la table `ost_pointvente`
--
ALTER TABLE `ost_pointvente`
  ADD PRIMARY KEY (`id`);

--
-- Index pour la table `ost_produit`
--
ALTER TABLE `ost_produit`
  ADD PRIMARY KEY (`id`),
  ADD KEY `IDX_2055AD634D79775F` (`tva_id`);

--
-- Index pour la table `ost_pr_configuration_voucher`
--
ALTER TABLE `ost_pr_configuration_voucher`
  ADD PRIMARY KEY (`id`);

--
-- Index pour la table `ost_pr_descriptions`
--
ALTER TABLE `ost_pr_descriptions`
  ADD PRIMARY KEY (`id`),
  ADD KEY `IDX_11E6ED8C62BB7AEE` (`programme_id`);

--
-- Index pour la table `ost_pr_dossier`
--
ALTER TABLE `ost_pr_dossier`
  ADD PRIMARY KEY (`id`),
  ADD KEY `IDX_C4F871D3F384C1CF` (`periode_id`);

--
-- Index pour la table `ost_pr_dossier_ligne`
--
ALTER TABLE `ost_pr_dossier_ligne`
  ADD PRIMARY KEY (`id`),
  ADD KEY `IDX_58A49035670C757F` (`fournisseur_id`),
  ADD KEY `IDX_58A49035611C0C56` (`dossier_id`),
  ADD KEY `IDX_58A4903513DD0342` (`impaye_id`),
  ADD KEY `IDX_58A4903556DF0769` (`factureFournisseur_id`),
  ADD KEY `IDX_58A490354D79775F` (`tva_id`);

--
-- Index pour la table `ost_pr_dossier_reservations`
--
ALTER TABLE `ost_pr_dossier_reservations`
  ADD PRIMARY KEY (`dossier_id`,`reservation_id`),
  ADD KEY `IDX_B3875B51611C0C56` (`dossier_id`),
  ADD KEY `IDX_B3875B51B83297E7` (`reservation_id`);

--
-- Index pour la table `ost_pr_info_pratiques`
--
ALTER TABLE `ost_pr_info_pratiques`
  ADD PRIMARY KEY (`id`),
  ADD KEY `IDX_E6BC25EC62BB7AEE` (`programme_id`);

--
-- Index pour la table `ost_pr_ligne`
--
ALTER TABLE `ost_pr_ligne`
  ADD PRIMARY KEY (`id`),
  ADD KEY `IDX_AF376C8FF384C1CF` (`periode_id`);

--
-- Index pour la table `ost_pr_periodes`
--
ALTER TABLE `ost_pr_periodes`
  ADD PRIMARY KEY (`id`),
  ADD KEY `IDX_5C7E146F62BB7AEE` (`programme_id`);

--
-- Index pour la table `ost_pr_photos`
--
ALTER TABLE `ost_pr_photos`
  ADD PRIMARY KEY (`id`),
  ADD KEY `IDX_1386B4568C9E5AF` (`voyage_id`);

--
-- Index pour la table `ost_pr_programmes`
--
ALTER TABLE `ost_pr_programmes`
  ADD PRIMARY KEY (`id`),
  ADD UNIQUE KEY `UNIQ_3BE18C6D989D9B62` (`slug`),
  ADD KEY `IDX_3BE18C6D3243BB18` (`hotel_id`);

--
-- Index pour la table `ost_pr_programme_themes`
--
ALTER TABLE `ost_pr_programme_themes`
  ADD PRIMARY KEY (`programme_id`,`theme_id`),
  ADD KEY `IDX_9BDE0C0D62BB7AEE` (`programme_id`),
  ADD KEY `IDX_9BDE0C0D59027487` (`theme_id`);

--
-- Index pour la table `ost_pr_reservations`
--
ALTER TABLE `ost_pr_reservations`
  ADD PRIMARY KEY (`id`),
  ADD KEY `IDX_D8C5E10353C59D72` (`responsable_id`),
  ADD KEY `IDX_D8C5E10362BB7AEE` (`programme_id`),
  ADD KEY `IDX_D8C5E103F384C1CF` (`periode_id`),
  ADD KEY `IDX_D8C5E10319EB6921` (`client_id`),
  ADD KEY `IDX_D8C5E103FEBD183` (`amicale_id`),
  ADD KEY `IDX_D8C5E103F06C2258` (`responsableAmicale_id`),
  ADD KEY `IDX_D8C5E103BE5B0FBB` (`pointvente_id`);

--
-- Index pour la table `ost_pr_reservations_lignes`
--
ALTER TABLE `ost_pr_reservations_lignes`
  ADD PRIMARY KEY (`id`),
  ADD KEY `IDX_B83E2EAEA21BD112` (`personne_id`);

--
-- Index pour la table `ost_pr_reservation_personnes`
--
ALTER TABLE `ost_pr_reservation_personnes`
  ADD PRIMARY KEY (`id`),
  ADD KEY `IDX_686A2A218385C843` (`reservationA_id`),
  ADD KEY `IDX_686A2A21CE75F14` (`reservationE_id`);

--
-- Index pour la table `ost_pr_themes`
--
ALTER TABLE `ost_pr_themes`
  ADD PRIMARY KEY (`id`),
  ADD KEY `IDX_1C0CB94212529D24` (`themeCategorie_id`);

--
-- Index pour la table `ost_pr_themes_categories`
--
ALTER TABLE `ost_pr_themes_categories`
  ADD PRIMARY KEY (`id`);

--
-- Index pour la table `ost_resa_hotels`
--
ALTER TABLE `ost_resa_hotels`
  ADD PRIMARY KEY (`id`),
  ADD UNIQUE KEY `UNIQ_A77B75833243BB18` (`hotel_id`);

--
-- Index pour la table `ost_resa_resarvation`
--
ALTER TABLE `ost_resa_resarvation`
  ADD PRIMARY KEY (`id`),
  ADD KEY `IDX_467D7B5553C59D72` (`responsable_id`),
  ADD KEY `IDX_467D7B5519EB6921` (`client_id`),
  ADD KEY `IDX_467D7B553243BB18` (`hotel_id`),
  ADD KEY `IDX_467D7B55FEBD183` (`amicale_id`),
  ADD KEY `IDX_467D7B55F06C2258` (`responsableAmicale_id`),
  ADD KEY `IDX_467D7B55BE5B0FBB` (`pointvente_id`);

--
-- Index pour la table `ost_seo`
--
ALTER TABLE `ost_seo`
  ADD PRIMARY KEY (`id`);

--
-- Index pour la table `ost_sequence`
--
ALTER TABLE `ost_sequence`
  ADD PRIMARY KEY (`id`);

--
-- Index pour la table `ost_she_reservation`
--
ALTER TABLE `ost_she_reservation`
  ADD PRIMARY KEY (`id`),
  ADD KEY `IDX_5C23BF163243BB18` (`hotel_id`),
  ADD KEY `IDX_5C23BF1619EB6921` (`client_id`),
  ADD KEY `IDX_5C23BF1653C59D72` (`responsable_id`),
  ADD KEY `IDX_5C23BF16FEBD183` (`amicale_id`),
  ADD KEY `IDX_5C23BF16F06C2258` (`responsableAmicale_id`),
  ADD KEY `IDX_5C23BF16BE5B0FBB` (`pointvente_id`);

--
-- Index pour la table `ost_she_reservation_ligne`
--
ALTER TABLE `ost_she_reservation_ligne`
  ADD PRIMARY KEY (`id`),
  ADD KEY `IDX_4DF19E58B83297E7` (`reservation_id`),
  ADD KEY `IDX_4DF19E589B177F54` (`chambre_id`),
  ADD KEY `IDX_4DF19E58C5CAAFBC` (`arrangement_id`);

--
-- Index pour la table `ost_sht_amenagement`
--
ALTER TABLE `ost_sht_amenagement`
  ADD PRIMARY KEY (`id`),
  ADD UNIQUE KEY `UNIQ_388FDD3D989D9B62` (`slug`),
  ADD KEY `IDX_388FDD3DD8E3B1F4` (`id_typeamenagement`);

--
-- Index pour la table `ost_sht_arrangement`
--
ALTER TABLE `ost_sht_arrangement`
  ADD PRIMARY KEY (`id`),
  ADD UNIQUE KEY `UNIQ_9E34AA5989D9B62` (`slug`);

--
-- Index pour la table `ost_sht_categorie`
--
ALTER TABLE `ost_sht_categorie`
  ADD PRIMARY KEY (`id`),
  ADD UNIQUE KEY `UNIQ_F76966BB989D9B62` (`slug`);

--
-- Index pour la table `ost_sht_chaine`
--
ALTER TABLE `ost_sht_chaine`
  ADD PRIMARY KEY (`id`),
  ADD UNIQUE KEY `UNIQ_E29C2867989D9B62` (`slug`);

--
-- Index pour la table `ost_sht_chambre`
--
ALTER TABLE `ost_sht_chambre`
  ADD PRIMARY KEY (`id`),
  ADD UNIQUE KEY `UNIQ_BF15F82C989D9B62` (`slug`);

--
-- Index pour la table `ost_sht_configuration_payement`
--
ALTER TABLE `ost_sht_configuration_payement`
  ADD PRIMARY KEY (`id`);

--
-- Index pour la table `ost_sht_configuration_remise_internet`
--
ALTER TABLE `ost_sht_configuration_remise_internet`
  ADD PRIMARY KEY (`id`);

--
-- Index pour la table `ost_sht_configuration_voucher`
--
ALTER TABLE `ost_sht_configuration_voucher`
  ADD PRIMARY KEY (`id`);

--
-- Index pour la table `ost_sht_contrat`
--
ALTER TABLE `ost_sht_contrat`
  ADD PRIMARY KEY (`id`),
  ADD KEY `IDX_1A2885403243BB18` (`hotel_id`);

--
-- Index pour la table `ost_sht_dossier`
--
ALTER TABLE `ost_sht_dossier`
  ADD PRIMARY KEY (`id`),
  ADD KEY `IDX_4754FCE43243BB18` (`hotel_id`);

--
-- Index pour la table `ost_sht_dossier_ligne`
--
ALTER TABLE `ost_sht_dossier_ligne`
  ADD PRIMARY KEY (`id`),
  ADD KEY `IDX_EC63D067670C757F` (`fournisseur_id`),
  ADD KEY `IDX_EC63D067611C0C56` (`dossier_id`),
  ADD KEY `IDX_EC63D06713DD0342` (`impaye_id`),
  ADD KEY `IDX_EC63D06756DF0769` (`factureFournisseur_id`),
  ADD KEY `IDX_EC63D0674D79775F` (`tva_id`);

--
-- Index pour la table `ost_sht_dossier_ligne_she`
--
ALTER TABLE `ost_sht_dossier_ligne_she`
  ADD PRIMARY KEY (`id`),
  ADD KEY `IDX_B8750E24670C757F` (`fournisseur_id`),
  ADD KEY `IDX_B8750E24611C0C56` (`dossier_id`),
  ADD KEY `IDX_B8750E2413DD0342` (`impaye_id`),
  ADD KEY `IDX_B8750E2456DF0769` (`factureFournisseur_id`),
  ADD KEY `IDX_B8750E244D79775F` (`tva_id`);

--
-- Index pour la table `ost_sht_dossier_reservations`
--
ALTER TABLE `ost_sht_dossier_reservations`
  ADD PRIMARY KEY (`dossier_id`,`reservation_id`),
  ADD KEY `IDX_C1B044A5611C0C56` (`dossier_id`),
  ADD KEY `IDX_C1B044A5B83297E7` (`reservation_id`);

--
-- Index pour la table `ost_sht_dossier_reservations_she`
--
ALTER TABLE `ost_sht_dossier_reservations_she`
  ADD PRIMARY KEY (`dossiershe_id`,`reservationmonde_id`),
  ADD KEY `IDX_71E1F22C43760F88` (`dossiershe_id`),
  ADD KEY `IDX_71E1F22C8B5BA843` (`reservationmonde_id`);

--
-- Index pour la table `ost_sht_dossier_she`
--
ALTER TABLE `ost_sht_dossier_she`
  ADD PRIMARY KEY (`id`);

--
-- Index pour la table `ost_sht_fichetechnique`
--
ALTER TABLE `ost_sht_fichetechnique`
  ADD PRIMARY KEY (`id`);

--
-- Index pour la table `ost_sht_frais_dossier`
--
ALTER TABLE `ost_sht_frais_dossier`
  ADD PRIMARY KEY (`id`);

--
-- Index pour la table `ost_sht_hotels`
--
ALTER TABLE `ost_sht_hotels`
  ADD PRIMARY KEY (`id`),
  ADD UNIQUE KEY `UNIQ_92448DAE989D9B62` (`slug`),
  ADD UNIQUE KEY `UNIQ_92448DAE7A71939B` (`ficheTechnique_id`),
  ADD UNIQUE KEY `UNIQ_92448DAEF05725D6` (`saisonBase_id`),
  ADD KEY `IDX_92448DAE3129D93D` (`chaine_id`),
  ADD KEY `IDX_92448DAEA73F0036` (`ville_id`),
  ADD KEY `IDX_92448DAEBCF5E72D` (`categorie_id`);

--
-- Index pour la table `ost_sht_hotelschambre`
--
ALTER TABLE `ost_sht_hotelschambre`
  ADD PRIMARY KEY (`id`),
  ADD UNIQUE KEY `UNIQ_534A5F03DA5256D` (`image_id`),
  ADD KEY `IDX_534A5F09B177F54` (`chambre_id`),
  ADD KEY `IDX_534A5F03243BB18` (`hotel_id`);

--
-- Index pour la table `ost_sht_hotels_amenagements`
--
ALTER TABLE `ost_sht_hotels_amenagements`
  ADD PRIMARY KEY (`id_hotel`,`id_amenagement`),
  ADD KEY `IDX_B926764DEDD61FE9` (`id_hotel`),
  ADD KEY `IDX_B926764D57E799D6` (`id_amenagement`);

--
-- Index pour la table `ost_sht_hotels_arrangements`
--
ALTER TABLE `ost_sht_hotels_arrangements`
  ADD PRIMARY KEY (`id_hotel`,`id_arrangement`),
  ADD KEY `IDX_47C301ACEDD61FE9` (`id_hotel`),
  ADD KEY `IDX_47C301AC668B0E4E` (`id_arrangement`);

--
-- Index pour la table `ost_sht_hotels_chambre`
--
ALTER TABLE `ost_sht_hotels_chambre`
  ADD PRIMARY KEY (`id_hotel`,`id_chambre`),
  ADD KEY `IDX_D8484704EDD61FE9` (`id_hotel`),
  ADD KEY `IDX_D84847041B944D8F` (`id_chambre`);

--
-- Index pour la table `ost_sht_hotels_localisations`
--
ALTER TABLE `ost_sht_hotels_localisations`
  ADD PRIMARY KEY (`id_hotel`,`id_localisation`),
  ADD KEY `IDX_19328193EDD61FE9` (`id_hotel`),
  ADD KEY `IDX_193281939C12BBFD` (`id_localisation`);

--
-- Index pour la table `ost_sht_hotels_options`
--
ALTER TABLE `ost_sht_hotels_options`
  ADD PRIMARY KEY (`id_hotel`,`id_option`),
  ADD KEY `IDX_CD74597CEDD61FE9` (`id_hotel`),
  ADD KEY `IDX_CD74597C7CB1B55D` (`id_option`);

--
-- Index pour la table `ost_sht_hotels_stopsales`
--
ALTER TABLE `ost_sht_hotels_stopsales`
  ADD PRIMARY KEY (`id`),
  ADD KEY `IDX_64D515253243BB18` (`hotel_id`);

--
-- Index pour la table `ost_sht_hotels_tags`
--
ALTER TABLE `ost_sht_hotels_tags`
  ADD PRIMARY KEY (`id_hotel`,`id_tag`),
  ADD KEY `IDX_D65966A8EDD61FE9` (`id_hotel`),
  ADD KEY `IDX_D65966A89D2D5FD9` (`id_tag`);

--
-- Index pour la table `ost_sht_hotels_themes`
--
ALTER TABLE `ost_sht_hotels_themes`
  ADD PRIMARY KEY (`id_hotel`,`id_theme`),
  ADD KEY `IDX_E3F1ADCEEDD61FE9` (`id_hotel`),
  ADD KEY `IDX_E3F1ADCE79F0A638` (`id_theme`);

--
-- Index pour la table `ost_sht_hotels_vues`
--
ALTER TABLE `ost_sht_hotels_vues`
  ADD PRIMARY KEY (`id_hotel`,`id_vue`),
  ADD KEY `IDX_5549C70DEDD61FE9` (`id_hotel`),
  ADD KEY `IDX_5549C70D5E093DCE` (`id_vue`);

--
-- Index pour la table `ost_sht_localistion`
--
ALTER TABLE `ost_sht_localistion`
  ADD PRIMARY KEY (`id`),
  ADD UNIQUE KEY `UNIQ_29DB60F9989D9B62` (`slug`);

--
-- Index pour la table `ost_sht_option`
--
ALTER TABLE `ost_sht_option`
  ADD PRIMARY KEY (`id`);

--
-- Index pour la table `ost_sht_pays`
--
ALTER TABLE `ost_sht_pays`
  ADD PRIMARY KEY (`id`);

--
-- Index pour la table `ost_sht_reduction`
--
ALTER TABLE `ost_sht_reduction`
  ADD PRIMARY KEY (`id`),
  ADD UNIQUE KEY `UNIQ_FF3E4E7989D9B62` (`slug`);

--
-- Index pour la table `ost_sht_region`
--
ALTER TABLE `ost_sht_region`
  ADD PRIMARY KEY (`id`),
  ADD UNIQUE KEY `UNIQ_79248AFD989D9B62` (`slug`);

--
-- Index pour la table `ost_sht_reservation`
--
ALTER TABLE `ost_sht_reservation`
  ADD PRIMARY KEY (`id`),
  ADD KEY `IDX_35B2C0493243BB18` (`hotel_id`),
  ADD KEY `IDX_35B2C04919EB6921` (`client_id`),
  ADD KEY `IDX_35B2C04953C59D72` (`responsable_id`),
  ADD KEY `IDX_35B2C049FEBD183` (`amicale_id`),
  ADD KEY `IDX_35B2C049F06C2258` (`responsableAmicale_id`),
  ADD KEY `IDX_35B2C049BE5B0FBB` (`pointvente_id`);

--
-- Index pour la table `ost_sht_reservation_chambre`
--
ALTER TABLE `ost_sht_reservation_chambre`
  ADD PRIMARY KEY (`id`),
  ADD KEY `IDX_754DC6479B177F54` (`chambre_id`),
  ADD KEY `IDX_754DC647B83297E7` (`reservation_id`),
  ADD KEY `IDX_754DC647C5CAAFBC` (`arrangement_id`);

--
-- Index pour la table `ost_sht_reservation_chambre_jour`
--
ALTER TABLE `ost_sht_reservation_chambre_jour`
  ADD PRIMARY KEY (`id`),
  ADD KEY `IDX_14CD0F7DD5B2B34` (`saisonCalcule_id`),
  ADD KEY `IDX_14CD0F7D6353055F` (`saisonContingent_id`),
  ADD KEY `IDX_14CD0F7D9B177F54` (`chambre_id`);

--
-- Index pour la table `ost_sht_reservation_jour`
--
ALTER TABLE `ost_sht_reservation_jour`
  ADD PRIMARY KEY (`id`),
  ADD KEY `IDX_C0779528F965414C` (`saison_id`),
  ADD KEY `IDX_C0779528A21BD112` (`personne_id`);

--
-- Index pour la table `ost_sht_reservation_ligne`
--
ALTER TABLE `ost_sht_reservation_ligne`
  ADD PRIMARY KEY (`id`),
  ADD KEY `IDX_8951250A7793FA21` (`supplement_id`),
  ADD KEY `IDX_8951250AC03CB092` (`reduction_id`),
  ADD KEY `IDX_8951250A220C6AD0` (`jour_id`);

--
-- Index pour la table `ost_sht_reservation_personne`
--
ALTER TABLE `ost_sht_reservation_personne`
  ADD PRIMARY KEY (`id`),
  ADD KEY `IDX_CAC4B6738C110DC6` (`reservationChambreAdulte_id`),
  ADD KEY `IDX_CAC4B67368606A56` (`reservationChambreEnfant_id`);

--
-- Index pour la table `ost_sht_saison`
--
ALTER TABLE `ost_sht_saison`
  ADD PRIMARY KEY (`id`),
  ADD UNIQUE KEY `UNIQ_B696AE0D2EEF7AE7` (`saisonReduc_id`),
  ADD UNIQUE KEY `UNIQ_B696AE0D89DE2F5C` (`saisonSupp_id`),
  ADD UNIQUE KEY `UNIQ_B696AE0D93F83878` (`saisonWeekend_id`),
  ADD KEY `IDX_B696AE0D1FCD6BE3` (`arr_base`),
  ADD KEY `IDX_B696AE0D3243BB18` (`hotel_id`),
  ADD KEY `IDX_B696AE0D1823061F` (`contrat_id`),
  ADD KEY `IDX_B696AE0DD7B8829F` (`contratFile_id`);

--
-- Index pour la table `ost_sht_saisons_amicales`
--
ALTER TABLE `ost_sht_saisons_amicales`
  ADD PRIMARY KEY (`id_saison`,`id_amicale`),
  ADD KEY `IDX_34550E21E6E7606B` (`id_saison`),
  ADD KEY `IDX_34550E21DA6E7061` (`id_amicale`);

--
-- Index pour la table `ost_sht_saison_arrangement`
--
ALTER TABLE `ost_sht_saison_arrangement`
  ADD PRIMARY KEY (`id`),
  ADD KEY `IDX_EA4BA05EC5CAAFBC` (`arrangement_id`),
  ADD KEY `IDX_EA4BA05EF965414C` (`saison_id`);

--
-- Index pour la table `ost_sht_saison_autresreduc`
--
ALTER TABLE `ost_sht_saison_autresreduc`
  ADD PRIMARY KEY (`id`),
  ADD KEY `IDX_2FAAA705C03CB092` (`reduction_id`),
  ADD KEY `IDX_2FAAA705F965414C` (`saison_id`);

--
-- Index pour la table `ost_sht_saison_autressupp`
--
ALTER TABLE `ost_sht_saison_autressupp`
  ADD PRIMARY KEY (`id`),
  ADD KEY `IDX_30EF15B67793FA21` (`supplement_id`),
  ADD KEY `IDX_30EF15B6F965414C` (`saison_id`);

--
-- Index pour la table `ost_sht_saison_chambres`
--
ALTER TABLE `ost_sht_saison_chambres`
  ADD PRIMARY KEY (`id`),
  ADD KEY `IDX_160ACD859B177F54` (`chambre_id`),
  ADD KEY `IDX_160ACD85F965414C` (`saison_id`);

--
-- Index pour la table `ost_sht_saison_chambres_frais`
--
ALTER TABLE `ost_sht_saison_chambres_frais`
  ADD PRIMARY KEY (`id`),
  ADD KEY `IDX_879636A3F965414C` (`saison_id`),
  ADD KEY `IDX_879636A39B177F54` (`chambre_id`);

--
-- Index pour la table `ost_sht_saison_chambres_frais_lignes`
--
ALTER TABLE `ost_sht_saison_chambres_frais_lignes`
  ADD PRIMARY KEY (`id`),
  ADD KEY `IDX_1C737BB8EC285501` (`entete_id`),
  ADD KEY `IDX_1C737BB8C5CAAFBC` (`arrangement_id`);

--
-- Index pour la table `ost_sht_saison_contingent`
--
ALTER TABLE `ost_sht_saison_contingent`
  ADD PRIMARY KEY (`id`),
  ADD KEY `IDX_7C9C1E8BF965414C` (`saison_id`);

--
-- Index pour la table `ost_sht_saison_label`
--
ALTER TABLE `ost_sht_saison_label`
  ADD PRIMARY KEY (`id`),
  ADD KEY `IDX_AEEEB287F965414C` (`saison_id`);

--
-- Index pour la table `ost_sht_saison_reduc`
--
ALTER TABLE `ost_sht_saison_reduc`
  ADD PRIMARY KEY (`id`);

--
-- Index pour la table `ost_sht_saison_supp`
--
ALTER TABLE `ost_sht_saison_supp`
  ADD PRIMARY KEY (`id`);

--
-- Index pour la table `ost_sht_saison_suppchambres`
--
ALTER TABLE `ost_sht_saison_suppchambres`
  ADD PRIMARY KEY (`id`),
  ADD KEY `IDX_CC8F7E249B177F54` (`chambre_id`),
  ADD KEY `IDX_CC8F7E24F965414C` (`saison_id`);

--
-- Index pour la table `ost_sht_saison_vue`
--
ALTER TABLE `ost_sht_saison_vue`
  ADD PRIMARY KEY (`id`),
  ADD KEY `IDX_A9535FFCC8733BD3` (`vue_id`),
  ADD KEY `IDX_A9535FFCF965414C` (`saison_id`);

--
-- Index pour la table `ost_sht_saison_vue_chambres`
--
ALTER TABLE `ost_sht_saison_vue_chambres`
  ADD PRIMARY KEY (`saisonvue_id`,`chambre_id`),
  ADD KEY `IDX_C8E30EEAF67413E6` (`saisonvue_id`),
  ADD KEY `IDX_C8E30EEA9B177F54` (`chambre_id`);

--
-- Index pour la table `ost_sht_saison_weekend`
--
ALTER TABLE `ost_sht_saison_weekend`
  ADD PRIMARY KEY (`id`);

--
-- Index pour la table `ost_sht_saison_weekend_lignes`
--
ALTER TABLE `ost_sht_saison_weekend_lignes`
  ADD PRIMARY KEY (`id`),
  ADD KEY `IDX_F818A0B293F83878` (`saisonWeekend_id`),
  ADD KEY `IDX_F818A0B29B177F54` (`chambre_id`);

--
-- Index pour la table `ost_sht_supplement`
--
ALTER TABLE `ost_sht_supplement`
  ADD PRIMARY KEY (`id`),
  ADD UNIQUE KEY `UNIQ_7CE3F9C8989D9B62` (`slug`);

--
-- Index pour la table `ost_sht_tag`
--
ALTER TABLE `ost_sht_tag`
  ADD PRIMARY KEY (`id`),
  ADD UNIQUE KEY `UNIQ_CE4FEED1989D9B62` (`slug`);

--
-- Index pour la table `ost_sht_theme`
--
ALTER TABLE `ost_sht_theme`
  ADD PRIMARY KEY (`id`),
  ADD UNIQUE KEY `UNIQ_D4FFC48989D9B62` (`slug`),
  ADD KEY `IDX_D4FFC4812529D24` (`themeCategorie_id`);

--
-- Index pour la table `ost_sht_theme_categorie`
--
ALTER TABLE `ost_sht_theme_categorie`
  ADD PRIMARY KEY (`id`),
  ADD UNIQUE KEY `UNIQ_6824B172989D9B62` (`slug`);

--
-- Index pour la table `ost_sht_type_amenagement`
--
ALTER TABLE `ost_sht_type_amenagement`
  ADD PRIMARY KEY (`id`),
  ADD UNIQUE KEY `UNIQ_8B50235989D9B62` (`slug`);

--
-- Index pour la table `ost_sht_ville`
--
ALTER TABLE `ost_sht_ville`
  ADD PRIMARY KEY (`id`),
  ADD UNIQUE KEY `UNIQ_D9F9C283989D9B62` (`slug`),
  ADD KEY `IDX_D9F9C28398260155` (`region_id`),
  ADD KEY `IDX_D9F9C283A6E44244` (`pays_id`);

--
-- Index pour la table `ost_sht_vue`
--
ALTER TABLE `ost_sht_vue`
  ADD PRIMARY KEY (`id`),
  ADD UNIQUE KEY `UNIQ_D6B8CC6989D9B62` (`slug`);

--
-- Index pour la table `ost_sla`
--
ALTER TABLE `ost_sla`
  ADD PRIMARY KEY (`id`),
  ADD UNIQUE KEY `name` (`name`);

--
-- Index pour la table `ost_sous_etat`
--
ALTER TABLE `ost_sous_etat`
  ADD PRIMARY KEY (`id`),
  ADD KEY `IDX_4E095BD9D5E86FF` (`etat_id`),
  ADD KEY `IDX_4E095BD9A76ED395` (`user_id`),
  ADD KEY `IDX_4E095BD94773709E` (`reservationSHT_id`),
  ADD KEY `IDX_4E095BD94D295EAE` (`reservationPR_id`),
  ADD KEY `IDX_4E095BD9601A244C` (`reservationVO_id`),
  ADD KEY `IDX_4E095BD9913067AD` (`reservationB_id`),
  ADD KEY `IDX_4E095BD9C95377FB` (`reservationM_id`),
  ADD KEY `IDX_4E095BD99AC7F56A` (`reservationBE_id`),
  ADD KEY `IDX_4E095BD9E4426FEE` (`reservationT_id`),
  ADD KEY `IDX_4E095BD967F05A51` (`reservationRB_id`),
  ADD KEY `IDX_4E095BD9AFD64064` (`reservationSHE_id`);

--
-- Index pour la table `ost_syslog`
--
ALTER TABLE `ost_syslog`
  ADD PRIMARY KEY (`log_id`),
  ADD KEY `log_type` (`log_type`);

--
-- Index pour la table `ost_team`
--
ALTER TABLE `ost_team`
  ADD PRIMARY KEY (`team_id`),
  ADD UNIQUE KEY `name` (`name`),
  ADD KEY `isnabled` (`isenabled`),
  ADD KEY `lead_id` (`lead_id`);

--
-- Index pour la table `ost_team_member`
--
ALTER TABLE `ost_team_member`
  ADD PRIMARY KEY (`team_id`,`staff_id`);

--
-- Index pour la table `ost_ticket`
--
ALTER TABLE `ost_ticket`
  ADD PRIMARY KEY (`ticket_id`),
  ADD KEY `user_id` (`user_id`),
  ADD KEY `dept_id` (`dept_id`),
  ADD KEY `staff_id` (`staff_id`),
  ADD KEY `team_id` (`team_id`),
  ADD KEY `status_id` (`status_id`),
  ADD KEY `created` (`created`),
  ADD KEY `closed` (`closed`),
  ADD KEY `duedate` (`duedate`),
  ADD KEY `topic_id` (`topic_id`),
  ADD KEY `sla_id` (`sla_id`);

--
-- Index pour la table `ost_ticket_attachment`
--
ALTER TABLE `ost_ticket_attachment`
  ADD PRIMARY KEY (`attach_id`),
  ADD KEY `ticket_id` (`ticket_id`),
  ADD KEY `ref_id` (`ref_id`),
  ADD KEY `file_id` (`file_id`);

--
-- Index pour la table `ost_ticket_collaborator`
--
ALTER TABLE `ost_ticket_collaborator`
  ADD PRIMARY KEY (`id`),
  ADD UNIQUE KEY `collab` (`ticket_id`,`user_id`);

--
-- Index pour la table `ost_ticket_email_info`
--
ALTER TABLE `ost_ticket_email_info`
  ADD PRIMARY KEY (`id`),
  ADD KEY `email_mid` (`email_mid`);

--
-- Index pour la table `ost_ticket_event`
--
ALTER TABLE `ost_ticket_event`
  ADD KEY `ticket_state` (`ticket_id`,`state`,`timestamp`),
  ADD KEY `ticket_stats` (`timestamp`,`state`);

--
-- Index pour la table `ost_ticket_lock`
--
ALTER TABLE `ost_ticket_lock`
  ADD PRIMARY KEY (`lock_id`),
  ADD UNIQUE KEY `ticket_id` (`ticket_id`),
  ADD KEY `staff_id` (`staff_id`);

--
-- Index pour la table `ost_ticket_priority`
--
ALTER TABLE `ost_ticket_priority`
  ADD PRIMARY KEY (`priority_id`),
  ADD UNIQUE KEY `priority` (`priority`),
  ADD KEY `priority_urgency` (`priority_urgency`),
  ADD KEY `ispublic` (`ispublic`);

--
-- Index pour la table `ost_ticket_status`
--
ALTER TABLE `ost_ticket_status`
  ADD PRIMARY KEY (`id`),
  ADD UNIQUE KEY `name` (`name`),
  ADD KEY `state` (`state`);

--
-- Index pour la table `ost_ticket_thread`
--
ALTER TABLE `ost_ticket_thread`
  ADD PRIMARY KEY (`id`),
  ADD KEY `ticket_id` (`ticket_id`),
  ADD KEY `staff_id` (`staff_id`),
  ADD KEY `pid` (`pid`);

--
-- Index pour la table `ost_timezone`
--
ALTER TABLE `ost_timezone`
  ADD PRIMARY KEY (`id`);

--
-- Index pour la table `ost_transfert_reservation_ligne`
--
ALTER TABLE `ost_transfert_reservation_ligne`
  ADD PRIMARY KEY (`id`),
  ADD KEY `IDX_B9E30B00B83297E7` (`reservation_id`);

--
-- Index pour la table `ost_transfer_reservation`
--
ALTER TABLE `ost_transfer_reservation`
  ADD PRIMARY KEY (`id`),
  ADD KEY `IDX_38E092B353C59D72` (`responsable_id`),
  ADD KEY `IDX_38E092B319EB6921` (`client_id`),
  ADD KEY `IDX_38E092B3FEBD183` (`amicale_id`),
  ADD KEY `IDX_38E092B3F06C2258` (`responsableAmicale_id`),
  ADD KEY `IDX_38E092B3BE5B0FBB` (`pointvente_id`);

--
-- Index pour la table `ost_tsk_etat`
--
ALTER TABLE `ost_tsk_etat`
  ADD PRIMARY KEY (`id`);

--
-- Index pour la table `ost_tsk_notification`
--
ALTER TABLE `ost_tsk_notification`
  ADD PRIMARY KEY (`id`),
  ADD KEY `IDX_FC6B1952F4E25B21` (`who_id`),
  ADD KEY `IDX_FC6B195245A9EF83` (`assignedTo_id`);

--
-- Index pour la table `ost_tsk_priority`
--
ALTER TABLE `ost_tsk_priority`
  ADD PRIMARY KEY (`id`);

--
-- Index pour la table `ost_tsk_task`
--
ALTER TABLE `ost_tsk_task`
  ADD PRIMARY KEY (`id`),
  ADD KEY `IDX_4A4A5CC7C54C8C93` (`type_id`),
  ADD KEY `IDX_4A4A5CC7497B19F9` (`priority_id`),
  ADD KEY `IDX_4A4A5CC73174800F` (`createdBy_id`),
  ADD KEY `IDX_4A4A5CC745A9EF83` (`assignedTo_id`);

--
-- Index pour la table `ost_tsk_taskslog`
--
ALTER TABLE `ost_tsk_taskslog`
  ADD PRIMARY KEY (`id`),
  ADD KEY `IDX_3A136FD33174800F` (`createdBy_id`),
  ADD KEY `IDX_3A136FD345A9EF83` (`assignedTo_id`);

--
-- Index pour la table `ost_tsk_type`
--
ALTER TABLE `ost_tsk_type`
  ADD PRIMARY KEY (`id`);

--
-- Index pour la table `ost_tva`
--
ALTER TABLE `ost_tva`
  ADD PRIMARY KEY (`id`);

--
-- Index pour la table `ost_type_activite`
--
ALTER TABLE `ost_type_activite`
  ADD PRIMARY KEY (`id`);

--
-- Index pour la table `ost_user_gouvernorat`
--
ALTER TABLE `ost_user_gouvernorat`
  ADD PRIMARY KEY (`id`),
  ADD KEY `IDX_C874F3D7A6E44244` (`pays_id`);

--
-- Index pour la table `ost_user_group`
--
ALTER TABLE `ost_user_group`
  ADD PRIMARY KEY (`user_id`,`group_id`),
  ADD KEY `IDX_AC4E16D0A76ED395` (`user_id`),
  ADD KEY `IDX_AC4E16D0FE54D947` (`group_id`);

--
-- Index pour la table `ost_user_logo`
--
ALTER TABLE `ost_user_logo`
  ADD PRIMARY KEY (`id`),
  ADD UNIQUE KEY `UNIQ_BC1242D19EB6921` (`client_id`);

--
-- Index pour la table `ost_vo_chambre`
--
ALTER TABLE `ost_vo_chambre`
  ADD PRIMARY KEY (`id`),
  ADD KEY `IDX_6C28A07A635D1086` (`contingent_id`);

--
-- Index pour la table `ost_vo_company`
--
ALTER TABLE `ost_vo_company`
  ADD PRIMARY KEY (`id`);

--
-- Index pour la table `ost_vo_configuration_voucher`
--
ALTER TABLE `ost_vo_configuration_voucher`
  ADD PRIMARY KEY (`id`);

--
-- Index pour la table `ost_vo_contingents`
--
ALTER TABLE `ost_vo_contingents`
  ADD PRIMARY KEY (`id`),
  ADD KEY `IDX_7B4B07E068C9E5AF` (`voyage_id`),
  ADD KEY `IDX_7B4B07E03243BB18` (`hotel_id`),
  ADD KEY `IDX_7B4B07E01919B217` (`pack_id`);

--
-- Index pour la table `ost_vo_descriptions`
--
ALTER TABLE `ost_vo_descriptions`
  ADD PRIMARY KEY (`id`),
  ADD KEY `IDX_E254754968C9E5AF` (`voyage_id`);

--
-- Index pour la table `ost_vo_destinations`
--
ALTER TABLE `ost_vo_destinations`
  ADD PRIMARY KEY (`id`);

--
-- Index pour la table `ost_vo_dossier`
--
ALTER TABLE `ost_vo_dossier`
  ADD PRIMARY KEY (`id`),
  ADD KEY `IDX_9469A4B2F384C1CF` (`periode_id`);

--
-- Index pour la table `ost_vo_dossier_ligne`
--
ALTER TABLE `ost_vo_dossier_ligne`
  ADD PRIMARY KEY (`id`),
  ADD KEY `IDX_B3591492670C757F` (`fournisseur_id`),
  ADD KEY `IDX_B3591492611C0C56` (`dossier_id`),
  ADD KEY `IDX_B359149213DD0342` (`impaye_id`),
  ADD KEY `IDX_B359149256DF0769` (`factureFournisseur_id`),
  ADD KEY `IDX_B35914924D79775F` (`tva_id`);

--
-- Index pour la table `ost_vo_dossier_reservations`
--
ALTER TABLE `ost_vo_dossier_reservations`
  ADD PRIMARY KEY (`dossier_id`,`reservation_id`),
  ADD KEY `IDX_570B2AA611C0C56` (`dossier_id`),
  ADD KEY `IDX_570B2AAB83297E7` (`reservation_id`);

--
-- Index pour la table `ost_vo_hotel`
--
ALTER TABLE `ost_vo_hotel`
  ADD PRIMARY KEY (`id`),
  ADD KEY `IDX_3BF21D5CBCF5E72D` (`categorie_id`),
  ADD KEY `IDX_3BF21D5CA73F0036` (`ville_id`);

--
-- Index pour la table `ost_vo_info_pratiques`
--
ALTER TABLE `ost_vo_info_pratiques`
  ADD PRIMARY KEY (`id`),
  ADD KEY `IDX_AEE5EE2368C9E5AF` (`voyage_id`);

--
-- Index pour la table `ost_vo_ligne`
--
ALTER TABLE `ost_vo_ligne`
  ADD PRIMARY KEY (`id`),
  ADD KEY `IDX_6F5198061919B217` (`pack_id`),
  ADD KEY `IDX_6F5198061C721E64` (`periodeC_id`),
  ADD KEY `IDX_6F5198062BACEE56` (`periodeF_id`);

--
-- Index pour la table `ost_vo_packs`
--
ALTER TABLE `ost_vo_packs`
  ADD PRIMARY KEY (`id`),
  ADD KEY `IDX_815F23A2F384C1CF` (`periode_id`);

--
-- Index pour la table `ost_vo_periodes`
--
ALTER TABLE `ost_vo_periodes`
  ADD PRIMARY KEY (`id`),
  ADD KEY `IDX_A252F96B68C9E5AF` (`voyage_id`);

--
-- Index pour la table `ost_vo_photos`
--
ALTER TABLE `ost_vo_photos`
  ADD PRIMARY KEY (`id`),
  ADD KEY `IDX_959C363568C9E5AF` (`voyage_id`);

--
-- Index pour la table `ost_vo_plan_voyage`
--
ALTER TABLE `ost_vo_plan_voyage`
  ADD PRIMARY KEY (`id`),
  ADD KEY `IDX_544FC9D979B1AD6` (`company_id`),
  ADD KEY `IDX_544FC9DF384C1CF` (`periode_id`);

--
-- Index pour la table `ost_vo_reservations`
--
ALTER TABLE `ost_vo_reservations`
  ADD PRIMARY KEY (`id`),
  ADD KEY `IDX_2B7779C668C9E5AF` (`voyage_id`),
  ADD KEY `IDX_2B7779C619EB6921` (`client_id`),
  ADD KEY `IDX_2B7779C653C59D72` (`responsable_id`),
  ADD KEY `IDX_2B7779C61919B217` (`pack_id`),
  ADD KEY `IDX_2B7779C6FEBD183` (`amicale_id`),
  ADD KEY `IDX_2B7779C6F06C2258` (`responsableAmicale_id`),
  ADD KEY `IDX_2B7779C6BE5B0FBB` (`pointvente_id`);

--
-- Index pour la table `ost_vo_reservations_chambres`
--
ALTER TABLE `ost_vo_reservations_chambres`
  ADD PRIMARY KEY (`id`),
  ADD KEY `IDX_246F872BB83297E7` (`reservation_id`);

--
-- Index pour la table `ost_vo_reservations_lignes`
--
ALTER TABLE `ost_vo_reservations_lignes`
  ADD PRIMARY KEY (`id`),
  ADD KEY `IDX_29FAE891A21BD112` (`personne_id`);

--
-- Index pour la table `ost_vo_reservation_gestion_etats`
--
ALTER TABLE `ost_vo_reservation_gestion_etats`
  ADD PRIMARY KEY (`id`);

--
-- Index pour la table `ost_vo_reservation_personnes`
--
ALTER TABLE `ost_vo_reservation_personnes`
  ADD PRIMARY KEY (`id`),
  ADD KEY `IDX_42B3F65C9B177F54` (`chambre_id`),
  ADD KEY `IDX_42B3F65C43851422` (`chambreContingent_id`);

--
-- Index pour la table `ost_vo_reservation_personne_billets`
--
ALTER TABLE `ost_vo_reservation_personne_billets`
  ADD PRIMARY KEY (`id`),
  ADD KEY `IDX_A0D277C4A21BD112` (`personne_id`);

--
-- Index pour la table `ost_vo_reservation_personne_billets_logs`
--
ALTER TABLE `ost_vo_reservation_personne_billets_logs`
  ADD PRIMARY KEY (`id`),
  ADD KEY `IDX_67DD3DCED5E86FF` (`etat_id`),
  ADD KEY `IDX_67DD3DCE44973C78` (`billet_id`);

--
-- Index pour la table `ost_vo_reservation_personne_hotels`
--
ALTER TABLE `ost_vo_reservation_personne_hotels`
  ADD PRIMARY KEY (`id`),
  ADD KEY `IDX_2CFE7066A21BD112` (`personne_id`);

--
-- Index pour la table `ost_vo_reservation_personne_hotels_logs`
--
ALTER TABLE `ost_vo_reservation_personne_hotels_logs`
  ADD PRIMARY KEY (`id`),
  ADD KEY `IDX_568CA142D5E86FF` (`etat_id`),
  ADD KEY `IDX_568CA1423243BB18` (`hotel_id`);

--
-- Index pour la table `ost_vo_reservation_personne_visas`
--
ALTER TABLE `ost_vo_reservation_personne_visas`
  ADD PRIMARY KEY (`id`),
  ADD KEY `IDX_3E1435A0A21BD112` (`personne_id`);

--
-- Index pour la table `ost_vo_reservation_personne_visas_logs`
--
ALTER TABLE `ost_vo_reservation_personne_visas_logs`
  ADD PRIMARY KEY (`id`),
  ADD KEY `IDX_40923193D5E86FF` (`etat_id`),
  ADD KEY `IDX_4092319399C772A6` (`visa_id`);

--
-- Index pour la table `ost_vo_ResponsableVoyage`
--
ALTER TABLE `ost_vo_ResponsableVoyage`
  ADD PRIMARY KEY (`id`),
  ADD KEY `IDX_9986135C68C9E5AF` (`voyage_id`);

--
-- Index pour la table `ost_vo_themes`
--
ALTER TABLE `ost_vo_themes`
  ADD PRIMARY KEY (`id`),
  ADD KEY `IDX_88A8E43212529D24` (`themeCategorie_id`);

--
-- Index pour la table `ost_vo_themes_categories`
--
ALTER TABLE `ost_vo_themes_categories`
  ADD PRIMARY KEY (`id`);

--
-- Index pour la table `ost_vo_videos`
--
ALTER TABLE `ost_vo_videos`
  ADD PRIMARY KEY (`id`),
  ADD KEY `IDX_B440B2DE68C9E5AF` (`voyage_id`);

--
-- Index pour la table `ost_vo_visas`
--
ALTER TABLE `ost_vo_visas`
  ADD PRIMARY KEY (`id`),
  ADD KEY `IDX_2D62B51768C9E5AF` (`voyage_id`);

--
-- Index pour la table `ost_vo_voyages`
--
ALTER TABLE `ost_vo_voyages`
  ADD PRIMARY KEY (`id`),
  ADD UNIQUE KEY `UNIQ_A911B37C989D9B62` (`slug`),
  ADD KEY `IDX_A911B37C816C6140` (`destination_id`);

--
-- Index pour la table `ost_vo_voyages_lignes_amicales`
--
ALTER TABLE `ost_vo_voyages_lignes_amicales`
  ADD PRIMARY KEY (`ligne_id`,`amicale_id`),
  ADD KEY `IDX_3C00B0A85A438E76` (`ligne_id`),
  ADD KEY `IDX_3C00B0A8FEBD183` (`amicale_id`);

--
-- Index pour la table `ost_vo_voyages_packs_amicales`
--
ALTER TABLE `ost_vo_voyages_packs_amicales`
  ADD PRIMARY KEY (`pack_id`,`amicale_id`),
  ADD KEY `IDX_275F44341919B217` (`pack_id`),
  ADD KEY `IDX_275F4434FEBD183` (`amicale_id`);

--
-- Index pour la table `ost_vo_voyages_packs_hotels`
--
ALTER TABLE `ost_vo_voyages_packs_hotels`
  ADD PRIMARY KEY (`pack_id`,`hotel_id`),
  ADD KEY `IDX_CBF1E0101919B217` (`pack_id`),
  ADD KEY `IDX_CBF1E0103243BB18` (`hotel_id`);

--
-- Index pour la table `ost_vo_voyages_pays`
--
ALTER TABLE `ost_vo_voyages_pays`
  ADD PRIMARY KEY (`voyageorganise_id`,`pays_id`),
  ADD KEY `IDX_387E6EE8D56295CC` (`voyageorganise_id`),
  ADD KEY `IDX_387E6EE8A6E44244` (`pays_id`);

--
-- Index pour la table `ost_vo_voyages_themes`
--
ALTER TABLE `ost_vo_voyages_themes`
  ADD PRIMARY KEY (`voyageorganise_id`,`theme_id`),
  ADD KEY `IDX_3604E664D56295CC` (`voyageorganise_id`),
  ADD KEY `IDX_3604E66459027487` (`theme_id`);

--
-- AUTO_INCREMENT pour les tables exportées
--

--
-- AUTO_INCREMENT pour la table `ConfigurationCaisse`
--
ALTER TABLE `ConfigurationCaisse`
  MODIFY `id` int(11) NOT NULL AUTO_INCREMENT;
--
-- AUTO_INCREMENT pour la table `ext_log_entries`
--
ALTER TABLE `ext_log_entries`
  MODIFY `id` int(11) NOT NULL AUTO_INCREMENT;
--
-- AUTO_INCREMENT pour la table `ext_translations`
--
ALTER TABLE `ext_translations`
  MODIFY `id` int(11) NOT NULL AUTO_INCREMENT;
--
-- AUTO_INCREMENT pour la table `Groupe`
--
ALTER TABLE `Groupe`
  MODIFY `id` int(11) NOT NULL AUTO_INCREMENT;
--
-- AUTO_INCREMENT pour la table `ost_agence`
--
ALTER TABLE `ost_agence`
  MODIFY `id` int(11) NOT NULL AUTO_INCREMENT,AUTO_INCREMENT=2;
--
-- AUTO_INCREMENT pour la table `ost_agence_cachetnumerique`
--
ALTER TABLE `ost_agence_cachetnumerique`
  MODIFY `id` int(11) NOT NULL AUTO_INCREMENT,AUTO_INCREMENT=2;
--
-- AUTO_INCREMENT pour la table `ost_agence_impression_background`
--
ALTER TABLE `ost_agence_impression_background`
  MODIFY `id` int(11) NOT NULL AUTO_INCREMENT,AUTO_INCREMENT=2;
--
-- AUTO_INCREMENT pour la table `ost_agence_impression_model`
--
ALTER TABLE `ost_agence_impression_model`
  MODIFY `id` int(11) NOT NULL AUTO_INCREMENT,AUTO_INCREMENT=2;
--
-- AUTO_INCREMENT pour la table `ost_amicale`
--
ALTER TABLE `ost_amicale`
  MODIFY `id` int(11) NOT NULL AUTO_INCREMENT,AUTO_INCREMENT=17;
--
-- AUTO_INCREMENT pour la table `ost_back_articles_categorie`
--
ALTER TABLE `ost_back_articles_categorie`
  MODIFY `id` int(11) NOT NULL AUTO_INCREMENT,AUTO_INCREMENT=13;
--
-- AUTO_INCREMENT pour la table `ost_back_articles_element`
--
ALTER TABLE `ost_back_articles_element`
  MODIFY `id` int(11) NOT NULL AUTO_INCREMENT,AUTO_INCREMENT=54;
--
-- AUTO_INCREMENT pour la table `ost_back_blochtml`
--
ALTER TABLE `ost_back_blochtml`
  MODIFY `id` int(11) NOT NULL AUTO_INCREMENT,AUTO_INCREMENT=3;
--
-- AUTO_INCREMENT pour la table `ost_back_categorie`
--
ALTER TABLE `ost_back_categorie`
  MODIFY `id` int(11) NOT NULL AUTO_INCREMENT,AUTO_INCREMENT=23;
--
-- AUTO_INCREMENT pour la table `ost_back_contactmotif`
--
ALTER TABLE `ost_back_contactmotif`
  MODIFY `id` int(11) NOT NULL AUTO_INCREMENT;
--
-- AUTO_INCREMENT pour la table `ost_back_element`
--
ALTER TABLE `ost_back_element`
  MODIFY `id` int(11) NOT NULL AUTO_INCREMENT,AUTO_INCREMENT=42;
--
-- AUTO_INCREMENT pour la table `ost_back_filtre_theme_categorie_pr`
--
ALTER TABLE `ost_back_filtre_theme_categorie_pr`
  MODIFY `id` int(11) NOT NULL AUTO_INCREMENT;
--
-- AUTO_INCREMENT pour la table `ost_back_filtre_theme_categorie_sht`
--
ALTER TABLE `ost_back_filtre_theme_categorie_sht`
  MODIFY `id` int(11) NOT NULL AUTO_INCREMENT;
--
-- AUTO_INCREMENT pour la table `ost_back_filtre_theme_categorie_vo`
--
ALTER TABLE `ost_back_filtre_theme_categorie_vo`
  MODIFY `id` int(11) NOT NULL AUTO_INCREMENT,AUTO_INCREMENT=2;
--
-- AUTO_INCREMENT pour la table `ost_back_footer_bloc_comm`
--
ALTER TABLE `ost_back_footer_bloc_comm`
  MODIFY `id` int(11) NOT NULL AUTO_INCREMENT;
--
-- AUTO_INCREMENT pour la table `ost_back_footer_comm`
--
ALTER TABLE `ost_back_footer_comm`
  MODIFY `id` int(11) NOT NULL AUTO_INCREMENT;
--
-- AUTO_INCREMENT pour la table `ost_back_footer_extra_comm`
--
ALTER TABLE `ost_back_footer_extra_comm`
  MODIFY `id` int(11) NOT NULL AUTO_INCREMENT;
--
-- AUTO_INCREMENT pour la table `ost_back_footer_social_comm`
--
ALTER TABLE `ost_back_footer_social_comm`
  MODIFY `id` int(11) NOT NULL AUTO_INCREMENT,AUTO_INCREMENT=2;
--
-- AUTO_INCREMENT pour la table `ost_back_groupe_categorie`
--
ALTER TABLE `ost_back_groupe_categorie`
  MODIFY `id` int(11) NOT NULL AUTO_INCREMENT,AUTO_INCREMENT=13;
--
-- AUTO_INCREMENT pour la table `ost_back_images`
--
ALTER TABLE `ost_back_images`
  MODIFY `id` int(11) NOT NULL AUTO_INCREMENT,AUTO_INCREMENT=49;
--
-- AUTO_INCREMENT pour la table `ost_back_information_agence`
--
ALTER TABLE `ost_back_information_agence`
  MODIFY `id` int(11) NOT NULL AUTO_INCREMENT,AUTO_INCREMENT=7;
--
-- AUTO_INCREMENT pour la table `ost_back_lien_categorie`
--
ALTER TABLE `ost_back_lien_categorie`
  MODIFY `id` int(11) NOT NULL AUTO_INCREMENT,AUTO_INCREMENT=7;
--
-- AUTO_INCREMENT pour la table `ost_back_lien_element`
--
ALTER TABLE `ost_back_lien_element`
  MODIFY `id` int(11) NOT NULL AUTO_INCREMENT,AUTO_INCREMENT=36;
--
-- AUTO_INCREMENT pour la table `ost_back_news_letter`
--
ALTER TABLE `ost_back_news_letter`
  MODIFY `id` int(11) NOT NULL AUTO_INCREMENT,AUTO_INCREMENT=26;
--
-- AUTO_INCREMENT pour la table `ost_back_odre_bloc`
--
ALTER TABLE `ost_back_odre_bloc`
  MODIFY `id` int(11) NOT NULL AUTO_INCREMENT,AUTO_INCREMENT=3;
--
-- AUTO_INCREMENT pour la table `ost_back_partenaire`
--
ALTER TABLE `ost_back_partenaire`
  MODIFY `id` int(11) NOT NULL AUTO_INCREMENT,AUTO_INCREMENT=23;
--
-- AUTO_INCREMENT pour la table `ost_back_silder`
--
ALTER TABLE `ost_back_silder`
  MODIFY `id` int(11) NOT NULL AUTO_INCREMENT,AUTO_INCREMENT=3;
--
-- AUTO_INCREMENT pour la table `ost_be_centre`
--
ALTER TABLE `ost_be_centre`
  MODIFY `id` int(11) NOT NULL AUTO_INCREMENT,AUTO_INCREMENT=20;
--
-- AUTO_INCREMENT pour la table `ost_be_configuration_voucher`
--
ALTER TABLE `ost_be_configuration_voucher`
  MODIFY `id` int(11) NOT NULL AUTO_INCREMENT;
--
-- AUTO_INCREMENT pour la table `ost_be_dossier`
--
ALTER TABLE `ost_be_dossier`
  MODIFY `id` int(11) NOT NULL AUTO_INCREMENT;
--
-- AUTO_INCREMENT pour la table `ost_be_dossier_ligne`
--
ALTER TABLE `ost_be_dossier_ligne`
  MODIFY `id` int(11) NOT NULL AUTO_INCREMENT;
--
-- AUTO_INCREMENT pour la table `ost_be_photo`
--
ALTER TABLE `ost_be_photo`
  MODIFY `id` int(11) NOT NULL AUTO_INCREMENT,AUTO_INCREMENT=95;
--
-- AUTO_INCREMENT pour la table `ost_be_produit`
--
ALTER TABLE `ost_be_produit`
  MODIFY `id` int(11) NOT NULL AUTO_INCREMENT,AUTO_INCREMENT=42;
--
-- AUTO_INCREMENT pour la table `ost_be_reservations`
--
ALTER TABLE `ost_be_reservations`
  MODIFY `id` int(11) NOT NULL AUTO_INCREMENT,AUTO_INCREMENT=18;
--
-- AUTO_INCREMENT pour la table `ost_be_tarif`
--
ALTER TABLE `ost_be_tarif`
  MODIFY `id` int(11) NOT NULL AUTO_INCREMENT,AUTO_INCREMENT=50;
--
-- AUTO_INCREMENT pour la table `ost_billetterie_airoport`
--
ALTER TABLE `ost_billetterie_airoport`
  MODIFY `id` int(11) NOT NULL AUTO_INCREMENT;
--
-- AUTO_INCREMENT pour la table `ost_billetterie_dossier`
--
ALTER TABLE `ost_billetterie_dossier`
  MODIFY `id` int(11) NOT NULL AUTO_INCREMENT;
--
-- AUTO_INCREMENT pour la table `ost_billetterie_dossier_ligne`
--
ALTER TABLE `ost_billetterie_dossier_ligne`
  MODIFY `id` int(11) NOT NULL AUTO_INCREMENT;
--
-- AUTO_INCREMENT pour la table `ost_billetterie_reservation`
--
ALTER TABLE `ost_billetterie_reservation`
  MODIFY `id` int(11) NOT NULL AUTO_INCREMENT;
--
-- AUTO_INCREMENT pour la table `ost_billetterie_reservation_ligne`
--
ALTER TABLE `ost_billetterie_reservation_ligne`
  MODIFY `id` int(11) NOT NULL AUTO_INCREMENT;
--
-- AUTO_INCREMENT pour la table `ost_billetterie_reservation_ligne_trajet`
--
ALTER TABLE `ost_billetterie_reservation_ligne_trajet`
  MODIFY `id` int(11) NOT NULL AUTO_INCREMENT;
--
-- AUTO_INCREMENT pour la table `ost_billetterie_reservation_typevol`
--
ALTER TABLE `ost_billetterie_reservation_typevol`
  MODIFY `id` int(11) NOT NULL AUTO_INCREMENT;
--
-- AUTO_INCREMENT pour la table `ost_canned_response`
--
ALTER TABLE `ost_canned_response`
  MODIFY `canned_id` int(10) unsigned NOT NULL AUTO_INCREMENT;
--
-- AUTO_INCREMENT pour la table `ost_client`
--
ALTER TABLE `ost_client`
  MODIFY `id` int(11) NOT NULL AUTO_INCREMENT,AUTO_INCREMENT=326;
--
-- AUTO_INCREMENT pour la table `ost_com_entete_remboursement`
--
ALTER TABLE `ost_com_entete_remboursement`
  MODIFY `id` int(11) NOT NULL AUTO_INCREMENT;
--
-- AUTO_INCREMENT pour la table `ost_com_facture`
--
ALTER TABLE `ost_com_facture`
  MODIFY `id` int(11) NOT NULL AUTO_INCREMENT;
--
-- AUTO_INCREMENT pour la table `ost_com_facture_fournisseur`
--
ALTER TABLE `ost_com_facture_fournisseur`
  MODIFY `id` int(11) NOT NULL AUTO_INCREMENT;
--
-- AUTO_INCREMENT pour la table `ost_com_facture_ligne`
--
ALTER TABLE `ost_com_facture_ligne`
  MODIFY `id` int(11) NOT NULL AUTO_INCREMENT;
--
-- AUTO_INCREMENT pour la table `ost_com_fournisseur`
--
ALTER TABLE `ost_com_fournisseur`
  MODIFY `id` int(11) NOT NULL AUTO_INCREMENT,AUTO_INCREMENT=406;
--
-- AUTO_INCREMENT pour la table `ost_com_impaye`
--
ALTER TABLE `ost_com_impaye`
  MODIFY `id` int(11) NOT NULL AUTO_INCREMENT,AUTO_INCREMENT=28;
--
-- AUTO_INCREMENT pour la table `ost_com_ligne_remboursement`
--
ALTER TABLE `ost_com_ligne_remboursement`
  MODIFY `id` int(11) NOT NULL AUTO_INCREMENT;
--
-- AUTO_INCREMENT pour la table `ost_com_log_fac_print`
--
ALTER TABLE `ost_com_log_fac_print`
  MODIFY `id` int(11) NOT NULL AUTO_INCREMENT;
--
-- AUTO_INCREMENT pour la table `ost_com_piece`
--
ALTER TABLE `ost_com_piece`
  MODIFY `id` int(11) NOT NULL AUTO_INCREMENT;
--
-- AUTO_INCREMENT pour la table `ost_com_reglement`
--
ALTER TABLE `ost_com_reglement`
  MODIFY `id` int(11) NOT NULL AUTO_INCREMENT;
--
-- AUTO_INCREMENT pour la table `ost_com_reglements_fournisseurs`
--
ALTER TABLE `ost_com_reglements_fournisseurs`
  MODIFY `id` int(11) NOT NULL AUTO_INCREMENT;
--
-- AUTO_INCREMENT pour la table `ost_com_tarif`
--
ALTER TABLE `ost_com_tarif`
  MODIFY `id` int(11) NOT NULL AUTO_INCREMENT,AUTO_INCREMENT=2;
--
-- AUTO_INCREMENT pour la table `ost_contact`
--
ALTER TABLE `ost_contact`
  MODIFY `id` int(11) NOT NULL AUTO_INCREMENT;
--
-- AUTO_INCREMENT pour la table `ost_content`
--
ALTER TABLE `ost_content`
  MODIFY `id` int(10) unsigned NOT NULL AUTO_INCREMENT;
--
-- AUTO_INCREMENT pour la table `ost_contrat_media`
--
ALTER TABLE `ost_contrat_media`
  MODIFY `id` int(11) NOT NULL AUTO_INCREMENT,AUTO_INCREMENT=280;
--
-- AUTO_INCREMENT pour la table `ost_c_caisse_config`
--
ALTER TABLE `ost_c_caisse_config`
  MODIFY `id` int(11) NOT NULL AUTO_INCREMENT,AUTO_INCREMENT=2;
--
-- AUTO_INCREMENT pour la table `ost_c_sessioncaisse`
--
ALTER TABLE `ost_c_sessioncaisse`
  MODIFY `id` int(11) NOT NULL AUTO_INCREMENT;
--
-- AUTO_INCREMENT pour la table `ost_c_typeligne`
--
ALTER TABLE `ost_c_typeligne`
  MODIFY `id` int(11) NOT NULL AUTO_INCREMENT,AUTO_INCREMENT=4;
--
-- AUTO_INCREMENT pour la table `ost_department`
--
ALTER TABLE `ost_department`
  MODIFY `dept_id` int(11) unsigned NOT NULL AUTO_INCREMENT;
--
-- AUTO_INCREMENT pour la table `ost_devise`
--
ALTER TABLE `ost_devise`
  MODIFY `id` int(11) NOT NULL AUTO_INCREMENT;
--
-- AUTO_INCREMENT pour la table `ost_div_dossier`
--
ALTER TABLE `ost_div_dossier`
  MODIFY `id` int(11) NOT NULL AUTO_INCREMENT;
--
-- AUTO_INCREMENT pour la table `ost_div_dossier_ligne`
--
ALTER TABLE `ost_div_dossier_ligne`
  MODIFY `id` int(11) NOT NULL AUTO_INCREMENT;
--
-- AUTO_INCREMENT pour la table `ost_div_reservations`
--
ALTER TABLE `ost_div_reservations`
  MODIFY `id` int(11) NOT NULL AUTO_INCREMENT;
--
-- AUTO_INCREMENT pour la table `ost_div_reservations_ligne`
--
ALTER TABLE `ost_div_reservations_ligne`
  MODIFY `id` int(11) NOT NULL AUTO_INCREMENT;
--
-- AUTO_INCREMENT pour la table `ost_draft`
--
ALTER TABLE `ost_draft`
  MODIFY `id` int(11) unsigned NOT NULL AUTO_INCREMENT;
--
-- AUTO_INCREMENT pour la table `ost_emails`
--
ALTER TABLE `ost_emails`
  MODIFY `id` int(11) NOT NULL AUTO_INCREMENT,AUTO_INCREMENT=10;
--
-- AUTO_INCREMENT pour la table `ost_email_template`
--
ALTER TABLE `ost_email_template`
  MODIFY `id` int(11) unsigned NOT NULL AUTO_INCREMENT;
--
-- AUTO_INCREMENT pour la table `ost_email_template_group`
--
ALTER TABLE `ost_email_template_group`
  MODIFY `tpl_id` int(11) NOT NULL AUTO_INCREMENT;
--
-- AUTO_INCREMENT pour la table `ost_etat`
--
ALTER TABLE `ost_etat`
  MODIFY `id` int(11) NOT NULL AUTO_INCREMENT,AUTO_INCREMENT=10;
--
-- AUTO_INCREMENT pour la table `ost_faq`
--
ALTER TABLE `ost_faq`
  MODIFY `faq_id` int(10) unsigned NOT NULL AUTO_INCREMENT;
--
-- AUTO_INCREMENT pour la table `ost_faq_category`
--
ALTER TABLE `ost_faq_category`
  MODIFY `category_id` int(10) unsigned NOT NULL AUTO_INCREMENT;
--
-- AUTO_INCREMENT pour la table `ost_filter`
--
ALTER TABLE `ost_filter`
  MODIFY `id` int(11) unsigned NOT NULL AUTO_INCREMENT;
--
-- AUTO_INCREMENT pour la table `ost_filter_rule`
--
ALTER TABLE `ost_filter_rule`
  MODIFY `id` int(11) unsigned NOT NULL AUTO_INCREMENT;
--
-- AUTO_INCREMENT pour la table `ost_form`
--
ALTER TABLE `ost_form`
  MODIFY `id` int(11) unsigned NOT NULL AUTO_INCREMENT;
--
-- AUTO_INCREMENT pour la table `ost_form_entry`
--
ALTER TABLE `ost_form_entry`
  MODIFY `id` int(11) unsigned NOT NULL AUTO_INCREMENT;
--
-- AUTO_INCREMENT pour la table `ost_form_field`
--
ALTER TABLE `ost_form_field`
  MODIFY `id` int(11) unsigned NOT NULL AUTO_INCREMENT;
--
-- AUTO_INCREMENT pour la table `ost_front_accueil`
--
ALTER TABLE `ost_front_accueil`
  MODIFY `id` int(11) NOT NULL AUTO_INCREMENT;
--
-- AUTO_INCREMENT pour la table `ost_front_articles`
--
ALTER TABLE `ost_front_articles`
  MODIFY `id` int(11) NOT NULL AUTO_INCREMENT,AUTO_INCREMENT=2;
--
-- AUTO_INCREMENT pour la table `ost_front_bannierelaterale`
--
ALTER TABLE `ost_front_bannierelaterale`
  MODIFY `id` int(11) NOT NULL AUTO_INCREMENT;
--
-- AUTO_INCREMENT pour la table `ost_front_bannierelateralepub`
--
ALTER TABLE `ost_front_bannierelateralepub`
  MODIFY `id` int(11) NOT NULL AUTO_INCREMENT;
--
-- AUTO_INCREMENT pour la table `ost_front_bloclibre`
--
ALTER TABLE `ost_front_bloclibre`
  MODIFY `id` int(11) NOT NULL AUTO_INCREMENT;
--
-- AUTO_INCREMENT pour la table `ost_front_bloclibre_image`
--
ALTER TABLE `ost_front_bloclibre_image`
  MODIFY `id` int(11) NOT NULL AUTO_INCREMENT;
--
-- AUTO_INCREMENT pour la table `ost_front_bloclibre_items`
--
ALTER TABLE `ost_front_bloclibre_items`
  MODIFY `id` int(11) NOT NULL AUTO_INCREMENT;
--
-- AUTO_INCREMENT pour la table `ost_front_config`
--
ALTER TABLE `ost_front_config`
  MODIFY `id` int(11) NOT NULL AUTO_INCREMENT,AUTO_INCREMENT=2;
--
-- AUTO_INCREMENT pour la table `ost_front_contactinfo`
--
ALTER TABLE `ost_front_contactinfo`
  MODIFY `id` int(11) NOT NULL AUTO_INCREMENT;
--
-- AUTO_INCREMENT pour la table `ost_front_contactmotif`
--
ALTER TABLE `ost_front_contactmotif`
  MODIFY `id` int(11) NOT NULL AUTO_INCREMENT;
--
-- AUTO_INCREMENT pour la table `ost_front_destination`
--
ALTER TABLE `ost_front_destination`
  MODIFY `id` int(11) NOT NULL AUTO_INCREMENT,AUTO_INCREMENT=7;
--
-- AUTO_INCREMENT pour la table `ost_front_filtre_theme_categorie_pr`
--
ALTER TABLE `ost_front_filtre_theme_categorie_pr`
  MODIFY `id` int(11) NOT NULL AUTO_INCREMENT;
--
-- AUTO_INCREMENT pour la table `ost_front_filtre_theme_categorie_sht`
--
ALTER TABLE `ost_front_filtre_theme_categorie_sht`
  MODIFY `id` int(11) NOT NULL AUTO_INCREMENT;
--
-- AUTO_INCREMENT pour la table `ost_front_filtre_theme_categorie_vo`
--
ALTER TABLE `ost_front_filtre_theme_categorie_vo`
  MODIFY `id` int(11) NOT NULL AUTO_INCREMENT,AUTO_INCREMENT=3;
--
-- AUTO_INCREMENT pour la table `ost_front_footer`
--
ALTER TABLE `ost_front_footer`
  MODIFY `id` int(11) NOT NULL AUTO_INCREMENT,AUTO_INCREMENT=2;
--
-- AUTO_INCREMENT pour la table `ost_front_footer_desc`
--
ALTER TABLE `ost_front_footer_desc`
  MODIFY `id` int(11) NOT NULL AUTO_INCREMENT;
--
-- AUTO_INCREMENT pour la table `ost_front_footer_deux`
--
ALTER TABLE `ost_front_footer_deux`
  MODIFY `id` int(11) NOT NULL AUTO_INCREMENT;
--
-- AUTO_INCREMENT pour la table `ost_front_footer_social`
--
ALTER TABLE `ost_front_footer_social`
  MODIFY `id` int(11) NOT NULL AUTO_INCREMENT;
--
-- AUTO_INCREMENT pour la table `ost_front_footer_trois`
--
ALTER TABLE `ost_front_footer_trois`
  MODIFY `id` int(11) NOT NULL AUTO_INCREMENT;
--
-- AUTO_INCREMENT pour la table `ost_front_footer_un`
--
ALTER TABLE `ost_front_footer_un`
  MODIFY `id` int(11) NOT NULL AUTO_INCREMENT;
--
-- AUTO_INCREMENT pour la table `ost_front_hotelsdeux`
--
ALTER TABLE `ost_front_hotelsdeux`
  MODIFY `id` int(11) NOT NULL AUTO_INCREMENT;
--
-- AUTO_INCREMENT pour la table `ost_front_hotelsquatre`
--
ALTER TABLE `ost_front_hotelsquatre`
  MODIFY `id` int(11) NOT NULL AUTO_INCREMENT;
--
-- AUTO_INCREMENT pour la table `ost_front_hotelstrois`
--
ALTER TABLE `ost_front_hotelstrois`
  MODIFY `id` int(11) NOT NULL AUTO_INCREMENT;
--
-- AUTO_INCREMENT pour la table `ost_front_hotelsun`
--
ALTER TABLE `ost_front_hotelsun`
  MODIFY `id` int(11) NOT NULL AUTO_INCREMENT;
--
-- AUTO_INCREMENT pour la table `ost_front_iconeaccueilblocs`
--
ALTER TABLE `ost_front_iconeaccueilblocs`
  MODIFY `id` int(11) NOT NULL AUTO_INCREMENT;
--
-- AUTO_INCREMENT pour la table `ost_front_location_lieuprise`
--
ALTER TABLE `ost_front_location_lieuprise`
  MODIFY `id` int(11) NOT NULL AUTO_INCREMENT,AUTO_INCREMENT=11;
--
-- AUTO_INCREMENT pour la table `ost_front_location_lieuremise`
--
ALTER TABLE `ost_front_location_lieuremise`
  MODIFY `id` int(11) NOT NULL AUTO_INCREMENT,AUTO_INCREMENT=11;
--
-- AUTO_INCREMENT pour la table `ost_front_location_voiture`
--
ALTER TABLE `ost_front_location_voiture`
  MODIFY `id` int(11) NOT NULL AUTO_INCREMENT,AUTO_INCREMENT=18;
--
-- AUTO_INCREMENT pour la table `ost_front_media_accueil`
--
ALTER TABLE `ost_front_media_accueil`
  MODIFY `id` int(11) NOT NULL AUTO_INCREMENT;
--
-- AUTO_INCREMENT pour la table `ost_front_menu_extra`
--
ALTER TABLE `ost_front_menu_extra`
  MODIFY `id` int(11) NOT NULL AUTO_INCREMENT;
--
-- AUTO_INCREMENT pour la table `ost_front_notreselection`
--
ALTER TABLE `ost_front_notreselection`
  MODIFY `id` int(11) NOT NULL AUTO_INCREMENT,AUTO_INCREMENT=9;
--
-- AUTO_INCREMENT pour la table `ost_front_omra`
--
ALTER TABLE `ost_front_omra`
  MODIFY `id` int(11) NOT NULL AUTO_INCREMENT;
--
-- AUTO_INCREMENT pour la table `ost_front_partenaire`
--
ALTER TABLE `ost_front_partenaire`
  MODIFY `id` int(11) NOT NULL AUTO_INCREMENT,AUTO_INCREMENT=13;
--
-- AUTO_INCREMENT pour la table `ost_front_programmedeux`
--
ALTER TABLE `ost_front_programmedeux`
  MODIFY `id` int(11) NOT NULL AUTO_INCREMENT;
--
-- AUTO_INCREMENT pour la table `ost_front_programmeun`
--
ALTER TABLE `ost_front_programmeun`
  MODIFY `id` int(11) NOT NULL AUTO_INCREMENT;
--
-- AUTO_INCREMENT pour la table `ost_front_responsables_produits`
--
ALTER TABLE `ost_front_responsables_produits`
  MODIFY `id` int(11) NOT NULL AUTO_INCREMENT;
--
-- AUTO_INCREMENT pour la table `ost_front_selection`
--
ALTER TABLE `ost_front_selection`
  MODIFY `id` int(11) NOT NULL AUTO_INCREMENT,AUTO_INCREMENT=15;
--
-- AUTO_INCREMENT pour la table `ost_front_silder`
--
ALTER TABLE `ost_front_silder`
  MODIFY `id` int(11) NOT NULL AUTO_INCREMENT;
--
-- AUTO_INCREMENT pour la table `ost_front_titreblocs`
--
ALTER TABLE `ost_front_titreblocs`
  MODIFY `id` int(11) NOT NULL AUTO_INCREMENT;
--
-- AUTO_INCREMENT pour la table `ost_front_topdestination`
--
ALTER TABLE `ost_front_topdestination`
  MODIFY `id` int(11) NOT NULL AUTO_INCREMENT;
--
-- AUTO_INCREMENT pour la table `ost_front_topprogramme`
--
ALTER TABLE `ost_front_topprogramme`
  MODIFY `id` int(11) NOT NULL AUTO_INCREMENT;
--
-- AUTO_INCREMENT pour la table `ost_front_tvoyage`
--
ALTER TABLE `ost_front_tvoyage`
  MODIFY `id` int(11) NOT NULL AUTO_INCREMENT,AUTO_INCREMENT=5;
--
-- AUTO_INCREMENT pour la table `ost_front_voyagedeux`
--
ALTER TABLE `ost_front_voyagedeux`
  MODIFY `id` int(11) NOT NULL AUTO_INCREMENT;
--
-- AUTO_INCREMENT pour la table `ost_front_voyagenoce`
--
ALTER TABLE `ost_front_voyagenoce`
  MODIFY `id` int(11) NOT NULL AUTO_INCREMENT;
--
-- AUTO_INCREMENT pour la table `ost_front_voyageun`
--
ALTER TABLE `ost_front_voyageun`
  MODIFY `id` int(11) NOT NULL AUTO_INCREMENT;
--
-- AUTO_INCREMENT pour la table `ost_group`
--
ALTER TABLE `ost_group`
  MODIFY `id` int(11) NOT NULL AUTO_INCREMENT,AUTO_INCREMENT=11;
--
-- AUTO_INCREMENT pour la table `ost_groups`
--
ALTER TABLE `ost_groups`
  MODIFY `group_id` int(10) unsigned NOT NULL AUTO_INCREMENT;
--
-- AUTO_INCREMENT pour la table `ost_help_topic`
--
ALTER TABLE `ost_help_topic`
  MODIFY `topic_id` int(11) unsigned NOT NULL AUTO_INCREMENT;
--
-- AUTO_INCREMENT pour la table `ost_list`
--
ALTER TABLE `ost_list`
  MODIFY `id` int(11) unsigned NOT NULL AUTO_INCREMENT;
--
-- AUTO_INCREMENT pour la table `ost_list_items`
--
ALTER TABLE `ost_list_items`
  MODIFY `id` int(11) unsigned NOT NULL AUTO_INCREMENT;
--
-- AUTO_INCREMENT pour la table `ost_maritime_dossier`
--
ALTER TABLE `ost_maritime_dossier`
  MODIFY `id` int(11) NOT NULL AUTO_INCREMENT;
--
-- AUTO_INCREMENT pour la table `ost_maritime_dossier_ligne`
--
ALTER TABLE `ost_maritime_dossier_ligne`
  MODIFY `id` int(11) NOT NULL AUTO_INCREMENT;
--
-- AUTO_INCREMENT pour la table `ost_maritime_reservation`
--
ALTER TABLE `ost_maritime_reservation`
  MODIFY `id` int(11) NOT NULL AUTO_INCREMENT;
--
-- AUTO_INCREMENT pour la table `ost_media`
--
ALTER TABLE `ost_media`
  MODIFY `id` int(11) NOT NULL AUTO_INCREMENT,AUTO_INCREMENT=3144;
--
-- AUTO_INCREMENT pour la table `ost_menu_circuit`
--
ALTER TABLE `ost_menu_circuit`
  MODIFY `id` int(11) NOT NULL AUTO_INCREMENT;
--
-- AUTO_INCREMENT pour la table `ost_mice_configuration_voucher`
--
ALTER TABLE `ost_mice_configuration_voucher`
  MODIFY `id` int(11) NOT NULL AUTO_INCREMENT;
--
-- AUTO_INCREMENT pour la table `ost_mice_dossier`
--
ALTER TABLE `ost_mice_dossier`
  MODIFY `id` int(11) NOT NULL AUTO_INCREMENT;
--
-- AUTO_INCREMENT pour la table `ost_mice_dossier_ligne`
--
ALTER TABLE `ost_mice_dossier_ligne`
  MODIFY `id` int(11) NOT NULL AUTO_INCREMENT;
--
-- AUTO_INCREMENT pour la table `ost_mice_reservations`
--
ALTER TABLE `ost_mice_reservations`
  MODIFY `id` int(11) NOT NULL AUTO_INCREMENT;
--
-- AUTO_INCREMENT pour la table `ost_mice_services`
--
ALTER TABLE `ost_mice_services`
  MODIFY `id` int(11) NOT NULL AUTO_INCREMENT;
--
-- AUTO_INCREMENT pour la table `ost_mice_type_services`
--
ALTER TABLE `ost_mice_type_services`
  MODIFY `id` int(11) NOT NULL AUTO_INCREMENT;
--
-- AUTO_INCREMENT pour la table `ost_modalite_paiement`
--
ALTER TABLE `ost_modalite_paiement`
  MODIFY `id` int(11) NOT NULL AUTO_INCREMENT,AUTO_INCREMENT=2;
--
-- AUTO_INCREMENT pour la table `ost_news_letter`
--
ALTER TABLE `ost_news_letter`
  MODIFY `id` int(11) NOT NULL AUTO_INCREMENT;
--
-- AUTO_INCREMENT pour la table `ost_note`
--
ALTER TABLE `ost_note`
  MODIFY `id` int(11) unsigned NOT NULL AUTO_INCREMENT;
--
-- AUTO_INCREMENT pour la table `ost_organization`
--
ALTER TABLE `ost_organization`
  MODIFY `id` int(11) unsigned NOT NULL AUTO_INCREMENT;
--
-- AUTO_INCREMENT pour la table `ost_periodes`
--
ALTER TABLE `ost_periodes`
  MODIFY `id` int(11) NOT NULL AUTO_INCREMENT,AUTO_INCREMENT=6177;
--
-- AUTO_INCREMENT pour la table `ost_plugin`
--
ALTER TABLE `ost_plugin`
  MODIFY `id` int(11) unsigned NOT NULL AUTO_INCREMENT;
--
-- AUTO_INCREMENT pour la table `ost_pointvente`
--
ALTER TABLE `ost_pointvente`
  MODIFY `id` int(11) NOT NULL AUTO_INCREMENT,AUTO_INCREMENT=4;
--
-- AUTO_INCREMENT pour la table `ost_produit`
--
ALTER TABLE `ost_produit`
  MODIFY `id` int(11) NOT NULL AUTO_INCREMENT,AUTO_INCREMENT=13;
--
-- AUTO_INCREMENT pour la table `ost_pr_configuration_voucher`
--
ALTER TABLE `ost_pr_configuration_voucher`
  MODIFY `id` int(11) NOT NULL AUTO_INCREMENT;
--
-- AUTO_INCREMENT pour la table `ost_pr_descriptions`
--
ALTER TABLE `ost_pr_descriptions`
  MODIFY `id` int(11) NOT NULL AUTO_INCREMENT,AUTO_INCREMENT=149;
--
-- AUTO_INCREMENT pour la table `ost_pr_dossier`
--
ALTER TABLE `ost_pr_dossier`
  MODIFY `id` int(11) NOT NULL AUTO_INCREMENT;
--
-- AUTO_INCREMENT pour la table `ost_pr_dossier_ligne`
--
ALTER TABLE `ost_pr_dossier_ligne`
  MODIFY `id` int(11) NOT NULL AUTO_INCREMENT;
--
-- AUTO_INCREMENT pour la table `ost_pr_info_pratiques`
--
ALTER TABLE `ost_pr_info_pratiques`
  MODIFY `id` int(11) NOT NULL AUTO_INCREMENT,AUTO_INCREMENT=7;
--
-- AUTO_INCREMENT pour la table `ost_pr_ligne`
--
ALTER TABLE `ost_pr_ligne`
  MODIFY `id` int(11) NOT NULL AUTO_INCREMENT;
--
-- AUTO_INCREMENT pour la table `ost_pr_periodes`
--
ALTER TABLE `ost_pr_periodes`
  MODIFY `id` int(11) NOT NULL AUTO_INCREMENT,AUTO_INCREMENT=72;
--
-- AUTO_INCREMENT pour la table `ost_pr_photos`
--
ALTER TABLE `ost_pr_photos`
  MODIFY `id` int(11) NOT NULL AUTO_INCREMENT,AUTO_INCREMENT=294;
--
-- AUTO_INCREMENT pour la table `ost_pr_programmes`
--
ALTER TABLE `ost_pr_programmes`
  MODIFY `id` int(11) NOT NULL AUTO_INCREMENT,AUTO_INCREMENT=51;
--
-- AUTO_INCREMENT pour la table `ost_pr_reservations`
--
ALTER TABLE `ost_pr_reservations`
  MODIFY `id` int(11) NOT NULL AUTO_INCREMENT,AUTO_INCREMENT=9;
--
-- AUTO_INCREMENT pour la table `ost_pr_reservations_lignes`
--
ALTER TABLE `ost_pr_reservations_lignes`
  MODIFY `id` int(11) NOT NULL AUTO_INCREMENT,AUTO_INCREMENT=17;
--
-- AUTO_INCREMENT pour la table `ost_pr_reservation_personnes`
--
ALTER TABLE `ost_pr_reservation_personnes`
  MODIFY `id` int(11) NOT NULL AUTO_INCREMENT,AUTO_INCREMENT=17;
--
-- AUTO_INCREMENT pour la table `ost_pr_themes`
--
ALTER TABLE `ost_pr_themes`
  MODIFY `id` int(11) NOT NULL AUTO_INCREMENT,AUTO_INCREMENT=8;
--
-- AUTO_INCREMENT pour la table `ost_pr_themes_categories`
--
ALTER TABLE `ost_pr_themes_categories`
  MODIFY `id` int(11) NOT NULL AUTO_INCREMENT,AUTO_INCREMENT=4;
--
-- AUTO_INCREMENT pour la table `ost_resa_resarvation`
--
ALTER TABLE `ost_resa_resarvation`
  MODIFY `id` int(11) NOT NULL AUTO_INCREMENT;
--
-- AUTO_INCREMENT pour la table `ost_seo`
--
ALTER TABLE `ost_seo`
  MODIFY `id` int(11) NOT NULL AUTO_INCREMENT,AUTO_INCREMENT=2;
--
-- AUTO_INCREMENT pour la table `ost_sequence`
--
ALTER TABLE `ost_sequence`
  MODIFY `id` int(11) unsigned NOT NULL AUTO_INCREMENT;
--
-- AUTO_INCREMENT pour la table `ost_she_reservation`
--
ALTER TABLE `ost_she_reservation`
  MODIFY `id` int(11) NOT NULL AUTO_INCREMENT;
--
-- AUTO_INCREMENT pour la table `ost_she_reservation_ligne`
--
ALTER TABLE `ost_she_reservation_ligne`
  MODIFY `id` int(11) NOT NULL AUTO_INCREMENT;
--
-- AUTO_INCREMENT pour la table `ost_sht_amenagement`
--
ALTER TABLE `ost_sht_amenagement`
  MODIFY `id` int(11) NOT NULL AUTO_INCREMENT,AUTO_INCREMENT=165;
--
-- AUTO_INCREMENT pour la table `ost_sht_arrangement`
--
ALTER TABLE `ost_sht_arrangement`
  MODIFY `id` int(11) NOT NULL AUTO_INCREMENT,AUTO_INCREMENT=17;
--
-- AUTO_INCREMENT pour la table `ost_sht_categorie`
--
ALTER TABLE `ost_sht_categorie`
  MODIFY `id` int(11) NOT NULL AUTO_INCREMENT,AUTO_INCREMENT=16;
--
-- AUTO_INCREMENT pour la table `ost_sht_chaine`
--
ALTER TABLE `ost_sht_chaine`
  MODIFY `id` int(11) NOT NULL AUTO_INCREMENT,AUTO_INCREMENT=49;
--
-- AUTO_INCREMENT pour la table `ost_sht_chambre`
--
ALTER TABLE `ost_sht_chambre`
  MODIFY `id` int(11) NOT NULL AUTO_INCREMENT,AUTO_INCREMENT=236;
--
-- AUTO_INCREMENT pour la table `ost_sht_configuration_payement`
--
ALTER TABLE `ost_sht_configuration_payement`
  MODIFY `id` int(11) NOT NULL AUTO_INCREMENT,AUTO_INCREMENT=2;
--
-- AUTO_INCREMENT pour la table `ost_sht_configuration_remise_internet`
--
ALTER TABLE `ost_sht_configuration_remise_internet`
  MODIFY `id` int(11) NOT NULL AUTO_INCREMENT,AUTO_INCREMENT=2;
--
-- AUTO_INCREMENT pour la table `ost_sht_configuration_voucher`
--
ALTER TABLE `ost_sht_configuration_voucher`
  MODIFY `id` int(11) NOT NULL AUTO_INCREMENT,AUTO_INCREMENT=2;
--
-- AUTO_INCREMENT pour la table `ost_sht_contrat`
--
ALTER TABLE `ost_sht_contrat`
  MODIFY `id` int(11) NOT NULL AUTO_INCREMENT,AUTO_INCREMENT=930;
--
-- AUTO_INCREMENT pour la table `ost_sht_dossier`
--
ALTER TABLE `ost_sht_dossier`
  MODIFY `id` int(11) NOT NULL AUTO_INCREMENT;
--
-- AUTO_INCREMENT pour la table `ost_sht_dossier_ligne`
--
ALTER TABLE `ost_sht_dossier_ligne`
  MODIFY `id` int(11) NOT NULL AUTO_INCREMENT;
--
-- AUTO_INCREMENT pour la table `ost_sht_dossier_ligne_she`
--
ALTER TABLE `ost_sht_dossier_ligne_she`
  MODIFY `id` int(11) NOT NULL AUTO_INCREMENT;
--
-- AUTO_INCREMENT pour la table `ost_sht_dossier_she`
--
ALTER TABLE `ost_sht_dossier_she`
  MODIFY `id` int(11) NOT NULL AUTO_INCREMENT;
--
-- AUTO_INCREMENT pour la table `ost_sht_fichetechnique`
--
ALTER TABLE `ost_sht_fichetechnique`
  MODIFY `id` int(11) NOT NULL AUTO_INCREMENT,AUTO_INCREMENT=313;
--
-- AUTO_INCREMENT pour la table `ost_sht_frais_dossier`
--
ALTER TABLE `ost_sht_frais_dossier`
  MODIFY `id` int(11) NOT NULL AUTO_INCREMENT,AUTO_INCREMENT=3;
--
-- AUTO_INCREMENT pour la table `ost_sht_hotels`
--
ALTER TABLE `ost_sht_hotels`
  MODIFY `id` int(11) NOT NULL AUTO_INCREMENT,AUTO_INCREMENT=341;
--
-- AUTO_INCREMENT pour la table `ost_sht_hotelschambre`
--
ALTER TABLE `ost_sht_hotelschambre`
  MODIFY `id` int(11) NOT NULL AUTO_INCREMENT,AUTO_INCREMENT=587;
--
-- AUTO_INCREMENT pour la table `ost_sht_hotels_stopsales`
--
ALTER TABLE `ost_sht_hotels_stopsales`
  MODIFY `id` int(11) NOT NULL AUTO_INCREMENT,AUTO_INCREMENT=39;
--
-- AUTO_INCREMENT pour la table `ost_sht_localistion`
--
ALTER TABLE `ost_sht_localistion`
  MODIFY `id` int(11) NOT NULL AUTO_INCREMENT,AUTO_INCREMENT=13;
--
-- AUTO_INCREMENT pour la table `ost_sht_option`
--
ALTER TABLE `ost_sht_option`
  MODIFY `id` int(11) NOT NULL AUTO_INCREMENT,AUTO_INCREMENT=15;
--
-- AUTO_INCREMENT pour la table `ost_sht_pays`
--
ALTER TABLE `ost_sht_pays`
  MODIFY `id` int(11) NOT NULL AUTO_INCREMENT,AUTO_INCREMENT=240;
--
-- AUTO_INCREMENT pour la table `ost_sht_reduction`
--
ALTER TABLE `ost_sht_reduction`
  MODIFY `id` int(11) NOT NULL AUTO_INCREMENT,AUTO_INCREMENT=33;
--
-- AUTO_INCREMENT pour la table `ost_sht_region`
--
ALTER TABLE `ost_sht_region`
  MODIFY `id` int(11) NOT NULL AUTO_INCREMENT,AUTO_INCREMENT=35;
--
-- AUTO_INCREMENT pour la table `ost_sht_reservation`
--
ALTER TABLE `ost_sht_reservation`
  MODIFY `id` int(11) NOT NULL AUTO_INCREMENT,AUTO_INCREMENT=586;
--
-- AUTO_INCREMENT pour la table `ost_sht_reservation_chambre`
--
ALTER TABLE `ost_sht_reservation_chambre`
  MODIFY `id` int(11) NOT NULL AUTO_INCREMENT,AUTO_INCREMENT=754;
--
-- AUTO_INCREMENT pour la table `ost_sht_reservation_chambre_jour`
--
ALTER TABLE `ost_sht_reservation_chambre_jour`
  MODIFY `id` int(11) NOT NULL AUTO_INCREMENT,AUTO_INCREMENT=1371;
--
-- AUTO_INCREMENT pour la table `ost_sht_reservation_jour`
--
ALTER TABLE `ost_sht_reservation_jour`
  MODIFY `id` int(11) NOT NULL AUTO_INCREMENT,AUTO_INCREMENT=3523;
--
-- AUTO_INCREMENT pour la table `ost_sht_reservation_ligne`
--
ALTER TABLE `ost_sht_reservation_ligne`
  MODIFY `id` int(11) NOT NULL AUTO_INCREMENT,AUTO_INCREMENT=6872;
--
-- AUTO_INCREMENT pour la table `ost_sht_reservation_personne`
--
ALTER TABLE `ost_sht_reservation_personne`
  MODIFY `id` int(11) NOT NULL AUTO_INCREMENT,AUTO_INCREMENT=1594;
--
-- AUTO_INCREMENT pour la table `ost_sht_saison`
--
ALTER TABLE `ost_sht_saison`
  MODIFY `id` int(11) NOT NULL AUTO_INCREMENT,AUTO_INCREMENT=4930;
--
-- AUTO_INCREMENT pour la table `ost_sht_saison_arrangement`
--
ALTER TABLE `ost_sht_saison_arrangement`
  MODIFY `id` int(11) NOT NULL AUTO_INCREMENT,AUTO_INCREMENT=10321;
--
-- AUTO_INCREMENT pour la table `ost_sht_saison_autresreduc`
--
ALTER TABLE `ost_sht_saison_autresreduc`
  MODIFY `id` int(11) NOT NULL AUTO_INCREMENT,AUTO_INCREMENT=51;
--
-- AUTO_INCREMENT pour la table `ost_sht_saison_autressupp`
--
ALTER TABLE `ost_sht_saison_autressupp`
  MODIFY `id` int(11) NOT NULL AUTO_INCREMENT,AUTO_INCREMENT=1856;
--
-- AUTO_INCREMENT pour la table `ost_sht_saison_chambres`
--
ALTER TABLE `ost_sht_saison_chambres`
  MODIFY `id` int(11) NOT NULL AUTO_INCREMENT,AUTO_INCREMENT=20591;
--
-- AUTO_INCREMENT pour la table `ost_sht_saison_chambres_frais`
--
ALTER TABLE `ost_sht_saison_chambres_frais`
  MODIFY `id` int(11) NOT NULL AUTO_INCREMENT,AUTO_INCREMENT=442;
--
-- AUTO_INCREMENT pour la table `ost_sht_saison_chambres_frais_lignes`
--
ALTER TABLE `ost_sht_saison_chambres_frais_lignes`
  MODIFY `id` int(11) NOT NULL AUTO_INCREMENT,AUTO_INCREMENT=3462;
--
-- AUTO_INCREMENT pour la table `ost_sht_saison_contingent`
--
ALTER TABLE `ost_sht_saison_contingent`
  MODIFY `id` int(11) NOT NULL AUTO_INCREMENT;
--
-- AUTO_INCREMENT pour la table `ost_sht_saison_label`
--
ALTER TABLE `ost_sht_saison_label`
  MODIFY `id` int(11) NOT NULL AUTO_INCREMENT;
--
-- AUTO_INCREMENT pour la table `ost_sht_saison_reduc`
--
ALTER TABLE `ost_sht_saison_reduc`
  MODIFY `id` int(11) NOT NULL AUTO_INCREMENT,AUTO_INCREMENT=4905;
--
-- AUTO_INCREMENT pour la table `ost_sht_saison_supp`
--
ALTER TABLE `ost_sht_saison_supp`
  MODIFY `id` int(11) NOT NULL AUTO_INCREMENT,AUTO_INCREMENT=4905;
--
-- AUTO_INCREMENT pour la table `ost_sht_saison_suppchambres`
--
ALTER TABLE `ost_sht_saison_suppchambres`
  MODIFY `id` int(11) NOT NULL AUTO_INCREMENT,AUTO_INCREMENT=4004;
--
-- AUTO_INCREMENT pour la table `ost_sht_saison_vue`
--
ALTER TABLE `ost_sht_saison_vue`
  MODIFY `id` int(11) NOT NULL AUTO_INCREMENT,AUTO_INCREMENT=2904;
--
-- AUTO_INCREMENT pour la table `ost_sht_saison_weekend`
--
ALTER TABLE `ost_sht_saison_weekend`
  MODIFY `id` int(11) NOT NULL AUTO_INCREMENT,AUTO_INCREMENT=141;
--
-- AUTO_INCREMENT pour la table `ost_sht_saison_weekend_lignes`
--
ALTER TABLE `ost_sht_saison_weekend_lignes`
  MODIFY `id` int(11) NOT NULL AUTO_INCREMENT,AUTO_INCREMENT=377;
--
-- AUTO_INCREMENT pour la table `ost_sht_supplement`
--
ALTER TABLE `ost_sht_supplement`
  MODIFY `id` int(11) NOT NULL AUTO_INCREMENT,AUTO_INCREMENT=72;
--
-- AUTO_INCREMENT pour la table `ost_sht_tag`
--
ALTER TABLE `ost_sht_tag`
  MODIFY `id` int(11) NOT NULL AUTO_INCREMENT,AUTO_INCREMENT=27;
--
-- AUTO_INCREMENT pour la table `ost_sht_theme`
--
ALTER TABLE `ost_sht_theme`
  MODIFY `id` int(11) NOT NULL AUTO_INCREMENT,AUTO_INCREMENT=30;
--
-- AUTO_INCREMENT pour la table `ost_sht_theme_categorie`
--
ALTER TABLE `ost_sht_theme_categorie`
  MODIFY `id` int(11) NOT NULL AUTO_INCREMENT;
--
-- AUTO_INCREMENT pour la table `ost_sht_type_amenagement`
--
ALTER TABLE `ost_sht_type_amenagement`
  MODIFY `id` int(11) NOT NULL AUTO_INCREMENT,AUTO_INCREMENT=13;
--
-- AUTO_INCREMENT pour la table `ost_sht_ville`
--
ALTER TABLE `ost_sht_ville`
  MODIFY `id` int(11) NOT NULL AUTO_INCREMENT,AUTO_INCREMENT=79;
--
-- AUTO_INCREMENT pour la table `ost_sht_vue`
--
ALTER TABLE `ost_sht_vue`
  MODIFY `id` int(11) NOT NULL AUTO_INCREMENT,AUTO_INCREMENT=21;
--
-- AUTO_INCREMENT pour la table `ost_sla`
--
ALTER TABLE `ost_sla`
  MODIFY `id` int(11) unsigned NOT NULL AUTO_INCREMENT;
--
-- AUTO_INCREMENT pour la table `ost_sous_etat`
--
ALTER TABLE `ost_sous_etat`
  MODIFY `id` int(11) NOT NULL AUTO_INCREMENT,AUTO_INCREMENT=33;
--
-- AUTO_INCREMENT pour la table `ost_syslog`
--
ALTER TABLE `ost_syslog`
  MODIFY `log_id` int(11) unsigned NOT NULL AUTO_INCREMENT;
--
-- AUTO_INCREMENT pour la table `ost_team`
--
ALTER TABLE `ost_team`
  MODIFY `team_id` int(10) unsigned NOT NULL AUTO_INCREMENT;
--
-- AUTO_INCREMENT pour la table `ost_ticket`
--
ALTER TABLE `ost_ticket`
  MODIFY `ticket_id` int(11) unsigned NOT NULL AUTO_INCREMENT;
--
-- AUTO_INCREMENT pour la table `ost_ticket_attachment`
--
ALTER TABLE `ost_ticket_attachment`
  MODIFY `attach_id` int(11) unsigned NOT NULL AUTO_INCREMENT;
--
-- AUTO_INCREMENT pour la table `ost_ticket_collaborator`
--
ALTER TABLE `ost_ticket_collaborator`
  MODIFY `id` int(11) unsigned NOT NULL AUTO_INCREMENT;
--
-- AUTO_INCREMENT pour la table `ost_ticket_email_info`
--
ALTER TABLE `ost_ticket_email_info`
  MODIFY `id` int(11) unsigned NOT NULL AUTO_INCREMENT;
--
-- AUTO_INCREMENT pour la table `ost_ticket_lock`
--
ALTER TABLE `ost_ticket_lock`
  MODIFY `lock_id` int(11) unsigned NOT NULL AUTO_INCREMENT;
--
-- AUTO_INCREMENT pour la table `ost_ticket_priority`
--
ALTER TABLE `ost_ticket_priority`
  MODIFY `priority_id` tinyint(4) NOT NULL AUTO_INCREMENT;
--
-- AUTO_INCREMENT pour la table `ost_ticket_status`
--
ALTER TABLE `ost_ticket_status`
  MODIFY `id` int(11) NOT NULL AUTO_INCREMENT;
--
-- AUTO_INCREMENT pour la table `ost_ticket_thread`
--
ALTER TABLE `ost_ticket_thread`
  MODIFY `id` int(11) unsigned NOT NULL AUTO_INCREMENT;
--
-- AUTO_INCREMENT pour la table `ost_timezone`
--
ALTER TABLE `ost_timezone`
  MODIFY `id` int(11) unsigned NOT NULL AUTO_INCREMENT,AUTO_INCREMENT=31;
--
-- AUTO_INCREMENT pour la table `ost_transfert_reservation_ligne`
--
ALTER TABLE `ost_transfert_reservation_ligne`
  MODIFY `id` int(11) NOT NULL AUTO_INCREMENT;
--
-- AUTO_INCREMENT pour la table `ost_transfer_reservation`
--
ALTER TABLE `ost_transfer_reservation`
  MODIFY `id` int(11) NOT NULL AUTO_INCREMENT;
--
-- AUTO_INCREMENT pour la table `ost_tsk_etat`
--
ALTER TABLE `ost_tsk_etat`
  MODIFY `id` int(11) NOT NULL AUTO_INCREMENT;
--
-- AUTO_INCREMENT pour la table `ost_tsk_notification`
--
ALTER TABLE `ost_tsk_notification`
  MODIFY `id` int(11) NOT NULL AUTO_INCREMENT;
--
-- AUTO_INCREMENT pour la table `ost_tsk_priority`
--
ALTER TABLE `ost_tsk_priority`
  MODIFY `id` int(11) NOT NULL AUTO_INCREMENT;
--
-- AUTO_INCREMENT pour la table `ost_tsk_task`
--
ALTER TABLE `ost_tsk_task`
  MODIFY `id` int(11) NOT NULL AUTO_INCREMENT;
--
-- AUTO_INCREMENT pour la table `ost_tsk_taskslog`
--
ALTER TABLE `ost_tsk_taskslog`
  MODIFY `id` int(11) NOT NULL AUTO_INCREMENT;
--
-- AUTO_INCREMENT pour la table `ost_tsk_type`
--
ALTER TABLE `ost_tsk_type`
  MODIFY `id` int(11) NOT NULL AUTO_INCREMENT;
--
-- AUTO_INCREMENT pour la table `ost_tva`
--
ALTER TABLE `ost_tva`
  MODIFY `id` int(11) NOT NULL AUTO_INCREMENT,AUTO_INCREMENT=4;
--
-- AUTO_INCREMENT pour la table `ost_type_activite`
--
ALTER TABLE `ost_type_activite`
  MODIFY `id` int(11) NOT NULL AUTO_INCREMENT;
--
-- AUTO_INCREMENT pour la table `ost_user_gouvernorat`
--
ALTER TABLE `ost_user_gouvernorat`
  MODIFY `id` int(11) NOT NULL AUTO_INCREMENT;
--
-- AUTO_INCREMENT pour la table `ost_user_logo`
--
ALTER TABLE `ost_user_logo`
  MODIFY `id` int(11) NOT NULL AUTO_INCREMENT;
--
-- AUTO_INCREMENT pour la table `ost_vo_chambre`
--
ALTER TABLE `ost_vo_chambre`
  MODIFY `id` int(11) NOT NULL AUTO_INCREMENT,AUTO_INCREMENT=50;
--
-- AUTO_INCREMENT pour la table `ost_vo_company`
--
ALTER TABLE `ost_vo_company`
  MODIFY `id` int(11) NOT NULL AUTO_INCREMENT,AUTO_INCREMENT=5;
--
-- AUTO_INCREMENT pour la table `ost_vo_configuration_voucher`
--
ALTER TABLE `ost_vo_configuration_voucher`
  MODIFY `id` int(11) NOT NULL AUTO_INCREMENT;
--
-- AUTO_INCREMENT pour la table `ost_vo_contingents`
--
ALTER TABLE `ost_vo_contingents`
  MODIFY `id` int(11) NOT NULL AUTO_INCREMENT,AUTO_INCREMENT=3;
--
-- AUTO_INCREMENT pour la table `ost_vo_descriptions`
--
ALTER TABLE `ost_vo_descriptions`
  MODIFY `id` int(11) NOT NULL AUTO_INCREMENT,AUTO_INCREMENT=420;
--
-- AUTO_INCREMENT pour la table `ost_vo_destinations`
--
ALTER TABLE `ost_vo_destinations`
  MODIFY `id` int(11) NOT NULL AUTO_INCREMENT,AUTO_INCREMENT=30;
--
-- AUTO_INCREMENT pour la table `ost_vo_dossier`
--
ALTER TABLE `ost_vo_dossier`
  MODIFY `id` int(11) NOT NULL AUTO_INCREMENT;
--
-- AUTO_INCREMENT pour la table `ost_vo_dossier_ligne`
--
ALTER TABLE `ost_vo_dossier_ligne`
  MODIFY `id` int(11) NOT NULL AUTO_INCREMENT;
--
-- AUTO_INCREMENT pour la table `ost_vo_hotel`
--
ALTER TABLE `ost_vo_hotel`
  MODIFY `id` int(11) NOT NULL AUTO_INCREMENT,AUTO_INCREMENT=138;
--
-- AUTO_INCREMENT pour la table `ost_vo_info_pratiques`
--
ALTER TABLE `ost_vo_info_pratiques`
  MODIFY `id` int(11) NOT NULL AUTO_INCREMENT;
--
-- AUTO_INCREMENT pour la table `ost_vo_ligne`
--
ALTER TABLE `ost_vo_ligne`
  MODIFY `id` int(11) NOT NULL AUTO_INCREMENT,AUTO_INCREMENT=11;
--
-- AUTO_INCREMENT pour la table `ost_vo_packs`
--
ALTER TABLE `ost_vo_packs`
  MODIFY `id` int(11) NOT NULL AUTO_INCREMENT,AUTO_INCREMENT=140;
--
-- AUTO_INCREMENT pour la table `ost_vo_periodes`
--
ALTER TABLE `ost_vo_periodes`
  MODIFY `id` int(11) NOT NULL AUTO_INCREMENT,AUTO_INCREMENT=143;
--
-- AUTO_INCREMENT pour la table `ost_vo_photos`
--
ALTER TABLE `ost_vo_photos`
  MODIFY `id` int(11) NOT NULL AUTO_INCREMENT,AUTO_INCREMENT=292;
--
-- AUTO_INCREMENT pour la table `ost_vo_plan_voyage`
--
ALTER TABLE `ost_vo_plan_voyage`
  MODIFY `id` int(11) NOT NULL AUTO_INCREMENT,AUTO_INCREMENT=15;
--
-- AUTO_INCREMENT pour la table `ost_vo_reservations`
--
ALTER TABLE `ost_vo_reservations`
  MODIFY `id` int(11) NOT NULL AUTO_INCREMENT,AUTO_INCREMENT=127;
--
-- AUTO_INCREMENT pour la table `ost_vo_reservations_chambres`
--
ALTER TABLE `ost_vo_reservations_chambres`
  MODIFY `id` int(11) NOT NULL AUTO_INCREMENT,AUTO_INCREMENT=146;
--
-- AUTO_INCREMENT pour la table `ost_vo_reservations_lignes`
--
ALTER TABLE `ost_vo_reservations_lignes`
  MODIFY `id` int(11) NOT NULL AUTO_INCREMENT,AUTO_INCREMENT=336;
--
-- AUTO_INCREMENT pour la table `ost_vo_reservation_gestion_etats`
--
ALTER TABLE `ost_vo_reservation_gestion_etats`
  MODIFY `id` int(11) NOT NULL AUTO_INCREMENT;
--
-- AUTO_INCREMENT pour la table `ost_vo_reservation_personnes`
--
ALTER TABLE `ost_vo_reservation_personnes`
  MODIFY `id` int(11) NOT NULL AUTO_INCREMENT,AUTO_INCREMENT=349;
--
-- AUTO_INCREMENT pour la table `ost_vo_reservation_personne_billets`
--
ALTER TABLE `ost_vo_reservation_personne_billets`
  MODIFY `id` int(11) NOT NULL AUTO_INCREMENT;
--
-- AUTO_INCREMENT pour la table `ost_vo_reservation_personne_billets_logs`
--
ALTER TABLE `ost_vo_reservation_personne_billets_logs`
  MODIFY `id` int(11) NOT NULL AUTO_INCREMENT;
--
-- AUTO_INCREMENT pour la table `ost_vo_reservation_personne_hotels`
--
ALTER TABLE `ost_vo_reservation_personne_hotels`
  MODIFY `id` int(11) NOT NULL AUTO_INCREMENT,AUTO_INCREMENT=42;
--
-- AUTO_INCREMENT pour la table `ost_vo_reservation_personne_hotels_logs`
--
ALTER TABLE `ost_vo_reservation_personne_hotels_logs`
  MODIFY `id` int(11) NOT NULL AUTO_INCREMENT;
--
-- AUTO_INCREMENT pour la table `ost_vo_reservation_personne_visas`
--
ALTER TABLE `ost_vo_reservation_personne_visas`
  MODIFY `id` int(11) NOT NULL AUTO_INCREMENT;
--
-- AUTO_INCREMENT pour la table `ost_vo_reservation_personne_visas_logs`
--
ALTER TABLE `ost_vo_reservation_personne_visas_logs`
  MODIFY `id` int(11) NOT NULL AUTO_INCREMENT;
--
-- AUTO_INCREMENT pour la table `ost_vo_ResponsableVoyage`
--
ALTER TABLE `ost_vo_ResponsableVoyage`
  MODIFY `id` int(11) NOT NULL AUTO_INCREMENT,AUTO_INCREMENT=2;
--
-- AUTO_INCREMENT pour la table `ost_vo_themes`
--
ALTER TABLE `ost_vo_themes`
  MODIFY `id` int(11) NOT NULL AUTO_INCREMENT,AUTO_INCREMENT=18;
--
-- AUTO_INCREMENT pour la table `ost_vo_themes_categories`
--
ALTER TABLE `ost_vo_themes_categories`
  MODIFY `id` int(11) NOT NULL AUTO_INCREMENT,AUTO_INCREMENT=8;
--
-- AUTO_INCREMENT pour la table `ost_vo_videos`
--
ALTER TABLE `ost_vo_videos`
  MODIFY `id` int(11) NOT NULL AUTO_INCREMENT,AUTO_INCREMENT=17;
--
-- AUTO_INCREMENT pour la table `ost_vo_visas`
--
ALTER TABLE `ost_vo_visas`
  MODIFY `id` int(11) NOT NULL AUTO_INCREMENT;
--
-- AUTO_INCREMENT pour la table `ost_vo_voyages`
--
ALTER TABLE `ost_vo_voyages`
  MODIFY `id` int(11) NOT NULL AUTO_INCREMENT,AUTO_INCREMENT=64;
--
-- Contraintes pour les tables exportées
--

--
-- Contraintes pour la table `ConfigurationCaisse`
--
ALTER TABLE `ConfigurationCaisse`
  ADD CONSTRAINT `FK_87B20AA35FAD855C` FOREIGN KEY (`movCredit_id`) REFERENCES `ost_c_typeligne` (`id`),
  ADD CONSTRAINT `FK_87B20AA38B88B0A0` FOREIGN KEY (`movDebit_id`) REFERENCES `ost_c_typeligne` (`id`);

--
-- Contraintes pour la table `groupescategories`
--
ALTER TABLE `groupescategories`
  ADD CONSTRAINT `FK_E986AA4BCF5E72D` FOREIGN KEY (`categorie_id`) REFERENCES `ost_back_categorie` (`id`) ON DELETE CASCADE,
  ADD CONSTRAINT `FK_E986AA46D95261D` FOREIGN KEY (`groupecategorie_id`) REFERENCES `ost_back_groupe_categorie` (`id`) ON DELETE CASCADE;

--
-- Contraintes pour la table `groupescategories_ordre`
--
ALTER TABLE `groupescategories_ordre`
  ADD CONSTRAINT `FK_DA24A600BCF5E72D` FOREIGN KEY (`categorie_id`) REFERENCES `ost_back_categorie` (`id`) ON DELETE CASCADE,
  ADD CONSTRAINT `FK_DA24A600D1E1091C` FOREIGN KEY (`ordrebloc_id`) REFERENCES `ost_back_odre_bloc` (`id`) ON DELETE CASCADE;

--
-- Contraintes pour la table `ost_agence`
--
ALTER TABLE `ost_agence`
  ADD CONSTRAINT `FK_22CCF5A5B73A3B7` FOREIGN KEY (`cachetNumrique_id`) REFERENCES `ost_agence_cachetnumerique` (`id`),
  ADD CONSTRAINT `FK_22CCF5A5F2A4DFE3` FOREIGN KEY (`impressionBackground_id`) REFERENCES `ost_agence_impression_background` (`id`);

--
-- Contraintes pour la table `ost_amicale_produit`
--
ALTER TABLE `ost_amicale_produit`
  ADD CONSTRAINT `FK_E2087EBCDA6E7061` FOREIGN KEY (`id_amicale`) REFERENCES `ost_amicale` (`id`),
  ADD CONSTRAINT `FK_E2087EBCF7384557` FOREIGN KEY (`id_produit`) REFERENCES `ost_produit` (`id`);

--
-- Contraintes pour la table `ost_back_articles_element`
--
ALTER TABLE `ost_back_articles_element`
  ADD CONSTRAINT `FK_3D899EEB3174800F` FOREIGN KEY (`createdBy_id`) REFERENCES `ost_user` (`id`),
  ADD CONSTRAINT `FK_3D899EEBBCF5E72D` FOREIGN KEY (`categorie_id`) REFERENCES `ost_back_articles_categorie` (`id`);

--
-- Contraintes pour la table `ost_back_element`
--
ALTER TABLE `ost_back_element`
  ADD CONSTRAINT `FK_70F7B46FBCF5E72D` FOREIGN KEY (`categorie_id`) REFERENCES `ost_back_categorie` (`id`);

--
-- Contraintes pour la table `ost_back_filtre_theme_categorie_pr`
--
ALTER TABLE `ost_back_filtre_theme_categorie_pr`
  ADD CONSTRAINT `FK_71094E612529D24` FOREIGN KEY (`themeCategorie_id`) REFERENCES `ost_pr_themes_categories` (`id`);

--
-- Contraintes pour la table `ost_back_filtre_theme_categorie_sht`
--
ALTER TABLE `ost_back_filtre_theme_categorie_sht`
  ADD CONSTRAINT `FK_7E6F49F312529D24` FOREIGN KEY (`themeCategorie_id`) REFERENCES `ost_sht_theme_categorie` (`id`);

--
-- Contraintes pour la table `ost_back_filtre_theme_categorie_vo`
--
ALTER TABLE `ost_back_filtre_theme_categorie_vo`
  ADD CONSTRAINT `FK_324C5FB912529D24` FOREIGN KEY (`themeCategorie_id`) REFERENCES `ost_vo_themes_categories` (`id`);

--
-- Contraintes pour la table `ost_back_groupe_categorie`
--
ALTER TABLE `ost_back_groupe_categorie`
  ADD CONSTRAINT `FK_2045A1704F5B5DD8` FOREIGN KEY (`image3_id`) REFERENCES `ost_back_images` (`id`),
  ADD CONSTRAINT `FK_2045A1705A805D31` FOREIGN KEY (`icone_id`) REFERENCES `ost_back_images` (`id`),
  ADD CONSTRAINT `FK_2045A170E5529553` FOREIGN KEY (`image1_id`) REFERENCES `ost_back_images` (`id`),
  ADD CONSTRAINT `FK_2045A170F7E73ABD` FOREIGN KEY (`image2_id`) REFERENCES `ost_back_images` (`id`);

--
-- Contraintes pour la table `ost_back_lien_element`
--
ALTER TABLE `ost_back_lien_element`
  ADD CONSTRAINT `FK_868CCE64BCF5E72D` FOREIGN KEY (`categorie_id`) REFERENCES `ost_back_lien_categorie` (`id`);

--
-- Contraintes pour la table `ost_be_centre`
--
ALTER TABLE `ost_be_centre`
  ADD CONSTRAINT `FK_3BA6332C3243BB18` FOREIGN KEY (`hotel_id`) REFERENCES `ost_sht_hotels` (`id`) ON DELETE CASCADE,
  ADD CONSTRAINT `FK_3BA6332CA73F0036` FOREIGN KEY (`ville_id`) REFERENCES `ost_sht_ville` (`id`);

--
-- Contraintes pour la table `ost_be_dossier`
--
ALTER TABLE `ost_be_dossier`
  ADD CONSTRAINT `FK_2F020FBEF347EFB` FOREIGN KEY (`produit_id`) REFERENCES `ost_be_produit` (`id`);

--
-- Contraintes pour la table `ost_be_dossier_ligne`
--
ALTER TABLE `ost_be_dossier_ligne`
  ADD CONSTRAINT `FK_E6401B9D13DD0342` FOREIGN KEY (`impaye_id`) REFERENCES `ost_com_impaye` (`id`),
  ADD CONSTRAINT `FK_E6401B9D4D79775F` FOREIGN KEY (`tva_id`) REFERENCES `ost_tva` (`id`),
  ADD CONSTRAINT `FK_E6401B9D56DF0769` FOREIGN KEY (`factureFournisseur_id`) REFERENCES `ost_com_facture_fournisseur` (`id`),
  ADD CONSTRAINT `FK_E6401B9D611C0C56` FOREIGN KEY (`dossier_id`) REFERENCES `ost_be_dossier` (`id`) ON DELETE CASCADE,
  ADD CONSTRAINT `FK_E6401B9D670C757F` FOREIGN KEY (`fournisseur_id`) REFERENCES `ost_com_fournisseur` (`id`);

--
-- Contraintes pour la table `ost_be_dossier_reservations`
--
ALTER TABLE `ost_be_dossier_reservations`
  ADD CONSTRAINT `FK_934D7AF5611C0C56` FOREIGN KEY (`dossier_id`) REFERENCES `ost_be_dossier` (`id`) ON DELETE CASCADE,
  ADD CONSTRAINT `FK_934D7AF5B83297E7` FOREIGN KEY (`reservation_id`) REFERENCES `ost_be_reservations` (`id`) ON DELETE CASCADE;

--
-- Contraintes pour la table `ost_be_photo`
--
ALTER TABLE `ost_be_photo`
  ADD CONSTRAINT `FK_7097A702E0975F98` FOREIGN KEY (`id_centre`) REFERENCES `ost_be_centre` (`id`) ON DELETE CASCADE,
  ADD CONSTRAINT `FK_7097A702F347EFB` FOREIGN KEY (`produit_id`) REFERENCES `ost_be_produit` (`id`) ON DELETE CASCADE;

--
-- Contraintes pour la table `ost_be_produit_centre`
--
ALTER TABLE `ost_be_produit_centre`
  ADD CONSTRAINT `FK_233DF8C5463CD7C3` FOREIGN KEY (`centre_id`) REFERENCES `ost_be_centre` (`id`),
  ADD CONSTRAINT `FK_233DF8C5F347EFB` FOREIGN KEY (`produit_id`) REFERENCES `ost_be_produit` (`id`);

--
-- Contraintes pour la table `ost_be_reservations`
--
ALTER TABLE `ost_be_reservations`
  ADD CONSTRAINT `FK_375E597119EB6921` FOREIGN KEY (`client_id`) REFERENCES `ost_client` (`id`) ON DELETE CASCADE,
  ADD CONSTRAINT `FK_375E5971357C0A59` FOREIGN KEY (`tarif_id`) REFERENCES `ost_be_tarif` (`id`),
  ADD CONSTRAINT `FK_375E5971463CD7C3` FOREIGN KEY (`centre_id`) REFERENCES `ost_be_centre` (`id`),
  ADD CONSTRAINT `FK_375E597153C59D72` FOREIGN KEY (`responsable_id`) REFERENCES `ost_user` (`id`),
  ADD CONSTRAINT `FK_375E5971BE5B0FBB` FOREIGN KEY (`pointvente_id`) REFERENCES `ost_pointvente` (`id`) ON DELETE SET NULL,
  ADD CONSTRAINT `FK_375E5971F06C2258` FOREIGN KEY (`responsableAmicale_id`) REFERENCES `ost_client` (`id`),
  ADD CONSTRAINT `FK_375E5971F347EFB` FOREIGN KEY (`produit_id`) REFERENCES `ost_be_produit` (`id`),
  ADD CONSTRAINT `FK_375E5971FEBD183` FOREIGN KEY (`amicale_id`) REFERENCES `ost_amicale` (`id`);

--
-- Contraintes pour la table `ost_be_tarif`
--
ALTER TABLE `ost_be_tarif`
  ADD CONSTRAINT `FK_6A51AAD3F347EFB` FOREIGN KEY (`produit_id`) REFERENCES `ost_be_produit` (`id`) ON DELETE CASCADE;

--
-- Contraintes pour la table `ost_billetterie_dossier_ligne`
--
ALTER TABLE `ost_billetterie_dossier_ligne`
  ADD CONSTRAINT `FK_FF7F974D13DD0342` FOREIGN KEY (`impaye_id`) REFERENCES `ost_com_impaye` (`id`),
  ADD CONSTRAINT `FK_FF7F974D4D79775F` FOREIGN KEY (`tva_id`) REFERENCES `ost_tva` (`id`),
  ADD CONSTRAINT `FK_FF7F974D56DF0769` FOREIGN KEY (`factureFournisseur_id`) REFERENCES `ost_com_facture_fournisseur` (`id`),
  ADD CONSTRAINT `FK_FF7F974D611C0C56` FOREIGN KEY (`dossier_id`) REFERENCES `ost_billetterie_dossier` (`id`) ON DELETE CASCADE,
  ADD CONSTRAINT `FK_FF7F974D670C757F` FOREIGN KEY (`fournisseur_id`) REFERENCES `ost_com_fournisseur` (`id`);

--
-- Contraintes pour la table `ost_billetterie_dossier_reservations`
--
ALTER TABLE `ost_billetterie_dossier_reservations`
  ADD CONSTRAINT `FK_5F9C9A51611C0C56` FOREIGN KEY (`dossier_id`) REFERENCES `ost_billetterie_dossier` (`id`) ON DELETE CASCADE,
  ADD CONSTRAINT `FK_5F9C9A51E841C113` FOREIGN KEY (`billetteriereservation_id`) REFERENCES `ost_billetterie_reservation` (`id`) ON DELETE CASCADE;

--
-- Contraintes pour la table `ost_billetterie_reservation`
--
ALTER TABLE `ost_billetterie_reservation`
  ADD CONSTRAINT `FK_803A574C19EB6921` FOREIGN KEY (`client_id`) REFERENCES `ost_client` (`id`) ON DELETE CASCADE,
  ADD CONSTRAINT `FK_803A574C53C59D72` FOREIGN KEY (`responsable_id`) REFERENCES `ost_user` (`id`),
  ADD CONSTRAINT `FK_803A574CBE5B0FBB` FOREIGN KEY (`pointvente_id`) REFERENCES `ost_pointvente` (`id`) ON DELETE SET NULL,
  ADD CONSTRAINT `FK_803A574CF06C2258` FOREIGN KEY (`responsableAmicale_id`) REFERENCES `ost_client` (`id`),
  ADD CONSTRAINT `FK_803A574CFEBD183` FOREIGN KEY (`amicale_id`) REFERENCES `ost_amicale` (`id`);

--
-- Contraintes pour la table `ost_billetterie_reservation_ligne`
--
ALTER TABLE `ost_billetterie_reservation_ligne`
  ADD CONSTRAINT `FK_51C2ED96979B1AD6` FOREIGN KEY (`company_id`) REFERENCES `ost_vo_company` (`id`),
  ADD CONSTRAINT `FK_51C2ED96B83297E7` FOREIGN KEY (`reservation_id`) REFERENCES `ost_billetterie_reservation` (`id`) ON DELETE CASCADE;

--
-- Contraintes pour la table `ost_billetterie_reservation_ligne_trajet`
--
ALTER TABLE `ost_billetterie_reservation_ligne_trajet`
  ADD CONSTRAINT `FK_14CED62930E0E5FB` FOREIGN KEY (`airoportArrivee_id`) REFERENCES `ost_billetterie_airoport` (`id`),
  ADD CONSTRAINT `FK_14CED629B0E8B6D8` FOREIGN KEY (`reservationLigne_id`) REFERENCES `ost_billetterie_reservation_ligne` (`id`) ON DELETE CASCADE,
  ADD CONSTRAINT `FK_14CED629DE219720` FOREIGN KEY (`airoportDepart_id`) REFERENCES `ost_billetterie_airoport` (`id`);

--
-- Contraintes pour la table `ost_billetterie_reservation_typevol`
--
ALTER TABLE `ost_billetterie_reservation_typevol`
  ADD CONSTRAINT `FK_525EABF7913067AD` FOREIGN KEY (`reservationB_id`) REFERENCES `ost_billetterie_reservation` (`id`) ON DELETE CASCADE;

--
-- Contraintes pour la table `ost_client`
--
ALTER TABLE `ost_client`
  ADD CONSTRAINT `FK_81496B59A6E44244` FOREIGN KEY (`pays_id`) REFERENCES `ost_sht_pays` (`id`),
  ADD CONSTRAINT `FK_81496B59FEBD183` FOREIGN KEY (`amicale_id`) REFERENCES `ost_amicale` (`id`);

--
-- Contraintes pour la table `ost_com_entete_remboursement`
--
ALTER TABLE `ost_com_entete_remboursement`
  ADD CONSTRAINT `FK_2315598319EB6921` FOREIGN KEY (`client_id`) REFERENCES `ost_client` (`id`) ON DELETE CASCADE,
  ADD CONSTRAINT `FK_2315598325012A35` FOREIGN KEY (`responsableCreation_id`) REFERENCES `ost_user` (`id`),
  ADD CONSTRAINT `FK_23155983A7073CF` FOREIGN KEY (`responsableAnnulation_id`) REFERENCES `ost_user` (`id`),
  ADD CONSTRAINT `FK_23155983C5F71014` FOREIGN KEY (`transactionCaisse_id`) REFERENCES `ost_c_caisse_config` (`id`) ON DELETE CASCADE,
  ADD CONSTRAINT `FK_23155983FEBD183` FOREIGN KEY (`amicale_id`) REFERENCES `ost_amicale` (`id`) ON DELETE CASCADE;

--
-- Contraintes pour la table `ost_com_facture`
--
ALTER TABLE `ost_com_facture`
  ADD CONSTRAINT `FK_C8D3535B19EB6921` FOREIGN KEY (`client_id`) REFERENCES `ost_client` (`id`) ON DELETE CASCADE,
  ADD CONSTRAINT `FK_C8D3535B53C59D72` FOREIGN KEY (`responsable_id`) REFERENCES `ost_user` (`id`),
  ADD CONSTRAINT `FK_C8D3535BA76AAAE1` FOREIGN KEY (`validatedPar_id`) REFERENCES `ost_user` (`id`),
  ADD CONSTRAINT `FK_C8D3535BBE5B0FBB` FOREIGN KEY (`pointvente_id`) REFERENCES `ost_pointvente` (`id`) ON DELETE SET NULL,
  ADD CONSTRAINT `FK_C8D3535BFEBD183` FOREIGN KEY (`amicale_id`) REFERENCES `ost_amicale` (`id`);

--
-- Contraintes pour la table `ost_com_facture_fournisseur`
--
ALTER TABLE `ost_com_facture_fournisseur`
  ADD CONSTRAINT `FK_73AFA8F1670C757F` FOREIGN KEY (`fournisseur_id`) REFERENCES `ost_com_fournisseur` (`id`);

--
-- Contraintes pour la table `ost_com_facture_ligne`
--
ALTER TABLE `ost_com_facture_ligne`
  ADD CONSTRAINT `FK_6F6FABBF4773709E` FOREIGN KEY (`reservationSHT_id`) REFERENCES `ost_sht_reservation` (`id`),
  ADD CONSTRAINT `FK_6F6FABBF4D295EAE` FOREIGN KEY (`reservationPR_id`) REFERENCES `ost_pr_reservations` (`id`),
  ADD CONSTRAINT `FK_6F6FABBF601A244C` FOREIGN KEY (`reservationVO_id`) REFERENCES `ost_vo_reservations` (`id`),
  ADD CONSTRAINT `FK_6F6FABBF67F05A51` FOREIGN KEY (`reservationRB_id`) REFERENCES `ost_resa_resarvation` (`id`),
  ADD CONSTRAINT `FK_6F6FABBF7F2DEE08` FOREIGN KEY (`facture_id`) REFERENCES `ost_com_facture` (`id`) ON DELETE CASCADE,
  ADD CONSTRAINT `FK_6F6FABBF913067AD` FOREIGN KEY (`reservationB_id`) REFERENCES `ost_billetterie_reservation` (`id`),
  ADD CONSTRAINT `FK_6F6FABBF9AC7F56A` FOREIGN KEY (`reservationBE_id`) REFERENCES `ost_be_reservations` (`id`),
  ADD CONSTRAINT `FK_6F6FABBFAFD64064` FOREIGN KEY (`reservationSHE_id`) REFERENCES `ost_she_reservation` (`id`),
  ADD CONSTRAINT `FK_6F6FABBFBBCA8CF` FOREIGN KEY (`reservationMICE_id`) REFERENCES `ost_mice_reservations` (`id`),
  ADD CONSTRAINT `FK_6F6FABBFC95377FB` FOREIGN KEY (`reservationM_id`) REFERENCES `ost_maritime_reservation` (`id`),
  ADD CONSTRAINT `FK_6F6FABBFCEC9A386` FOREIGN KEY (`reservationDIV_id`) REFERENCES `ost_div_reservations` (`id`),
  ADD CONSTRAINT `FK_6F6FABBFE4426FEE` FOREIGN KEY (`reservationT_id`) REFERENCES `ost_transfer_reservation` (`id`);

--
-- Contraintes pour la table `ost_com_fournisseur`
--
ALTER TABLE `ost_com_fournisseur`
  ADD CONSTRAINT `FK_53D9DA9363DB213B` FOREIGN KEY (`typeActivite_id`) REFERENCES `ost_type_activite` (`id`),
  ADD CONSTRAINT `FK_53D9DA93A6E44244` FOREIGN KEY (`pays_id`) REFERENCES `ost_sht_pays` (`id`);

--
-- Contraintes pour la table `ost_com_impaye`
--
ALTER TABLE `ost_com_impaye`
  ADD CONSTRAINT `FK_48E9A784670C757F` FOREIGN KEY (`fournisseur_id`) REFERENCES `ost_com_fournisseur` (`id`);

--
-- Contraintes pour la table `ost_com_ligne_remboursement`
--
ALTER TABLE `ost_com_ligne_remboursement`
  ADD CONSTRAINT `FK_891561BBC40FCFA8` FOREIGN KEY (`piece_id`) REFERENCES `ost_com_piece` (`id`) ON DELETE CASCADE,
  ADD CONSTRAINT `FK_891561BBF61EE8B` FOREIGN KEY (`remboursement_id`) REFERENCES `ost_com_entete_remboursement` (`id`) ON DELETE CASCADE;

--
-- Contraintes pour la table `ost_com_log_fac_print`
--
ALTER TABLE `ost_com_log_fac_print`
  ADD CONSTRAINT `FK_FDEA4F817F2DEE08` FOREIGN KEY (`facture_id`) REFERENCES `ost_com_facture` (`id`),
  ADD CONSTRAINT `FK_FDEA4F818F77905C` FOREIGN KEY (`printedBy_id`) REFERENCES `ost_user` (`id`);

--
-- Contraintes pour la table `ost_com_piece`
--
ALTER TABLE `ost_com_piece`
  ADD CONSTRAINT `FK_8AB3821619EB6921` FOREIGN KEY (`client_id`) REFERENCES `ost_client` (`id`) ON DELETE CASCADE,
  ADD CONSTRAINT `FK_8AB38216670C757F` FOREIGN KEY (`fournisseur_id`) REFERENCES `ost_com_fournisseur` (`id`) ON DELETE CASCADE,
  ADD CONSTRAINT `FK_8AB38216BE5B0FBB` FOREIGN KEY (`pointvente_id`) REFERENCES `ost_pointvente` (`id`) ON DELETE SET NULL,
  ADD CONSTRAINT `FK_8AB38216FEBD183` FOREIGN KEY (`amicale_id`) REFERENCES `ost_amicale` (`id`) ON DELETE CASCADE;

--
-- Contraintes pour la table `ost_com_reglement`
--
ALTER TABLE `ost_com_reglement`
  ADD CONSTRAINT `FK_40D4C4D84D295EAE` FOREIGN KEY (`reservationPR_id`) REFERENCES `ost_pr_reservations` (`id`),
  ADD CONSTRAINT `FK_40D4C4D8601A244C` FOREIGN KEY (`reservationVO_id`) REFERENCES `ost_vo_reservations` (`id`),
  ADD CONSTRAINT `FK_40D4C4D867F05A51` FOREIGN KEY (`reservationRB_id`) REFERENCES `ost_resa_resarvation` (`id`),
  ADD CONSTRAINT `FK_40D4C4D87BBD6A38` FOREIGN KEY (`reservationsBilletterie_id`) REFERENCES `ost_billetterie_reservation` (`id`),
  ADD CONSTRAINT `FK_40D4C4D899E8E100` FOREIGN KEY (`reservationMaritime_id`) REFERENCES `ost_maritime_reservation` (`id`),
  ADD CONSTRAINT `FK_40D4C4D89AC7F56A` FOREIGN KEY (`reservationBE_id`) REFERENCES `ost_be_reservations` (`id`),
  ADD CONSTRAINT `FK_40D4C4D8AFD64064` FOREIGN KEY (`reservationSHE_id`) REFERENCES `ost_she_reservation` (`id`),
  ADD CONSTRAINT `FK_40D4C4D8B83297E7` FOREIGN KEY (`reservation_id`) REFERENCES `ost_sht_reservation` (`id`),
  ADD CONSTRAINT `FK_40D4C4D8BBCA8CF` FOREIGN KEY (`reservationMICE_id`) REFERENCES `ost_mice_reservations` (`id`),
  ADD CONSTRAINT `FK_40D4C4D8BE5B0FBB` FOREIGN KEY (`pointvente_id`) REFERENCES `ost_pointvente` (`id`) ON DELETE SET NULL,
  ADD CONSTRAINT `FK_40D4C4D8C40FCFA8` FOREIGN KEY (`piece_id`) REFERENCES `ost_com_piece` (`id`),
  ADD CONSTRAINT `FK_40D4C4D8CEC9A386` FOREIGN KEY (`reservationDIV_id`) REFERENCES `ost_div_reservations` (`id`),
  ADD CONSTRAINT `FK_40D4C4D8E4426FEE` FOREIGN KEY (`reservationT_id`) REFERENCES `ost_transfer_reservation` (`id`),
  ADD CONSTRAINT `FK_40D4C4D8F61EE8B` FOREIGN KEY (`remboursement_id`) REFERENCES `ost_com_ligne_remboursement` (`id`) ON DELETE CASCADE;

--
-- Contraintes pour la table `ost_com_reglements_fournisseurs`
--
ALTER TABLE `ost_com_reglements_fournisseurs`
  ADD CONSTRAINT `FK_2F8382C13DD0342` FOREIGN KEY (`impaye_id`) REFERENCES `ost_com_impaye` (`id`),
  ADD CONSTRAINT `FK_2F8382CC40FCFA8` FOREIGN KEY (`piece_id`) REFERENCES `ost_com_piece` (`id`);

--
-- Contraintes pour la table `ost_contact`
--
ALTER TABLE `ost_contact`
  ADD CONSTRAINT `FK_4592A77C19EB6921` FOREIGN KEY (`client_id`) REFERENCES `ost_client` (`id`),
  ADD CONSTRAINT `FK_4592A77C670C757F` FOREIGN KEY (`fournisseur_id`) REFERENCES `ost_com_fournisseur` (`id`),
  ADD CONSTRAINT `FK_4592A77CA6E44244` FOREIGN KEY (`pays_id`) REFERENCES `ost_sht_pays` (`id`);

--
-- Contraintes pour la table `ost_contrat_media`
--
ALTER TABLE `ost_contrat_media`
  ADD CONSTRAINT `FK_E883DC611823061F` FOREIGN KEY (`contrat_id`) REFERENCES `ost_sht_contrat` (`id`) ON DELETE CASCADE;

--
-- Contraintes pour la table `ost_c_caisse_config`
--
ALTER TABLE `ost_c_caisse_config`
  ADD CONSTRAINT `FK_75FFDC3B5FAD855C` FOREIGN KEY (`movCredit_id`) REFERENCES `ost_c_typeligne` (`id`),
  ADD CONSTRAINT `FK_75FFDC3B8B88B0A0` FOREIGN KEY (`movDebit_id`) REFERENCES `ost_c_typeligne` (`id`),
  ADD CONSTRAINT `FK_75FFDC3BA07E088C` FOREIGN KEY (`movRemboursement_id`) REFERENCES `ost_c_typeligne` (`id`);

--
-- Contraintes pour la table `ost_c_sessioncaisse`
--
ALTER TABLE `ost_c_sessioncaisse`
  ADD CONSTRAINT `FK_4EB4DBA487F7F7A5` FOREIGN KEY (`whoValidation_id`) REFERENCES `ost_user` (`id`) ON DELETE CASCADE,
  ADD CONSTRAINT `FK_4EB4DBA4A76ED395` FOREIGN KEY (`user_id`) REFERENCES `ost_user` (`id`) ON DELETE CASCADE,
  ADD CONSTRAINT `FK_4EB4DBA4BE5B0FBB` FOREIGN KEY (`pointvente_id`) REFERENCES `ost_pointvente` (`id`) ON DELETE SET NULL;

--
-- Contraintes pour la table `ost_div_dossier_ligne`
--
ALTER TABLE `ost_div_dossier_ligne`
  ADD CONSTRAINT `FK_DD4E155113DD0342` FOREIGN KEY (`impaye_id`) REFERENCES `ost_com_impaye` (`id`),
  ADD CONSTRAINT `FK_DD4E15514D79775F` FOREIGN KEY (`tva_id`) REFERENCES `ost_tva` (`id`),
  ADD CONSTRAINT `FK_DD4E155156DF0769` FOREIGN KEY (`factureFournisseur_id`) REFERENCES `ost_com_facture_fournisseur` (`id`),
  ADD CONSTRAINT `FK_DD4E1551611C0C56` FOREIGN KEY (`dossier_id`) REFERENCES `ost_div_dossier` (`id`) ON DELETE CASCADE,
  ADD CONSTRAINT `FK_DD4E1551670C757F` FOREIGN KEY (`fournisseur_id`) REFERENCES `ost_com_fournisseur` (`id`);

--
-- Contraintes pour la table `ost_div_dossier_reservations`
--
ALTER TABLE `ost_div_dossier_reservations`
  ADD CONSTRAINT `FK_3AE02FBB611C0C56` FOREIGN KEY (`dossier_id`) REFERENCES `ost_div_dossier` (`id`) ON DELETE CASCADE,
  ADD CONSTRAINT `FK_3AE02FBBB83297E7` FOREIGN KEY (`reservation_id`) REFERENCES `ost_div_reservations` (`id`) ON DELETE CASCADE;

--
-- Contraintes pour la table `ost_div_reservations`
--
ALTER TABLE `ost_div_reservations`
  ADD CONSTRAINT `FK_57705D5119EB6921` FOREIGN KEY (`client_id`) REFERENCES `ost_client` (`id`) ON DELETE CASCADE,
  ADD CONSTRAINT `FK_57705D5153C59D72` FOREIGN KEY (`responsable_id`) REFERENCES `ost_user` (`id`),
  ADD CONSTRAINT `FK_57705D51BE5B0FBB` FOREIGN KEY (`pointvente_id`) REFERENCES `ost_pointvente` (`id`) ON DELETE SET NULL,
  ADD CONSTRAINT `FK_57705D51F06C2258` FOREIGN KEY (`responsableAmicale_id`) REFERENCES `ost_client` (`id`),
  ADD CONSTRAINT `FK_57705D51F347EFB` FOREIGN KEY (`produit_id`) REFERENCES `ost_produit` (`id`) ON DELETE CASCADE,
  ADD CONSTRAINT `FK_57705D51FEBD183` FOREIGN KEY (`amicale_id`) REFERENCES `ost_amicale` (`id`);

--
-- Contraintes pour la table `ost_div_reservations_ligne`
--
ALTER TABLE `ost_div_reservations_ligne`
  ADD CONSTRAINT `FK_D8557F9EB83297E7` FOREIGN KEY (`reservation_id`) REFERENCES `ost_div_reservations` (`id`) ON DELETE CASCADE;

--
-- Contraintes pour la table `ost_emails_produits`
--
ALTER TABLE `ost_emails_produits`
  ADD CONSTRAINT `FK_9DAE2F2BA832C1C9` FOREIGN KEY (`email_id`) REFERENCES `ost_emails` (`id`) ON DELETE CASCADE,
  ADD CONSTRAINT `FK_9DAE2F2BF347EFB` FOREIGN KEY (`produit_id`) REFERENCES `ost_produit` (`id`) ON DELETE CASCADE;

--
-- Contraintes pour la table `ost_etat`
--
ALTER TABLE `ost_etat`
  ADD CONSTRAINT `FK_EF17987BF347EFB` FOREIGN KEY (`produit_id`) REFERENCES `ost_produit` (`id`) ON DELETE CASCADE;

--
-- Contraintes pour la table `ost_font_bloclibres_items`
--
ALTER TABLE `ost_font_bloclibres_items`
  ADD CONSTRAINT `FK_73527728126F525E` FOREIGN KEY (`item_id`) REFERENCES `ost_front_bloclibre_items` (`id`),
  ADD CONSTRAINT `FK_735277285582E9C0` FOREIGN KEY (`bloc_id`) REFERENCES `ost_front_bloclibre` (`id`);

--
-- Contraintes pour la table `ost_font_themes_selections`
--
ALTER TABLE `ost_font_themes_selections`
  ADD CONSTRAINT `FK_35A3E08547232DE5` FOREIGN KEY (`notreselection_id`) REFERENCES `ost_front_notreselection` (`id`),
  ADD CONSTRAINT `FK_35A3E085E48EFE78` FOREIGN KEY (`selection_id`) REFERENCES `ost_front_selection` (`id`);

--
-- Contraintes pour la table `ost_front_accueil`
--
ALTER TABLE `ost_front_accueil`
  ADD CONSTRAINT `FK_A340FE8F20A9D33A` FOREIGN KEY (`photo2_id`) REFERENCES `ost_front_media_accueil` (`id`),
  ADD CONSTRAINT `FK_A340FE8F321C7CD4` FOREIGN KEY (`photo1_id`) REFERENCES `ost_front_media_accueil` (`id`),
  ADD CONSTRAINT `FK_A340FE8F9815B45F` FOREIGN KEY (`photo3_id`) REFERENCES `ost_front_media_accueil` (`id`);

--
-- Contraintes pour la table `ost_front_articles`
--
ALTER TABLE `ost_front_articles`
  ADD CONSTRAINT `FK_EEA2E8E03174800F` FOREIGN KEY (`createdBy_id`) REFERENCES `ost_user` (`id`);

--
-- Contraintes pour la table `ost_front_bloclibre`
--
ALTER TABLE `ost_front_bloclibre`
  ADD CONSTRAINT `FK_721A8E6387EEAE74` FOREIGN KEY (`fond_id`) REFERENCES `ost_front_bloclibre_image` (`id`);

--
-- Contraintes pour la table `ost_front_filtre_theme_categorie_pr`
--
ALTER TABLE `ost_front_filtre_theme_categorie_pr`
  ADD CONSTRAINT `FK_BED4F11D12529D24` FOREIGN KEY (`themeCategorie_id`) REFERENCES `ost_pr_themes_categories` (`id`);

--
-- Contraintes pour la table `ost_front_filtre_theme_categorie_sht`
--
ALTER TABLE `ost_front_filtre_theme_categorie_sht`
  ADD CONSTRAINT `FK_54B9A60212529D24` FOREIGN KEY (`themeCategorie_id`) REFERENCES `ost_sht_theme_categorie` (`id`);

--
-- Contraintes pour la table `ost_front_filtre_theme_categorie_vo`
--
ALTER TABLE `ost_front_filtre_theme_categorie_vo`
  ADD CONSTRAINT `FK_8B883A4212529D24` FOREIGN KEY (`themeCategorie_id`) REFERENCES `ost_vo_themes_categories` (`id`);

--
-- Contraintes pour la table `ost_front_hotelsdeux`
--
ALTER TABLE `ost_front_hotelsdeux`
  ADD CONSTRAINT `FK_682BFFFF4A506129` FOREIGN KEY (`hotel5_id`) REFERENCES `ost_sht_hotels` (`id`) ON DELETE CASCADE,
  ADD CONSTRAINT `FK_682BFFFF58E5CEC7` FOREIGN KEY (`hotel6_id`) REFERENCES `ost_sht_hotels` (`id`) ON DELETE CASCADE,
  ADD CONSTRAINT `FK_682BFFFF6F3B3EF5` FOREIGN KEY (`hotel3_id`) REFERENCES `ost_sht_hotels` (`id`) ON DELETE CASCADE,
  ADD CONSTRAINT `FK_682BFFFFC532F67E` FOREIGN KEY (`hotel1_id`) REFERENCES `ost_sht_hotels` (`id`) ON DELETE CASCADE,
  ADD CONSTRAINT `FK_682BFFFFD7875990` FOREIGN KEY (`hotel2_id`) REFERENCES `ost_sht_hotels` (`id`) ON DELETE CASCADE,
  ADD CONSTRAINT `FK_682BFFFFF2EC064C` FOREIGN KEY (`hotel4_id`) REFERENCES `ost_sht_hotels` (`id`) ON DELETE CASCADE;

--
-- Contraintes pour la table `ost_front_hotelsquatre`
--
ALTER TABLE `ost_front_hotelsquatre`
  ADD CONSTRAINT `FK_3AB4DB8E4A506129` FOREIGN KEY (`hotel5_id`) REFERENCES `ost_sht_hotels` (`id`) ON DELETE CASCADE,
  ADD CONSTRAINT `FK_3AB4DB8E58E5CEC7` FOREIGN KEY (`hotel6_id`) REFERENCES `ost_sht_hotels` (`id`) ON DELETE CASCADE,
  ADD CONSTRAINT `FK_3AB4DB8E6F3B3EF5` FOREIGN KEY (`hotel3_id`) REFERENCES `ost_sht_hotels` (`id`) ON DELETE CASCADE,
  ADD CONSTRAINT `FK_3AB4DB8EC532F67E` FOREIGN KEY (`hotel1_id`) REFERENCES `ost_sht_hotels` (`id`) ON DELETE CASCADE,
  ADD CONSTRAINT `FK_3AB4DB8ED7875990` FOREIGN KEY (`hotel2_id`) REFERENCES `ost_sht_hotels` (`id`) ON DELETE CASCADE,
  ADD CONSTRAINT `FK_3AB4DB8EF2EC064C` FOREIGN KEY (`hotel4_id`) REFERENCES `ost_sht_hotels` (`id`) ON DELETE CASCADE;

--
-- Contraintes pour la table `ost_front_hotelstrois`
--
ALTER TABLE `ost_front_hotelstrois`
  ADD CONSTRAINT `FK_D922F66B4A506129` FOREIGN KEY (`hotel5_id`) REFERENCES `ost_sht_hotels` (`id`) ON DELETE CASCADE,
  ADD CONSTRAINT `FK_D922F66B58E5CEC7` FOREIGN KEY (`hotel6_id`) REFERENCES `ost_sht_hotels` (`id`) ON DELETE CASCADE,
  ADD CONSTRAINT `FK_D922F66B6F3B3EF5` FOREIGN KEY (`hotel3_id`) REFERENCES `ost_sht_hotels` (`id`) ON DELETE CASCADE,
  ADD CONSTRAINT `FK_D922F66BC532F67E` FOREIGN KEY (`hotel1_id`) REFERENCES `ost_sht_hotels` (`id`) ON DELETE CASCADE,
  ADD CONSTRAINT `FK_D922F66BD7875990` FOREIGN KEY (`hotel2_id`) REFERENCES `ost_sht_hotels` (`id`) ON DELETE CASCADE,
  ADD CONSTRAINT `FK_D922F66BF2EC064C` FOREIGN KEY (`hotel4_id`) REFERENCES `ost_sht_hotels` (`id`) ON DELETE CASCADE;

--
-- Contraintes pour la table `ost_front_hotelsun`
--
ALTER TABLE `ost_front_hotelsun`
  ADD CONSTRAINT `FK_54C969574A506129` FOREIGN KEY (`hotel5_id`) REFERENCES `ost_sht_hotels` (`id`) ON DELETE CASCADE,
  ADD CONSTRAINT `FK_54C9695758E5CEC7` FOREIGN KEY (`hotel6_id`) REFERENCES `ost_sht_hotels` (`id`) ON DELETE CASCADE,
  ADD CONSTRAINT `FK_54C969576F3B3EF5` FOREIGN KEY (`hotel3_id`) REFERENCES `ost_sht_hotels` (`id`) ON DELETE CASCADE,
  ADD CONSTRAINT `FK_54C96957C532F67E` FOREIGN KEY (`hotel1_id`) REFERENCES `ost_sht_hotels` (`id`) ON DELETE CASCADE,
  ADD CONSTRAINT `FK_54C96957D7875990` FOREIGN KEY (`hotel2_id`) REFERENCES `ost_sht_hotels` (`id`) ON DELETE CASCADE,
  ADD CONSTRAINT `FK_54C96957F2EC064C` FOREIGN KEY (`hotel4_id`) REFERENCES `ost_sht_hotels` (`id`) ON DELETE CASCADE;

--
-- Contraintes pour la table `ost_front_omra`
--
ALTER TABLE `ost_front_omra`
  ADD CONSTRAINT `FK_3E2E39A168C9E5AF` FOREIGN KEY (`voyage_id`) REFERENCES `ost_vo_voyages` (`id`) ON DELETE CASCADE;

--
-- Contraintes pour la table `ost_front_programmedeux`
--
ALTER TABLE `ost_front_programmedeux`
  ADD CONSTRAINT `FK_9022896A62BB7AEE` FOREIGN KEY (`programme_id`) REFERENCES `ost_pr_programmes` (`id`) ON DELETE CASCADE;

--
-- Contraintes pour la table `ost_front_programmeun`
--
ALTER TABLE `ost_front_programmeun`
  ADD CONSTRAINT `FK_E764400762BB7AEE` FOREIGN KEY (`programme_id`) REFERENCES `ost_pr_programmes` (`id`) ON DELETE CASCADE;

--
-- Contraintes pour la table `ost_front_titreblocs`
--
ALTER TABLE `ost_front_titreblocs`
  ADD CONSTRAINT `FK_BD3C6BCF56BA85B2` FOREIGN KEY (`image_voyage3_id`) REFERENCES `ost_front_iconeaccueilblocs` (`id`),
  ADD CONSTRAINT `FK_BD3C6BCFC7071473` FOREIGN KEY (`image_programme2_id`) REFERENCES `ost_front_iconeaccueilblocs` (`id`),
  ADD CONSTRAINT `FK_BD3C6BCFD5B2BB9D` FOREIGN KEY (`image_programme1_id`) REFERENCES `ost_front_iconeaccueilblocs` (`id`),
  ADD CONSTRAINT `FK_BD3C6BCFEE06E2D7` FOREIGN KEY (`image_voyage2_id`) REFERENCES `ost_front_iconeaccueilblocs` (`id`),
  ADD CONSTRAINT `FK_BD3C6BCFFCB34D39` FOREIGN KEY (`image_voyage1_id`) REFERENCES `ost_front_iconeaccueilblocs` (`id`);

--
-- Contraintes pour la table `ost_front_topdestination`
--
ALTER TABLE `ost_front_topdestination`
  ADD CONSTRAINT `FK_52D43B90816C6140` FOREIGN KEY (`destination_id`) REFERENCES `ost_vo_destinations` (`id`) ON DELETE CASCADE;

--
-- Contraintes pour la table `ost_front_topprogramme`
--
ALTER TABLE `ost_front_topprogramme`
  ADD CONSTRAINT `FK_AC57A2E359027487` FOREIGN KEY (`theme_id`) REFERENCES `ost_pr_themes` (`id`);

--
-- Contraintes pour la table `ost_front_voyagedeux`
--
ALTER TABLE `ost_front_voyagedeux`
  ADD CONSTRAINT `FK_BB61ED8768C9E5AF` FOREIGN KEY (`voyage_id`) REFERENCES `ost_vo_voyages` (`id`) ON DELETE CASCADE;

--
-- Contraintes pour la table `ost_front_voyagenoce`
--
ALTER TABLE `ost_front_voyagenoce`
  ADD CONSTRAINT `FK_A6D5513B68C9E5AF` FOREIGN KEY (`voyage_id`) REFERENCES `ost_vo_voyages` (`id`) ON DELETE CASCADE;

--
-- Contraintes pour la table `ost_front_voyageun`
--
ALTER TABLE `ost_front_voyageun`
  ADD CONSTRAINT `FK_BB4CA79368C9E5AF` FOREIGN KEY (`voyage_id`) REFERENCES `ost_vo_voyages` (`id`) ON DELETE CASCADE;

--
-- Contraintes pour la table `ost_maritime_dossier_ligne`
--
ALTER TABLE `ost_maritime_dossier_ligne`
  ADD CONSTRAINT `FK_3EBE275B13DD0342` FOREIGN KEY (`impaye_id`) REFERENCES `ost_com_impaye` (`id`),
  ADD CONSTRAINT `FK_3EBE275B4D79775F` FOREIGN KEY (`tva_id`) REFERENCES `ost_tva` (`id`),
  ADD CONSTRAINT `FK_3EBE275B56DF0769` FOREIGN KEY (`factureFournisseur_id`) REFERENCES `ost_com_facture_fournisseur` (`id`),
  ADD CONSTRAINT `FK_3EBE275B611C0C56` FOREIGN KEY (`dossier_id`) REFERENCES `ost_maritime_dossier` (`id`) ON DELETE CASCADE,
  ADD CONSTRAINT `FK_3EBE275B670C757F` FOREIGN KEY (`fournisseur_id`) REFERENCES `ost_com_fournisseur` (`id`);

--
-- Contraintes pour la table `ost_maritime_dossier_reservations`
--
ALTER TABLE `ost_maritime_dossier_reservations`
  ADD CONSTRAINT `FK_5BDC68D8ACAA5ACD` FOREIGN KEY (`maritimereservation_id`) REFERENCES `ost_maritime_reservation` (`id`) ON DELETE CASCADE,
  ADD CONSTRAINT `FK_5BDC68D8D5DE7544` FOREIGN KEY (`dossierm_id`) REFERENCES `ost_maritime_dossier` (`id`) ON DELETE CASCADE;

--
-- Contraintes pour la table `ost_maritime_reservation`
--
ALTER TABLE `ost_maritime_reservation`
  ADD CONSTRAINT `FK_276511AC19EB6921` FOREIGN KEY (`client_id`) REFERENCES `ost_client` (`id`) ON DELETE CASCADE,
  ADD CONSTRAINT `FK_276511AC53C59D72` FOREIGN KEY (`responsable_id`) REFERENCES `ost_user` (`id`),
  ADD CONSTRAINT `FK_276511ACBE5B0FBB` FOREIGN KEY (`pointvente_id`) REFERENCES `ost_pointvente` (`id`) ON DELETE SET NULL,
  ADD CONSTRAINT `FK_276511ACF06C2258` FOREIGN KEY (`responsableAmicale_id`) REFERENCES `ost_client` (`id`),
  ADD CONSTRAINT `FK_276511ACFEBD183` FOREIGN KEY (`amicale_id`) REFERENCES `ost_amicale` (`id`);

--
-- Contraintes pour la table `ost_media`
--
ALTER TABLE `ost_media`
  ADD CONSTRAINT `FK_EFDD4A3A73F0036` FOREIGN KEY (`ville_id`) REFERENCES `ost_sht_ville` (`id`),
  ADD CONSTRAINT `FK_EFDD4A3CB35D94E` FOREIGN KEY (`Hotel_id`) REFERENCES `ost_sht_hotels` (`id`);

--
-- Contraintes pour la table `ost_mice_dossier_ligne`
--
ALTER TABLE `ost_mice_dossier_ligne`
  ADD CONSTRAINT `FK_7ED3FF5713DD0342` FOREIGN KEY (`impaye_id`) REFERENCES `ost_com_impaye` (`id`),
  ADD CONSTRAINT `FK_7ED3FF574D79775F` FOREIGN KEY (`tva_id`) REFERENCES `ost_tva` (`id`),
  ADD CONSTRAINT `FK_7ED3FF5756DF0769` FOREIGN KEY (`factureFournisseur_id`) REFERENCES `ost_com_facture_fournisseur` (`id`),
  ADD CONSTRAINT `FK_7ED3FF57611C0C56` FOREIGN KEY (`dossier_id`) REFERENCES `ost_mice_dossier` (`id`) ON DELETE CASCADE,
  ADD CONSTRAINT `FK_7ED3FF57670C757F` FOREIGN KEY (`fournisseur_id`) REFERENCES `ost_com_fournisseur` (`id`);

--
-- Contraintes pour la table `ost_mice_dossier_reservations`
--
ALTER TABLE `ost_mice_dossier_reservations`
  ADD CONSTRAINT `FK_98A7772F611C0C56` FOREIGN KEY (`dossier_id`) REFERENCES `ost_mice_dossier` (`id`) ON DELETE CASCADE,
  ADD CONSTRAINT `FK_98A7772FB83297E7` FOREIGN KEY (`reservation_id`) REFERENCES `ost_mice_reservations` (`id`) ON DELETE CASCADE;

--
-- Contraintes pour la table `ost_mice_reservations`
--
ALTER TABLE `ost_mice_reservations`
  ADD CONSTRAINT `FK_769A2F3319EB6921` FOREIGN KEY (`client_id`) REFERENCES `ost_client` (`id`) ON DELETE CASCADE,
  ADD CONSTRAINT `FK_769A2F3353C59D72` FOREIGN KEY (`responsable_id`) REFERENCES `ost_user` (`id`),
  ADD CONSTRAINT `FK_769A2F33A6E44244` FOREIGN KEY (`pays_id`) REFERENCES `ost_sht_pays` (`id`),
  ADD CONSTRAINT `FK_769A2F33BE5B0FBB` FOREIGN KEY (`pointvente_id`) REFERENCES `ost_pointvente` (`id`) ON DELETE SET NULL,
  ADD CONSTRAINT `FK_769A2F33F06C2258` FOREIGN KEY (`responsableAmicale_id`) REFERENCES `ost_client` (`id`),
  ADD CONSTRAINT `FK_769A2F33FEBD183` FOREIGN KEY (`amicale_id`) REFERENCES `ost_amicale` (`id`);

--
-- Contraintes pour la table `ost_mice_services`
--
ALTER TABLE `ost_mice_services`
  ADD CONSTRAINT `FK_CEBE313A140649EB` FOREIGN KEY (`typeservice_id`) REFERENCES `ost_mice_type_services` (`id`) ON DELETE CASCADE;

--
-- Contraintes pour la table `ost_modalite_paiement_agence`
--
ALTER TABLE `ost_modalite_paiement_agence`
  ADD CONSTRAINT `FK_EEEB6F66AEE8A773` FOREIGN KEY (`modalitepaiement_id`) REFERENCES `ost_modalite_paiement` (`id`) ON DELETE CASCADE,
  ADD CONSTRAINT `FK_EEEB6F66F347EFB` FOREIGN KEY (`produit_id`) REFERENCES `ost_produit` (`id`) ON DELETE CASCADE;

--
-- Contraintes pour la table `ost_modalite_paiement_a_domicile`
--
ALTER TABLE `ost_modalite_paiement_a_domicile`
  ADD CONSTRAINT `FK_1C71E229AEE8A773` FOREIGN KEY (`modalitepaiement_id`) REFERENCES `ost_modalite_paiement` (`id`) ON DELETE CASCADE,
  ADD CONSTRAINT `FK_1C71E229F347EFB` FOREIGN KEY (`produit_id`) REFERENCES `ost_produit` (`id`) ON DELETE CASCADE;

--
-- Contraintes pour la table `ost_modalite_paiement_cheque_facilite`
--
ALTER TABLE `ost_modalite_paiement_cheque_facilite`
  ADD CONSTRAINT `FK_E71E36D9AEE8A773` FOREIGN KEY (`modalitepaiement_id`) REFERENCES `ost_modalite_paiement` (`id`) ON DELETE CASCADE,
  ADD CONSTRAINT `FK_E71E36D9F347EFB` FOREIGN KEY (`produit_id`) REFERENCES `ost_produit` (`id`) ON DELETE CASCADE;

--
-- Contraintes pour la table `ost_modalite_paiement_cheque_versable`
--
ALTER TABLE `ost_modalite_paiement_cheque_versable`
  ADD CONSTRAINT `FK_F114D299AEE8A773` FOREIGN KEY (`modalitepaiement_id`) REFERENCES `ost_modalite_paiement` (`id`) ON DELETE CASCADE,
  ADD CONSTRAINT `FK_F114D299F347EFB` FOREIGN KEY (`produit_id`) REFERENCES `ost_produit` (`id`) ON DELETE CASCADE;

--
-- Contraintes pour la table `ost_modalite_paiement_mondat_postal`
--
ALTER TABLE `ost_modalite_paiement_mondat_postal`
  ADD CONSTRAINT `FK_413D638AEE8A773` FOREIGN KEY (`modalitepaiement_id`) REFERENCES `ost_modalite_paiement` (`id`) ON DELETE CASCADE,
  ADD CONSTRAINT `FK_413D638F347EFB` FOREIGN KEY (`produit_id`) REFERENCES `ost_produit` (`id`) ON DELETE CASCADE;

--
-- Contraintes pour la table `ost_modalite_paiement_paiement_partiel`
--
ALTER TABLE `ost_modalite_paiement_paiement_partiel`
  ADD CONSTRAINT `FK_C254BDDAAEE8A773` FOREIGN KEY (`modalitepaiement_id`) REFERENCES `ost_modalite_paiement` (`id`) ON DELETE CASCADE,
  ADD CONSTRAINT `FK_C254BDDAF347EFB` FOREIGN KEY (`produit_id`) REFERENCES `ost_produit` (`id`) ON DELETE CASCADE;

--
-- Contraintes pour la table `ost_modalite_paiement_paiement_total`
--
ALTER TABLE `ost_modalite_paiement_paiement_total`
  ADD CONSTRAINT `FK_A216CAC7AEE8A773` FOREIGN KEY (`modalitepaiement_id`) REFERENCES `ost_modalite_paiement` (`id`) ON DELETE CASCADE,
  ADD CONSTRAINT `FK_A216CAC7F347EFB` FOREIGN KEY (`produit_id`) REFERENCES `ost_produit` (`id`) ON DELETE CASCADE;

--
-- Contraintes pour la table `ost_modalite_paiement_versement_bancaire`
--
ALTER TABLE `ost_modalite_paiement_versement_bancaire`
  ADD CONSTRAINT `FK_F96D467AEE8A773` FOREIGN KEY (`modalitepaiement_id`) REFERENCES `ost_modalite_paiement` (`id`) ON DELETE CASCADE,
  ADD CONSTRAINT `FK_F96D467F347EFB` FOREIGN KEY (`produit_id`) REFERENCES `ost_produit` (`id`) ON DELETE CASCADE;

--
-- Contraintes pour la table `ost_periodes`
--
ALTER TABLE `ost_periodes`
  ADD CONSTRAINT `FK_4E91DA48F965414C` FOREIGN KEY (`saison_id`) REFERENCES `ost_sht_saison` (`id`) ON DELETE CASCADE;

--
-- Contraintes pour la table `ost_produit`
--
ALTER TABLE `ost_produit`
  ADD CONSTRAINT `FK_2055AD634D79775F` FOREIGN KEY (`tva_id`) REFERENCES `ost_tva` (`id`);

--
-- Contraintes pour la table `ost_pr_descriptions`
--
ALTER TABLE `ost_pr_descriptions`
  ADD CONSTRAINT `FK_11E6ED8C62BB7AEE` FOREIGN KEY (`programme_id`) REFERENCES `ost_pr_programmes` (`id`) ON DELETE CASCADE;

--
-- Contraintes pour la table `ost_pr_dossier`
--
ALTER TABLE `ost_pr_dossier`
  ADD CONSTRAINT `FK_C4F871D3F384C1CF` FOREIGN KEY (`periode_id`) REFERENCES `ost_pr_periodes` (`id`);

--
-- Contraintes pour la table `ost_pr_dossier_ligne`
--
ALTER TABLE `ost_pr_dossier_ligne`
  ADD CONSTRAINT `FK_58A4903513DD0342` FOREIGN KEY (`impaye_id`) REFERENCES `ost_com_impaye` (`id`),
  ADD CONSTRAINT `FK_58A490354D79775F` FOREIGN KEY (`tva_id`) REFERENCES `ost_tva` (`id`),
  ADD CONSTRAINT `FK_58A4903556DF0769` FOREIGN KEY (`factureFournisseur_id`) REFERENCES `ost_com_facture_fournisseur` (`id`),
  ADD CONSTRAINT `FK_58A49035611C0C56` FOREIGN KEY (`dossier_id`) REFERENCES `ost_pr_dossier` (`id`) ON DELETE CASCADE,
  ADD CONSTRAINT `FK_58A49035670C757F` FOREIGN KEY (`fournisseur_id`) REFERENCES `ost_com_fournisseur` (`id`);

--
-- Contraintes pour la table `ost_pr_dossier_reservations`
--
ALTER TABLE `ost_pr_dossier_reservations`
  ADD CONSTRAINT `FK_B3875B51611C0C56` FOREIGN KEY (`dossier_id`) REFERENCES `ost_pr_dossier` (`id`) ON DELETE CASCADE,
  ADD CONSTRAINT `FK_B3875B51B83297E7` FOREIGN KEY (`reservation_id`) REFERENCES `ost_pr_reservations` (`id`) ON DELETE CASCADE;

--
-- Contraintes pour la table `ost_pr_info_pratiques`
--
ALTER TABLE `ost_pr_info_pratiques`
  ADD CONSTRAINT `FK_E6BC25EC62BB7AEE` FOREIGN KEY (`programme_id`) REFERENCES `ost_pr_programmes` (`id`) ON DELETE CASCADE;

--
-- Contraintes pour la table `ost_pr_ligne`
--
ALTER TABLE `ost_pr_ligne`
  ADD CONSTRAINT `FK_AF376C8FF384C1CF` FOREIGN KEY (`periode_id`) REFERENCES `ost_pr_periodes` (`id`) ON DELETE CASCADE;

--
-- Contraintes pour la table `ost_pr_periodes`
--
ALTER TABLE `ost_pr_periodes`
  ADD CONSTRAINT `FK_5C7E146F62BB7AEE` FOREIGN KEY (`programme_id`) REFERENCES `ost_pr_programmes` (`id`) ON DELETE CASCADE;

--
-- Contraintes pour la table `ost_pr_photos`
--
ALTER TABLE `ost_pr_photos`
  ADD CONSTRAINT `FK_1386B4568C9E5AF` FOREIGN KEY (`voyage_id`) REFERENCES `ost_pr_programmes` (`id`) ON DELETE CASCADE;

--
-- Contraintes pour la table `ost_pr_programmes`
--
ALTER TABLE `ost_pr_programmes`
  ADD CONSTRAINT `FK_3BE18C6D3243BB18` FOREIGN KEY (`hotel_id`) REFERENCES `ost_sht_hotels` (`id`);

--
-- Contraintes pour la table `ost_pr_programme_themes`
--
ALTER TABLE `ost_pr_programme_themes`
  ADD CONSTRAINT `FK_9BDE0C0D59027487` FOREIGN KEY (`theme_id`) REFERENCES `ost_pr_themes` (`id`) ON DELETE CASCADE,
  ADD CONSTRAINT `FK_9BDE0C0D62BB7AEE` FOREIGN KEY (`programme_id`) REFERENCES `ost_pr_programmes` (`id`) ON DELETE CASCADE;

--
-- Contraintes pour la table `ost_pr_reservations`
--
ALTER TABLE `ost_pr_reservations`
  ADD CONSTRAINT `FK_D8C5E10319EB6921` FOREIGN KEY (`client_id`) REFERENCES `ost_client` (`id`) ON DELETE CASCADE,
  ADD CONSTRAINT `FK_D8C5E10353C59D72` FOREIGN KEY (`responsable_id`) REFERENCES `ost_user` (`id`),
  ADD CONSTRAINT `FK_D8C5E10362BB7AEE` FOREIGN KEY (`programme_id`) REFERENCES `ost_pr_programmes` (`id`),
  ADD CONSTRAINT `FK_D8C5E103BE5B0FBB` FOREIGN KEY (`pointvente_id`) REFERENCES `ost_pointvente` (`id`) ON DELETE SET NULL,
  ADD CONSTRAINT `FK_D8C5E103F06C2258` FOREIGN KEY (`responsableAmicale_id`) REFERENCES `ost_client` (`id`),
  ADD CONSTRAINT `FK_D8C5E103F384C1CF` FOREIGN KEY (`periode_id`) REFERENCES `ost_pr_periodes` (`id`),
  ADD CONSTRAINT `FK_D8C5E103FEBD183` FOREIGN KEY (`amicale_id`) REFERENCES `ost_amicale` (`id`);

--
-- Contraintes pour la table `ost_pr_reservations_lignes`
--
ALTER TABLE `ost_pr_reservations_lignes`
  ADD CONSTRAINT `FK_B83E2EAEA21BD112` FOREIGN KEY (`personne_id`) REFERENCES `ost_pr_reservation_personnes` (`id`) ON DELETE CASCADE;

--
-- Contraintes pour la table `ost_pr_reservation_personnes`
--
ALTER TABLE `ost_pr_reservation_personnes`
  ADD CONSTRAINT `FK_686A2A218385C843` FOREIGN KEY (`reservationA_id`) REFERENCES `ost_pr_reservations` (`id`) ON DELETE CASCADE,
  ADD CONSTRAINT `FK_686A2A21CE75F14` FOREIGN KEY (`reservationE_id`) REFERENCES `ost_pr_reservations` (`id`) ON DELETE CASCADE;

--
-- Contraintes pour la table `ost_pr_themes`
--
ALTER TABLE `ost_pr_themes`
  ADD CONSTRAINT `FK_1C0CB94212529D24` FOREIGN KEY (`themeCategorie_id`) REFERENCES `ost_pr_themes_categories` (`id`);

--
-- Contraintes pour la table `ost_resa_hotels`
--
ALTER TABLE `ost_resa_hotels`
  ADD CONSTRAINT `FK_A77B75833243BB18` FOREIGN KEY (`hotel_id`) REFERENCES `ost_sht_hotels` (`id`);

--
-- Contraintes pour la table `ost_resa_resarvation`
--
ALTER TABLE `ost_resa_resarvation`
  ADD CONSTRAINT `FK_467D7B5519EB6921` FOREIGN KEY (`client_id`) REFERENCES `ost_client` (`id`) ON DELETE CASCADE,
  ADD CONSTRAINT `FK_467D7B553243BB18` FOREIGN KEY (`hotel_id`) REFERENCES `ost_resa_hotels` (`id`),
  ADD CONSTRAINT `FK_467D7B5553C59D72` FOREIGN KEY (`responsable_id`) REFERENCES `ost_user` (`id`),
  ADD CONSTRAINT `FK_467D7B55BE5B0FBB` FOREIGN KEY (`pointvente_id`) REFERENCES `ost_pointvente` (`id`) ON DELETE SET NULL,
  ADD CONSTRAINT `FK_467D7B55F06C2258` FOREIGN KEY (`responsableAmicale_id`) REFERENCES `ost_client` (`id`),
  ADD CONSTRAINT `FK_467D7B55FEBD183` FOREIGN KEY (`amicale_id`) REFERENCES `ost_amicale` (`id`);

--
-- Contraintes pour la table `ost_she_reservation`
--
ALTER TABLE `ost_she_reservation`
  ADD CONSTRAINT `FK_5C23BF1619EB6921` FOREIGN KEY (`client_id`) REFERENCES `ost_client` (`id`) ON DELETE CASCADE,
  ADD CONSTRAINT `FK_5C23BF163243BB18` FOREIGN KEY (`hotel_id`) REFERENCES `ost_sht_hotels` (`id`),
  ADD CONSTRAINT `FK_5C23BF1653C59D72` FOREIGN KEY (`responsable_id`) REFERENCES `ost_user` (`id`),
  ADD CONSTRAINT `FK_5C23BF16BE5B0FBB` FOREIGN KEY (`pointvente_id`) REFERENCES `ost_pointvente` (`id`) ON DELETE SET NULL,
  ADD CONSTRAINT `FK_5C23BF16F06C2258` FOREIGN KEY (`responsableAmicale_id`) REFERENCES `ost_client` (`id`),
  ADD CONSTRAINT `FK_5C23BF16FEBD183` FOREIGN KEY (`amicale_id`) REFERENCES `ost_amicale` (`id`);

--
-- Contraintes pour la table `ost_she_reservation_ligne`
--
ALTER TABLE `ost_she_reservation_ligne`
  ADD CONSTRAINT `FK_4DF19E589B177F54` FOREIGN KEY (`chambre_id`) REFERENCES `ost_sht_chambre` (`id`),
  ADD CONSTRAINT `FK_4DF19E58B83297E7` FOREIGN KEY (`reservation_id`) REFERENCES `ost_she_reservation` (`id`) ON DELETE CASCADE,
  ADD CONSTRAINT `FK_4DF19E58C5CAAFBC` FOREIGN KEY (`arrangement_id`) REFERENCES `ost_sht_arrangement` (`id`);

--
-- Contraintes pour la table `ost_sht_amenagement`
--
ALTER TABLE `ost_sht_amenagement`
  ADD CONSTRAINT `FK_388FDD3DD8E3B1F4` FOREIGN KEY (`id_typeamenagement`) REFERENCES `ost_sht_type_amenagement` (`id`);

--
-- Contraintes pour la table `ost_sht_contrat`
--
ALTER TABLE `ost_sht_contrat`
  ADD CONSTRAINT `FK_1A2885403243BB18` FOREIGN KEY (`hotel_id`) REFERENCES `ost_sht_hotels` (`id`);

--
-- Contraintes pour la table `ost_sht_dossier`
--
ALTER TABLE `ost_sht_dossier`
  ADD CONSTRAINT `FK_4754FCE43243BB18` FOREIGN KEY (`hotel_id`) REFERENCES `ost_sht_hotels` (`id`);

--
-- Contraintes pour la table `ost_sht_dossier_ligne`
--
ALTER TABLE `ost_sht_dossier_ligne`
  ADD CONSTRAINT `FK_EC63D06713DD0342` FOREIGN KEY (`impaye_id`) REFERENCES `ost_com_impaye` (`id`),
  ADD CONSTRAINT `FK_EC63D0674D79775F` FOREIGN KEY (`tva_id`) REFERENCES `ost_tva` (`id`),
  ADD CONSTRAINT `FK_EC63D06756DF0769` FOREIGN KEY (`factureFournisseur_id`) REFERENCES `ost_com_facture_fournisseur` (`id`),
  ADD CONSTRAINT `FK_EC63D067611C0C56` FOREIGN KEY (`dossier_id`) REFERENCES `ost_sht_dossier` (`id`) ON DELETE CASCADE,
  ADD CONSTRAINT `FK_EC63D067670C757F` FOREIGN KEY (`fournisseur_id`) REFERENCES `ost_com_fournisseur` (`id`);

--
-- Contraintes pour la table `ost_sht_dossier_ligne_she`
--
ALTER TABLE `ost_sht_dossier_ligne_she`
  ADD CONSTRAINT `FK_B8750E2413DD0342` FOREIGN KEY (`impaye_id`) REFERENCES `ost_com_impaye` (`id`),
  ADD CONSTRAINT `FK_B8750E244D79775F` FOREIGN KEY (`tva_id`) REFERENCES `ost_tva` (`id`),
  ADD CONSTRAINT `FK_B8750E2456DF0769` FOREIGN KEY (`factureFournisseur_id`) REFERENCES `ost_com_facture_fournisseur` (`id`),
  ADD CONSTRAINT `FK_B8750E24611C0C56` FOREIGN KEY (`dossier_id`) REFERENCES `ost_sht_dossier_she` (`id`) ON DELETE CASCADE,
  ADD CONSTRAINT `FK_B8750E24670C757F` FOREIGN KEY (`fournisseur_id`) REFERENCES `ost_com_fournisseur` (`id`);

--
-- Contraintes pour la table `ost_sht_dossier_reservations`
--
ALTER TABLE `ost_sht_dossier_reservations`
  ADD CONSTRAINT `FK_C1B044A5611C0C56` FOREIGN KEY (`dossier_id`) REFERENCES `ost_sht_dossier` (`id`) ON DELETE CASCADE,
  ADD CONSTRAINT `FK_C1B044A5B83297E7` FOREIGN KEY (`reservation_id`) REFERENCES `ost_sht_reservation` (`id`) ON DELETE CASCADE;

--
-- Contraintes pour la table `ost_sht_dossier_reservations_she`
--
ALTER TABLE `ost_sht_dossier_reservations_she`
  ADD CONSTRAINT `FK_71E1F22C43760F88` FOREIGN KEY (`dossiershe_id`) REFERENCES `ost_sht_dossier_she` (`id`) ON DELETE CASCADE,
  ADD CONSTRAINT `FK_71E1F22C8B5BA843` FOREIGN KEY (`reservationmonde_id`) REFERENCES `ost_she_reservation` (`id`) ON DELETE CASCADE;

--
-- Contraintes pour la table `ost_sht_hotels`
--
ALTER TABLE `ost_sht_hotels`
  ADD CONSTRAINT `FK_92448DAE3129D93D` FOREIGN KEY (`chaine_id`) REFERENCES `ost_sht_chaine` (`id`),
  ADD CONSTRAINT `FK_92448DAE7A71939B` FOREIGN KEY (`ficheTechnique_id`) REFERENCES `ost_sht_fichetechnique` (`id`),
  ADD CONSTRAINT `FK_92448DAEA73F0036` FOREIGN KEY (`ville_id`) REFERENCES `ost_sht_ville` (`id`),
  ADD CONSTRAINT `FK_92448DAEBCF5E72D` FOREIGN KEY (`categorie_id`) REFERENCES `ost_sht_categorie` (`id`),
  ADD CONSTRAINT `FK_92448DAEF05725D6` FOREIGN KEY (`saisonBase_id`) REFERENCES `ost_sht_saison` (`id`);

--
-- Contraintes pour la table `ost_sht_hotelschambre`
--
ALTER TABLE `ost_sht_hotelschambre`
  ADD CONSTRAINT `FK_534A5F03243BB18` FOREIGN KEY (`hotel_id`) REFERENCES `ost_sht_hotels` (`id`),
  ADD CONSTRAINT `FK_534A5F03DA5256D` FOREIGN KEY (`image_id`) REFERENCES `ost_media` (`id`),
  ADD CONSTRAINT `FK_534A5F09B177F54` FOREIGN KEY (`chambre_id`) REFERENCES `ost_sht_chambre` (`id`);

--
-- Contraintes pour la table `ost_sht_hotels_amenagements`
--
ALTER TABLE `ost_sht_hotels_amenagements`
  ADD CONSTRAINT `FK_B926764D57E799D6` FOREIGN KEY (`id_amenagement`) REFERENCES `ost_sht_amenagement` (`id`),
  ADD CONSTRAINT `FK_B926764DEDD61FE9` FOREIGN KEY (`id_hotel`) REFERENCES `ost_sht_hotels` (`id`);

--
-- Contraintes pour la table `ost_sht_hotels_arrangements`
--
ALTER TABLE `ost_sht_hotels_arrangements`
  ADD CONSTRAINT `FK_47C301AC668B0E4E` FOREIGN KEY (`id_arrangement`) REFERENCES `ost_sht_arrangement` (`id`),
  ADD CONSTRAINT `FK_47C301ACEDD61FE9` FOREIGN KEY (`id_hotel`) REFERENCES `ost_sht_hotels` (`id`);

--
-- Contraintes pour la table `ost_sht_hotels_chambre`
--
ALTER TABLE `ost_sht_hotels_chambre`
  ADD CONSTRAINT `FK_D84847041B944D8F` FOREIGN KEY (`id_chambre`) REFERENCES `ost_sht_chambre` (`id`),
  ADD CONSTRAINT `FK_D8484704EDD61FE9` FOREIGN KEY (`id_hotel`) REFERENCES `ost_sht_hotels` (`id`);

--
-- Contraintes pour la table `ost_sht_hotels_localisations`
--
ALTER TABLE `ost_sht_hotels_localisations`
  ADD CONSTRAINT `FK_193281939C12BBFD` FOREIGN KEY (`id_localisation`) REFERENCES `ost_sht_localistion` (`id`),
  ADD CONSTRAINT `FK_19328193EDD61FE9` FOREIGN KEY (`id_hotel`) REFERENCES `ost_sht_hotels` (`id`);

--
-- Contraintes pour la table `ost_sht_hotels_options`
--
ALTER TABLE `ost_sht_hotels_options`
  ADD CONSTRAINT `FK_CD74597C7CB1B55D` FOREIGN KEY (`id_option`) REFERENCES `ost_sht_option` (`id`),
  ADD CONSTRAINT `FK_CD74597CEDD61FE9` FOREIGN KEY (`id_hotel`) REFERENCES `ost_sht_hotels` (`id`);

--
-- Contraintes pour la table `ost_sht_hotels_stopsales`
--
ALTER TABLE `ost_sht_hotels_stopsales`
  ADD CONSTRAINT `FK_64D515253243BB18` FOREIGN KEY (`hotel_id`) REFERENCES `ost_sht_hotels` (`id`);

--
-- Contraintes pour la table `ost_sht_hotels_tags`
--
ALTER TABLE `ost_sht_hotels_tags`
  ADD CONSTRAINT `FK_D65966A89D2D5FD9` FOREIGN KEY (`id_tag`) REFERENCES `ost_sht_tag` (`id`),
  ADD CONSTRAINT `FK_D65966A8EDD61FE9` FOREIGN KEY (`id_hotel`) REFERENCES `ost_sht_hotels` (`id`);

--
-- Contraintes pour la table `ost_sht_hotels_themes`
--
ALTER TABLE `ost_sht_hotels_themes`
  ADD CONSTRAINT `FK_E3F1ADCE79F0A638` FOREIGN KEY (`id_theme`) REFERENCES `ost_sht_theme` (`id`),
  ADD CONSTRAINT `FK_E3F1ADCEEDD61FE9` FOREIGN KEY (`id_hotel`) REFERENCES `ost_sht_hotels` (`id`);

--
-- Contraintes pour la table `ost_sht_hotels_vues`
--
ALTER TABLE `ost_sht_hotels_vues`
  ADD CONSTRAINT `FK_5549C70D5E093DCE` FOREIGN KEY (`id_vue`) REFERENCES `ost_sht_vue` (`id`),
  ADD CONSTRAINT `FK_5549C70DEDD61FE9` FOREIGN KEY (`id_hotel`) REFERENCES `ost_sht_hotels` (`id`);

--
-- Contraintes pour la table `ost_sht_reservation`
--
ALTER TABLE `ost_sht_reservation`
  ADD CONSTRAINT `FK_35B2C04919EB6921` FOREIGN KEY (`client_id`) REFERENCES `ost_client` (`id`) ON DELETE CASCADE,
  ADD CONSTRAINT `FK_35B2C0493243BB18` FOREIGN KEY (`hotel_id`) REFERENCES `ost_sht_hotels` (`id`),
  ADD CONSTRAINT `FK_35B2C04953C59D72` FOREIGN KEY (`responsable_id`) REFERENCES `ost_user` (`id`),
  ADD CONSTRAINT `FK_35B2C049BE5B0FBB` FOREIGN KEY (`pointvente_id`) REFERENCES `ost_pointvente` (`id`) ON DELETE SET NULL,
  ADD CONSTRAINT `FK_35B2C049F06C2258` FOREIGN KEY (`responsableAmicale_id`) REFERENCES `ost_client` (`id`),
  ADD CONSTRAINT `FK_35B2C049FEBD183` FOREIGN KEY (`amicale_id`) REFERENCES `ost_amicale` (`id`);

--
-- Contraintes pour la table `ost_sht_reservation_chambre`
--
ALTER TABLE `ost_sht_reservation_chambre`
  ADD CONSTRAINT `FK_754DC6479B177F54` FOREIGN KEY (`chambre_id`) REFERENCES `ost_sht_chambre` (`id`),
  ADD CONSTRAINT `FK_754DC647B83297E7` FOREIGN KEY (`reservation_id`) REFERENCES `ost_sht_reservation` (`id`) ON DELETE CASCADE,
  ADD CONSTRAINT `FK_754DC647C5CAAFBC` FOREIGN KEY (`arrangement_id`) REFERENCES `ost_sht_arrangement` (`id`);

--
-- Contraintes pour la table `ost_sht_reservation_chambre_jour`
--
ALTER TABLE `ost_sht_reservation_chambre_jour`
  ADD CONSTRAINT `FK_14CD0F7D6353055F` FOREIGN KEY (`saisonContingent_id`) REFERENCES `ost_sht_saison` (`id`) ON DELETE CASCADE,
  ADD CONSTRAINT `FK_14CD0F7D9B177F54` FOREIGN KEY (`chambre_id`) REFERENCES `ost_sht_reservation_chambre` (`id`) ON DELETE CASCADE,
  ADD CONSTRAINT `FK_14CD0F7DD5B2B34` FOREIGN KEY (`saisonCalcule_id`) REFERENCES `ost_sht_saison` (`id`) ON DELETE CASCADE;

--
-- Contraintes pour la table `ost_sht_reservation_jour`
--
ALTER TABLE `ost_sht_reservation_jour`
  ADD CONSTRAINT `FK_C0779528A21BD112` FOREIGN KEY (`personne_id`) REFERENCES `ost_sht_reservation_personne` (`id`) ON DELETE CASCADE,
  ADD CONSTRAINT `FK_C0779528F965414C` FOREIGN KEY (`saison_id`) REFERENCES `ost_sht_saison` (`id`);

--
-- Contraintes pour la table `ost_sht_reservation_ligne`
--
ALTER TABLE `ost_sht_reservation_ligne`
  ADD CONSTRAINT `FK_8951250A220C6AD0` FOREIGN KEY (`jour_id`) REFERENCES `ost_sht_reservation_jour` (`id`) ON DELETE CASCADE,
  ADD CONSTRAINT `FK_8951250A7793FA21` FOREIGN KEY (`supplement_id`) REFERENCES `ost_sht_reservation_chambre` (`id`) ON DELETE CASCADE,
  ADD CONSTRAINT `FK_8951250AC03CB092` FOREIGN KEY (`reduction_id`) REFERENCES `ost_sht_reservation_chambre` (`id`) ON DELETE CASCADE;

--
-- Contraintes pour la table `ost_sht_reservation_personne`
--
ALTER TABLE `ost_sht_reservation_personne`
  ADD CONSTRAINT `FK_CAC4B67368606A56` FOREIGN KEY (`reservationChambreEnfant_id`) REFERENCES `ost_sht_reservation_chambre` (`id`) ON DELETE CASCADE,
  ADD CONSTRAINT `FK_CAC4B6738C110DC6` FOREIGN KEY (`reservationChambreAdulte_id`) REFERENCES `ost_sht_reservation_chambre` (`id`) ON DELETE CASCADE;

--
-- Contraintes pour la table `ost_sht_saison`
--
ALTER TABLE `ost_sht_saison`
  ADD CONSTRAINT `FK_B696AE0D1823061F` FOREIGN KEY (`contrat_id`) REFERENCES `ost_sht_contrat` (`id`),
  ADD CONSTRAINT `FK_B696AE0D1FCD6BE3` FOREIGN KEY (`arr_base`) REFERENCES `ost_sht_arrangement` (`id`),
  ADD CONSTRAINT `FK_B696AE0D2EEF7AE7` FOREIGN KEY (`saisonReduc_id`) REFERENCES `ost_sht_saison_reduc` (`id`) ON DELETE CASCADE,
  ADD CONSTRAINT `FK_B696AE0D3243BB18` FOREIGN KEY (`hotel_id`) REFERENCES `ost_sht_hotels` (`id`),
  ADD CONSTRAINT `FK_B696AE0D89DE2F5C` FOREIGN KEY (`saisonSupp_id`) REFERENCES `ost_sht_saison_supp` (`id`) ON DELETE CASCADE,
  ADD CONSTRAINT `FK_B696AE0D93F83878` FOREIGN KEY (`saisonWeekend_id`) REFERENCES `ost_sht_saison_weekend` (`id`) ON DELETE CASCADE,
  ADD CONSTRAINT `FK_B696AE0DD7B8829F` FOREIGN KEY (`contratFile_id`) REFERENCES `ost_contrat_media` (`id`);

--
-- Contraintes pour la table `ost_sht_saisons_amicales`
--
ALTER TABLE `ost_sht_saisons_amicales`
  ADD CONSTRAINT `FK_34550E21DA6E7061` FOREIGN KEY (`id_amicale`) REFERENCES `ost_amicale` (`id`),
  ADD CONSTRAINT `FK_34550E21E6E7606B` FOREIGN KEY (`id_saison`) REFERENCES `ost_sht_saison` (`id`);

--
-- Contraintes pour la table `ost_sht_saison_arrangement`
--
ALTER TABLE `ost_sht_saison_arrangement`
  ADD CONSTRAINT `FK_EA4BA05EC5CAAFBC` FOREIGN KEY (`arrangement_id`) REFERENCES `ost_sht_arrangement` (`id`),
  ADD CONSTRAINT `FK_EA4BA05EF965414C` FOREIGN KEY (`saison_id`) REFERENCES `ost_sht_saison` (`id`) ON DELETE CASCADE;

--
-- Contraintes pour la table `ost_sht_saison_autresreduc`
--
ALTER TABLE `ost_sht_saison_autresreduc`
  ADD CONSTRAINT `FK_2FAAA705C03CB092` FOREIGN KEY (`reduction_id`) REFERENCES `ost_sht_reduction` (`id`),
  ADD CONSTRAINT `FK_2FAAA705F965414C` FOREIGN KEY (`saison_id`) REFERENCES `ost_sht_saison` (`id`) ON DELETE CASCADE;

--
-- Contraintes pour la table `ost_sht_saison_autressupp`
--
ALTER TABLE `ost_sht_saison_autressupp`
  ADD CONSTRAINT `FK_30EF15B67793FA21` FOREIGN KEY (`supplement_id`) REFERENCES `ost_sht_supplement` (`id`),
  ADD CONSTRAINT `FK_30EF15B6F965414C` FOREIGN KEY (`saison_id`) REFERENCES `ost_sht_saison` (`id`) ON DELETE CASCADE;

--
-- Contraintes pour la table `ost_sht_saison_chambres`
--
ALTER TABLE `ost_sht_saison_chambres`
  ADD CONSTRAINT `FK_160ACD859B177F54` FOREIGN KEY (`chambre_id`) REFERENCES `ost_sht_chambre` (`id`),
  ADD CONSTRAINT `FK_160ACD85F965414C` FOREIGN KEY (`saison_id`) REFERENCES `ost_sht_saison` (`id`) ON DELETE CASCADE;

--
-- Contraintes pour la table `ost_sht_saison_chambres_frais`
--
ALTER TABLE `ost_sht_saison_chambres_frais`
  ADD CONSTRAINT `FK_879636A39B177F54` FOREIGN KEY (`chambre_id`) REFERENCES `ost_sht_chambre` (`id`),
  ADD CONSTRAINT `FK_879636A3F965414C` FOREIGN KEY (`saison_id`) REFERENCES `ost_sht_saison` (`id`) ON DELETE CASCADE;

--
-- Contraintes pour la table `ost_sht_saison_chambres_frais_lignes`
--
ALTER TABLE `ost_sht_saison_chambres_frais_lignes`
  ADD CONSTRAINT `FK_1C737BB8C5CAAFBC` FOREIGN KEY (`arrangement_id`) REFERENCES `ost_sht_arrangement` (`id`),
  ADD CONSTRAINT `FK_1C737BB8EC285501` FOREIGN KEY (`entete_id`) REFERENCES `ost_sht_saison_chambres_frais` (`id`) ON DELETE CASCADE;

--
-- Contraintes pour la table `ost_sht_saison_contingent`
--
ALTER TABLE `ost_sht_saison_contingent`
  ADD CONSTRAINT `FK_7C9C1E8BF965414C` FOREIGN KEY (`saison_id`) REFERENCES `ost_sht_saison` (`id`) ON DELETE CASCADE;

--
-- Contraintes pour la table `ost_sht_saison_label`
--
ALTER TABLE `ost_sht_saison_label`
  ADD CONSTRAINT `FK_AEEEB287F965414C` FOREIGN KEY (`saison_id`) REFERENCES `ost_sht_saison` (`id`);

--
-- Contraintes pour la table `ost_sht_saison_suppchambres`
--
ALTER TABLE `ost_sht_saison_suppchambres`
  ADD CONSTRAINT `FK_CC8F7E249B177F54` FOREIGN KEY (`chambre_id`) REFERENCES `ost_sht_chambre` (`id`),
  ADD CONSTRAINT `FK_CC8F7E24F965414C` FOREIGN KEY (`saison_id`) REFERENCES `ost_sht_saison` (`id`) ON DELETE CASCADE;

--
-- Contraintes pour la table `ost_sht_saison_vue`
--
ALTER TABLE `ost_sht_saison_vue`
  ADD CONSTRAINT `FK_A9535FFCC8733BD3` FOREIGN KEY (`vue_id`) REFERENCES `ost_sht_vue` (`id`),
  ADD CONSTRAINT `FK_A9535FFCF965414C` FOREIGN KEY (`saison_id`) REFERENCES `ost_sht_saison` (`id`) ON DELETE CASCADE;

--
-- Contraintes pour la table `ost_sht_saison_vue_chambres`
--
ALTER TABLE `ost_sht_saison_vue_chambres`
  ADD CONSTRAINT `FK_C8E30EEA9B177F54` FOREIGN KEY (`chambre_id`) REFERENCES `ost_sht_chambre` (`id`) ON DELETE CASCADE,
  ADD CONSTRAINT `FK_C8E30EEAF67413E6` FOREIGN KEY (`saisonvue_id`) REFERENCES `ost_sht_saison_vue` (`id`) ON DELETE CASCADE;

--
-- Contraintes pour la table `ost_sht_saison_weekend_lignes`
--
ALTER TABLE `ost_sht_saison_weekend_lignes`
  ADD CONSTRAINT `FK_F818A0B293F83878` FOREIGN KEY (`saisonWeekend_id`) REFERENCES `ost_sht_saison_weekend` (`id`) ON DELETE CASCADE,
  ADD CONSTRAINT `FK_F818A0B29B177F54` FOREIGN KEY (`chambre_id`) REFERENCES `ost_sht_chambre` (`id`);

--
-- Contraintes pour la table `ost_sht_theme`
--
ALTER TABLE `ost_sht_theme`
  ADD CONSTRAINT `FK_D4FFC4812529D24` FOREIGN KEY (`themeCategorie_id`) REFERENCES `ost_sht_theme_categorie` (`id`);

--
-- Contraintes pour la table `ost_sht_ville`
--
ALTER TABLE `ost_sht_ville`
  ADD CONSTRAINT `FK_D9F9C28398260155` FOREIGN KEY (`region_id`) REFERENCES `ost_sht_region` (`id`),
  ADD CONSTRAINT `FK_D9F9C283A6E44244` FOREIGN KEY (`pays_id`) REFERENCES `ost_sht_pays` (`id`);

--
-- Contraintes pour la table `ost_sous_etat`
--
ALTER TABLE `ost_sous_etat`
  ADD CONSTRAINT `FK_4E095BD94773709E` FOREIGN KEY (`reservationSHT_id`) REFERENCES `ost_sht_reservation` (`id`) ON DELETE CASCADE,
  ADD CONSTRAINT `FK_4E095BD94D295EAE` FOREIGN KEY (`reservationPR_id`) REFERENCES `ost_pr_reservations` (`id`) ON DELETE CASCADE,
  ADD CONSTRAINT `FK_4E095BD9601A244C` FOREIGN KEY (`reservationVO_id`) REFERENCES `ost_vo_reservations` (`id`) ON DELETE CASCADE,
  ADD CONSTRAINT `FK_4E095BD967F05A51` FOREIGN KEY (`reservationRB_id`) REFERENCES `ost_resa_resarvation` (`id`) ON DELETE CASCADE,
  ADD CONSTRAINT `FK_4E095BD9913067AD` FOREIGN KEY (`reservationB_id`) REFERENCES `ost_billetterie_reservation` (`id`) ON DELETE CASCADE,
  ADD CONSTRAINT `FK_4E095BD99AC7F56A` FOREIGN KEY (`reservationBE_id`) REFERENCES `ost_be_reservations` (`id`) ON DELETE CASCADE,
  ADD CONSTRAINT `FK_4E095BD9A76ED395` FOREIGN KEY (`user_id`) REFERENCES `ost_user` (`id`),
  ADD CONSTRAINT `FK_4E095BD9AFD64064` FOREIGN KEY (`reservationSHE_id`) REFERENCES `ost_she_reservation` (`id`) ON DELETE CASCADE,
  ADD CONSTRAINT `FK_4E095BD9C95377FB` FOREIGN KEY (`reservationM_id`) REFERENCES `ost_maritime_reservation` (`id`) ON DELETE CASCADE,
  ADD CONSTRAINT `FK_4E095BD9D5E86FF` FOREIGN KEY (`etat_id`) REFERENCES `ost_etat` (`id`),
  ADD CONSTRAINT `FK_4E095BD9E4426FEE` FOREIGN KEY (`reservationT_id`) REFERENCES `ost_transfer_reservation` (`id`) ON DELETE CASCADE;

--
-- Contraintes pour la table `ost_transfert_reservation_ligne`
--
ALTER TABLE `ost_transfert_reservation_ligne`
  ADD CONSTRAINT `FK_B9E30B00B83297E7` FOREIGN KEY (`reservation_id`) REFERENCES `ost_transfer_reservation` (`id`) ON DELETE CASCADE;

--
-- Contraintes pour la table `ost_transfer_reservation`
--
ALTER TABLE `ost_transfer_reservation`
  ADD CONSTRAINT `FK_38E092B319EB6921` FOREIGN KEY (`client_id`) REFERENCES `ost_client` (`id`) ON DELETE CASCADE,
  ADD CONSTRAINT `FK_38E092B353C59D72` FOREIGN KEY (`responsable_id`) REFERENCES `ost_user` (`id`),
  ADD CONSTRAINT `FK_38E092B3BE5B0FBB` FOREIGN KEY (`pointvente_id`) REFERENCES `ost_pointvente` (`id`) ON DELETE SET NULL,
  ADD CONSTRAINT `FK_38E092B3F06C2258` FOREIGN KEY (`responsableAmicale_id`) REFERENCES `ost_client` (`id`),
  ADD CONSTRAINT `FK_38E092B3FEBD183` FOREIGN KEY (`amicale_id`) REFERENCES `ost_amicale` (`id`);

--
-- Contraintes pour la table `ost_tsk_notification`
--
ALTER TABLE `ost_tsk_notification`
  ADD CONSTRAINT `FK_FC6B195245A9EF83` FOREIGN KEY (`assignedTo_id`) REFERENCES `ost_user` (`id`),
  ADD CONSTRAINT `FK_FC6B1952F4E25B21` FOREIGN KEY (`who_id`) REFERENCES `ost_user` (`id`);

--
-- Contraintes pour la table `ost_tsk_task`
--
ALTER TABLE `ost_tsk_task`
  ADD CONSTRAINT `FK_4A4A5CC73174800F` FOREIGN KEY (`createdBy_id`) REFERENCES `ost_user` (`id`),
  ADD CONSTRAINT `FK_4A4A5CC745A9EF83` FOREIGN KEY (`assignedTo_id`) REFERENCES `ost_user` (`id`),
  ADD CONSTRAINT `FK_4A4A5CC7497B19F9` FOREIGN KEY (`priority_id`) REFERENCES `ost_tsk_priority` (`id`),
  ADD CONSTRAINT `FK_4A4A5CC7C54C8C93` FOREIGN KEY (`type_id`) REFERENCES `ost_tsk_type` (`id`);

--
-- Contraintes pour la table `ost_tsk_taskslog`
--
ALTER TABLE `ost_tsk_taskslog`
  ADD CONSTRAINT `FK_3A136FD33174800F` FOREIGN KEY (`createdBy_id`) REFERENCES `ost_user` (`id`),
  ADD CONSTRAINT `FK_3A136FD345A9EF83` FOREIGN KEY (`assignedTo_id`) REFERENCES `ost_user` (`id`);

--
-- Contraintes pour la table `ost_user_gouvernorat`
--
ALTER TABLE `ost_user_gouvernorat`
  ADD CONSTRAINT `FK_C874F3D7A6E44244` FOREIGN KEY (`pays_id`) REFERENCES `ost_sht_pays` (`id`);

--
-- Contraintes pour la table `ost_user_group`
--
ALTER TABLE `ost_user_group`
  ADD CONSTRAINT `FK_AC4E16D0A76ED395` FOREIGN KEY (`user_id`) REFERENCES `ost_user` (`id`),
  ADD CONSTRAINT `FK_AC4E16D0FE54D947` FOREIGN KEY (`group_id`) REFERENCES `ost_group` (`id`);

--
-- Contraintes pour la table `ost_user_logo`
--
ALTER TABLE `ost_user_logo`
  ADD CONSTRAINT `FK_BC1242D19EB6921` FOREIGN KEY (`client_id`) REFERENCES `ost_client` (`id`);

--
-- Contraintes pour la table `ost_vo_chambre`
--
ALTER TABLE `ost_vo_chambre`
  ADD CONSTRAINT `FK_6C28A07A635D1086` FOREIGN KEY (`contingent_id`) REFERENCES `ost_vo_contingents` (`id`) ON DELETE CASCADE;

--
-- Contraintes pour la table `ost_vo_contingents`
--
ALTER TABLE `ost_vo_contingents`
  ADD CONSTRAINT `FK_7B4B07E01919B217` FOREIGN KEY (`pack_id`) REFERENCES `ost_vo_packs` (`id`),
  ADD CONSTRAINT `FK_7B4B07E03243BB18` FOREIGN KEY (`hotel_id`) REFERENCES `ost_vo_hotel` (`id`),
  ADD CONSTRAINT `FK_7B4B07E068C9E5AF` FOREIGN KEY (`voyage_id`) REFERENCES `ost_vo_voyages` (`id`) ON DELETE CASCADE;

--
-- Contraintes pour la table `ost_vo_descriptions`
--
ALTER TABLE `ost_vo_descriptions`
  ADD CONSTRAINT `FK_E254754968C9E5AF` FOREIGN KEY (`voyage_id`) REFERENCES `ost_vo_voyages` (`id`) ON DELETE CASCADE;

--
-- Contraintes pour la table `ost_vo_dossier`
--
ALTER TABLE `ost_vo_dossier`
  ADD CONSTRAINT `FK_9469A4B2F384C1CF` FOREIGN KEY (`periode_id`) REFERENCES `ost_vo_periodes` (`id`);

--
-- Contraintes pour la table `ost_vo_dossier_ligne`
--
ALTER TABLE `ost_vo_dossier_ligne`
  ADD CONSTRAINT `FK_B359149213DD0342` FOREIGN KEY (`impaye_id`) REFERENCES `ost_com_impaye` (`id`),
  ADD CONSTRAINT `FK_B35914924D79775F` FOREIGN KEY (`tva_id`) REFERENCES `ost_tva` (`id`),
  ADD CONSTRAINT `FK_B359149256DF0769` FOREIGN KEY (`factureFournisseur_id`) REFERENCES `ost_com_facture_fournisseur` (`id`),
  ADD CONSTRAINT `FK_B3591492611C0C56` FOREIGN KEY (`dossier_id`) REFERENCES `ost_vo_dossier` (`id`) ON DELETE CASCADE,
  ADD CONSTRAINT `FK_B3591492670C757F` FOREIGN KEY (`fournisseur_id`) REFERENCES `ost_com_fournisseur` (`id`);

--
-- Contraintes pour la table `ost_vo_dossier_reservations`
--
ALTER TABLE `ost_vo_dossier_reservations`
  ADD CONSTRAINT `FK_570B2AA611C0C56` FOREIGN KEY (`dossier_id`) REFERENCES `ost_vo_dossier` (`id`) ON DELETE CASCADE,
  ADD CONSTRAINT `FK_570B2AAB83297E7` FOREIGN KEY (`reservation_id`) REFERENCES `ost_vo_reservations` (`id`) ON DELETE CASCADE;

--
-- Contraintes pour la table `ost_vo_hotel`
--
ALTER TABLE `ost_vo_hotel`
  ADD CONSTRAINT `FK_3BF21D5CA73F0036` FOREIGN KEY (`ville_id`) REFERENCES `ost_sht_ville` (`id`),
  ADD CONSTRAINT `FK_3BF21D5CBCF5E72D` FOREIGN KEY (`categorie_id`) REFERENCES `ost_sht_categorie` (`id`);

--
-- Contraintes pour la table `ost_vo_info_pratiques`
--
ALTER TABLE `ost_vo_info_pratiques`
  ADD CONSTRAINT `FK_AEE5EE2368C9E5AF` FOREIGN KEY (`voyage_id`) REFERENCES `ost_vo_voyages` (`id`) ON DELETE CASCADE;

--
-- Contraintes pour la table `ost_vo_ligne`
--
ALTER TABLE `ost_vo_ligne`
  ADD CONSTRAINT `FK_6F5198061919B217` FOREIGN KEY (`pack_id`) REFERENCES `ost_vo_packs` (`id`) ON DELETE CASCADE,
  ADD CONSTRAINT `FK_6F5198061C721E64` FOREIGN KEY (`periodeC_id`) REFERENCES `ost_vo_periodes` (`id`) ON DELETE CASCADE,
  ADD CONSTRAINT `FK_6F5198062BACEE56` FOREIGN KEY (`periodeF_id`) REFERENCES `ost_vo_periodes` (`id`) ON DELETE CASCADE;

--
-- Contraintes pour la table `ost_vo_packs`
--
ALTER TABLE `ost_vo_packs`
  ADD CONSTRAINT `FK_815F23A2F384C1CF` FOREIGN KEY (`periode_id`) REFERENCES `ost_vo_periodes` (`id`) ON DELETE CASCADE;

--
-- Contraintes pour la table `ost_vo_periodes`
--
ALTER TABLE `ost_vo_periodes`
  ADD CONSTRAINT `FK_A252F96B68C9E5AF` FOREIGN KEY (`voyage_id`) REFERENCES `ost_vo_voyages` (`id`) ON DELETE CASCADE;

--
-- Contraintes pour la table `ost_vo_photos`
--
ALTER TABLE `ost_vo_photos`
  ADD CONSTRAINT `FK_959C363568C9E5AF` FOREIGN KEY (`voyage_id`) REFERENCES `ost_vo_voyages` (`id`) ON DELETE CASCADE;

--
-- Contraintes pour la table `ost_vo_plan_voyage`
--
ALTER TABLE `ost_vo_plan_voyage`
  ADD CONSTRAINT `FK_544FC9D979B1AD6` FOREIGN KEY (`company_id`) REFERENCES `ost_vo_company` (`id`),
  ADD CONSTRAINT `FK_544FC9DF384C1CF` FOREIGN KEY (`periode_id`) REFERENCES `ost_vo_periodes` (`id`) ON DELETE CASCADE;

--
-- Contraintes pour la table `ost_vo_reservations`
--
ALTER TABLE `ost_vo_reservations`
  ADD CONSTRAINT `FK_2B7779C61919B217` FOREIGN KEY (`pack_id`) REFERENCES `ost_vo_packs` (`id`),
  ADD CONSTRAINT `FK_2B7779C619EB6921` FOREIGN KEY (`client_id`) REFERENCES `ost_client` (`id`) ON DELETE CASCADE,
  ADD CONSTRAINT `FK_2B7779C653C59D72` FOREIGN KEY (`responsable_id`) REFERENCES `ost_user` (`id`),
  ADD CONSTRAINT `FK_2B7779C668C9E5AF` FOREIGN KEY (`voyage_id`) REFERENCES `ost_vo_voyages` (`id`),
  ADD CONSTRAINT `FK_2B7779C6BE5B0FBB` FOREIGN KEY (`pointvente_id`) REFERENCES `ost_pointvente` (`id`) ON DELETE SET NULL,
  ADD CONSTRAINT `FK_2B7779C6F06C2258` FOREIGN KEY (`responsableAmicale_id`) REFERENCES `ost_client` (`id`),
  ADD CONSTRAINT `FK_2B7779C6FEBD183` FOREIGN KEY (`amicale_id`) REFERENCES `ost_amicale` (`id`);

--
-- Contraintes pour la table `ost_vo_reservations_chambres`
--
ALTER TABLE `ost_vo_reservations_chambres`
  ADD CONSTRAINT `FK_246F872BB83297E7` FOREIGN KEY (`reservation_id`) REFERENCES `ost_vo_reservations` (`id`) ON DELETE CASCADE;

--
-- Contraintes pour la table `ost_vo_reservations_lignes`
--
ALTER TABLE `ost_vo_reservations_lignes`
  ADD CONSTRAINT `FK_29FAE891A21BD112` FOREIGN KEY (`personne_id`) REFERENCES `ost_vo_reservation_personnes` (`id`) ON DELETE CASCADE;

--
-- Contraintes pour la table `ost_vo_reservation_personnes`
--
ALTER TABLE `ost_vo_reservation_personnes`
  ADD CONSTRAINT `FK_42B3F65C43851422` FOREIGN KEY (`chambreContingent_id`) REFERENCES `ost_vo_chambre` (`id`) ON DELETE SET NULL,
  ADD CONSTRAINT `FK_42B3F65C9B177F54` FOREIGN KEY (`chambre_id`) REFERENCES `ost_vo_reservations_chambres` (`id`) ON DELETE CASCADE;

--
-- Contraintes pour la table `ost_vo_reservation_personne_billets`
--
ALTER TABLE `ost_vo_reservation_personne_billets`
  ADD CONSTRAINT `FK_A0D277C4A21BD112` FOREIGN KEY (`personne_id`) REFERENCES `ost_vo_reservation_personnes` (`id`) ON DELETE CASCADE;

--
-- Contraintes pour la table `ost_vo_reservation_personne_billets_logs`
--
ALTER TABLE `ost_vo_reservation_personne_billets_logs`
  ADD CONSTRAINT `FK_67DD3DCED5E86FF` FOREIGN KEY (`etat_id`) REFERENCES `ost_vo_reservation_gestion_etats` (`id`) ON DELETE CASCADE,
  ADD CONSTRAINT `FK_67DD3DCE44973C78` FOREIGN KEY (`billet_id`) REFERENCES `ost_vo_reservation_personne_billets` (`id`) ON DELETE CASCADE;

--
-- Contraintes pour la table `ost_vo_reservation_personne_hotels`
--
ALTER TABLE `ost_vo_reservation_personne_hotels`
  ADD CONSTRAINT `FK_2CFE7066A21BD112` FOREIGN KEY (`personne_id`) REFERENCES `ost_vo_reservation_personnes` (`id`) ON DELETE CASCADE;

--
-- Contraintes pour la table `ost_vo_reservation_personne_hotels_logs`
--
ALTER TABLE `ost_vo_reservation_personne_hotels_logs`
  ADD CONSTRAINT `FK_568CA142D5E86FF` FOREIGN KEY (`etat_id`) REFERENCES `ost_vo_reservation_gestion_etats` (`id`) ON DELETE CASCADE,
  ADD CONSTRAINT `FK_568CA1423243BB18` FOREIGN KEY (`hotel_id`) REFERENCES `ost_vo_reservation_personne_hotels` (`id`) ON DELETE CASCADE;

--
-- Contraintes pour la table `ost_vo_reservation_personne_visas`
--
ALTER TABLE `ost_vo_reservation_personne_visas`
  ADD CONSTRAINT `FK_3E1435A0A21BD112` FOREIGN KEY (`personne_id`) REFERENCES `ost_vo_reservation_personnes` (`id`) ON DELETE CASCADE;

--
-- Contraintes pour la table `ost_vo_reservation_personne_visas_logs`
--
ALTER TABLE `ost_vo_reservation_personne_visas_logs`
  ADD CONSTRAINT `FK_40923193D5E86FF` FOREIGN KEY (`etat_id`) REFERENCES `ost_vo_reservation_gestion_etats` (`id`) ON DELETE CASCADE,
  ADD CONSTRAINT `FK_4092319399C772A6` FOREIGN KEY (`visa_id`) REFERENCES `ost_vo_reservation_personne_visas` (`id`) ON DELETE CASCADE;

--
-- Contraintes pour la table `ost_vo_ResponsableVoyage`
--
ALTER TABLE `ost_vo_ResponsableVoyage`
  ADD CONSTRAINT `FK_9986135C68C9E5AF` FOREIGN KEY (`voyage_id`) REFERENCES `ost_vo_voyages` (`id`) ON DELETE CASCADE;

--
-- Contraintes pour la table `ost_vo_themes`
--
ALTER TABLE `ost_vo_themes`
  ADD CONSTRAINT `FK_88A8E43212529D24` FOREIGN KEY (`themeCategorie_id`) REFERENCES `ost_vo_themes_categories` (`id`);

--
-- Contraintes pour la table `ost_vo_videos`
--
ALTER TABLE `ost_vo_videos`
  ADD CONSTRAINT `FK_B440B2DE68C9E5AF` FOREIGN KEY (`voyage_id`) REFERENCES `ost_vo_voyages` (`id`) ON DELETE CASCADE;

--
-- Contraintes pour la table `ost_vo_visas`
--
ALTER TABLE `ost_vo_visas`
  ADD CONSTRAINT `FK_2D62B51768C9E5AF` FOREIGN KEY (`voyage_id`) REFERENCES `ost_vo_voyages` (`id`) ON DELETE CASCADE;

--
-- Contraintes pour la table `ost_vo_voyages`
--
ALTER TABLE `ost_vo_voyages`
  ADD CONSTRAINT `FK_A911B37C816C6140` FOREIGN KEY (`destination_id`) REFERENCES `ost_vo_destinations` (`id`);

--
-- Contraintes pour la table `ost_vo_voyages_lignes_amicales`
--
ALTER TABLE `ost_vo_voyages_lignes_amicales`
  ADD CONSTRAINT `FK_3C00B0A85A438E76` FOREIGN KEY (`ligne_id`) REFERENCES `ost_vo_ligne` (`id`) ON DELETE CASCADE,
  ADD CONSTRAINT `FK_3C00B0A8FEBD183` FOREIGN KEY (`amicale_id`) REFERENCES `ost_amicale` (`id`) ON DELETE CASCADE;

--
-- Contraintes pour la table `ost_vo_voyages_packs_amicales`
--
ALTER TABLE `ost_vo_voyages_packs_amicales`
  ADD CONSTRAINT `FK_275F44341919B217` FOREIGN KEY (`pack_id`) REFERENCES `ost_vo_packs` (`id`) ON DELETE CASCADE,
  ADD CONSTRAINT `FK_275F4434FEBD183` FOREIGN KEY (`amicale_id`) REFERENCES `ost_amicale` (`id`) ON DELETE CASCADE;

--
-- Contraintes pour la table `ost_vo_voyages_packs_hotels`
--
ALTER TABLE `ost_vo_voyages_packs_hotels`
  ADD CONSTRAINT `FK_CBF1E0101919B217` FOREIGN KEY (`pack_id`) REFERENCES `ost_vo_packs` (`id`) ON DELETE CASCADE,
  ADD CONSTRAINT `FK_CBF1E0103243BB18` FOREIGN KEY (`hotel_id`) REFERENCES `ost_vo_hotel` (`id`) ON DELETE CASCADE;

--
-- Contraintes pour la table `ost_vo_voyages_pays`
--
ALTER TABLE `ost_vo_voyages_pays`
  ADD CONSTRAINT `FK_387E6EE8A6E44244` FOREIGN KEY (`pays_id`) REFERENCES `ost_sht_pays` (`id`) ON DELETE CASCADE,
  ADD CONSTRAINT `FK_387E6EE8D56295CC` FOREIGN KEY (`voyageorganise_id`) REFERENCES `ost_vo_voyages` (`id`) ON DELETE CASCADE;

--
-- Contraintes pour la table `ost_vo_voyages_themes`
--
ALTER TABLE `ost_vo_voyages_themes`
  ADD CONSTRAINT `FK_3604E66459027487` FOREIGN KEY (`theme_id`) REFERENCES `ost_vo_themes` (`id`) ON DELETE CASCADE,
  ADD CONSTRAINT `FK_3604E664D56295CC` FOREIGN KEY (`voyageorganise_id`) REFERENCES `ost_vo_voyages` (`id`) ON DELETE CASCADE;

