CREATE TABLE IF NOT EXISTS `ost_sht_hotelschambre` (
  `id` int(11) NOT NULL AUTO_INCREMENT,
  `chambre_id` int(11) DEFAULT NULL,
  `hotel_id` int(11) DEFAULT NULL,
  `image_id` int(11) DEFAULT NULL,
  `description` longtext COLLATE utf8_unicode_ci,
  PRIMARY KEY (`id`),
  UNIQUE KEY `UNIQ_534A5F03DA5256D` (`image_id`),
  KEY `IDX_534A5F09B177F54` (`chambre_id`),
  KEY `IDX_534A5F03243BB18` (`hotel_id`)
) ENGINE=InnoDB DEFAULT CHARSET=utf8 COLLATE=utf8_unicode_ci AUTO_INCREMENT=1 ;

-- --------------------------------------------------------

--
-- Structure de la table `ost_sht_hotels_amenagements`
--

CREATE TABLE IF NOT EXISTS `ost_sht_hotels_amenagements` (
  `id_hotel` int(11) NOT NULL,
  `id_amenagement` int(11) NOT NULL,
  PRIMARY KEY (`id_hotel`,`id_amenagement`),
  KEY `IDX_B926764DEDD61FE9` (`id_hotel`),
  KEY `IDX_B926764D57E799D6` (`id_amenagement`)
) ENGINE=InnoDB DEFAULT CHARSET=utf8 COLLATE=utf8_unicode_ci;

--
-- Contenu de la table `ost_sht_hotels_amenagements`
--

INSERT INTO `ost_sht_hotels_amenagements` (`id_hotel`, `id_amenagement`) VALUES
(6, 5),
(6, 6),
(6, 11),
(6, 17),
(6, 18),
(6, 21),
(6, 23),
(6, 24),
(6, 28),
(6, 30),
(6, 31),
(6, 34),
(6, 36),
(6, 43),
(6, 46),
(6, 57),
(6, 60),
(6, 62),
(6, 64),
(6, 65),
(6, 88),
(6, 89),
(6, 101),
(7, 5),
(7, 7),
(7, 8),
(7, 11),
(7, 13),
(7, 14),
(7, 17),
(7, 20),
(7, 31),
(7, 36),
(7, 41),
(7, 55),
(7, 60),
(7, 61),
(7, 62),
(7, 64),
(7, 70),
(7, 72),
(7, 73),
(7, 84),
(7, 85),
(7, 91),
(7, 92),
(7, 93),
(7, 94),
(7, 95),
(7, 96),
(8, 5),
(8, 7),
(8, 11),
(8, 13),
(8, 14),
(8, 15),
(8, 17),
(8, 18),
(8, 20),
(8, 21),
(8, 22),
(8, 23),
(8, 24),
(8, 27),
(8, 30),
(8, 31),
(8, 32),
(8, 34),
(8, 40),
(8, 41),
(8, 48),
(8, 60),
(8, 62),
(8, 63),
(8, 72),
(8, 73),
(8, 74),
(8, 79),
(8, 85),
(8, 88),
(8, 89),
(8, 90),
(8, 91),
(8, 101),
(8, 107),
(9, 5),
(9, 7),
(9, 8),
(9, 11),
(9, 14),
(9, 17),
(9, 18),
(9, 19),
(9, 20),
(9, 21),
(9, 24),
(9, 25),
(9, 30),
(9, 31),
(9, 32),
(9, 36),
(9, 41),
(9, 43),
(9, 47),
(9, 55),
(9, 56),
(9, 60),
(9, 61),
(9, 62),
(9, 64),
(9, 65),
(9, 67),
(9, 70),
(9, 75),
(9, 76),
(9, 78),
(9, 82),
(9, 84),
(9, 86),
(9, 89),
(9, 90),
(9, 93),
(9, 94),
(9, 95),
(9, 96),
(10, 6),
(10, 7),
(10, 8),
(10, 14),
(10, 16),
(10, 17),
(10, 19),
(10, 20),
(10, 21),
(10, 22),
(10, 24),
(10, 25),
(10, 34),
(10, 36),
(10, 43),
(10, 48),
(10, 56),
(10, 60),
(10, 61),
(10, 62),
(10, 64),
(10, 70),
(10, 75),
(10, 80),
(11, 6),
(12, 5),
(12, 6),
(12, 7),
(12, 8),
(12, 11),
(12, 17),
(12, 18),
(12, 20),
(12, 21),
(12, 24),
(12, 25),
(12, 28),
(12, 30),
(12, 31),
(12, 32),
(12, 34),
(12, 41),
(12, 60),
(12, 61),
(12, 64),
(12, 65),
(12, 70),
(12, 71),
(12, 72),
(12, 73),
(12, 78),
(12, 79),
(12, 80),
(12, 83),
(12, 84),
(12, 85),
(12, 93),
(12, 94),
(12, 95),
(12, 96),
(13, 5),
(13, 7),
(13, 8),
(13, 11),
(13, 14),
(13, 18),
(13, 20),
(13, 21),
(13, 24),
(13, 25),
(13, 30),
(13, 32),
(13, 34),
(13, 36),
(13, 60),
(13, 61),
(13, 62),
(13, 63),
(13, 64),
(13, 67),
(13, 70),
(13, 74),
(13, 88),
(13, 89),
(13, 91),
(13, 95),
(13, 96),
(13, 101),
(13, 106),
(13, 129),
(15, 5),
(15, 8),
(15, 11),
(15, 17),
(15, 20),
(15, 30),
(15, 31),
(15, 32),
(15, 34),
(15, 36),
(15, 55),
(15, 60),
(15, 61),
(15, 62),
(15, 63),
(15, 67),
(15, 68),
(15, 79),
(15, 80),
(15, 88),
(15, 89),
(15, 91),
(15, 93),
(15, 95),
(15, 96),
(16, 6),
(16, 8),
(16, 11),
(16, 13),
(16, 14),
(16, 18),
(16, 19),
(16, 20),
(16, 21),
(16, 24),
(16, 25),
(16, 27),
(16, 30),
(16, 31),
(16, 32),
(16, 33),
(16, 34),
(16, 36),
(16, 41),
(16, 43),
(16, 55),
(16, 56),
(16, 60),
(16, 61),
(16, 62),
(16, 64),
(16, 65),
(16, 66),
(16, 67),
(16, 68),
(16, 71),
(16, 74),
(16, 75),
(16, 76),
(16, 78),
(16, 79),
(16, 80),
(16, 82),
(16, 84),
(16, 85),
(16, 86),
(16, 87),
(16, 88),
(16, 89),
(16, 91),
(16, 92),
(16, 93),
(16, 94),
(16, 95),
(16, 96),
(16, 97),
(17, 5),
(17, 7),
(17, 8),
(17, 11),
(17, 14),
(17, 17),
(17, 19),
(17, 20),
(17, 24),
(17, 32),
(17, 36),
(17, 56),
(17, 60),
(17, 61),
(17, 62),
(17, 64),
(17, 67),
(17, 70),
(17, 71),
(17, 80),
(17, 92),
(17, 106),
(17, 124),
(17, 129),
(17, 143),
(18, 6),
(18, 7),
(18, 8),
(18, 11),
(18, 14),
(18, 17),
(18, 18),
(18, 20),
(18, 21),
(18, 24),
(18, 30),
(18, 31),
(18, 32),
(18, 34),
(18, 36),
(18, 47),
(18, 56),
(18, 60),
(18, 61),
(18, 62),
(18, 63),
(18, 67),
(18, 80),
(18, 85),
(18, 88),
(18, 89),
(18, 93),
(21, 5),
(21, 7),
(21, 11),
(21, 14),
(21, 17),
(21, 18),
(21, 19),
(21, 20),
(21, 21),
(21, 23),
(21, 33),
(21, 35),
(21, 36),
(21, 41),
(21, 47),
(21, 56),
(21, 60),
(21, 61),
(21, 62),
(21, 68),
(21, 74),
(21, 87),
(21, 88),
(21, 89),
(21, 91),
(21, 95),
(21, 96),
(21, 101),
(21, 102),
(21, 107),
(21, 114),
(22, 5),
(22, 6),
(22, 7),
(22, 8),
(22, 11),
(22, 14),
(22, 15),
(22, 17),
(22, 19),
(22, 28),
(22, 31),
(22, 34),
(22, 60),
(22, 61),
(22, 62),
(22, 64),
(22, 68),
(22, 74),
(22, 89),
(22, 110),
(22, 111),
(22, 112),
(23, 5),
(23, 6),
(23, 7),
(23, 8),
(23, 11),
(23, 13),
(23, 14),
(23, 15),
(23, 16),
(23, 17),
(23, 18),
(23, 21),
(23, 22),
(23, 23),
(23, 24),
(23, 28),
(23, 30),
(23, 31),
(23, 53),
(23, 60),
(23, 62),
(23, 67),
(23, 68),
(25, 6),
(25, 7),
(25, 8),
(25, 11),
(25, 14),
(25, 17),
(25, 21),
(25, 25),
(25, 30),
(25, 31),
(25, 36),
(25, 55),
(25, 67),
(25, 69),
(25, 70),
(25, 75),
(25, 84),
(25, 93),
(25, 95),
(25, 106),
(25, 107),
(25, 120),
(25, 139),
(25, 145),
(25, 146),
(25, 147),
(26, 7),
(26, 8),
(26, 14),
(26, 17),
(26, 18),
(26, 19),
(26, 20),
(26, 21),
(26, 23),
(26, 24),
(26, 25),
(26, 28),
(26, 30),
(26, 31),
(26, 36),
(26, 49),
(26, 55),
(26, 60),
(26, 61),
(26, 62),
(26, 64),
(26, 70),
(26, 75),
(26, 76),
(27, 5),
(27, 6),
(27, 7),
(27, 8),
(27, 9),
(27, 11),
(27, 14),
(27, 16),
(27, 17),
(27, 18),
(27, 19),
(27, 20),
(27, 21),
(27, 22),
(27, 23),
(27, 24),
(27, 26),
(27, 28),
(27, 30),
(27, 31),
(27, 33),
(27, 34),
(27, 36),
(27, 41),
(27, 43),
(27, 48),
(27, 55),
(27, 60),
(27, 61),
(27, 62),
(27, 64),
(27, 66),
(27, 67),
(27, 70),
(27, 72),
(27, 74),
(27, 75),
(28, 7),
(28, 11),
(28, 18),
(28, 19),
(28, 20),
(28, 21),
(28, 25),
(28, 32),
(28, 33),
(28, 36),
(28, 48),
(28, 55),
(28, 56),
(28, 60),
(28, 61),
(28, 64),
(28, 72),
(28, 73),
(28, 74),
(28, 75),
(29, 5),
(29, 6),
(29, 7),
(29, 8),
(29, 14),
(29, 17),
(29, 20),
(29, 23),
(29, 24),
(29, 25),
(29, 27),
(29, 30),
(29, 31),
(29, 32),
(29, 34),
(29, 36),
(29, 41),
(29, 55),
(29, 57),
(29, 60),
(29, 62),
(29, 64),
(29, 66),
(29, 68),
(29, 75),
(29, 78),
(29, 79),
(30, 6),
(30, 11),
(30, 14),
(30, 17),
(30, 18),
(30, 19),
(30, 21),
(30, 24),
(30, 31),
(30, 36),
(30, 41),
(30, 55),
(30, 60),
(30, 62),
(30, 63),
(30, 67),
(30, 70),
(31, 4),
(31, 5),
(31, 6),
(31, 7),
(31, 8),
(31, 9),
(31, 11),
(31, 14),
(31, 16),
(31, 17),
(31, 18),
(31, 20),
(31, 21),
(31, 24),
(31, 25),
(31, 30),
(31, 31),
(31, 32),
(31, 34),
(31, 36),
(31, 48),
(31, 50),
(31, 55),
(31, 56),
(31, 60),
(31, 61),
(31, 64),
(31, 66),
(31, 70),
(31, 71),
(31, 72),
(31, 73),
(31, 74),
(31, 75),
(31, 78),
(31, 79),
(31, 80),
(31, 82),
(32, 5),
(32, 6),
(32, 7),
(32, 8),
(32, 11),
(32, 13),
(32, 14),
(32, 17),
(32, 18),
(32, 20),
(32, 21),
(32, 25),
(32, 28),
(32, 30),
(32, 31),
(32, 34),
(32, 36),
(32, 43),
(32, 48),
(32, 51),
(32, 55),
(32, 60),
(32, 61),
(32, 63),
(32, 64),
(32, 65),
(32, 68),
(32, 70),
(32, 72),
(32, 73),
(32, 74),
(32, 75),
(32, 79),
(32, 80),
(32, 84),
(32, 85),
(32, 87),
(33, 5),
(33, 7),
(33, 8),
(33, 11),
(33, 14),
(33, 15),
(33, 17),
(33, 20),
(33, 24),
(33, 31),
(33, 63),
(33, 67),
(34, 6),
(34, 7),
(34, 11),
(34, 21),
(34, 33),
(34, 36),
(34, 55),
(34, 72),
(34, 75),
(34, 93),
(35, 7),
(35, 11),
(35, 17),
(35, 20),
(35, 34),
(35, 36),
(35, 41),
(35, 55),
(35, 56),
(35, 60),
(35, 61),
(35, 62),
(35, 64),
(35, 67),
(35, 80),
(35, 82),
(36, 5),
(36, 7),
(36, 8),
(36, 11),
(36, 13),
(36, 17),
(36, 18),
(36, 19),
(36, 20),
(36, 27),
(36, 30),
(36, 32),
(36, 34),
(36, 36),
(36, 41),
(36, 60),
(36, 61),
(36, 62),
(36, 63),
(36, 67),
(36, 68),
(36, 74),
(36, 78),
(36, 79),
(36, 80),
(36, 91),
(36, 92),
(36, 95),
(36, 96),
(36, 101),
(37, 4),
(37, 6),
(37, 7),
(37, 11),
(37, 13),
(37, 15),
(37, 17),
(37, 18),
(37, 22),
(37, 23),
(37, 27),
(37, 30),
(37, 31),
(37, 34),
(37, 35),
(37, 41),
(37, 42),
(37, 60),
(37, 63),
(37, 66),
(37, 68),
(37, 74),
(37, 85),
(37, 89),
(37, 91),
(37, 96),
(38, 4),
(38, 5),
(38, 6),
(38, 7),
(38, 8),
(38, 11),
(38, 14),
(38, 17),
(38, 18),
(38, 20),
(38, 21),
(38, 24),
(38, 25),
(38, 27),
(38, 30),
(38, 31),
(38, 34),
(38, 36),
(38, 41),
(38, 43),
(38, 56),
(38, 60),
(38, 61),
(38, 64),
(38, 66),
(38, 70),
(38, 72),
(38, 73),
(38, 74),
(38, 75),
(38, 77),
(38, 80),
(38, 83),
(38, 84),
(38, 87),
(38, 88),
(38, 91),
(38, 93),
(38, 95),
(38, 99),
(39, 5),
(39, 7),
(39, 8),
(39, 11),
(39, 14),
(39, 17),
(39, 20),
(39, 24),
(39, 32),
(39, 34),
(39, 36),
(39, 60),
(39, 61),
(39, 63),
(39, 72),
(39, 80),
(39, 91),
(39, 93),
(39, 95),
(39, 96),
(39, 99),
(40, 8),
(40, 11),
(40, 14),
(40, 17),
(40, 18),
(40, 19),
(40, 20),
(40, 21),
(40, 24),
(40, 25),
(40, 30),
(40, 31),
(40, 33),
(40, 34),
(40, 36),
(40, 39),
(40, 41),
(40, 55),
(40, 56),
(40, 61),
(40, 63),
(40, 64),
(40, 65),
(40, 66),
(40, 70),
(40, 71),
(40, 72),
(40, 73),
(40, 74),
(40, 75),
(40, 76),
(40, 78),
(40, 79),
(40, 80),
(40, 85),
(40, 88),
(40, 90),
(40, 91),
(40, 95),
(40, 96),
(40, 101),
(41, 6),
(41, 7),
(41, 8),
(41, 11),
(41, 14),
(41, 15),
(41, 16),
(41, 17),
(41, 18),
(41, 20),
(41, 21),
(41, 22),
(41, 23),
(41, 31),
(41, 41),
(41, 60),
(41, 67),
(41, 89),
(42, 5),
(42, 7),
(42, 8),
(42, 11),
(42, 13),
(42, 14),
(42, 17),
(42, 18),
(42, 19),
(42, 20),
(42, 22),
(42, 24),
(42, 27),
(42, 30),
(42, 31),
(42, 32),
(42, 34),
(42, 36),
(42, 41),
(42, 43),
(42, 56),
(42, 57),
(42, 60),
(42, 62),
(42, 64),
(42, 66),
(42, 67),
(42, 70),
(42, 78),
(42, 79),
(42, 80),
(42, 83),
(42, 86),
(42, 87),
(42, 91),
(42, 92),
(42, 94),
(42, 95),
(42, 102),
(42, 103),
(42, 104),
(42, 105),
(42, 106),
(42, 107),
(43, 6),
(43, 7),
(43, 11),
(43, 13),
(43, 14),
(43, 15),
(43, 17),
(43, 19),
(43, 20),
(43, 23),
(43, 25),
(43, 28),
(43, 31),
(43, 32),
(43, 60),
(43, 62),
(43, 72),
(43, 88),
(43, 89),
(43, 92),
(43, 96),
(43, 101),
(44, 5),
(44, 6),
(44, 7),
(44, 8),
(44, 11),
(44, 14),
(44, 17),
(44, 18),
(44, 20),
(44, 21),
(44, 24),
(44, 27),
(44, 30),
(44, 32),
(44, 33),
(44, 34),
(44, 36),
(44, 41),
(44, 43),
(44, 56),
(44, 60),
(44, 61),
(44, 62),
(44, 64),
(44, 66),
(44, 68),
(44, 70),
(44, 72),
(44, 74),
(44, 75),
(44, 77),
(44, 78),
(44, 79),
(44, 80),
(44, 82),
(44, 84),
(44, 87),
(44, 91),
(44, 92),
(44, 93),
(44, 94),
(44, 95),
(44, 96),
(44, 99),
(44, 106),
(44, 107),
(45, 6),
(45, 7),
(45, 8),
(45, 11),
(45, 14),
(45, 15),
(45, 17),
(45, 18),
(45, 20),
(45, 22),
(45, 23),
(45, 24),
(45, 25),
(45, 28),
(45, 31),
(45, 36),
(45, 48),
(45, 57),
(45, 60),
(45, 64),
(45, 67),
(45, 70),
(45, 74),
(45, 85),
(45, 96),
(46, 5),
(46, 7),
(46, 11),
(46, 13),
(46, 18),
(46, 19),
(46, 20),
(46, 21),
(46, 24),
(46, 31),
(46, 34),
(46, 36),
(46, 55),
(46, 56),
(46, 60),
(46, 61),
(46, 62),
(46, 64),
(46, 72),
(46, 73),
(46, 74),
(46, 75),
(46, 79),
(46, 82),
(46, 83),
(46, 84),
(46, 85),
(46, 91),
(46, 92),
(46, 93),
(46, 95),
(46, 96),
(46, 102),
(46, 106),
(46, 107),
(47, 5),
(47, 6),
(47, 7),
(47, 8),
(47, 11),
(47, 13),
(47, 14),
(47, 15),
(47, 17),
(47, 18),
(47, 19),
(47, 21),
(47, 23),
(47, 27),
(47, 28),
(47, 31),
(47, 34),
(47, 60),
(47, 62),
(47, 66),
(47, 67),
(47, 68),
(47, 71),
(47, 74),
(48, 5),
(48, 7),
(48, 8),
(48, 9),
(48, 11),
(48, 13),
(48, 14),
(48, 15),
(48, 16),
(48, 17),
(48, 18),
(48, 20),
(48, 22),
(48, 23),
(48, 24),
(48, 28),
(48, 31),
(48, 34),
(48, 41),
(48, 56),
(48, 57),
(48, 60),
(48, 62),
(48, 63),
(48, 65),
(48, 66),
(48, 67),
(48, 68),
(48, 74),
(48, 79),
(48, 85),
(48, 96),
(48, 97),
(48, 98),
(48, 110),
(48, 111),
(49, 5),
(49, 6),
(49, 7),
(49, 8),
(49, 11),
(49, 14),
(49, 17),
(49, 24),
(49, 32),
(49, 36),
(49, 41),
(49, 60),
(49, 61),
(49, 62),
(49, 64),
(49, 67),
(49, 70),
(49, 80),
(49, 93),
(49, 94),
(49, 96),
(49, 99),
(49, 106),
(50, 5),
(50, 7),
(50, 8),
(50, 11),
(50, 14),
(50, 17),
(50, 19),
(50, 20),
(50, 30),
(50, 32),
(50, 36),
(50, 56),
(50, 60),
(50, 61),
(50, 62),
(50, 64),
(50, 67),
(50, 70),
(50, 80),
(50, 85),
(50, 88),
(50, 89),
(50, 93),
(50, 96),
(50, 104),
(50, 106),
(50, 107),
(51, 5),
(51, 7),
(51, 11),
(51, 14),
(51, 15),
(51, 17),
(51, 21),
(51, 24),
(51, 31),
(51, 60),
(51, 67),
(51, 106),
(52, 5),
(52, 7),
(52, 8),
(52, 11),
(52, 17),
(52, 20),
(52, 30),
(52, 32),
(52, 34),
(52, 36),
(52, 56),
(52, 60),
(52, 61),
(52, 72),
(52, 79),
(52, 80),
(52, 91),
(52, 95),
(52, 99),
(52, 106),
(53, 5),
(53, 7),
(53, 8),
(53, 11),
(53, 14),
(53, 17),
(53, 18),
(53, 20),
(53, 24),
(53, 25),
(53, 27),
(53, 30),
(53, 31),
(53, 32),
(53, 34),
(53, 36),
(53, 41),
(53, 43),
(53, 47),
(53, 56),
(53, 60),
(53, 61),
(53, 62),
(53, 64),
(53, 66),
(53, 68),
(53, 70),
(53, 72),
(53, 73),
(53, 74),
(53, 75),
(53, 78),
(53, 79),
(53, 80),
(53, 84),
(53, 85),
(53, 88),
(53, 91),
(53, 95),
(53, 96),
(53, 101),
(53, 102),
(53, 103),
(53, 106),
(53, 108),
(55, 5),
(55, 7),
(55, 8),
(55, 13),
(55, 14),
(55, 16),
(55, 17),
(55, 20),
(55, 22),
(55, 23),
(55, 24),
(55, 27),
(55, 31),
(55, 34),
(55, 36),
(55, 37),
(55, 40),
(55, 57),
(55, 58),
(55, 60),
(55, 61),
(55, 62),
(55, 64),
(55, 68),
(55, 72),
(55, 73),
(55, 74),
(55, 79),
(55, 85),
(55, 88),
(55, 89),
(55, 91),
(55, 96),
(55, 97),
(55, 101),
(55, 102),
(55, 103),
(55, 107),
(55, 109),
(55, 115),
(55, 116),
(55, 117),
(55, 118),
(55, 119),
(56, 5),
(56, 11),
(56, 21),
(56, 25),
(56, 34),
(56, 36),
(56, 60),
(56, 61),
(56, 63),
(56, 64),
(56, 67),
(56, 94),
(56, 95),
(56, 106),
(56, 124),
(56, 129),
(56, 133),
(56, 143),
(57, 5),
(57, 7),
(57, 8),
(57, 11),
(57, 14),
(57, 18),
(57, 19),
(57, 20),
(57, 21),
(57, 24),
(57, 27),
(57, 28),
(57, 30),
(57, 32),
(57, 34),
(57, 36),
(57, 39),
(57, 41),
(57, 43),
(57, 56),
(57, 60),
(57, 61),
(57, 62),
(57, 63),
(57, 64),
(57, 66),
(57, 67),
(57, 69),
(57, 70),
(57, 76),
(57, 78),
(57, 80),
(57, 81),
(57, 82),
(57, 84),
(57, 86),
(57, 88),
(57, 89),
(57, 92),
(57, 93),
(57, 95),
(57, 96),
(57, 101),
(57, 102),
(57, 103),
(57, 104),
(57, 106),
(57, 107),
(58, 5),
(58, 8),
(58, 11),
(58, 13),
(58, 14),
(58, 16),
(58, 17),
(58, 18),
(58, 20),
(58, 21),
(58, 22),
(58, 23),
(58, 24),
(58, 30),
(58, 31),
(58, 34),
(58, 41),
(58, 42),
(58, 60),
(58, 61),
(58, 62),
(58, 63),
(58, 66),
(58, 68),
(58, 72),
(58, 73),
(58, 88),
(58, 89),
(58, 93),
(58, 96),
(58, 101),
(58, 107),
(58, 110),
(58, 111),
(58, 118),
(59, 5),
(59, 7),
(59, 8),
(59, 11),
(59, 13),
(59, 14),
(59, 17),
(59, 19),
(59, 20),
(59, 21),
(59, 24),
(59, 25),
(59, 27),
(59, 30),
(59, 32),
(59, 33),
(59, 34),
(59, 41),
(59, 43),
(59, 60),
(59, 61),
(59, 63),
(59, 64),
(59, 70),
(59, 72),
(59, 74),
(59, 75),
(59, 80),
(59, 81),
(59, 83),
(59, 84),
(59, 85),
(59, 87),
(59, 88),
(59, 90),
(59, 91),
(59, 94),
(59, 95),
(59, 96),
(59, 97),
(59, 98),
(59, 101),
(59, 102),
(59, 106),
(59, 108),
(59, 109),
(59, 120),
(59, 121),
(60, 5),
(60, 7),
(60, 8),
(60, 11),
(60, 13),
(60, 15),
(60, 16),
(60, 17),
(60, 18),
(60, 21),
(60, 22),
(60, 23),
(60, 25),
(60, 28),
(60, 31),
(60, 47),
(60, 60),
(60, 62),
(60, 63),
(60, 64),
(60, 67),
(60, 68),
(60, 70),
(60, 71),
(60, 85),
(60, 88),
(60, 89),
(60, 96),
(60, 101),
(60, 107),
(60, 109),
(60, 119),
(60, 121),
(61, 5),
(61, 7),
(61, 8),
(61, 11),
(61, 13),
(61, 14),
(61, 17),
(61, 18),
(61, 20),
(61, 24),
(61, 27),
(61, 30),
(61, 31),
(61, 32),
(61, 33),
(61, 34),
(61, 36),
(61, 41),
(61, 56),
(61, 60),
(61, 61),
(61, 62),
(61, 63),
(61, 64),
(61, 68),
(61, 70),
(61, 72),
(61, 73),
(61, 74),
(61, 77),
(61, 78),
(61, 79),
(61, 84),
(61, 88),
(61, 89),
(61, 91),
(61, 93),
(61, 95),
(61, 96),
(61, 101),
(61, 102),
(61, 104),
(61, 106),
(61, 113),
(62, 5),
(62, 6),
(62, 13),
(62, 14),
(62, 17),
(62, 18),
(62, 19),
(62, 20),
(62, 22),
(62, 23),
(62, 25),
(62, 28),
(62, 31),
(62, 34),
(62, 55),
(62, 60),
(62, 62),
(62, 63),
(62, 67),
(62, 68),
(62, 73),
(62, 74),
(62, 85),
(62, 88),
(62, 89),
(62, 92),
(62, 101),
(62, 107),
(62, 110),
(62, 118),
(62, 122),
(63, 5),
(63, 7),
(63, 8),
(63, 11),
(63, 14),
(63, 17),
(63, 18),
(63, 19),
(63, 20),
(63, 21),
(63, 24),
(63, 30),
(63, 31),
(63, 32),
(63, 34),
(63, 56),
(63, 60),
(63, 61),
(63, 62),
(63, 66),
(63, 67),
(63, 69),
(63, 70),
(63, 75),
(63, 80),
(63, 85),
(63, 88),
(63, 89),
(63, 90),
(63, 96),
(63, 101),
(63, 104),
(63, 106),
(63, 107),
(64, 7),
(64, 8),
(64, 21),
(64, 30),
(64, 47),
(64, 48),
(64, 102),
(66, 5),
(66, 7),
(66, 8),
(66, 11),
(66, 14),
(66, 18),
(66, 20),
(66, 25),
(66, 32),
(66, 34),
(66, 36),
(66, 56),
(66, 60),
(66, 61),
(66, 62),
(66, 64),
(66, 66),
(66, 70),
(66, 72),
(66, 74),
(66, 75),
(66, 79),
(66, 91),
(66, 92),
(66, 94),
(66, 95),
(66, 96),
(66, 102),
(66, 106),
(66, 124),
(66, 129),
(67, 7),
(67, 8),
(67, 11),
(67, 14),
(67, 16),
(67, 17),
(67, 18),
(67, 19),
(67, 20),
(67, 21),
(67, 22),
(67, 24),
(67, 27),
(67, 30),
(67, 31),
(67, 33),
(67, 34),
(67, 36),
(67, 55),
(67, 60),
(67, 61),
(67, 62),
(67, 63),
(67, 64),
(67, 70),
(67, 71),
(67, 73),
(67, 74),
(67, 75),
(67, 76),
(67, 82),
(67, 83),
(67, 84),
(67, 85),
(67, 86),
(67, 87),
(67, 88),
(67, 91),
(67, 93),
(67, 95),
(67, 96),
(67, 102),
(67, 106),
(67, 108),
(67, 116),
(67, 117),
(67, 129),
(67, 130),
(69, 8),
(69, 11),
(69, 17),
(69, 20),
(69, 22),
(69, 23),
(69, 24),
(69, 25),
(69, 32),
(69, 34),
(69, 40),
(69, 60),
(69, 61),
(69, 62),
(69, 72),
(69, 85),
(69, 88),
(69, 91),
(69, 92),
(69, 94),
(69, 101),
(69, 107),
(69, 118),
(69, 123),
(70, 5),
(70, 7),
(70, 8),
(70, 11),
(70, 14),
(70, 17),
(70, 18),
(70, 19),
(70, 20),
(70, 21),
(70, 24),
(70, 25),
(70, 27),
(70, 30),
(70, 31),
(70, 32),
(70, 34),
(70, 36),
(70, 43),
(70, 60),
(70, 62),
(70, 63),
(70, 64),
(70, 66),
(70, 67),
(70, 70),
(70, 75),
(70, 80),
(70, 84),
(70, 85),
(70, 88),
(70, 89),
(70, 92),
(70, 93),
(70, 96),
(70, 101),
(70, 103),
(70, 104),
(70, 106),
(70, 128),
(70, 129),
(71, 5),
(71, 7),
(71, 8),
(71, 11),
(71, 14),
(71, 17),
(71, 18),
(71, 19),
(71, 20),
(71, 21),
(71, 24),
(71, 30),
(71, 31),
(71, 34),
(71, 36),
(71, 60),
(71, 63),
(71, 66),
(71, 69),
(71, 70),
(71, 75),
(71, 77),
(71, 80),
(71, 81),
(71, 84),
(71, 88),
(71, 91),
(71, 93),
(71, 101),
(71, 104),
(71, 106),
(71, 107),
(71, 128),
(71, 129),
(73, 13),
(73, 24),
(73, 27),
(73, 34),
(73, 41),
(73, 62),
(73, 63),
(73, 71),
(73, 91),
(73, 103),
(73, 134),
(73, 135),
(73, 136),
(74, 8),
(74, 11),
(74, 14),
(74, 20),
(74, 21),
(74, 24),
(74, 25),
(74, 30),
(74, 31),
(74, 48),
(74, 55),
(74, 63),
(74, 70),
(74, 72),
(74, 73),
(74, 74),
(74, 75),
(74, 76),
(74, 80),
(74, 84),
(74, 85),
(74, 86),
(74, 87),
(74, 93),
(74, 94),
(74, 95),
(74, 96),
(74, 102),
(74, 106),
(74, 107),
(74, 108),
(74, 128),
(74, 129),
(79, 7),
(79, 8),
(79, 11),
(79, 14),
(79, 20),
(79, 21),
(79, 24),
(79, 25),
(79, 27),
(79, 30),
(79, 36),
(79, 55),
(79, 60),
(79, 61),
(79, 62),
(79, 64),
(79, 65),
(79, 67),
(79, 70),
(79, 73),
(79, 75),
(79, 76),
(79, 81),
(79, 84),
(79, 86),
(79, 91),
(79, 94),
(79, 95),
(79, 96),
(79, 102),
(79, 106),
(79, 108),
(79, 120),
(79, 129),
(79, 139),
(79, 141),
(79, 145),
(79, 146),
(79, 147),
(79, 148),
(83, 5),
(83, 7),
(83, 8),
(83, 11),
(83, 13),
(83, 14),
(83, 18),
(83, 19),
(83, 20),
(83, 21),
(83, 24),
(83, 30),
(83, 32),
(83, 34),
(83, 36),
(83, 55),
(83, 56),
(83, 60),
(83, 62),
(83, 63),
(83, 64),
(83, 67),
(83, 68),
(83, 74),
(83, 75),
(83, 78),
(83, 79),
(83, 80),
(83, 81),
(83, 82),
(83, 83),
(83, 84),
(83, 91),
(83, 94),
(83, 95),
(83, 96),
(83, 103),
(83, 105),
(83, 106),
(83, 108),
(83, 120),
(83, 145),
(83, 147),
(84, 5),
(84, 7),
(84, 11),
(84, 13),
(84, 14),
(84, 18),
(84, 19),
(84, 20),
(84, 21),
(84, 24),
(84, 25),
(84, 30),
(84, 32),
(84, 33),
(84, 34),
(84, 36),
(84, 43),
(84, 55),
(84, 56),
(84, 60),
(84, 61),
(84, 62),
(84, 64),
(84, 66),
(84, 67),
(84, 68),
(84, 70),
(84, 71),
(84, 72),
(84, 73),
(84, 74),
(84, 76),
(84, 78),
(84, 79),
(84, 80),
(84, 81),
(84, 84),
(84, 86),
(84, 91),
(84, 94),
(84, 95),
(84, 96),
(84, 102),
(84, 103),
(84, 106),
(84, 108),
(84, 120),
(84, 122),
(84, 128),
(84, 129),
(84, 139),
(84, 141),
(84, 144),
(84, 145),
(84, 146),
(84, 147),
(84, 148),
(84, 149),
(84, 158),
(87, 5),
(87, 11),
(87, 18),
(87, 30),
(87, 55),
(87, 63),
(87, 75),
(87, 84),
(87, 86),
(87, 95),
(87, 102),
(87, 106),
(87, 108),
(88, 5),
(88, 7),
(88, 8),
(88, 11),
(88, 18),
(88, 19),
(88, 20),
(88, 24),
(88, 27),
(88, 32),
(88, 34),
(88, 36),
(88, 56),
(88, 60),
(88, 61),
(88, 62),
(88, 66),
(88, 67),
(88, 70),
(88, 80),
(88, 96),
(88, 104),
(88, 106),
(88, 129),
(88, 143),
(88, 145),
(88, 146),
(88, 147),
(88, 149),
(90, 5),
(90, 8),
(90, 11),
(90, 17),
(90, 19),
(90, 20),
(90, 21),
(90, 24),
(90, 25),
(90, 27),
(90, 30),
(90, 34),
(90, 56),
(90, 60),
(90, 61),
(90, 62),
(90, 63),
(90, 64),
(90, 66),
(90, 68),
(90, 70),
(90, 71),
(90, 72),
(90, 73),
(90, 74),
(90, 75),
(90, 78),
(90, 79),
(90, 80),
(90, 83),
(90, 84),
(90, 91),
(90, 92),
(90, 94),
(90, 95),
(90, 96),
(90, 102),
(90, 104),
(90, 106),
(90, 122),
(90, 129),
(90, 133),
(90, 137),
(90, 138),
(90, 139),
(90, 145),
(90, 147),
(104, 28),
(104, 60),
(104, 61),
(104, 101),
(110, 8),
(110, 11),
(110, 17),
(110, 18),
(110, 20),
(110, 36),
(110, 41),
(110, 60),
(110, 63),
(110, 67),
(110, 85),
(110, 88),
(110, 89),
(110, 91),
(110, 96),
(110, 139),
(110, 155),
(116, 5),
(116, 7),
(116, 8),
(116, 11),
(116, 17),
(116, 18),
(116, 19),
(116, 20),
(116, 24),
(116, 25),
(116, 31),
(116, 34),
(116, 36),
(116, 53),
(116, 60),
(116, 61),
(116, 62),
(116, 63),
(116, 64),
(116, 65),
(116, 66),
(116, 67),
(116, 70),
(116, 71),
(116, 72),
(116, 73),
(116, 75),
(116, 78),
(116, 81),
(116, 82),
(116, 84),
(116, 85),
(116, 87),
(116, 91),
(116, 93),
(116, 95),
(116, 96),
(116, 102),
(116, 105),
(116, 106),
(116, 107),
(116, 108),
(116, 120),
(116, 124),
(116, 129),
(116, 137),
(116, 139),
(116, 141),
(116, 142),
(116, 143),
(116, 144),
(116, 145),
(116, 146),
(116, 147),
(116, 148),
(116, 149),
(120, 5),
(120, 7),
(120, 8),
(120, 11),
(120, 13),
(120, 14),
(120, 18),
(120, 19),
(120, 20),
(120, 21),
(120, 24),
(120, 32),
(120, 33),
(120, 34),
(120, 36),
(120, 56),
(120, 60),
(120, 61),
(120, 62),
(120, 63),
(120, 64),
(120, 67),
(120, 68),
(120, 70),
(120, 71),
(120, 72),
(120, 73),
(120, 74),
(120, 77),
(120, 78),
(120, 79),
(120, 80),
(120, 86),
(120, 94),
(120, 95),
(120, 96),
(120, 102),
(120, 103),
(120, 108),
(120, 124),
(120, 129),
(120, 139),
(120, 145),
(120, 146),
(122, 5),
(122, 7),
(122, 8),
(122, 11),
(122, 13),
(122, 14),
(122, 17),
(122, 18),
(122, 19),
(122, 20),
(122, 21),
(122, 30),
(122, 32),
(122, 34),
(122, 36),
(122, 39),
(122, 43),
(122, 56),
(122, 60),
(122, 61),
(122, 62),
(122, 63),
(122, 64),
(122, 67),
(122, 68),
(122, 70),
(122, 74),
(122, 75),
(122, 78),
(122, 79),
(122, 80),
(122, 82),
(122, 84),
(122, 87),
(122, 92),
(122, 93),
(122, 94),
(122, 96),
(122, 102),
(122, 103),
(122, 105),
(122, 106),
(122, 107),
(122, 124),
(122, 129),
(124, 5),
(124, 8),
(124, 13),
(124, 15),
(124, 17),
(124, 21),
(124, 22),
(124, 27),
(124, 28),
(124, 30),
(124, 31),
(124, 60),
(124, 61),
(124, 62),
(124, 63),
(124, 64),
(124, 67),
(124, 68),
(124, 96),
(125, 5),
(125, 7),
(125, 8),
(125, 11),
(125, 17),
(125, 24),
(125, 25),
(125, 31),
(125, 32),
(125, 34),
(125, 36),
(125, 60),
(125, 61),
(125, 64),
(125, 67),
(125, 68),
(125, 74),
(125, 75),
(125, 79),
(125, 80),
(125, 91),
(125, 95),
(125, 96),
(125, 106),
(125, 107),
(125, 124),
(126, 5),
(126, 7),
(126, 8),
(126, 11),
(126, 14),
(126, 16),
(126, 18),
(126, 21),
(126, 25),
(126, 30),
(126, 33),
(126, 60),
(126, 61),
(126, 63),
(126, 64),
(126, 67),
(126, 68),
(126, 69),
(126, 70),
(126, 72),
(126, 73),
(126, 75),
(126, 76),
(126, 81),
(126, 83),
(126, 84),
(126, 85),
(126, 87),
(126, 93),
(126, 95),
(126, 102),
(126, 104),
(126, 106),
(126, 107),
(126, 108),
(126, 130),
(127, 11),
(127, 55),
(127, 60),
(127, 62),
(127, 64),
(127, 67),
(127, 74),
(127, 80),
(127, 91),
(127, 106),
(128, 11),
(128, 17),
(128, 60),
(128, 62),
(128, 67),
(128, 80),
(128, 92),
(128, 103),
(128, 106),
(129, 5),
(129, 7),
(129, 8),
(129, 11),
(129, 14),
(129, 17),
(129, 18),
(129, 24),
(129, 30),
(129, 31),
(129, 34),
(129, 56),
(129, 60),
(129, 61),
(129, 62),
(129, 63),
(129, 64),
(129, 66),
(129, 67),
(129, 68),
(129, 79),
(129, 80),
(129, 88),
(129, 89),
(129, 93),
(129, 101),
(129, 106),
(129, 107),
(130, 7),
(130, 8),
(130, 11),
(130, 14),
(130, 16),
(130, 18),
(130, 19),
(130, 20),
(130, 21),
(130, 24),
(130, 25),
(130, 30),
(130, 31),
(130, 32),
(130, 34),
(130, 36),
(130, 43),
(130, 55),
(130, 56),
(130, 60),
(130, 61),
(130, 62),
(130, 63),
(130, 64),
(130, 65),
(130, 67),
(130, 70),
(130, 71),
(130, 72),
(130, 73),
(130, 74),
(130, 75),
(130, 78),
(130, 82),
(130, 83),
(130, 84),
(130, 85),
(130, 93),
(130, 95),
(130, 96),
(130, 102),
(130, 103),
(130, 106),
(130, 107),
(130, 108),
(130, 120),
(130, 128),
(130, 129),
(131, 5),
(131, 7),
(131, 8),
(131, 11),
(131, 14),
(131, 17),
(131, 18),
(131, 19),
(131, 20),
(131, 24),
(131, 25),
(131, 30),
(131, 31),
(131, 32),
(131, 34),
(131, 36),
(131, 44),
(131, 56),
(131, 60),
(131, 61),
(131, 62),
(131, 63),
(131, 64),
(131, 65),
(131, 66),
(131, 67),
(131, 70),
(131, 71),
(131, 72),
(131, 73),
(131, 75),
(131, 82),
(131, 84),
(131, 85),
(131, 87),
(131, 88),
(131, 89),
(131, 91),
(131, 93),
(131, 95),
(131, 96),
(131, 101),
(131, 102),
(131, 105),
(131, 106),
(131, 107),
(131, 108),
(131, 116),
(131, 117),
(131, 120),
(131, 124),
(131, 129),
(131, 137),
(131, 139),
(131, 144),
(131, 145),
(131, 146),
(131, 147),
(131, 148),
(131, 149),
(132, 5),
(132, 11),
(132, 14),
(132, 15),
(132, 56),
(132, 91),
(132, 106),
(132, 137),
(133, 7),
(133, 8),
(133, 11),
(133, 14),
(133, 17),
(133, 36),
(133, 55),
(133, 67),
(133, 70),
(133, 75),
(133, 95),
(133, 106),
(134, 7),
(134, 8),
(134, 11),
(134, 14),
(134, 17),
(134, 36),
(134, 55),
(134, 67),
(134, 70),
(134, 75),
(134, 95),
(134, 106),
(135, 7),
(135, 8),
(135, 11),
(135, 14),
(135, 17),
(135, 21),
(135, 25),
(135, 30),
(135, 55),
(135, 60),
(135, 63),
(135, 64),
(135, 70),
(135, 72),
(135, 73),
(135, 75),
(135, 86),
(135, 94),
(135, 95),
(135, 102),
(135, 106),
(135, 147),
(135, 153),
(135, 154),
(136, 5),
(136, 7),
(136, 8),
(136, 11),
(136, 13),
(136, 17),
(136, 19),
(136, 20),
(136, 21),
(136, 24),
(136, 25),
(136, 27),
(136, 30),
(136, 32),
(136, 33),
(136, 34),
(136, 36),
(136, 43),
(136, 56),
(136, 60),
(136, 61),
(136, 62),
(136, 63),
(136, 64),
(136, 66),
(136, 68),
(136, 70),
(136, 72),
(136, 74),
(136, 78),
(136, 79),
(136, 83),
(136, 84),
(136, 91),
(136, 92),
(136, 95),
(136, 96),
(136, 99),
(136, 103),
(136, 105),
(136, 106),
(136, 107),
(136, 113),
(136, 129),
(137, 5),
(137, 7),
(137, 8),
(137, 11),
(137, 14),
(137, 17),
(137, 18),
(137, 19),
(137, 24),
(137, 25),
(137, 27),
(137, 30),
(137, 32),
(137, 34),
(137, 36),
(137, 56),
(137, 60),
(137, 61),
(137, 62),
(137, 63),
(137, 64),
(137, 66),
(137, 67),
(137, 70),
(137, 71),
(137, 75),
(137, 79),
(137, 80),
(137, 95),
(137, 102),
(137, 106),
(137, 120),
(137, 124),
(137, 129),
(137, 135),
(137, 143),
(138, 5),
(138, 11),
(138, 13),
(138, 24),
(138, 39),
(138, 60),
(138, 61),
(138, 62),
(138, 64),
(138, 67),
(138, 85),
(138, 88),
(138, 89),
(138, 101),
(138, 110),
(139, 5),
(139, 7),
(139, 8),
(139, 11),
(139, 14),
(139, 17),
(139, 18),
(139, 20),
(139, 21),
(139, 24),
(139, 25),
(139, 27),
(139, 30),
(139, 31),
(139, 32),
(139, 36),
(139, 43),
(139, 55),
(139, 56),
(139, 60),
(139, 61),
(139, 62),
(139, 63),
(139, 64),
(139, 65),
(139, 66),
(139, 67),
(139, 69),
(139, 70),
(139, 75),
(139, 76),
(139, 77),
(139, 78),
(139, 82),
(139, 83),
(139, 84),
(139, 85),
(139, 88),
(139, 89),
(139, 92),
(139, 93),
(139, 95),
(139, 96),
(139, 101),
(139, 102),
(139, 103),
(139, 105),
(139, 106),
(139, 108),
(139, 120),
(139, 128),
(139, 129),
(139, 130),
(139, 137),
(139, 140),
(139, 142),
(139, 143),
(139, 155),
(139, 157),
(139, 159),
(140, 5),
(140, 7),
(140, 8),
(140, 11),
(140, 17),
(140, 18),
(140, 19),
(140, 20),
(140, 21),
(140, 24),
(140, 25),
(140, 27),
(140, 30),
(140, 31),
(140, 32),
(140, 34),
(140, 36),
(140, 43),
(140, 56),
(140, 60),
(140, 61),
(140, 62),
(140, 64),
(140, 66),
(140, 72),
(140, 73),
(140, 74),
(140, 77),
(140, 78),
(140, 79),
(140, 82),
(140, 83),
(140, 84),
(140, 87),
(140, 88),
(140, 89),
(140, 91),
(140, 92),
(140, 93),
(140, 94),
(140, 95),
(140, 103),
(140, 104),
(140, 105),
(140, 106),
(140, 107),
(140, 120),
(140, 122),
(140, 129),
(140, 142),
(140, 143),
(140, 155),
(140, 159),
(141, 5),
(141, 7),
(141, 8),
(141, 11),
(141, 18),
(141, 19),
(141, 24),
(141, 27),
(141, 30),
(141, 32),
(141, 34),
(141, 36),
(141, 39),
(141, 56),
(141, 60),
(141, 61),
(141, 62),
(141, 64),
(141, 66),
(141, 67),
(141, 68),
(141, 74),
(141, 77),
(141, 78),
(141, 79),
(141, 80),
(141, 82),
(141, 83),
(141, 94),
(141, 95),
(141, 96),
(141, 103),
(141, 104),
(141, 105),
(141, 106),
(141, 122),
(141, 129),
(141, 135),
(141, 139),
(141, 143),
(142, 5),
(142, 7),
(142, 8),
(142, 11),
(142, 14),
(142, 20),
(142, 21),
(142, 24),
(142, 25),
(142, 27),
(142, 36),
(142, 55),
(142, 60),
(142, 61),
(142, 62),
(142, 63),
(142, 67),
(142, 70),
(142, 95),
(142, 96),
(142, 106),
(142, 139),
(142, 145),
(142, 146),
(143, 8),
(143, 11),
(143, 17),
(143, 22),
(143, 23),
(143, 31),
(143, 32),
(143, 60),
(143, 62),
(143, 70),
(143, 72),
(143, 73),
(143, 85),
(143, 92),
(143, 107),
(143, 109),
(143, 112),
(143, 118),
(143, 122),
(143, 123),
(144, 5),
(144, 7),
(144, 8),
(144, 11),
(144, 14),
(144, 15),
(144, 17),
(144, 18),
(144, 20),
(144, 21),
(144, 22),
(144, 23),
(144, 24),
(144, 31),
(144, 36),
(144, 55),
(144, 60),
(144, 63),
(144, 64),
(144, 67),
(144, 74),
(144, 75),
(144, 85),
(144, 91),
(144, 95),
(144, 96),
(144, 102),
(144, 106),
(144, 119),
(144, 120),
(144, 155),
(145, 5),
(145, 7),
(145, 8),
(145, 11),
(145, 14),
(145, 18),
(145, 19),
(145, 20),
(145, 25),
(145, 30),
(145, 32),
(145, 34),
(145, 36),
(145, 60),
(145, 61),
(145, 62),
(145, 64),
(145, 67),
(145, 70),
(145, 75),
(145, 78),
(145, 80),
(145, 81),
(145, 82),
(145, 83),
(145, 84),
(145, 92),
(145, 94),
(145, 95),
(145, 96),
(145, 120),
(145, 124),
(145, 139),
(146, 7),
(146, 8),
(146, 11),
(146, 14),
(146, 17),
(146, 18),
(146, 21),
(146, 24),
(146, 27),
(146, 30),
(146, 32),
(146, 36),
(146, 60),
(146, 61),
(146, 62),
(146, 64),
(146, 68),
(146, 70),
(146, 72),
(146, 73),
(146, 74),
(146, 75),
(146, 79),
(146, 80),
(146, 84),
(146, 91),
(146, 95),
(146, 106),
(146, 124),
(146, 129),
(146, 145),
(146, 146),
(147, 5),
(147, 7),
(147, 8),
(147, 11),
(147, 14),
(147, 21),
(147, 24),
(147, 30),
(147, 32),
(147, 33),
(147, 36),
(147, 43),
(147, 56),
(147, 60),
(147, 61),
(147, 62),
(147, 63),
(147, 64),
(147, 67),
(147, 68),
(147, 70),
(147, 72),
(147, 73),
(147, 74),
(147, 80),
(147, 89),
(147, 91),
(147, 95),
(147, 96),
(147, 106),
(147, 108),
(147, 120),
(147, 124),
(147, 129),
(148, 7),
(148, 8),
(148, 11),
(148, 13),
(148, 14),
(148, 18),
(148, 20),
(148, 21),
(148, 27),
(148, 30),
(148, 32),
(148, 34),
(148, 36),
(148, 43),
(148, 56),
(148, 60),
(148, 61),
(148, 62),
(148, 63),
(148, 64),
(148, 66),
(148, 68),
(148, 70),
(148, 72),
(148, 73),
(148, 74),
(148, 79),
(148, 80),
(148, 81),
(148, 84),
(148, 91),
(148, 92),
(148, 95),
(148, 96),
(148, 103),
(148, 124),
(149, 13),
(149, 17),
(149, 28),
(149, 31),
(149, 34),
(149, 40),
(149, 60),
(149, 61),
(149, 62),
(149, 64),
(149, 79),
(151, 5),
(151, 7),
(151, 8),
(151, 19),
(151, 20),
(151, 21),
(151, 30),
(151, 32),
(151, 34),
(151, 56),
(151, 60),
(151, 61),
(151, 62),
(151, 63),
(151, 64),
(151, 78),
(151, 80),
(151, 84),
(151, 92),
(151, 96),
(151, 103),
(151, 105),
(151, 106),
(151, 129),
(151, 145),
(151, 146),
(151, 147),
(152, 7),
(152, 11),
(152, 19),
(152, 20),
(152, 32),
(152, 36),
(152, 60),
(152, 61),
(152, 62),
(152, 67),
(152, 68),
(152, 75),
(152, 79),
(152, 88),
(152, 91),
(152, 93),
(152, 95),
(152, 96),
(152, 101),
(152, 104),
(152, 106),
(152, 107),
(152, 129),
(152, 155),
(153, 8),
(153, 11),
(153, 17),
(153, 30),
(153, 60),
(153, 62),
(153, 63),
(153, 67),
(153, 85),
(153, 92),
(153, 102),
(153, 106),
(153, 107),
(153, 109),
(153, 118),
(153, 155),
(155, 5),
(155, 13),
(155, 15),
(155, 17),
(155, 22),
(155, 31),
(155, 56),
(155, 64),
(155, 67),
(155, 68),
(155, 73),
(155, 74),
(155, 79),
(155, 88),
(155, 89),
(155, 99),
(155, 101),
(155, 107),
(155, 119),
(155, 121),
(155, 122),
(155, 123),
(159, 60),
(162, 5),
(162, 7),
(162, 8),
(162, 11),
(162, 14),
(162, 18),
(162, 19),
(162, 21),
(162, 24),
(162, 25),
(162, 30),
(162, 33),
(162, 36),
(162, 43),
(162, 55),
(162, 56),
(162, 60),
(162, 61),
(162, 63),
(162, 68),
(162, 72),
(162, 73),
(162, 74),
(162, 75),
(162, 76),
(162, 80),
(162, 84),
(162, 94),
(162, 95),
(162, 96),
(162, 102),
(162, 106),
(162, 108),
(162, 120),
(162, 128),
(162, 138),
(162, 139),
(162, 147),
(162, 161),
(163, 8),
(163, 11),
(163, 19),
(163, 21),
(163, 24),
(163, 25),
(163, 27),
(163, 30),
(163, 36),
(163, 39),
(163, 43),
(163, 55),
(163, 56),
(163, 60),
(163, 63),
(163, 65),
(163, 66),
(163, 73),
(163, 75),
(163, 77),
(163, 81),
(163, 84),
(163, 94),
(163, 95),
(163, 96),
(163, 102),
(163, 103),
(163, 105),
(163, 106),
(163, 108),
(163, 120),
(163, 133),
(163, 139),
(163, 142),
(163, 147),
(163, 160),
(163, 161),
(164, 7),
(164, 8),
(164, 11),
(164, 14),
(164, 19),
(164, 21),
(164, 25),
(164, 30),
(164, 32),
(164, 33),
(164, 34),
(164, 36),
(164, 43),
(164, 60),
(164, 63),
(164, 66),
(164, 67),
(164, 72),
(164, 75),
(164, 95),
(164, 96),
(164, 102),
(164, 104),
(164, 106),
(164, 108),
(164, 120),
(164, 125),
(164, 135),
(164, 139),
(164, 147),
(168, 5),
(168, 7),
(168, 8),
(168, 11),
(168, 14),
(168, 18),
(168, 20),
(168, 24),
(168, 25),
(168, 32),
(168, 34),
(168, 36),
(168, 55),
(168, 56),
(168, 60),
(168, 61),
(168, 62),
(168, 63),
(168, 64),
(168, 66),
(168, 67),
(168, 70),
(168, 80),
(168, 92),
(168, 94),
(168, 96),
(168, 106),
(168, 108),
(168, 129),
(168, 133),
(169, 7),
(169, 8),
(169, 11),
(169, 17),
(169, 21),
(169, 24),
(169, 25),
(169, 30),
(169, 31),
(169, 33),
(169, 43),
(169, 55),
(169, 64),
(169, 67),
(169, 70),
(169, 72),
(169, 73),
(169, 74),
(169, 75),
(169, 80),
(169, 81),
(169, 84),
(169, 85),
(169, 87),
(169, 93),
(169, 95),
(169, 100),
(169, 102),
(169, 107),
(169, 108),
(169, 120),
(169, 145),
(169, 146),
(169, 147),
(170, 7),
(170, 8),
(170, 11),
(170, 14),
(170, 20),
(170, 21),
(170, 24),
(170, 25),
(170, 30),
(170, 33),
(170, 36),
(170, 55),
(170, 60),
(170, 61),
(170, 64),
(170, 68),
(170, 70),
(170, 72),
(170, 73),
(170, 74),
(170, 75),
(170, 76),
(170, 84),
(170, 91),
(170, 94),
(170, 95),
(170, 96),
(170, 102),
(170, 108),
(170, 113),
(170, 120),
(170, 129),
(172, 7),
(172, 8),
(172, 11),
(172, 14),
(172, 21),
(172, 25),
(172, 30),
(172, 55),
(172, 60),
(172, 67),
(172, 70),
(172, 74),
(172, 75),
(172, 94),
(172, 100),
(172, 102),
(172, 106),
(172, 120),
(172, 147),
(175, 8),
(175, 17),
(175, 21),
(175, 36),
(175, 43),
(175, 55),
(175, 60),
(175, 64),
(175, 67),
(175, 74),
(175, 80),
(175, 89),
(175, 91),
(175, 95),
(175, 101),
(175, 106),
(175, 108),
(176, 7),
(176, 8),
(176, 11),
(176, 17),
(176, 19),
(176, 30),
(176, 36),
(176, 55),
(176, 60),
(176, 64),
(176, 65),
(176, 67),
(176, 70),
(176, 73),
(176, 75),
(176, 84),
(176, 86),
(176, 95),
(176, 102),
(176, 106),
(176, 108),
(176, 129),
(176, 145),
(176, 146),
(176, 148),
(177, 5),
(177, 11),
(177, 18),
(177, 20),
(177, 24),
(177, 27),
(177, 31),
(177, 43),
(177, 60),
(177, 62),
(177, 67),
(177, 74),
(177, 138),
(178, 8),
(178, 11),
(178, 17),
(178, 19),
(178, 20),
(178, 22),
(178, 24),
(178, 28),
(178, 31),
(178, 32),
(178, 40),
(178, 42),
(178, 60),
(178, 62),
(178, 63),
(178, 72),
(178, 73),
(178, 74),
(178, 78),
(178, 85),
(178, 89),
(178, 106),
(178, 107),
(178, 112),
(178, 118),
(178, 122),
(178, 129),
(178, 155),
(179, 5),
(179, 7),
(179, 8),
(179, 11),
(179, 19),
(179, 34),
(179, 36),
(179, 55),
(179, 60),
(179, 61),
(179, 62),
(179, 64),
(179, 66),
(179, 67),
(179, 80),
(179, 89),
(179, 106),
(179, 139),
(179, 143),
(179, 145),
(179, 146),
(180, 7),
(180, 8),
(180, 11),
(180, 14),
(180, 20),
(180, 24),
(180, 27),
(180, 30),
(180, 32),
(180, 36),
(180, 55),
(180, 60),
(180, 61),
(180, 63),
(180, 64),
(180, 68),
(180, 72),
(180, 73),
(180, 79),
(180, 89),
(180, 92),
(180, 96),
(180, 106),
(180, 139),
(180, 145),
(180, 146),
(181, 7),
(181, 8),
(181, 11),
(181, 18),
(181, 19),
(181, 20),
(181, 21),
(181, 24),
(181, 25),
(181, 30),
(181, 34),
(181, 60),
(181, 62),
(181, 63),
(181, 64),
(181, 68),
(181, 72),
(181, 73),
(181, 74),
(181, 79),
(181, 80),
(181, 91),
(181, 95),
(181, 96),
(181, 104),
(181, 106),
(181, 128),
(181, 129),
(181, 145),
(181, 147),
(184, 5),
(184, 11),
(184, 17),
(184, 24),
(184, 27),
(184, 30),
(184, 32),
(184, 33),
(184, 34),
(184, 36),
(184, 43),
(184, 56),
(184, 60),
(184, 61),
(184, 62),
(184, 64),
(184, 66),
(184, 73),
(184, 92),
(184, 95),
(184, 106),
(184, 129),
(186, 7),
(186, 8),
(186, 11),
(186, 13),
(186, 17),
(186, 20),
(186, 27),
(186, 28),
(186, 40),
(186, 60),
(186, 61),
(186, 62),
(186, 64),
(186, 70),
(186, 72),
(186, 74),
(186, 79),
(186, 88),
(186, 89),
(186, 92),
(186, 93),
(186, 101),
(186, 103),
(186, 107),
(186, 110),
(186, 112),
(186, 121),
(186, 122),
(186, 131),
(186, 155),
(187, 5),
(187, 7),
(187, 8),
(187, 14),
(187, 17),
(187, 21),
(187, 25),
(187, 30),
(187, 33),
(187, 36),
(187, 55),
(187, 61),
(187, 64),
(187, 69),
(187, 70),
(187, 73),
(187, 75),
(187, 81),
(187, 83),
(187, 84),
(187, 94),
(187, 95),
(187, 102),
(187, 106),
(187, 139),
(187, 145),
(187, 146),
(187, 147),
(188, 11),
(188, 24),
(188, 25),
(188, 31),
(188, 36),
(188, 55),
(188, 64),
(188, 67),
(188, 94),
(188, 96),
(188, 101),
(188, 106),
(188, 139),
(188, 155),
(189, 5),
(189, 8),
(189, 11),
(189, 17),
(189, 18),
(189, 20),
(189, 21),
(189, 22),
(189, 24),
(189, 41),
(189, 48),
(189, 55),
(189, 60),
(189, 64),
(189, 71),
(189, 73),
(189, 85),
(189, 89),
(189, 93),
(189, 97),
(189, 101),
(189, 107),
(189, 109),
(189, 118),
(189, 121),
(189, 127),
(189, 139),
(189, 155),
(190, 7),
(190, 8),
(190, 11),
(190, 14),
(190, 21),
(190, 25),
(190, 30),
(190, 36),
(190, 43),
(190, 55),
(190, 64),
(190, 67),
(190, 69),
(190, 70),
(190, 74),
(190, 75),
(190, 94),
(190, 95),
(190, 96),
(190, 106),
(190, 139),
(190, 145),
(190, 146),
(190, 147),
(190, 148),
(191, 7),
(191, 8),
(191, 11),
(191, 14),
(191, 17),
(191, 30),
(191, 55),
(191, 67),
(191, 70),
(191, 75),
(191, 84),
(191, 85),
(191, 86),
(191, 87),
(191, 93),
(191, 95),
(191, 102),
(191, 106),
(191, 107),
(191, 108),
(192, 7),
(192, 8),
(192, 11),
(192, 14),
(192, 17),
(192, 21),
(192, 25),
(192, 30),
(192, 31),
(192, 33),
(192, 55),
(192, 64),
(192, 67),
(192, 69),
(192, 70),
(192, 72),
(192, 73),
(192, 74),
(192, 75),
(192, 76),
(192, 80),
(192, 84),
(192, 85),
(192, 87),
(192, 90),
(192, 93),
(192, 95),
(192, 100),
(192, 102),
(192, 106),
(192, 107),
(192, 108),
(192, 113),
(192, 120),
(192, 130),
(192, 145),
(192, 147),
(192, 153),
(192, 154),
(193, 5),
(193, 7),
(193, 8),
(193, 11),
(193, 14),
(193, 17),
(193, 18),
(193, 21),
(193, 25),
(193, 30),
(193, 31),
(193, 33),
(193, 55),
(193, 63),
(193, 64),
(193, 67),
(193, 70),
(193, 73),
(193, 75),
(193, 84),
(193, 93),
(193, 94),
(193, 95),
(193, 102),
(193, 106),
(193, 107),
(193, 120),
(193, 129),
(193, 147),
(193, 153),
(194, 5),
(194, 7),
(194, 8),
(194, 11),
(194, 14),
(194, 17),
(194, 18),
(194, 21),
(194, 25),
(194, 30),
(194, 31),
(194, 33),
(194, 55),
(194, 63),
(194, 64),
(194, 67),
(194, 70),
(194, 73),
(194, 75),
(194, 84),
(194, 93),
(194, 94),
(194, 95),
(194, 102),
(194, 106),
(194, 107),
(194, 120),
(194, 129),
(194, 147),
(194, 153),
(195, 5),
(195, 7),
(195, 8),
(195, 11),
(195, 14),
(195, 17),
(195, 18),
(195, 25),
(195, 30),
(195, 31),
(195, 33),
(195, 55),
(195, 63),
(195, 64),
(195, 67),
(195, 70),
(195, 73),
(195, 74),
(195, 75),
(195, 84),
(195, 85),
(195, 93),
(195, 94),
(195, 95),
(195, 102),
(195, 106),
(195, 107),
(195, 120),
(195, 129),
(195, 147),
(195, 153),
(196, 34),
(196, 57),
(196, 60),
(196, 67),
(198, 17),
(198, 20),
(198, 40),
(198, 60),
(198, 62),
(198, 68),
(198, 70),
(198, 72),
(198, 92),
(198, 96),
(198, 110),
(198, 118),
(198, 122),
(198, 131),
(198, 138),
(198, 158),
(199, 17),
(199, 20),
(199, 40),
(199, 60),
(199, 62),
(199, 68),
(199, 70),
(199, 72),
(199, 92),
(199, 96),
(199, 110),
(199, 118),
(199, 122),
(199, 131),
(199, 138),
(199, 158),
(200, 5),
(200, 11),
(200, 17),
(200, 25),
(200, 30),
(200, 36),
(200, 43),
(200, 60),
(200, 61),
(200, 62),
(200, 64),
(200, 65),
(200, 67),
(200, 70),
(200, 81),
(200, 82),
(200, 84),
(200, 95),
(200, 99),
(200, 106),
(200, 141),
(200, 142),
(200, 145),
(200, 146),
(200, 147),
(203, 11),
(203, 14),
(203, 17),
(203, 31),
(203, 64),
(203, 72),
(203, 73),
(203, 93),
(203, 119),
(203, 155),
(204, 20),
(204, 60),
(204, 61),
(204, 71),
(204, 92),
(204, 96),
(204, 129),
(209, 7),
(209, 8),
(209, 11),
(209, 14),
(209, 21),
(209, 24),
(209, 25),
(209, 30),
(209, 33),
(209, 36),
(209, 55),
(209, 60),
(209, 67),
(209, 69),
(209, 74),
(209, 75),
(209, 83),
(209, 84),
(209, 94),
(209, 95),
(209, 96),
(209, 102),
(209, 108),
(209, 120),
(209, 129),
(209, 145),
(209, 146),
(209, 147),
(211, 5),
(211, 7),
(211, 8),
(211, 11),
(211, 17),
(211, 18),
(211, 20),
(211, 21),
(211, 24),
(211, 25),
(211, 34),
(211, 36),
(211, 56),
(211, 60),
(211, 61),
(211, 63),
(211, 64),
(211, 70),
(211, 71),
(211, 72),
(211, 73),
(211, 75),
(211, 80),
(211, 83),
(211, 88),
(211, 89),
(211, 94),
(211, 96),
(211, 101),
(211, 102),
(211, 106),
(211, 124),
(211, 129),
(211, 139),
(212, 13),
(212, 15),
(212, 20),
(212, 24),
(212, 34),
(212, 58),
(212, 60),
(212, 62),
(212, 64),
(212, 72),
(212, 73),
(212, 78),
(212, 110),
(212, 118),
(212, 131),
(214, 8),
(214, 11),
(214, 17),
(214, 18),
(214, 20),
(214, 22),
(214, 27),
(214, 39),
(214, 41),
(214, 56),
(214, 60),
(214, 61),
(214, 62),
(214, 64),
(214, 68),
(214, 72),
(214, 73),
(214, 74),
(214, 79),
(214, 82),
(214, 85),
(214, 88),
(214, 89),
(214, 96),
(214, 101),
(214, 103),
(214, 110),
(214, 122),
(214, 155),
(217, 5),
(217, 11),
(217, 21),
(217, 61),
(217, 64),
(217, 67),
(217, 68),
(217, 73),
(217, 74),
(217, 99),
(217, 118),
(221, 7),
(221, 11),
(221, 13),
(221, 14),
(221, 18),
(221, 19),
(221, 20),
(221, 21),
(221, 24),
(221, 30),
(221, 32),
(221, 34),
(221, 36),
(221, 39),
(221, 43),
(221, 56),
(221, 60),
(221, 61),
(221, 62),
(221, 63),
(221, 64),
(221, 65),
(221, 66),
(221, 70),
(221, 71),
(221, 72),
(221, 73),
(221, 74),
(221, 77),
(221, 78),
(221, 79),
(221, 81),
(221, 82),
(221, 84),
(221, 91),
(221, 92),
(221, 95),
(221, 96),
(221, 103),
(221, 104),
(221, 105),
(221, 106),
(221, 120),
(221, 129),
(221, 141),
(221, 142),
(221, 145),
(221, 146),
(221, 147),
(224, 11),
(224, 17),
(224, 21),
(224, 31),
(224, 55),
(224, 60),
(224, 61),
(224, 67),
(224, 75),
(224, 85),
(224, 99),
(224, 107),
(224, 128),
(224, 139),
(224, 155),
(225, 8),
(225, 14),
(225, 17),
(225, 25),
(225, 30),
(225, 43),
(225, 55),
(225, 64),
(225, 69),
(225, 70),
(225, 75),
(225, 84),
(225, 95),
(225, 106),
(225, 108),
(225, 120),
(225, 128),
(225, 146),
(225, 147),
(226, 11),
(226, 14),
(226, 17),
(226, 21),
(226, 25),
(226, 30),
(226, 36),
(226, 43),
(226, 55),
(226, 67),
(226, 69),
(226, 70),
(226, 84),
(226, 95),
(226, 106),
(226, 108),
(226, 120),
(227, 8),
(227, 11),
(227, 14),
(227, 17),
(227, 25),
(227, 30),
(227, 33),
(227, 43),
(227, 55),
(227, 70),
(227, 95),
(227, 106),
(228, 8),
(228, 11),
(228, 17),
(228, 25),
(228, 33),
(228, 70),
(228, 95),
(228, 104),
(228, 106),
(229, 8),
(229, 11),
(229, 14),
(229, 17),
(229, 21),
(229, 31),
(229, 33),
(229, 55),
(229, 67),
(229, 70),
(229, 74),
(229, 84),
(229, 87),
(229, 93),
(229, 95),
(229, 96),
(229, 100),
(229, 106),
(229, 107),
(229, 120),
(229, 139),
(229, 159),
(230, 5),
(230, 7),
(230, 11),
(230, 14),
(230, 17),
(230, 18),
(230, 21),
(230, 25),
(230, 27),
(230, 32),
(230, 34),
(230, 56),
(230, 60),
(230, 61),
(230, 62),
(230, 66),
(230, 70),
(230, 72),
(230, 74),
(230, 75),
(230, 77),
(230, 79),
(230, 80),
(230, 81),
(230, 82),
(230, 88),
(230, 89),
(230, 91),
(230, 92),
(230, 94),
(230, 95),
(230, 103),
(230, 106),
(230, 145),
(230, 146),
(230, 147),
(230, 148),
(232, 5),
(232, 7),
(232, 8),
(232, 11),
(232, 14),
(232, 17),
(232, 25),
(232, 27),
(232, 30),
(232, 43),
(232, 46),
(232, 64),
(232, 67),
(232, 70),
(232, 84),
(232, 85),
(232, 93),
(232, 94),
(232, 95),
(232, 99),
(232, 100),
(232, 102),
(232, 106),
(232, 107),
(232, 113),
(232, 120),
(232, 139),
(232, 143),
(232, 145),
(232, 147),
(232, 148),
(232, 149),
(233, 5),
(233, 7),
(233, 8),
(233, 11),
(233, 14),
(233, 17),
(233, 25),
(233, 27),
(233, 30),
(233, 43),
(233, 46),
(233, 64),
(233, 67),
(233, 70),
(233, 84),
(233, 85),
(233, 93),
(233, 94),
(233, 95),
(233, 99),
(233, 100),
(233, 102),
(233, 106),
(233, 107),
(233, 113),
(233, 120),
(233, 139),
(233, 143),
(233, 145),
(233, 147),
(233, 148),
(233, 149),
(234, 7),
(234, 8),
(234, 11),
(234, 14),
(234, 21),
(234, 25),
(234, 31),
(234, 46),
(234, 55),
(234, 61),
(234, 70),
(234, 80),
(234, 81),
(234, 93),
(234, 94),
(234, 95),
(234, 100),
(234, 106),
(234, 107),
(234, 130),
(234, 137),
(234, 147),
(234, 148),
(234, 149),
(235, 8),
(235, 11),
(235, 14),
(235, 21),
(235, 25),
(235, 31),
(235, 55),
(235, 69),
(235, 70),
(235, 72),
(235, 73),
(235, 80),
(235, 93),
(235, 94),
(235, 95),
(235, 100),
(235, 106),
(235, 107),
(235, 120),
(235, 130),
(235, 139),
(235, 146),
(235, 147),
(235, 148),
(235, 149),
(236, 5),
(236, 7),
(236, 8),
(236, 11),
(236, 14),
(236, 17),
(236, 18),
(236, 21),
(236, 24),
(236, 25),
(236, 30),
(236, 31),
(236, 33),
(236, 36),
(236, 55),
(236, 60),
(236, 61),
(236, 64),
(236, 67),
(236, 68),
(236, 70),
(236, 72),
(236, 73),
(236, 75),
(236, 84),
(236, 85),
(236, 93),
(236, 95),
(236, 106),
(236, 108),
(236, 120),
(236, 129),
(236, 145),
(236, 146),
(236, 147),
(236, 148),
(237, 8),
(237, 14),
(237, 25),
(237, 43),
(237, 55),
(237, 70),
(237, 80),
(237, 81),
(237, 95),
(237, 106),
(237, 139),
(237, 143),
(237, 147),
(238, 5),
(238, 7),
(238, 8),
(238, 11),
(238, 14),
(238, 19),
(238, 25),
(238, 30),
(238, 33),
(238, 43),
(238, 64),
(238, 69),
(238, 70),
(238, 73),
(238, 75),
(238, 76),
(238, 81),
(238, 84),
(238, 94),
(238, 95),
(238, 96),
(238, 102),
(238, 106),
(238, 108),
(238, 113),
(238, 124),
(238, 139),
(238, 143),
(238, 146),
(238, 147),
(238, 148),
(238, 149),
(239, 8),
(239, 11),
(239, 14),
(239, 17),
(239, 20),
(239, 21),
(239, 25),
(239, 30),
(239, 33),
(239, 34),
(239, 36),
(239, 43),
(239, 56),
(239, 60),
(239, 61),
(239, 64),
(239, 66),
(239, 67),
(239, 69),
(239, 70),
(239, 72),
(239, 73),
(239, 74),
(239, 75),
(239, 84),
(239, 85),
(239, 91),
(239, 93),
(239, 102),
(239, 107),
(239, 124),
(239, 137),
(239, 145),
(239, 146),
(239, 147),
(239, 155),
(240, 5),
(240, 6),
(240, 7),
(240, 8),
(240, 11),
(240, 14),
(240, 17),
(240, 20),
(240, 21),
(240, 24),
(240, 25),
(240, 30),
(240, 33),
(240, 43),
(240, 60),
(240, 63),
(240, 64),
(240, 67),
(240, 70),
(240, 72),
(240, 73),
(240, 74),
(240, 75),
(240, 80),
(240, 81),
(240, 84),
(240, 87),
(240, 88),
(240, 93),
(240, 94),
(240, 95),
(240, 96),
(240, 101),
(240, 102),
(240, 106),
(240, 107),
(240, 108),
(240, 124),
(240, 128),
(240, 129),
(242, 5),
(242, 8),
(242, 11),
(242, 13),
(242, 14),
(242, 20),
(242, 21),
(242, 25),
(242, 30),
(242, 32),
(242, 34),
(242, 36),
(242, 55),
(242, 60),
(242, 61),
(242, 62),
(242, 64),
(242, 66),
(242, 68),
(242, 70),
(242, 72),
(242, 73),
(242, 74),
(242, 79),
(242, 80),
(242, 91),
(242, 95),
(242, 96),
(242, 105),
(242, 106),
(242, 120),
(242, 129),
(243, 5),
(243, 7),
(243, 8),
(243, 11),
(243, 14),
(243, 17),
(243, 31),
(243, 32),
(243, 34),
(243, 36),
(243, 55),
(243, 60),
(243, 62),
(243, 64),
(243, 68),
(243, 70),
(243, 72),
(243, 74),
(243, 78),
(243, 79),
(243, 80),
(243, 87),
(243, 91),
(243, 95),
(243, 107),
(243, 122),
(243, 145),
(243, 146),
(243, 147),
(243, 155),
(244, 5),
(244, 7),
(244, 8),
(244, 14),
(244, 18),
(244, 25),
(244, 27),
(244, 30),
(244, 33),
(244, 36),
(244, 42),
(244, 43),
(244, 55),
(244, 60),
(244, 61),
(244, 62),
(244, 63),
(244, 64),
(244, 65),
(244, 69),
(244, 70),
(244, 71),
(244, 75),
(244, 81),
(244, 82),
(244, 84),
(244, 86),
(244, 89),
(244, 91),
(244, 94),
(244, 95),
(244, 96),
(244, 97),
(244, 102),
(244, 106),
(244, 120),
(244, 139),
(244, 145),
(244, 146),
(244, 147),
(244, 149),
(244, 154),
(245, 8),
(245, 11),
(245, 14),
(245, 17),
(245, 25),
(245, 36),
(245, 67),
(245, 80),
(245, 81),
(245, 95),
(245, 99),
(245, 106),
(245, 145),
(245, 146),
(246, 5),
(246, 8),
(246, 11),
(246, 19),
(246, 24),
(246, 25),
(246, 30),
(246, 36),
(246, 43),
(246, 48),
(246, 55),
(246, 60),
(246, 61),
(246, 64),
(246, 70),
(246, 71),
(246, 73),
(246, 75),
(246, 80),
(246, 84),
(246, 96),
(246, 97),
(246, 106),
(246, 108),
(246, 120),
(246, 129),
(246, 138),
(246, 145),
(246, 146),
(246, 147),
(246, 148),
(247, 11),
(247, 60),
(247, 67),
(247, 74),
(247, 118),
(252, 5),
(252, 7),
(252, 8),
(252, 11),
(252, 14),
(252, 20),
(252, 21),
(252, 25),
(252, 27),
(252, 30),
(252, 32),
(252, 36),
(252, 39),
(252, 43),
(252, 47),
(252, 56),
(252, 60),
(252, 61),
(252, 62),
(252, 63),
(252, 64),
(252, 65),
(252, 66),
(252, 67),
(252, 70),
(252, 75),
(252, 77),
(252, 81),
(252, 82),
(252, 84),
(252, 92),
(252, 94),
(252, 95),
(252, 96),
(252, 102),
(252, 103),
(252, 105),
(252, 106),
(252, 108),
(252, 120),
(252, 128),
(252, 129),
(252, 133),
(253, 17),
(253, 20),
(253, 25),
(253, 31),
(253, 42),
(253, 62),
(253, 63),
(253, 64),
(253, 67),
(253, 155),
(254, 5),
(254, 8),
(254, 11),
(254, 17),
(254, 25),
(254, 27),
(254, 30),
(254, 33),
(254, 36),
(254, 56),
(254, 60),
(254, 64),
(254, 67),
(254, 70),
(254, 80),
(254, 81),
(254, 95),
(254, 99),
(254, 106),
(254, 145),
(254, 146),
(254, 147),
(254, 149),
(255, 5),
(255, 8),
(255, 15),
(255, 17),
(255, 20),
(255, 22),
(255, 24),
(255, 31),
(255, 33),
(255, 36),
(255, 47),
(255, 60),
(255, 67),
(255, 68),
(255, 85),
(255, 95),
(255, 102),
(255, 106),
(255, 107),
(255, 120),
(255, 129),
(255, 137),
(255, 155),
(256, 7),
(256, 8),
(256, 11),
(256, 14),
(256, 17),
(256, 21),
(256, 25),
(256, 30),
(256, 33),
(256, 36),
(256, 55),
(256, 67),
(256, 68),
(256, 70),
(256, 75),
(256, 81),
(256, 84),
(256, 95),
(256, 106),
(256, 108),
(256, 120),
(257, 7),
(257, 8),
(257, 11),
(257, 14),
(257, 17),
(257, 21),
(257, 25),
(257, 30),
(257, 36),
(257, 43),
(257, 55),
(257, 60),
(257, 64),
(257, 67),
(257, 70),
(257, 72),
(257, 73),
(257, 74),
(257, 75),
(257, 76),
(257, 81),
(257, 83),
(257, 94),
(257, 95),
(257, 108),
(257, 120),
(257, 139),
(257, 145),
(257, 146),
(257, 147),
(257, 148),
(258, 11),
(258, 67),
(258, 74),
(259, 7),
(259, 8),
(259, 11),
(259, 14),
(259, 17),
(259, 20),
(259, 21),
(259, 24),
(259, 25),
(259, 27),
(259, 30),
(259, 32),
(259, 34),
(259, 36),
(259, 55),
(259, 60),
(259, 61),
(259, 62),
(259, 64),
(259, 67),
(259, 68),
(259, 70),
(259, 74),
(259, 75),
(259, 79),
(259, 91),
(259, 95),
(259, 96),
(259, 106),
(259, 129),
(259, 139),
(260, 7),
(260, 17),
(260, 18),
(260, 20),
(260, 30),
(260, 60),
(260, 62),
(260, 63),
(260, 64),
(260, 67),
(260, 68),
(260, 72),
(260, 73),
(260, 74),
(260, 88),
(260, 89),
(260, 92),
(260, 93),
(260, 99),
(260, 102),
(260, 106),
(260, 110),
(260, 118),
(260, 122),
(260, 123),
(260, 129),
(260, 138),
(260, 155),
(260, 158),
(261, 8),
(261, 18),
(261, 22),
(261, 24),
(261, 31),
(261, 41),
(261, 47),
(261, 60),
(261, 72),
(261, 85),
(261, 91),
(261, 93),
(261, 107),
(261, 128),
(263, 5),
(263, 7),
(263, 8),
(263, 17),
(263, 25),
(263, 27),
(263, 30),
(263, 36),
(263, 55),
(263, 64),
(263, 67),
(263, 70),
(263, 81),
(263, 95),
(263, 106),
(263, 108),
(263, 129),
(263, 143),
(263, 145),
(263, 146),
(269, 8),
(269, 11),
(269, 17),
(269, 22),
(269, 31),
(269, 60),
(269, 61),
(269, 64),
(269, 68),
(269, 72),
(269, 73),
(269, 85),
(269, 88),
(269, 89),
(269, 91),
(269, 93),
(269, 107),
(269, 118),
(269, 157),
(269, 158),
(272, 5),
(272, 7),
(272, 8),
(272, 11),
(272, 18),
(272, 19),
(272, 20),
(272, 21),
(272, 24),
(272, 25),
(272, 30),
(272, 33),
(272, 36),
(272, 43),
(272, 55),
(272, 60),
(272, 61),
(272, 62),
(272, 63),
(272, 64),
(272, 67),
(272, 70),
(272, 74),
(272, 75),
(272, 80),
(272, 81),
(272, 84),
(272, 86),
(272, 88),
(272, 89),
(272, 95),
(272, 96),
(272, 102),
(272, 106),
(272, 108),
(272, 120),
(272, 129),
(272, 139),
(272, 141),
(272, 145),
(272, 146),
(272, 147),
(272, 148),
(273, 11),
(273, 67),
(273, 162),
(273, 163),
(273, 164),
(274, 17),
(274, 22),
(274, 23),
(274, 64),
(274, 67),
(274, 70),
(274, 85),
(274, 93),
(274, 99),
(274, 107),
(274, 155),
(274, 164),
(275, 7),
(275, 8),
(275, 11),
(275, 24),
(275, 30),
(275, 32),
(275, 36),
(275, 56),
(275, 60),
(275, 61),
(275, 64),
(275, 67),
(275, 70),
(275, 75),
(275, 84),
(275, 95),
(275, 99),
(275, 106),
(275, 113),
(275, 128),
(275, 129),
(275, 145),
(275, 146),
(275, 147),
(275, 148),
(276, 8),
(276, 11),
(276, 14),
(276, 17),
(276, 36),
(276, 55),
(276, 67),
(276, 70),
(276, 75),
(276, 95),
(276, 106),
(276, 108),
(276, 139),
(277, 14),
(277, 17),
(277, 30),
(277, 36),
(277, 55),
(277, 60),
(277, 61),
(277, 69),
(277, 70),
(277, 73),
(277, 74),
(277, 75),
(277, 76),
(277, 80),
(277, 81),
(277, 102),
(277, 133),
(277, 146),
(277, 147),
(278, 7),
(278, 8),
(278, 11),
(278, 14),
(278, 17),
(278, 19),
(278, 21),
(278, 24),
(278, 25),
(278, 30),
(278, 33),
(278, 36),
(278, 43),
(278, 55),
(278, 60),
(278, 63),
(278, 64),
(278, 65),
(278, 70),
(278, 71),
(278, 73),
(278, 74),
(278, 75),
(278, 81),
(278, 84),
(278, 86),
(278, 94),
(278, 95),
(278, 97),
(278, 102),
(278, 106),
(278, 108),
(278, 120),
(278, 129),
(278, 138),
(279, 5),
(279, 7),
(279, 8),
(279, 11),
(279, 13),
(279, 14),
(279, 18),
(279, 20),
(279, 21),
(279, 24),
(279, 25),
(279, 30),
(279, 32),
(279, 33),
(279, 34),
(279, 36),
(279, 43),
(279, 55),
(279, 56),
(279, 60),
(279, 61),
(279, 62),
(279, 64),
(279, 66),
(279, 67),
(279, 68),
(279, 69),
(279, 70),
(279, 72),
(279, 73),
(279, 74),
(279, 75),
(279, 78),
(279, 79),
(279, 80),
(279, 81),
(279, 82),
(279, 84),
(279, 94),
(279, 95),
(279, 96),
(279, 101),
(279, 102),
(279, 103),
(279, 106),
(279, 128),
(279, 129),
(279, 138),
(279, 139),
(279, 145),
(279, 146),
(279, 147),
(279, 148),
(279, 149),
(280, 5),
(280, 14),
(280, 17),
(280, 23),
(280, 60),
(280, 67),
(280, 70),
(280, 75),
(280, 79),
(280, 96),
(280, 119),
(281, 5),
(281, 7),
(281, 8),
(281, 11),
(281, 14),
(281, 20),
(281, 21),
(281, 24),
(281, 30),
(281, 32),
(281, 34),
(281, 56),
(281, 60),
(281, 61),
(281, 63),
(281, 64),
(281, 70),
(281, 72),
(281, 74),
(281, 75),
(281, 78),
(281, 80),
(281, 83),
(281, 84),
(281, 89),
(281, 91),
(281, 92),
(281, 94),
(281, 95),
(281, 96),
(281, 103),
(281, 105),
(281, 106),
(281, 129),
(282, 5),
(282, 7),
(282, 11),
(282, 17),
(282, 18),
(282, 24),
(282, 30),
(282, 32),
(282, 34),
(282, 36),
(282, 56),
(282, 60),
(282, 61),
(282, 62),
(282, 64),
(282, 66),
(282, 67),
(282, 80),
(282, 84),
(282, 92),
(282, 95),
(282, 106),
(282, 124),
(282, 129),
(282, 145),
(282, 146),
(284, 11),
(284, 17),
(284, 31),
(284, 60),
(284, 64),
(284, 68),
(284, 72),
(284, 73),
(284, 79),
(284, 107),
(284, 118),
(284, 155),
(284, 164),
(285, 8),
(285, 17),
(285, 22),
(285, 31),
(285, 67),
(285, 73),
(285, 76),
(285, 85),
(285, 93),
(285, 107),
(285, 118),
(285, 132),
(285, 138),
(286, 5),
(286, 7),
(286, 8),
(286, 11),
(286, 14),
(286, 18),
(286, 20),
(286, 21),
(286, 24),
(286, 25),
(286, 27),
(286, 30),
(286, 33),
(286, 36),
(286, 55),
(286, 60),
(286, 61),
(286, 63),
(286, 64),
(286, 70),
(286, 72),
(286, 73),
(286, 74),
(286, 75),
(286, 76),
(286, 81),
(286, 84),
(286, 86),
(286, 91),
(286, 95),
(286, 96),
(286, 102),
(286, 106),
(286, 108),
(286, 113),
(286, 120),
(286, 128),
(286, 129),
(286, 139),
(286, 141),
(288, 17),
(288, 18),
(288, 24),
(288, 25),
(288, 27),
(288, 31),
(288, 34),
(288, 36),
(288, 43),
(288, 60),
(288, 61),
(288, 64),
(288, 69),
(288, 70),
(288, 75),
(288, 80),
(288, 85),
(288, 94),
(288, 95),
(288, 96),
(288, 106),
(288, 107),
(288, 124),
(288, 129),
(288, 143),
(288, 145),
(288, 146),
(288, 147),
(288, 148),
(288, 149),
(288, 158),
(289, 11),
(289, 13),
(289, 24),
(289, 27),
(289, 32),
(289, 40),
(289, 42),
(289, 63),
(289, 67),
(289, 68),
(289, 78),
(289, 118),
(289, 122),
(289, 131),
(290, 8),
(290, 14),
(290, 20),
(290, 21),
(290, 25),
(290, 30),
(290, 33),
(290, 36),
(290, 60),
(290, 61),
(290, 64),
(290, 66),
(290, 67),
(290, 71),
(290, 72),
(290, 73),
(290, 80),
(290, 94),
(290, 95),
(290, 96),
(290, 104),
(290, 106),
(290, 120),
(290, 145),
(290, 146),
(291, 5),
(291, 7),
(291, 8),
(291, 11),
(291, 14),
(291, 18),
(291, 19),
(291, 20),
(291, 21),
(291, 24),
(291, 25),
(291, 30),
(291, 36),
(291, 43),
(291, 56),
(291, 60),
(291, 61),
(291, 62),
(291, 63),
(291, 64),
(291, 66),
(291, 67),
(291, 70),
(291, 75),
(291, 76),
(291, 80),
(291, 81),
(291, 83),
(291, 84),
(291, 86),
(291, 95),
(291, 96),
(291, 102),
(291, 106),
(291, 108),
(291, 120),
(291, 124),
(291, 128),
(291, 129),
(291, 139),
(291, 145),
(291, 146),
(293, 17),
(293, 60),
(293, 61),
(293, 64),
(293, 67),
(293, 80),
(293, 89),
(293, 106),
(294, 14),
(294, 17),
(294, 60),
(296, 11),
(296, 15),
(296, 17),
(296, 31),
(296, 60),
(296, 64),
(296, 67),
(296, 68),
(296, 79),
(296, 124),
(297, 24),
(297, 61),
(297, 66),
(297, 72),
(297, 73),
(297, 118),
(297, 158),
(298, 11),
(298, 13),
(298, 20),
(298, 27),
(298, 32),
(298, 34),
(298, 36),
(298, 55),
(298, 56),
(298, 60),
(298, 61),
(298, 62),
(298, 63),
(298, 64),
(298, 68),
(298, 72),
(298, 74),
(298, 78),
(298, 79),
(298, 91),
(298, 92),
(298, 96),
(298, 103),
(298, 105),
(298, 129),
(299, 60),
(300, 4),
(300, 5),
(300, 7),
(300, 8),
(300, 11),
(300, 18),
(300, 19),
(300, 20),
(300, 24),
(300, 25),
(300, 28),
(300, 30),
(300, 32),
(300, 36),
(300, 43),
(300, 60),
(300, 61),
(300, 62),
(300, 63),
(300, 64),
(300, 68),
(300, 72),
(300, 73),
(300, 74),
(300, 78),
(300, 79),
(300, 80),
(300, 95),
(300, 96),
(300, 102),
(300, 122),
(300, 124),
(300, 128),
(300, 129),
(300, 145),
(300, 146),
(300, 147),
(300, 148),
(300, 149),
(301, 5),
(301, 7),
(301, 8),
(301, 11),
(301, 13),
(301, 17),
(301, 19),
(301, 21),
(301, 22),
(301, 24),
(301, 31),
(301, 36),
(301, 55),
(301, 60),
(301, 62),
(301, 64),
(301, 68),
(301, 70),
(301, 72),
(301, 73),
(301, 74),
(301, 79),
(301, 80),
(301, 82),
(301, 83),
(301, 91),
(301, 92),
(301, 93),
(301, 96),
(301, 106),
(301, 107),
(301, 109),
(301, 110),
(301, 111),
(301, 118),
(301, 121),
(301, 122),
(301, 123),
(301, 131),
(301, 155);

-- --------------------------------------------------------

--
-- Structure de la table `ost_sht_hotels_arrangements`
--

CREATE TABLE IF NOT EXISTS `ost_sht_hotels_arrangements` (
  `id_hotel` int(11) NOT NULL,
  `id_arrangement` int(11) NOT NULL,
  PRIMARY KEY (`id_hotel`,`id_arrangement`),
  KEY `IDX_47C301ACEDD61FE9` (`id_hotel`),
  KEY `IDX_47C301AC668B0E4E` (`id_arrangement`)
) ENGINE=InnoDB DEFAULT CHARSET=utf8 COLLATE=utf8_unicode_ci;

--
-- Contenu de la table `ost_sht_hotels_arrangements`
--

INSERT INTO `ost_sht_hotels_arrangements` (`id_hotel`, `id_arrangement`) VALUES
(6, 5),
(6, 6),
(6, 7),
(7, 5),
(8, 5),
(8, 6),
(9, 4),
(9, 5),
(9, 6),
(9, 7),
(10, 4),
(10, 5),
(10, 6),
(11, 4),
(12, 4),
(12, 5),
(12, 6),
(12, 7),
(13, 7),
(13, 16),
(14, 4),
(14, 5),
(15, 7),
(16, 4),
(16, 5),
(17, 4),
(17, 5),
(17, 6),
(17, 7),
(17, 16),
(18, 4),
(18, 5),
(18, 6),
(18, 7),
(18, 16),
(19, 3),
(19, 4),
(19, 5),
(19, 6),
(21, 4),
(21, 5),
(21, 6),
(21, 7),
(22, 5),
(22, 6),
(22, 7),
(23, 4),
(23, 5),
(23, 6),
(24, 3),
(25, 4),
(25, 5),
(25, 6),
(26, 4),
(26, 5),
(26, 6),
(27, 4),
(27, 5),
(27, 6),
(28, 4),
(28, 5),
(28, 6),
(29, 5),
(29, 6),
(29, 7),
(30, 5),
(30, 6),
(31, 5),
(31, 6),
(31, 7),
(32, 4),
(32, 5),
(33, 4),
(33, 5),
(33, 6),
(34, 4),
(34, 5),
(34, 6),
(35, 5),
(35, 6),
(36, 4),
(36, 5),
(36, 6),
(36, 7),
(36, 16),
(37, 7),
(38, 4),
(38, 5),
(38, 6),
(38, 7),
(39, 4),
(39, 5),
(39, 6),
(40, 4),
(40, 5),
(40, 6),
(41, 4),
(41, 5),
(41, 6),
(42, 4),
(42, 7),
(42, 8),
(42, 9),
(43, 4),
(43, 5),
(43, 6),
(43, 7),
(44, 4),
(44, 5),
(44, 6),
(44, 16),
(45, 7),
(46, 4),
(46, 5),
(47, 5),
(47, 6),
(47, 7),
(48, 7),
(49, 4),
(49, 5),
(49, 6),
(49, 7),
(50, 4),
(50, 5),
(50, 6),
(50, 7),
(51, 4),
(51, 5),
(51, 6),
(52, 5),
(52, 6),
(53, 4),
(53, 5),
(53, 6),
(53, 7),
(54, 7),
(55, 4),
(55, 5),
(55, 6),
(56, 5),
(56, 6),
(56, 7),
(57, 5),
(57, 6),
(58, 4),
(58, 5),
(58, 6),
(59, 4),
(59, 5),
(59, 6),
(60, 7),
(61, 4),
(61, 5),
(61, 6),
(61, 7),
(62, 4),
(62, 5),
(62, 6),
(62, 7),
(63, 4),
(63, 5),
(63, 6),
(63, 7),
(63, 16),
(64, 4),
(64, 5),
(64, 6),
(65, 4),
(65, 5),
(65, 6),
(66, 5),
(66, 6),
(66, 16),
(67, 4),
(67, 5),
(68, 4),
(68, 5),
(68, 7),
(69, 5),
(69, 6),
(69, 7),
(70, 4),
(70, 5),
(70, 6),
(70, 10),
(71, 5),
(71, 6),
(72, 4),
(72, 5),
(72, 6),
(73, 4),
(74, 4),
(75, 3),
(76, 4),
(76, 5),
(76, 6),
(76, 7),
(77, 4),
(77, 5),
(77, 6),
(78, 4),
(78, 5),
(78, 6),
(78, 10),
(78, 16),
(79, 4),
(80, 4),
(80, 5),
(80, 6),
(80, 10),
(80, 16),
(81, 4),
(81, 5),
(81, 6),
(81, 7),
(82, 4),
(82, 5),
(82, 6),
(82, 7),
(82, 16),
(83, 5),
(83, 6),
(83, 7),
(84, 5),
(84, 6),
(84, 7),
(85, 4),
(85, 5),
(85, 6),
(85, 7),
(85, 16),
(86, 5),
(86, 6),
(86, 7),
(87, 4),
(88, 4),
(88, 5),
(88, 6),
(88, 7),
(88, 16),
(89, 5),
(89, 6),
(89, 7),
(90, 4),
(90, 5),
(90, 6),
(90, 10),
(90, 16),
(91, 4),
(91, 5),
(91, 6),
(91, 7),
(91, 16),
(92, 4),
(92, 5),
(92, 6),
(92, 7),
(92, 16),
(93, 4),
(93, 5),
(93, 6),
(93, 7),
(93, 16),
(94, 4),
(94, 5),
(94, 6),
(95, 5),
(95, 6),
(96, 4),
(96, 5),
(96, 6),
(97, 5),
(97, 6),
(98, 4),
(98, 5),
(98, 6),
(99, 4),
(99, 5),
(99, 6),
(100, 4),
(100, 5),
(100, 6),
(101, 3),
(101, 4),
(101, 5),
(101, 6),
(102, 4),
(102, 5),
(102, 6),
(103, 4),
(103, 5),
(103, 6),
(104, 10),
(105, 7),
(106, 5),
(107, 5),
(107, 6),
(107, 7),
(107, 16),
(108, 4),
(108, 5),
(108, 6),
(108, 7),
(109, 5),
(109, 6),
(110, 4),
(110, 5),
(110, 6),
(111, 4),
(111, 5),
(111, 6),
(112, 7),
(112, 8),
(112, 9),
(113, 4),
(113, 5),
(113, 6),
(114, 4),
(114, 5),
(115, 4),
(116, 4),
(116, 5),
(117, 4),
(117, 5),
(117, 6),
(117, 7),
(117, 16),
(118, 4),
(118, 5),
(118, 6),
(119, 4),
(119, 5),
(119, 6),
(120, 5),
(120, 6),
(120, 7),
(120, 8),
(120, 9),
(121, 7),
(121, 16),
(122, 7),
(122, 10),
(122, 16),
(123, 7),
(124, 7),
(124, 16),
(125, 7),
(125, 16),
(126, 3),
(126, 4),
(126, 5),
(126, 6),
(127, 5),
(127, 7),
(127, 16),
(128, 6),
(128, 7),
(128, 16),
(129, 7),
(130, 4),
(130, 5),
(131, 4),
(131, 5),
(132, 4),
(132, 5),
(132, 7),
(133, 4),
(133, 5),
(134, 4),
(134, 5),
(135, 4),
(135, 5),
(136, 5),
(136, 6),
(137, 4),
(137, 5),
(137, 6),
(138, 5),
(138, 7),
(139, 4),
(139, 5),
(139, 6),
(140, 7),
(140, 8),
(140, 9),
(141, 5),
(141, 6),
(142, 4),
(142, 5),
(142, 6),
(143, 7),
(143, 8),
(143, 16),
(144, 5),
(144, 6),
(145, 5),
(145, 6),
(145, 7),
(145, 16),
(146, 4),
(146, 5),
(146, 6),
(147, 4),
(147, 5),
(147, 6),
(148, 7),
(148, 16),
(149, 6),
(149, 7),
(149, 16),
(150, 7),
(150, 16),
(151, 7),
(152, 7),
(152, 16),
(153, 5),
(153, 6),
(153, 7),
(153, 16),
(154, 7),
(155, 7),
(155, 16),
(156, 7),
(157, 7),
(158, 7),
(159, 7),
(160, 7),
(161, 5),
(161, 6),
(161, 7),
(161, 16),
(162, 4),
(163, 4),
(164, 4),
(165, 7),
(166, 7),
(167, 7),
(168, 5),
(168, 7),
(169, 4),
(170, 4),
(170, 5),
(170, 6),
(171, 4),
(171, 5),
(171, 6),
(172, 4),
(173, 4),
(173, 5),
(174, 4),
(174, 5),
(174, 6),
(175, 4),
(175, 5),
(175, 6),
(176, 4),
(177, 4),
(177, 5),
(177, 6),
(177, 7),
(178, 6),
(179, 4),
(179, 5),
(179, 6),
(180, 5),
(180, 16),
(181, 4),
(181, 5),
(181, 6),
(181, 7),
(181, 16),
(182, 4),
(182, 5),
(182, 6),
(183, 7),
(184, 7),
(184, 8),
(184, 9),
(185, 4),
(185, 5),
(185, 6),
(185, 7),
(185, 16),
(186, 10),
(187, 3),
(187, 4),
(188, 3),
(188, 4),
(188, 5),
(188, 6),
(189, 4),
(189, 5),
(190, 3),
(190, 4),
(190, 5),
(190, 6),
(191, 4),
(192, 4),
(195, 4),
(196, 4),
(196, 5),
(196, 6),
(197, 7),
(198, 5),
(198, 7),
(198, 9),
(199, 5),
(199, 7),
(199, 9),
(200, 4),
(200, 5),
(200, 6),
(201, 7),
(202, 4),
(202, 5),
(202, 6),
(203, 7),
(204, 4),
(204, 5),
(204, 6),
(204, 7),
(205, 4),
(205, 5),
(205, 6),
(205, 7),
(206, 4),
(206, 5),
(206, 6),
(206, 7),
(207, 4),
(207, 5),
(207, 6),
(207, 7),
(208, 10),
(209, 4),
(210, 4),
(211, 5),
(211, 7),
(212, 7),
(212, 16),
(213, 7),
(214, 4),
(214, 5),
(214, 7),
(214, 16),
(215, 4),
(215, 5),
(215, 6),
(216, 4),
(216, 5),
(216, 6),
(217, 7),
(218, 5),
(218, 6),
(219, 7),
(220, 7),
(221, 16),
(222, 16),
(223, 4),
(223, 5),
(224, 6),
(225, 4),
(226, 4),
(227, 4),
(228, 4),
(229, 4),
(230, 4),
(230, 5),
(230, 10),
(230, 11),
(231, 7),
(232, 4),
(233, 4),
(234, 4),
(235, 4),
(236, 4),
(237, 4),
(238, 4),
(239, 4),
(239, 5),
(239, 6),
(240, 4),
(241, 4),
(242, 5),
(242, 6),
(242, 7),
(243, 4),
(243, 5),
(243, 6),
(243, 7),
(243, 9),
(244, 4),
(244, 5),
(245, 4),
(246, 4),
(247, 4),
(247, 5),
(247, 6),
(248, 4),
(249, 4),
(249, 5),
(249, 6),
(250, 3),
(250, 4),
(250, 5),
(250, 6),
(251, 4),
(251, 5),
(252, 5),
(252, 6),
(253, 5),
(253, 6),
(254, 4),
(254, 5),
(255, 4),
(255, 5),
(255, 6),
(256, 4),
(256, 5),
(256, 6),
(257, 4),
(257, 5),
(257, 6),
(258, 3),
(258, 4),
(258, 5),
(258, 6),
(259, 4),
(259, 5),
(259, 6),
(260, 4),
(260, 5),
(260, 6),
(261, 4),
(261, 5),
(261, 6),
(262, 7),
(263, 4),
(263, 5),
(264, 4),
(264, 5),
(264, 6),
(265, 4),
(265, 5),
(265, 6),
(266, 4),
(266, 5),
(266, 6),
(267, 5),
(267, 6),
(267, 7),
(268, 4),
(268, 5),
(269, 5),
(269, 6),
(269, 7),
(270, 4),
(270, 5),
(270, 6),
(270, 7),
(271, 4),
(271, 5),
(271, 6),
(272, 3),
(272, 4),
(272, 5),
(272, 6),
(273, 3),
(273, 4),
(274, 4),
(274, 5),
(274, 6),
(275, 5),
(275, 6),
(276, 4),
(276, 5),
(276, 6),
(277, 4),
(278, 4),
(279, 4),
(279, 5),
(279, 6),
(279, 7),
(279, 16),
(280, 7),
(280, 16),
(281, 5),
(281, 7),
(282, 5),
(282, 6),
(283, 4),
(283, 5),
(284, 4),
(284, 5),
(284, 6),
(285, 4),
(285, 5),
(285, 6),
(286, 4),
(286, 5),
(286, 6),
(287, 4),
(287, 5),
(287, 6),
(288, 3),
(289, 5),
(289, 6),
(289, 7),
(290, 5),
(290, 6),
(290, 10),
(291, 4),
(291, 5),
(291, 6),
(292, 5),
(292, 6),
(292, 7),
(293, 5),
(293, 6),
(294, 7),
(295, 4),
(296, 4),
(296, 5),
(296, 6),
(297, 4),
(297, 5),
(297, 7),
(298, 4),
(298, 5),
(298, 6),
(298, 16),
(299, 7),
(300, 4),
(300, 5),
(300, 6),
(300, 16),
(301, 7),
(302, 4),
(302, 5),
(303, 7),
(304, 4),
(304, 5),
(305, 3),
(305, 4),
(305, 5),
(306, 4);

-- --------------------------------------------------------

--
-- Structure de la table `ost_sht_hotels_chambre`
--

CREATE TABLE IF NOT EXISTS `ost_sht_hotels_chambre` (
  `id_hotel` int(11) NOT NULL,
  `id_chambre` int(11) NOT NULL,
  PRIMARY KEY (`id_hotel`,`id_chambre`),
  KEY `IDX_D8484704EDD61FE9` (`id_hotel`),
  KEY `IDX_D84847041B944D8F` (`id_chambre`)
) ENGINE=InnoDB DEFAULT CHARSET=utf8 COLLATE=utf8_unicode_ci;

--
-- Contenu de la table `ost_sht_hotels_chambre`
--

INSERT INTO `ost_sht_hotels_chambre` (`id_hotel`, `id_chambre`) VALUES
(6, 5),
(6, 6),
(6, 7),
(6, 8),
(6, 70),
(7, 5),
(7, 6),
(7, 7),
(8, 5),
(8, 6),
(8, 7),
(9, 5),
(9, 6),
(9, 7),
(9, 10),
(10, 5),
(10, 6),
(10, 7),
(10, 8),
(11, 7),
(12, 5),
(12, 6),
(12, 7),
(12, 29),
(12, 30),
(13, 5),
(13, 6),
(13, 7),
(13, 8),
(14, 5),
(14, 6),
(15, 5),
(15, 6),
(15, 7),
(15, 8),
(16, 5),
(16, 6),
(16, 7),
(16, 22),
(16, 24),
(17, 5),
(17, 6),
(17, 7),
(17, 8),
(18, 5),
(18, 6),
(18, 7),
(18, 10),
(19, 5),
(19, 6),
(19, 20),
(19, 21),
(21, 5),
(21, 6),
(21, 7),
(22, 5),
(22, 6),
(22, 7),
(22, 8),
(23, 5),
(23, 6),
(23, 7),
(24, 22),
(25, 5),
(25, 6),
(25, 7),
(25, 24),
(25, 33),
(25, 85),
(26, 5),
(26, 6),
(26, 7),
(26, 8),
(26, 10),
(27, 5),
(27, 6),
(27, 7),
(28, 5),
(28, 6),
(28, 7),
(28, 8),
(29, 5),
(29, 6),
(29, 7),
(30, 5),
(30, 6),
(30, 7),
(30, 10),
(31, 5),
(31, 6),
(31, 7),
(31, 8),
(32, 5),
(32, 6),
(32, 7),
(32, 10),
(32, 11),
(32, 23),
(33, 5),
(33, 6),
(33, 7),
(33, 8),
(33, 10),
(34, 5),
(34, 6),
(34, 7),
(34, 8),
(34, 121),
(35, 5),
(35, 6),
(35, 7),
(35, 8),
(36, 5),
(36, 6),
(36, 7),
(36, 8),
(37, 5),
(37, 6),
(37, 7),
(38, 5),
(38, 6),
(38, 7),
(38, 8),
(38, 10),
(39, 5),
(39, 6),
(39, 7),
(39, 8),
(39, 11),
(39, 31),
(40, 5),
(40, 6),
(40, 7),
(40, 8),
(40, 46),
(40, 47),
(40, 72),
(40, 73),
(41, 5),
(41, 6),
(41, 7),
(41, 8),
(42, 5),
(42, 6),
(42, 7),
(42, 8),
(42, 17),
(42, 26),
(42, 71),
(42, 145),
(43, 5),
(43, 6),
(43, 7),
(43, 10),
(43, 16),
(44, 5),
(44, 6),
(44, 7),
(45, 5),
(45, 6),
(45, 7),
(45, 27),
(45, 28),
(46, 5),
(46, 6),
(46, 7),
(46, 69),
(47, 5),
(47, 6),
(47, 7),
(48, 5),
(48, 6),
(48, 7),
(48, 8),
(49, 5),
(49, 6),
(49, 7),
(50, 5),
(50, 6),
(50, 7),
(50, 8),
(51, 5),
(51, 6),
(51, 7),
(52, 5),
(52, 6),
(52, 7),
(53, 5),
(53, 6),
(53, 7),
(53, 8),
(54, 5),
(54, 6),
(54, 7),
(55, 5),
(55, 6),
(55, 7),
(55, 8),
(56, 5),
(56, 6),
(56, 7),
(56, 8),
(57, 5),
(57, 6),
(57, 7),
(57, 8),
(58, 5),
(58, 6),
(58, 7),
(58, 8),
(58, 33),
(58, 39),
(59, 5),
(59, 6),
(59, 7),
(59, 21),
(59, 22),
(59, 23),
(59, 170),
(60, 5),
(60, 6),
(60, 7),
(61, 5),
(61, 6),
(61, 7),
(61, 8),
(62, 5),
(62, 6),
(62, 7),
(62, 8),
(63, 5),
(63, 6),
(63, 7),
(63, 10),
(64, 5),
(64, 6),
(64, 7),
(65, 5),
(65, 6),
(66, 5),
(66, 6),
(66, 7),
(66, 8),
(67, 21),
(67, 24),
(67, 34),
(67, 35),
(67, 36),
(67, 37),
(67, 38),
(67, 39),
(68, 5),
(68, 6),
(68, 7),
(68, 8),
(68, 10),
(69, 5),
(69, 6),
(69, 7),
(69, 8),
(70, 5),
(70, 6),
(70, 7),
(70, 8),
(71, 5),
(71, 6),
(71, 7),
(71, 8),
(72, 5),
(72, 6),
(73, 42),
(73, 43),
(73, 44),
(74, 5),
(74, 6),
(74, 23),
(75, 5),
(75, 6),
(75, 7),
(75, 8),
(76, 5),
(76, 6),
(76, 7),
(76, 8),
(77, 5),
(77, 6),
(77, 7),
(77, 8),
(77, 22),
(77, 39),
(77, 85),
(78, 5),
(78, 6),
(78, 7),
(78, 8),
(78, 22),
(79, 5),
(79, 97),
(80, 5),
(80, 6),
(80, 7),
(80, 8),
(81, 5),
(81, 6),
(81, 7),
(81, 8),
(82, 5),
(82, 6),
(82, 7),
(82, 159),
(82, 163),
(83, 5),
(83, 6),
(83, 7),
(83, 45),
(83, 155),
(84, 5),
(84, 6),
(84, 7),
(84, 8),
(85, 5),
(85, 6),
(85, 7),
(85, 8),
(85, 22),
(86, 5),
(86, 6),
(86, 7),
(87, 5),
(87, 6),
(87, 7),
(88, 5),
(88, 6),
(88, 7),
(88, 22),
(88, 158),
(89, 5),
(89, 6),
(89, 7),
(89, 8),
(90, 5),
(90, 6),
(90, 7),
(90, 8),
(90, 22),
(90, 36),
(90, 52),
(91, 5),
(91, 6),
(91, 7),
(91, 8),
(92, 5),
(92, 6),
(92, 7),
(92, 8),
(92, 22),
(93, 5),
(93, 6),
(93, 7),
(93, 8),
(94, 5),
(94, 6),
(94, 7),
(94, 8),
(95, 5),
(95, 6),
(95, 7),
(96, 5),
(96, 6),
(96, 7),
(97, 5),
(97, 6),
(97, 7),
(98, 5),
(98, 6),
(98, 7),
(99, 5),
(99, 6),
(99, 7),
(99, 8),
(100, 5),
(100, 6),
(100, 7),
(100, 8),
(101, 36),
(101, 37),
(101, 65),
(101, 66),
(101, 67),
(101, 68),
(102, 5),
(102, 6),
(102, 7),
(103, 5),
(103, 6),
(103, 7),
(104, 5),
(104, 6),
(104, 7),
(104, 36),
(104, 52),
(105, 5),
(105, 6),
(105, 7),
(106, 5),
(106, 6),
(106, 7),
(107, 5),
(107, 6),
(107, 7),
(107, 8),
(108, 5),
(108, 6),
(108, 7),
(108, 8),
(109, 5),
(109, 6),
(109, 7),
(110, 5),
(110, 6),
(110, 7),
(110, 8),
(110, 10),
(111, 5),
(111, 6),
(111, 7),
(111, 8),
(112, 5),
(112, 6),
(112, 7),
(112, 8),
(113, 5),
(113, 6),
(113, 46),
(113, 47),
(113, 48),
(113, 49),
(114, 5),
(114, 6),
(114, 7),
(114, 47),
(115, 5),
(115, 6),
(115, 7),
(116, 5),
(116, 6),
(116, 7),
(116, 10),
(116, 41),
(116, 51),
(116, 133),
(117, 5),
(117, 6),
(117, 7),
(117, 8),
(118, 5),
(118, 6),
(118, 7),
(118, 8),
(119, 5),
(119, 6),
(119, 7),
(119, 8),
(120, 5),
(120, 6),
(120, 7),
(120, 8),
(121, 5),
(121, 6),
(121, 7),
(121, 8),
(122, 5),
(122, 6),
(122, 7),
(122, 8),
(122, 30),
(123, 5),
(123, 6),
(123, 7),
(123, 10),
(123, 22),
(124, 5),
(124, 6),
(124, 7),
(124, 8),
(125, 5),
(125, 6),
(125, 7),
(125, 8),
(126, 5),
(126, 6),
(126, 7),
(126, 24),
(126, 122),
(126, 164),
(127, 5),
(127, 6),
(127, 7),
(127, 8),
(128, 5),
(128, 6),
(128, 7),
(128, 8),
(129, 5),
(129, 6),
(129, 7),
(129, 8),
(130, 5),
(130, 6),
(130, 7),
(130, 10),
(130, 50),
(130, 51),
(131, 5),
(131, 6),
(131, 7),
(131, 10),
(131, 51),
(132, 5),
(132, 6),
(132, 7),
(132, 52),
(132, 53),
(133, 5),
(133, 6),
(133, 7),
(134, 5),
(134, 6),
(134, 7),
(135, 5),
(135, 6),
(135, 7),
(136, 5),
(136, 6),
(136, 7),
(137, 5),
(137, 6),
(137, 7),
(138, 5),
(138, 6),
(138, 7),
(139, 5),
(139, 6),
(139, 7),
(139, 46),
(139, 47),
(139, 165),
(139, 166),
(139, 167),
(139, 168),
(139, 169),
(140, 5),
(140, 6),
(140, 7),
(140, 8),
(140, 80),
(141, 5),
(141, 6),
(141, 7),
(141, 8),
(142, 5),
(142, 6),
(142, 7),
(142, 21),
(142, 86),
(142, 87),
(143, 5),
(143, 6),
(143, 7),
(143, 8),
(144, 5),
(144, 6),
(144, 7),
(144, 8),
(145, 5),
(145, 6),
(145, 7),
(145, 8),
(146, 5),
(146, 6),
(146, 7),
(147, 5),
(147, 6),
(147, 7),
(147, 8),
(148, 5),
(148, 6),
(148, 7),
(149, 5),
(149, 6),
(149, 7),
(149, 8),
(150, 5),
(150, 6),
(150, 7),
(150, 8),
(151, 5),
(151, 6),
(151, 7),
(151, 8),
(152, 5),
(152, 6),
(152, 7),
(152, 8),
(153, 5),
(153, 6),
(153, 7),
(154, 5),
(154, 6),
(154, 7),
(155, 5),
(155, 6),
(155, 7),
(156, 5),
(156, 6),
(156, 7),
(157, 5),
(157, 6),
(157, 7),
(157, 8),
(158, 5),
(158, 6),
(158, 7),
(159, 5),
(159, 6),
(159, 7),
(160, 5),
(160, 6),
(160, 7),
(161, 5),
(161, 6),
(161, 7),
(161, 8),
(162, 5),
(162, 23),
(162, 52),
(163, 5),
(163, 6),
(164, 5),
(164, 6),
(165, 5),
(165, 6),
(165, 7),
(166, 5),
(166, 6),
(166, 7),
(167, 5),
(167, 6),
(167, 7),
(168, 5),
(168, 6),
(168, 7),
(168, 8),
(169, 5),
(169, 6),
(169, 7),
(170, 5),
(170, 6),
(170, 7),
(171, 5),
(171, 6),
(171, 7),
(172, 5),
(172, 6),
(172, 7),
(173, 5),
(173, 6),
(174, 5),
(174, 6),
(174, 7),
(174, 8),
(175, 5),
(175, 54),
(175, 56),
(176, 5),
(176, 6),
(176, 7),
(176, 10),
(176, 11),
(176, 86),
(177, 5),
(177, 6),
(177, 7),
(177, 8),
(178, 5),
(178, 6),
(178, 7),
(178, 8),
(178, 10),
(179, 5),
(179, 6),
(179, 7),
(179, 8),
(180, 5),
(180, 6),
(180, 7),
(180, 8),
(181, 5),
(181, 6),
(181, 7),
(181, 8),
(182, 5),
(182, 6),
(182, 7),
(183, 5),
(183, 6),
(183, 7),
(183, 8),
(184, 5),
(184, 6),
(184, 7),
(184, 8),
(184, 22),
(185, 5),
(185, 6),
(185, 7),
(185, 8),
(185, 17),
(186, 5),
(186, 6),
(186, 7),
(187, 22),
(187, 57),
(187, 59),
(187, 60),
(187, 61),
(187, 62),
(188, 46),
(188, 47),
(188, 98),
(188, 99),
(188, 100),
(188, 101),
(188, 102),
(188, 103),
(188, 104),
(188, 105),
(189, 5),
(189, 6),
(189, 7),
(190, 46),
(190, 47),
(190, 102),
(190, 103),
(190, 106),
(190, 107),
(190, 110),
(190, 111),
(190, 112),
(190, 113),
(191, 5),
(191, 6),
(191, 7),
(192, 5),
(192, 6),
(192, 7),
(193, 5),
(193, 6),
(193, 7),
(194, 5),
(194, 6),
(194, 7),
(195, 5),
(195, 6),
(195, 7),
(196, 81),
(196, 82),
(196, 83),
(196, 84),
(197, 5),
(197, 6),
(197, 7),
(198, 5),
(198, 6),
(198, 7),
(198, 8),
(199, 5),
(199, 6),
(199, 7),
(199, 8),
(200, 5),
(200, 6),
(200, 7),
(201, 5),
(201, 6),
(201, 7),
(202, 5),
(202, 6),
(202, 7),
(202, 8),
(203, 5),
(203, 6),
(203, 7),
(204, 5),
(204, 6),
(204, 7),
(204, 8),
(204, 10),
(204, 21),
(204, 24),
(205, 5),
(205, 6),
(205, 7),
(205, 8),
(205, 10),
(205, 40),
(205, 41),
(206, 5),
(206, 6),
(206, 7),
(206, 8),
(207, 5),
(207, 6),
(207, 7),
(207, 8),
(208, 5),
(208, 6),
(208, 7),
(208, 8),
(209, 5),
(209, 6),
(209, 7),
(209, 8),
(209, 85),
(210, 5),
(210, 6),
(210, 7),
(210, 8),
(211, 5),
(211, 6),
(211, 7),
(211, 8),
(212, 5),
(212, 6),
(212, 7),
(212, 8),
(213, 5),
(213, 6),
(213, 7),
(213, 8),
(214, 5),
(214, 6),
(214, 7),
(214, 8),
(215, 5),
(215, 6),
(215, 7),
(215, 8),
(216, 5),
(216, 6),
(216, 7),
(216, 8),
(217, 5),
(217, 6),
(217, 7),
(218, 5),
(218, 6),
(218, 7),
(218, 8),
(219, 5),
(219, 6),
(219, 7),
(220, 5),
(220, 6),
(220, 7),
(221, 5),
(221, 6),
(221, 7),
(221, 8),
(222, 5),
(222, 6),
(222, 7),
(222, 8),
(223, 5),
(223, 6),
(223, 7),
(223, 8),
(224, 5),
(224, 6),
(224, 10),
(225, 5),
(225, 6),
(225, 7),
(226, 5),
(226, 6),
(226, 7),
(227, 5),
(227, 6),
(227, 7),
(228, 5),
(228, 6),
(228, 7),
(229, 5),
(229, 6),
(229, 7),
(230, 5),
(230, 6),
(230, 7),
(230, 8),
(231, 5),
(231, 6),
(231, 7),
(231, 10),
(231, 22),
(231, 23),
(232, 5),
(232, 6),
(232, 7),
(233, 5),
(233, 6),
(233, 7),
(234, 5),
(234, 6),
(234, 7),
(235, 5),
(235, 6),
(235, 7),
(236, 5),
(236, 6),
(236, 7),
(237, 5),
(237, 6),
(237, 7),
(238, 5),
(238, 6),
(238, 7),
(239, 5),
(239, 6),
(239, 7),
(239, 8),
(240, 5),
(240, 6),
(240, 7),
(241, 74),
(241, 75),
(241, 76),
(241, 77),
(241, 78),
(241, 79),
(242, 5),
(242, 6),
(242, 7),
(243, 5),
(243, 6),
(243, 7),
(243, 8),
(244, 88),
(244, 89),
(244, 90),
(245, 5),
(245, 6),
(245, 7),
(245, 8),
(246, 10),
(246, 11),
(246, 22),
(246, 91),
(247, 5),
(247, 6),
(248, 46),
(248, 47),
(248, 92),
(248, 94),
(248, 95),
(248, 96),
(248, 162),
(249, 5),
(249, 6),
(249, 7),
(250, 5),
(250, 6),
(250, 11),
(250, 39),
(251, 5),
(251, 6),
(251, 7),
(251, 8),
(252, 5),
(252, 6),
(252, 7),
(253, 5),
(253, 6),
(253, 7),
(254, 5),
(254, 6),
(254, 7),
(254, 8),
(255, 5),
(255, 6),
(255, 7),
(255, 10),
(256, 46),
(256, 47),
(257, 10),
(257, 22),
(257, 33),
(257, 85),
(258, 156),
(258, 157),
(259, 5),
(259, 6),
(259, 7),
(259, 8),
(260, 5),
(260, 6),
(260, 7),
(260, 8),
(261, 5),
(261, 6),
(261, 7),
(262, 10),
(262, 22),
(262, 23),
(262, 97),
(263, 22),
(263, 97),
(264, 5),
(264, 6),
(265, 5),
(265, 6),
(266, 5),
(266, 6),
(266, 7),
(266, 8),
(267, 5),
(267, 6),
(267, 7),
(267, 8),
(268, 5),
(268, 6),
(268, 7),
(268, 8),
(269, 5),
(269, 6),
(269, 7),
(269, 8),
(270, 5),
(270, 6),
(270, 7),
(271, 34),
(271, 35),
(271, 114),
(271, 115),
(271, 122),
(271, 164),
(272, 40),
(272, 95),
(272, 96),
(272, 114),
(272, 115),
(272, 116),
(272, 117),
(272, 118),
(272, 119),
(272, 120),
(272, 122),
(272, 164),
(273, 42),
(273, 64),
(273, 123),
(273, 124),
(274, 5),
(274, 6),
(275, 5),
(275, 6),
(275, 7),
(275, 8),
(276, 5),
(276, 6),
(276, 7),
(276, 10),
(276, 21),
(276, 24),
(277, 125),
(277, 126),
(277, 127),
(277, 128),
(277, 129),
(278, 5),
(278, 6),
(278, 174),
(278, 175),
(279, 5),
(279, 6),
(279, 7),
(279, 8),
(279, 10),
(279, 11),
(280, 5),
(280, 6),
(280, 7),
(280, 8),
(281, 5),
(281, 6),
(281, 7),
(281, 8),
(282, 5),
(282, 6),
(282, 7),
(283, 10),
(283, 21),
(283, 64),
(283, 110),
(283, 111),
(283, 131),
(283, 132),
(284, 5),
(284, 6),
(285, 5),
(285, 6),
(285, 7),
(286, 10),
(286, 21),
(286, 40),
(286, 60),
(286, 85),
(286, 97),
(286, 133),
(286, 134),
(287, 5),
(287, 6),
(288, 5),
(288, 110),
(288, 139),
(288, 140),
(288, 141),
(288, 142),
(289, 5),
(289, 6),
(289, 7),
(289, 8),
(290, 5),
(290, 6),
(290, 7),
(290, 8),
(291, 40),
(291, 46),
(291, 47),
(291, 64),
(291, 172),
(291, 173),
(292, 5),
(292, 6),
(292, 7),
(293, 5),
(293, 6),
(293, 7),
(293, 8),
(294, 5),
(294, 6),
(294, 7),
(294, 8),
(295, 146),
(295, 147),
(295, 148),
(295, 149),
(295, 150),
(295, 151),
(295, 152),
(295, 153),
(295, 154),
(296, 5),
(296, 6),
(296, 7),
(296, 8),
(297, 5),
(297, 6),
(297, 7),
(297, 8),
(297, 24),
(298, 5),
(298, 6),
(298, 7),
(299, 5),
(299, 6),
(299, 7),
(299, 8),
(300, 5),
(300, 6),
(300, 7),
(300, 8),
(301, 5),
(301, 6),
(301, 7),
(301, 8),
(302, 5),
(302, 6),
(302, 7),
(302, 11),
(302, 39),
(303, 5),
(303, 6),
(303, 7),
(303, 8),
(304, 5),
(304, 6),
(305, 179),
(306, 176),
(306, 177);

-- --------------------------------------------------------

--
-- Structure de la table `ost_sht_hotels_localisations`
--

CREATE TABLE IF NOT EXISTS `ost_sht_hotels_localisations` (
  `id_hotel` int(11) NOT NULL,
  `id_localisation` int(11) NOT NULL,
  PRIMARY KEY (`id_hotel`,`id_localisation`),
  KEY `IDX_19328193EDD61FE9` (`id_hotel`),
  KEY `IDX_193281939C12BBFD` (`id_localisation`)
) ENGINE=InnoDB DEFAULT CHARSET=utf8 COLLATE=utf8_unicode_ci;

--
-- Contenu de la table `ost_sht_hotels_localisations`
--

INSERT INTO `ost_sht_hotels_localisations` (`id_hotel`, `id_localisation`) VALUES
(6, 7),
(7, 7),
(8, 7),
(9, 7),
(10, 7),
(11, 7),
(12, 7),
(13, 7),
(14, 7),
(15, 7),
(16, 7),
(17, 7),
(18, 7),
(21, 7),
(22, 7),
(23, 7),
(24, 9),
(25, 9),
(26, 7),
(27, 7),
(28, 7),
(29, 7),
(30, 7),
(31, 7),
(32, 7),
(33, 7),
(34, 9),
(35, 7),
(36, 7),
(37, 7),
(38, 7),
(39, 7),
(40, 7),
(41, 7),
(42, 7),
(43, 7),
(44, 7),
(45, 7),
(46, 7),
(47, 7),
(48, 7),
(49, 7),
(50, 7),
(51, 7),
(52, 7),
(53, 7),
(54, 7),
(55, 7),
(56, 7),
(57, 7),
(58, 7),
(59, 7),
(60, 7),
(61, 7),
(62, 7),
(63, 7),
(64, 9),
(65, 12),
(66, 7),
(67, 7),
(68, 7),
(69, 7),
(70, 7),
(71, 7),
(72, 9),
(76, 7),
(77, 7),
(78, 7),
(79, 7),
(80, 7),
(81, 7),
(82, 7),
(83, 7),
(84, 7),
(85, 7),
(86, 7),
(88, 7),
(89, 7),
(90, 7),
(91, 7),
(92, 7),
(93, 7),
(94, 9),
(96, 7),
(99, 7),
(100, 7),
(101, 9),
(102, 7),
(103, 9),
(104, 7),
(105, 7),
(106, 7),
(107, 7),
(108, 7),
(109, 7),
(110, 7),
(111, 8),
(112, 7),
(113, 7),
(114, 7),
(115, 9),
(116, 7),
(117, 7),
(118, 8),
(119, 8),
(120, 7),
(121, 7),
(122, 7),
(123, 7),
(124, 7),
(125, 7),
(126, 9),
(127, 7),
(128, 7),
(129, 7),
(130, 7),
(131, 7),
(132, 7),
(136, 7),
(137, 7),
(138, 7),
(139, 7),
(140, 7),
(141, 7),
(142, 7),
(143, 7),
(144, 7),
(145, 7),
(146, 7),
(147, 7),
(148, 7),
(149, 7),
(150, 7),
(151, 7),
(152, 7),
(153, 7),
(154, 7),
(155, 7),
(156, 7),
(157, 7),
(158, 7),
(159, 7),
(160, 7),
(161, 7),
(165, 7),
(166, 7),
(167, 7),
(168, 7),
(169, 9),
(170, 9),
(171, 7),
(177, 7),
(178, 7),
(179, 7),
(180, 7),
(181, 7),
(182, 8),
(183, 7),
(184, 7),
(185, 7),
(186, 7),
(187, 7),
(187, 9),
(188, 9),
(189, 7),
(190, 9),
(196, 12),
(197, 7),
(198, 7),
(199, 7),
(200, 7),
(201, 7),
(202, 7),
(203, 7),
(204, 7),
(205, 7),
(206, 7),
(207, 7),
(208, 7),
(209, 9),
(211, 7),
(212, 7),
(213, 7),
(214, 7),
(215, 7),
(216, 7),
(217, 7),
(218, 7),
(219, 7),
(220, 7),
(221, 7),
(222, 7),
(223, 7),
(224, 9),
(225, 9),
(230, 7),
(231, 7),
(239, 7),
(240, 7),
(241, 7),
(242, 7),
(243, 7),
(244, 7),
(245, 7),
(246, 12),
(247, 8),
(248, 7),
(249, 8),
(250, 9),
(251, 7),
(252, 7),
(253, 7),
(254, 7),
(255, 9),
(256, 9),
(257, 9),
(258, 7),
(259, 7),
(260, 7),
(261, 7),
(262, 7),
(263, 8),
(265, 12),
(266, 9),
(267, 7),
(268, 9),
(269, 7),
(270, 7),
(271, 9),
(272, 7),
(273, 9),
(274, 9),
(275, 8),
(276, 9),
(277, 9),
(278, 7),
(279, 7),
(280, 7),
(281, 7),
(282, 7),
(283, 7),
(284, 9),
(285, 9),
(286, 7),
(287, 9),
(288, 7),
(289, 7),
(290, 7),
(291, 7),
(292, 7),
(293, 7),
(294, 7),
(295, 12),
(296, 7),
(297, 7),
(298, 7),
(299, 7),
(300, 7),
(301, 7),
(304, 7),
(306, 8);

-- --------------------------------------------------------

--
-- Structure de la table `ost_sht_hotels_options`
--

CREATE TABLE IF NOT EXISTS `ost_sht_hotels_options` (
  `id_hotel` int(11) NOT NULL,
  `id_option` int(11) NOT NULL,
  PRIMARY KEY (`id_hotel`,`id_option`),
  KEY `IDX_CD74597CEDD61FE9` (`id_hotel`),
  KEY `IDX_CD74597C7CB1B55D` (`id_option`)
) ENGINE=InnoDB DEFAULT CHARSET=utf8 COLLATE=utf8_unicode_ci;

--
-- Contenu de la table `ost_sht_hotels_options`
--

INSERT INTO `ost_sht_hotels_options` (`id_hotel`, `id_option`) VALUES
(6, 5),
(6, 6),
(6, 7),
(6, 9),
(6, 10),
(6, 11),
(6, 12),
(6, 13),
(7, 5),
(7, 6),
(7, 7),
(7, 9),
(7, 10),
(7, 12),
(7, 13),
(7, 14),
(8, 5),
(8, 6),
(8, 7),
(8, 9),
(8, 10),
(8, 11),
(8, 12),
(8, 13),
(8, 14),
(11, 7),
(12, 5),
(13, 5),
(13, 6),
(13, 7),
(13, 9),
(13, 10),
(13, 11),
(13, 13),
(15, 5),
(15, 6),
(15, 7),
(15, 9),
(15, 10),
(15, 11),
(15, 12),
(15, 13),
(15, 14),
(16, 5),
(16, 6),
(16, 7),
(16, 9),
(16, 10),
(16, 11),
(16, 12),
(16, 13),
(16, 14),
(17, 5),
(17, 6),
(17, 7),
(17, 9),
(17, 10),
(17, 11),
(17, 13),
(18, 5),
(18, 6),
(18, 7),
(18, 9),
(18, 10),
(18, 11),
(18, 12),
(18, 13),
(18, 14),
(23, 5),
(23, 7),
(23, 9),
(23, 10),
(23, 11),
(23, 12),
(23, 13),
(23, 14),
(25, 5),
(25, 6),
(25, 7),
(25, 9),
(25, 10),
(25, 11),
(25, 12),
(25, 13),
(25, 14),
(27, 5),
(27, 6),
(27, 7),
(27, 9),
(27, 10),
(27, 11),
(27, 12),
(27, 13),
(27, 14),
(28, 5),
(28, 6),
(28, 7),
(28, 9),
(28, 10),
(28, 11),
(28, 12),
(28, 13),
(28, 14),
(29, 5),
(29, 6),
(29, 7),
(29, 9),
(29, 10),
(29, 11),
(29, 12),
(29, 13),
(29, 14),
(30, 5),
(30, 6),
(30, 7),
(30, 9),
(30, 10),
(30, 11),
(30, 12),
(30, 13),
(30, 14),
(31, 5),
(31, 6),
(31, 7),
(31, 9),
(31, 10),
(31, 11),
(31, 12),
(31, 13),
(31, 14),
(34, 5),
(34, 7),
(34, 9),
(34, 10),
(34, 11),
(34, 12),
(34, 13),
(34, 14),
(35, 5),
(35, 6),
(35, 7),
(35, 9),
(35, 10),
(35, 11),
(35, 13),
(36, 5),
(36, 6),
(36, 7),
(36, 9),
(36, 10),
(36, 11),
(36, 12),
(36, 13),
(36, 14),
(38, 5),
(38, 7),
(40, 5),
(40, 6),
(40, 7),
(40, 9),
(40, 10),
(40, 11),
(40, 12),
(40, 13),
(40, 14),
(42, 5),
(42, 6),
(42, 7),
(42, 9),
(42, 10),
(42, 11),
(42, 12),
(42, 13),
(42, 14),
(44, 5),
(44, 6),
(44, 7),
(44, 9),
(44, 10),
(44, 11),
(44, 12),
(44, 13),
(44, 14),
(46, 5),
(46, 6),
(46, 7),
(46, 10),
(46, 11),
(46, 12),
(46, 13),
(47, 5),
(47, 6),
(47, 7),
(47, 10),
(47, 11),
(47, 13),
(51, 5),
(51, 6),
(51, 7),
(51, 9),
(51, 10),
(51, 11),
(51, 13),
(52, 5),
(52, 6),
(52, 7),
(52, 9),
(52, 10),
(52, 11),
(52, 12),
(52, 13),
(53, 5),
(53, 6),
(53, 7),
(53, 10),
(54, 5),
(54, 6),
(54, 7),
(54, 9),
(54, 10),
(54, 11),
(54, 12),
(54, 13),
(54, 14),
(55, 5),
(55, 7),
(56, 5),
(56, 7),
(57, 5),
(57, 7),
(58, 5),
(58, 7),
(58, 10),
(59, 5),
(59, 6),
(59, 7),
(59, 9),
(59, 10),
(59, 11),
(59, 12),
(59, 13),
(59, 14),
(60, 5),
(60, 7),
(60, 10),
(61, 5),
(61, 6),
(61, 7),
(61, 10),
(62, 5),
(62, 7),
(62, 10),
(62, 11),
(62, 13),
(63, 5),
(63, 6),
(63, 7),
(63, 9),
(63, 10),
(63, 11),
(63, 12),
(63, 13),
(64, 5),
(65, 5),
(65, 7),
(65, 10),
(65, 13),
(66, 5),
(66, 7),
(66, 9),
(66, 10),
(66, 11),
(66, 13),
(67, 5),
(67, 7),
(67, 10),
(67, 11),
(67, 12),
(67, 13),
(68, 5),
(68, 7),
(68, 10),
(68, 11),
(68, 12),
(68, 13),
(69, 5),
(69, 6),
(69, 7),
(69, 10),
(69, 11),
(69, 13),
(70, 5),
(70, 6),
(70, 7),
(70, 10),
(70, 11),
(70, 13),
(71, 5),
(71, 6),
(71, 7),
(71, 10),
(71, 11),
(71, 14),
(72, 5),
(76, 5),
(76, 6),
(76, 7),
(76, 10),
(76, 11),
(76, 13),
(77, 5),
(77, 6),
(77, 7),
(77, 10),
(77, 12),
(78, 5),
(78, 6),
(78, 7),
(78, 10),
(78, 11),
(78, 12),
(78, 13),
(79, 5),
(79, 6),
(79, 7),
(79, 10),
(79, 11),
(79, 12),
(79, 13),
(80, 5),
(80, 6),
(80, 7),
(80, 10),
(80, 11),
(80, 12),
(80, 13),
(81, 5),
(81, 6),
(81, 7),
(81, 10),
(81, 11),
(82, 5),
(82, 6),
(82, 7),
(82, 10),
(82, 11),
(82, 13),
(83, 5),
(83, 6),
(83, 7),
(83, 10),
(83, 11),
(83, 13),
(84, 5),
(84, 6),
(84, 7),
(84, 10),
(84, 11),
(84, 13),
(85, 5),
(85, 6),
(85, 7),
(85, 10),
(85, 11),
(85, 13),
(86, 5),
(86, 6),
(86, 7),
(86, 10),
(86, 11),
(86, 13),
(88, 5),
(88, 6),
(88, 7),
(88, 9),
(88, 10),
(88, 11),
(88, 12),
(88, 13),
(88, 14),
(89, 5),
(89, 6),
(89, 7),
(89, 10),
(89, 11),
(89, 13),
(90, 5),
(90, 6),
(90, 7),
(90, 10),
(90, 11),
(90, 12),
(90, 13),
(91, 5),
(91, 6),
(91, 7),
(91, 10),
(91, 11),
(92, 5),
(92, 6),
(92, 7),
(92, 10),
(92, 11),
(92, 13),
(93, 5),
(93, 6),
(93, 7),
(93, 10),
(93, 11),
(94, 5),
(94, 6),
(94, 7),
(94, 10),
(94, 11),
(94, 13),
(95, 5),
(95, 6),
(95, 7),
(95, 10),
(95, 11),
(95, 12),
(95, 13),
(96, 5),
(96, 6),
(96, 7),
(96, 10),
(96, 11),
(96, 12),
(96, 13),
(97, 5),
(97, 6),
(97, 7),
(97, 11),
(98, 5),
(98, 6),
(98, 7),
(98, 10),
(98, 11),
(98, 13),
(99, 5),
(99, 6),
(99, 7),
(99, 10),
(99, 11),
(99, 13),
(100, 5),
(100, 6),
(100, 7),
(100, 10),
(100, 11),
(100, 13),
(101, 5),
(101, 7),
(101, 9),
(101, 10),
(101, 12),
(101, 14),
(102, 5),
(102, 7),
(102, 9),
(102, 10),
(102, 12),
(102, 13),
(102, 14),
(103, 5),
(103, 7),
(103, 9),
(103, 10),
(103, 11),
(103, 12),
(103, 13),
(104, 5),
(104, 6),
(104, 7),
(104, 10),
(104, 11),
(104, 13),
(105, 5),
(105, 6),
(105, 7),
(105, 10),
(105, 11),
(105, 12),
(105, 13),
(106, 5),
(106, 6),
(106, 7),
(106, 10),
(106, 11),
(106, 12),
(106, 13),
(107, 5),
(107, 6),
(107, 7),
(107, 10),
(107, 11),
(107, 13),
(108, 5),
(108, 6),
(108, 7),
(108, 10),
(108, 11),
(108, 13),
(109, 5),
(109, 6),
(109, 7),
(109, 10),
(109, 11),
(109, 12),
(109, 13),
(110, 5),
(110, 6),
(110, 7),
(110, 10),
(110, 11),
(110, 12),
(110, 13),
(111, 5),
(111, 6),
(111, 7),
(111, 10),
(111, 11),
(111, 13),
(112, 5),
(112, 6),
(112, 7),
(112, 10),
(112, 11),
(112, 13),
(113, 5),
(113, 7),
(113, 10),
(113, 11),
(113, 12),
(113, 13),
(114, 5),
(114, 6),
(114, 7),
(114, 10),
(114, 11),
(114, 13),
(115, 5),
(115, 7),
(115, 10),
(116, 5),
(116, 6),
(116, 7),
(116, 9),
(116, 10),
(116, 11),
(116, 12),
(116, 13),
(117, 5),
(117, 6),
(117, 7),
(117, 10),
(117, 11),
(117, 13),
(120, 5),
(120, 6),
(120, 7),
(120, 10),
(120, 11),
(120, 13),
(121, 5),
(121, 6),
(121, 7),
(121, 10),
(121, 11),
(122, 5),
(122, 6),
(122, 7),
(122, 9),
(122, 10),
(122, 11),
(122, 13),
(123, 5),
(123, 6),
(123, 7),
(123, 9),
(123, 10),
(123, 11),
(123, 13),
(124, 5),
(124, 6),
(124, 7),
(124, 10),
(124, 11),
(125, 5),
(125, 6),
(125, 7),
(125, 9),
(125, 10),
(125, 11),
(126, 5),
(126, 6),
(126, 7),
(126, 9),
(126, 10),
(126, 11),
(126, 12),
(126, 13),
(126, 14),
(127, 5),
(127, 6),
(127, 7),
(127, 10),
(127, 11),
(127, 13),
(128, 5),
(128, 6),
(128, 7),
(128, 10),
(128, 11),
(129, 5),
(129, 6),
(129, 7),
(129, 10),
(129, 11),
(130, 5),
(130, 6),
(130, 7),
(130, 9),
(130, 10),
(130, 11),
(130, 12),
(130, 13),
(130, 14),
(131, 5),
(131, 6),
(131, 7),
(131, 9),
(131, 10),
(131, 11),
(131, 12),
(131, 13),
(131, 14),
(132, 5),
(132, 6),
(132, 7),
(132, 10),
(132, 11),
(133, 5),
(133, 7),
(133, 9),
(133, 10),
(133, 12),
(133, 13),
(134, 5),
(134, 7),
(134, 9),
(134, 10),
(134, 11),
(134, 12),
(134, 13),
(135, 5),
(135, 7),
(135, 9),
(135, 10),
(135, 12),
(135, 13),
(136, 5),
(136, 6),
(136, 7),
(136, 9),
(136, 10),
(136, 11),
(137, 5),
(137, 6),
(137, 7),
(137, 9),
(137, 10),
(137, 11),
(137, 12),
(137, 13),
(138, 5),
(138, 6),
(138, 7),
(138, 9),
(138, 10),
(138, 11),
(138, 12),
(138, 13),
(139, 5),
(139, 6),
(139, 7),
(139, 9),
(139, 10),
(139, 11),
(139, 12),
(139, 13),
(139, 14),
(140, 5),
(140, 6),
(140, 7),
(140, 10),
(140, 11),
(140, 12),
(140, 13),
(141, 5),
(141, 6),
(141, 7),
(141, 10),
(141, 11),
(142, 5),
(142, 6),
(142, 7),
(142, 9),
(142, 10),
(142, 11),
(142, 12),
(142, 13),
(142, 14),
(143, 5),
(143, 6),
(143, 7),
(143, 10),
(143, 11),
(143, 12),
(143, 13),
(144, 5),
(144, 6),
(144, 7),
(144, 10),
(144, 11),
(145, 5),
(145, 6),
(145, 7),
(145, 10),
(145, 11),
(146, 5),
(146, 6),
(146, 7),
(146, 9),
(146, 10),
(146, 11),
(146, 13),
(147, 5),
(147, 6),
(147, 7),
(147, 9),
(147, 10),
(147, 11),
(147, 13),
(148, 5),
(148, 6),
(148, 7),
(148, 9),
(148, 10),
(148, 11),
(148, 12),
(148, 13),
(149, 5),
(149, 6),
(149, 7),
(149, 10),
(149, 11),
(149, 13),
(150, 5),
(150, 6),
(150, 7),
(150, 10),
(150, 11),
(150, 13),
(151, 5),
(151, 6),
(151, 7),
(151, 10),
(151, 11),
(151, 13),
(152, 5),
(152, 6),
(152, 7),
(152, 10),
(152, 11),
(152, 13),
(153, 5),
(153, 6),
(153, 7),
(153, 10),
(153, 11),
(153, 13),
(154, 5),
(154, 6),
(154, 7),
(154, 10),
(154, 11),
(154, 12),
(154, 13),
(155, 5),
(155, 6),
(155, 7),
(155, 9),
(155, 10),
(155, 11),
(155, 13),
(156, 5),
(156, 6),
(156, 7),
(156, 9),
(156, 10),
(156, 11),
(156, 13),
(157, 5),
(157, 6),
(157, 7),
(157, 10),
(157, 11),
(157, 13),
(158, 5),
(158, 6),
(158, 7),
(158, 10),
(158, 11),
(158, 13),
(159, 5),
(159, 6),
(159, 7),
(159, 10),
(159, 11),
(159, 13),
(160, 5),
(160, 6),
(160, 7),
(160, 10),
(160, 11),
(160, 13),
(161, 5),
(161, 6),
(161, 7),
(161, 10),
(161, 11),
(161, 13),
(165, 5),
(165, 6),
(165, 7),
(165, 10),
(165, 13),
(166, 5),
(166, 6),
(166, 7),
(166, 9),
(166, 10),
(166, 11),
(166, 12),
(166, 13),
(167, 5),
(167, 6),
(167, 7),
(167, 9),
(167, 10),
(167, 11),
(167, 13),
(168, 5),
(168, 6),
(168, 7),
(168, 9),
(168, 10),
(168, 11),
(168, 13),
(169, 5),
(169, 7),
(169, 9),
(169, 10),
(169, 12),
(170, 5),
(170, 7),
(170, 9),
(170, 10),
(171, 5),
(171, 7),
(171, 10),
(176, 5),
(176, 7),
(176, 9),
(176, 10),
(176, 11),
(176, 12),
(176, 13),
(176, 14),
(177, 5),
(177, 6),
(177, 7),
(177, 11),
(178, 5),
(178, 6),
(178, 7),
(178, 10),
(178, 11),
(178, 13),
(179, 5),
(179, 6),
(179, 7),
(179, 10),
(179, 11),
(180, 5),
(180, 6),
(180, 7),
(180, 10),
(180, 11),
(180, 13),
(181, 5),
(181, 6),
(181, 7),
(181, 10),
(181, 11),
(181, 13),
(182, 5),
(182, 6),
(182, 7),
(182, 10),
(182, 11),
(182, 13),
(183, 5),
(183, 6),
(183, 7),
(183, 9),
(183, 10),
(183, 11),
(183, 13),
(184, 5),
(184, 6),
(184, 7),
(184, 9),
(184, 10),
(184, 11),
(184, 13),
(185, 5),
(185, 6),
(185, 7),
(185, 10),
(185, 11),
(185, 13),
(186, 5),
(186, 6),
(186, 7),
(186, 10),
(186, 11),
(186, 13),
(187, 5),
(187, 9),
(187, 10),
(187, 11),
(187, 12),
(187, 13),
(187, 14),
(188, 5),
(188, 9),
(188, 10),
(188, 11),
(188, 12),
(188, 13),
(188, 14),
(189, 5),
(189, 6),
(189, 7),
(189, 9),
(189, 10),
(189, 11),
(189, 12),
(189, 13),
(189, 14),
(190, 5),
(190, 6),
(190, 7),
(190, 9),
(190, 10),
(190, 11),
(190, 12),
(190, 13),
(190, 14),
(196, 11),
(197, 5),
(197, 6),
(197, 7),
(197, 9),
(197, 10),
(197, 11),
(197, 12),
(197, 13),
(197, 14),
(198, 5),
(198, 6),
(198, 7),
(198, 9),
(198, 10),
(198, 11),
(198, 12),
(198, 13),
(199, 5),
(199, 6),
(199, 7),
(199, 9),
(199, 10),
(199, 11),
(199, 12),
(199, 13),
(200, 5),
(200, 6),
(200, 7),
(200, 9),
(200, 10),
(200, 11),
(200, 12),
(200, 13),
(200, 14),
(201, 5),
(201, 6),
(201, 7),
(201, 9),
(201, 10),
(201, 11),
(201, 12),
(201, 13),
(201, 14),
(202, 5),
(202, 6),
(202, 7),
(202, 9),
(202, 10),
(202, 11),
(202, 12),
(202, 13),
(202, 14),
(203, 5),
(203, 6),
(203, 7),
(203, 9),
(203, 10),
(203, 11),
(203, 12),
(203, 13),
(204, 5),
(204, 6),
(204, 7),
(204, 9),
(204, 10),
(204, 11),
(204, 12),
(204, 13),
(205, 5),
(205, 6),
(205, 7),
(205, 9),
(205, 10),
(205, 11),
(205, 12),
(205, 13),
(206, 5),
(206, 6),
(206, 7),
(206, 9),
(206, 10),
(206, 11),
(206, 12),
(206, 13),
(207, 5),
(207, 6),
(207, 7),
(207, 9),
(207, 10),
(207, 11),
(207, 12),
(207, 13),
(208, 5),
(208, 6),
(208, 7),
(208, 9),
(208, 10),
(208, 11),
(208, 12),
(208, 13),
(209, 5),
(209, 6),
(209, 7),
(209, 9),
(209, 10),
(209, 11),
(209, 12),
(209, 13),
(209, 14),
(210, 11),
(210, 12),
(210, 13),
(211, 5),
(211, 6),
(211, 7),
(211, 9),
(211, 10),
(211, 11),
(211, 12),
(211, 13),
(211, 14),
(212, 5),
(212, 6),
(212, 7),
(212, 9),
(212, 10),
(212, 11),
(212, 12),
(212, 13),
(212, 14),
(213, 5),
(213, 6),
(213, 7),
(213, 9),
(213, 10),
(213, 11),
(213, 12),
(213, 13),
(213, 14),
(214, 5),
(214, 6),
(214, 7),
(214, 9),
(214, 10),
(214, 11),
(214, 12),
(214, 13),
(214, 14),
(215, 5),
(215, 6),
(215, 7),
(215, 9),
(215, 10),
(215, 11),
(215, 12),
(215, 13),
(215, 14),
(216, 5),
(216, 6),
(216, 7),
(216, 9),
(216, 10),
(216, 11),
(216, 12),
(216, 13),
(216, 14),
(217, 5),
(217, 6),
(217, 7),
(217, 9),
(217, 10),
(217, 11),
(217, 12),
(217, 13),
(217, 14),
(218, 5),
(218, 6),
(218, 7),
(218, 9),
(218, 10),
(218, 11),
(218, 12),
(218, 13),
(218, 14),
(219, 5),
(219, 6),
(219, 7),
(219, 9),
(219, 10),
(219, 11),
(219, 12),
(219, 13),
(219, 14),
(220, 5),
(220, 6),
(220, 7),
(220, 9),
(220, 10),
(220, 11),
(220, 12),
(220, 13),
(220, 14),
(221, 5),
(221, 6),
(221, 7),
(221, 9),
(221, 10),
(221, 11),
(221, 12),
(221, 13),
(221, 14),
(222, 5),
(222, 6),
(222, 7),
(222, 9),
(222, 10),
(222, 11),
(222, 12),
(222, 13),
(222, 14),
(223, 5),
(223, 6),
(223, 7),
(223, 9),
(223, 10),
(223, 11),
(223, 12),
(223, 13),
(223, 14),
(224, 5),
(224, 6),
(224, 7),
(224, 9),
(224, 10),
(224, 11),
(224, 12),
(224, 14),
(230, 5),
(230, 6),
(230, 7),
(230, 9),
(230, 10),
(230, 11),
(230, 13),
(231, 5),
(231, 6),
(231, 7),
(231, 9),
(231, 10),
(231, 11),
(231, 12),
(231, 13),
(231, 14),
(239, 5),
(239, 6),
(239, 7),
(239, 9),
(239, 10),
(239, 11),
(239, 12),
(239, 13),
(239, 14),
(241, 5),
(241, 7),
(241, 9),
(241, 10),
(241, 12),
(241, 13),
(241, 14),
(242, 5),
(242, 6),
(242, 7),
(242, 9),
(242, 10),
(242, 11),
(242, 12),
(242, 13),
(242, 14),
(243, 5),
(243, 6),
(243, 7),
(243, 9),
(243, 10),
(243, 11),
(243, 12),
(243, 13),
(243, 14),
(244, 5),
(244, 12),
(244, 13),
(245, 5),
(245, 6),
(245, 7),
(245, 9),
(245, 10),
(245, 11),
(245, 13),
(245, 14),
(246, 5),
(246, 9),
(246, 10),
(246, 12),
(246, 13),
(247, 5),
(247, 6),
(247, 7),
(247, 9),
(247, 10),
(247, 11),
(247, 14),
(248, 5),
(248, 9),
(248, 10),
(248, 12),
(248, 13),
(248, 14),
(249, 5),
(249, 6),
(249, 7),
(249, 9),
(249, 10),
(249, 11),
(249, 12),
(249, 13),
(249, 14),
(250, 5),
(250, 7),
(250, 9),
(250, 10),
(250, 11),
(250, 12),
(250, 13),
(250, 14),
(251, 5),
(251, 6),
(251, 7),
(251, 9),
(251, 10),
(251, 11),
(251, 12),
(251, 13),
(251, 14),
(252, 5),
(252, 6),
(252, 7),
(252, 9),
(252, 10),
(252, 11),
(252, 12),
(252, 13),
(252, 14),
(253, 5),
(253, 6),
(253, 7),
(253, 9),
(253, 10),
(253, 11),
(253, 13),
(253, 14),
(254, 5),
(254, 6),
(254, 7),
(254, 9),
(254, 10),
(254, 11),
(254, 12),
(254, 13),
(254, 14),
(255, 5),
(255, 6),
(255, 7),
(255, 9),
(255, 10),
(255, 11),
(255, 12),
(255, 13),
(255, 14),
(256, 5),
(256, 9),
(256, 12),
(256, 13),
(256, 14),
(257, 5),
(257, 6),
(257, 7),
(257, 9),
(257, 10),
(257, 11),
(257, 12),
(257, 13),
(257, 14),
(258, 5),
(258, 7),
(258, 10),
(258, 11),
(259, 5),
(259, 6),
(259, 7),
(259, 9),
(259, 10),
(259, 11),
(259, 12),
(259, 13),
(259, 14),
(260, 5),
(260, 6),
(260, 7),
(260, 9),
(260, 10),
(260, 11),
(260, 13),
(260, 14),
(261, 5),
(261, 6),
(261, 7),
(261, 9),
(261, 10),
(261, 11),
(261, 13),
(261, 14),
(262, 5),
(262, 6),
(262, 7),
(262, 9),
(262, 10),
(262, 11),
(262, 12),
(262, 13),
(262, 14),
(263, 5),
(263, 9),
(263, 10),
(263, 11),
(263, 12),
(263, 13),
(263, 14),
(264, 5),
(265, 5),
(265, 12),
(265, 13),
(266, 5),
(267, 5),
(267, 6),
(267, 7),
(267, 9),
(267, 10),
(267, 11),
(267, 13),
(267, 14),
(268, 5),
(268, 7),
(268, 10),
(268, 11),
(269, 5),
(269, 6),
(269, 7),
(269, 9),
(269, 10),
(269, 11),
(269, 12),
(269, 13),
(269, 14),
(270, 5),
(270, 6),
(270, 7),
(270, 9),
(270, 10),
(270, 11),
(270, 12),
(270, 13),
(270, 14),
(271, 5),
(271, 7),
(271, 9),
(271, 10),
(271, 12),
(271, 13),
(271, 14),
(272, 5),
(272, 6),
(272, 7),
(272, 9),
(272, 10),
(272, 11),
(272, 12),
(272, 13),
(272, 14),
(273, 5),
(273, 9),
(273, 10),
(273, 12),
(273, 13),
(273, 14),
(274, 5),
(274, 6),
(274, 7),
(274, 9),
(274, 10),
(274, 11),
(274, 12),
(274, 13),
(274, 14),
(275, 5),
(275, 6),
(275, 7),
(275, 9),
(275, 10),
(275, 11),
(275, 12),
(275, 13),
(275, 14),
(276, 5),
(276, 9),
(276, 10),
(276, 11),
(276, 12),
(276, 14),
(277, 5),
(277, 9),
(277, 10),
(277, 11),
(277, 12),
(277, 13),
(277, 14),
(278, 5),
(278, 6),
(278, 7),
(278, 9),
(278, 10),
(278, 11),
(278, 12),
(278, 13),
(278, 14),
(279, 5),
(279, 6),
(279, 7),
(279, 9),
(279, 10),
(279, 11),
(279, 12),
(279, 13),
(279, 14),
(280, 5),
(280, 6),
(280, 7),
(280, 9),
(280, 10),
(280, 11),
(280, 12),
(280, 13),
(280, 14),
(281, 5),
(281, 6),
(281, 7),
(281, 9),
(281, 10),
(281, 11),
(281, 12),
(281, 13),
(281, 14),
(282, 5),
(282, 6),
(282, 7),
(282, 9),
(282, 10),
(282, 11),
(282, 12),
(282, 13),
(282, 14),
(283, 5),
(283, 7),
(283, 9),
(283, 10),
(283, 11),
(283, 12),
(283, 13),
(283, 14),
(284, 5),
(285, 5),
(285, 7),
(285, 10),
(285, 11),
(286, 5),
(286, 7),
(286, 9),
(286, 10),
(286, 11),
(286, 12),
(286, 13),
(286, 14),
(287, 5),
(288, 5),
(288, 7),
(288, 9),
(288, 10),
(288, 11),
(288, 12),
(288, 13),
(289, 5),
(289, 6),
(289, 7),
(289, 9),
(289, 10),
(289, 11),
(289, 12),
(289, 13),
(289, 14),
(290, 5),
(290, 6),
(290, 7),
(290, 9),
(290, 10),
(290, 11),
(290, 12),
(290, 13),
(290, 14),
(291, 5),
(291, 7),
(291, 9),
(291, 10),
(291, 11),
(291, 12),
(291, 13),
(291, 14),
(292, 5),
(292, 6),
(292, 7),
(292, 9),
(292, 10),
(292, 11),
(292, 12),
(292, 13),
(292, 14),
(293, 5),
(293, 6),
(293, 7),
(293, 9),
(293, 10),
(293, 11),
(293, 12),
(293, 13),
(293, 14),
(294, 5),
(294, 6),
(294, 7),
(294, 9),
(294, 10),
(294, 11),
(294, 12),
(294, 13),
(294, 14),
(295, 5),
(295, 10),
(295, 11),
(296, 5),
(296, 6),
(296, 7),
(296, 9),
(296, 10),
(296, 11),
(296, 12),
(296, 13),
(296, 14),
(297, 5),
(297, 6),
(297, 7),
(297, 9),
(297, 10),
(297, 11),
(297, 12),
(297, 13),
(297, 14),
(298, 5),
(298, 6),
(298, 7),
(298, 9),
(298, 10),
(298, 11),
(298, 12),
(298, 13),
(298, 14),
(299, 5),
(299, 6),
(299, 7),
(299, 9),
(299, 10),
(299, 11),
(299, 12),
(299, 13),
(299, 14),
(300, 5),
(300, 6),
(300, 7),
(300, 9),
(300, 10),
(300, 11),
(300, 12),
(300, 13),
(300, 14),
(301, 5),
(301, 6),
(301, 7),
(301, 9),
(301, 10),
(301, 11),
(301, 12),
(301, 13),
(301, 14),
(304, 5),
(304, 7),
(304, 9),
(304, 10),
(304, 11),
(304, 12),
(304, 13),
(304, 14);

-- --------------------------------------------------------

--
-- Structure de la table `ost_sht_hotels_stopsales`
--

CREATE TABLE IF NOT EXISTS `ost_sht_hotels_stopsales` (
  `id` int(11) NOT NULL AUTO_INCREMENT,
  `hotel_id` int(11) DEFAULT NULL,
  `libelle` varchar(255) COLLATE utf8_unicode_ci NOT NULL,
  `dateDebut` date NOT NULL,
  `dateFin` date NOT NULL,
  `created` datetime NOT NULL,
  `updated` datetime NOT NULL,
  PRIMARY KEY (`id`),
  KEY `IDX_64D515253243BB18` (`hotel_id`)
) ENGINE=InnoDB DEFAULT CHARSET=utf8 COLLATE=utf8_unicode_ci AUTO_INCREMENT=1 ;

-- --------------------------------------------------------

--
-- Structure de la table `ost_sht_hotels_tags`
--

CREATE TABLE IF NOT EXISTS `ost_sht_hotels_tags` (
  `id_hotel` int(11) NOT NULL,
  `id_tag` int(11) NOT NULL,
  PRIMARY KEY (`id_hotel`,`id_tag`),
  KEY `IDX_D65966A8EDD61FE9` (`id_hotel`),
  KEY `IDX_D65966A89D2D5FD9` (`id_tag`)
) ENGINE=InnoDB DEFAULT CHARSET=utf8 COLLATE=utf8_unicode_ci;

--
-- Contenu de la table `ost_sht_hotels_tags`
--

INSERT INTO `ost_sht_hotels_tags` (`id_hotel`, `id_tag`) VALUES
(6, 2),
(6, 3),
(6, 15),
(7, 9),
(8, 3),
(8, 5),
(9, 5),
(9, 10),
(10, 3),
(10, 5),
(10, 9),
(10, 19),
(12, 2),
(12, 3),
(12, 5),
(13, 2),
(13, 3),
(13, 15),
(13, 19),
(14, 5),
(15, 2),
(15, 6),
(15, 16),
(15, 19),
(16, 5),
(16, 9),
(16, 10),
(16, 19),
(17, 3),
(18, 2),
(18, 3),
(18, 14),
(18, 15),
(18, 19),
(21, 2),
(21, 3),
(21, 8),
(22, 2),
(22, 3),
(22, 8),
(22, 19),
(23, 5),
(23, 10),
(23, 14),
(23, 19),
(25, 14),
(26, 5),
(26, 10),
(26, 14),
(26, 16),
(27, 3),
(27, 5),
(27, 10),
(27, 14),
(28, 3),
(28, 6),
(29, 3),
(29, 5),
(29, 15),
(30, 2),
(30, 3),
(30, 5),
(30, 19),
(31, 3),
(31, 5),
(31, 14),
(31, 19),
(32, 5),
(32, 9),
(33, 5),
(33, 17),
(34, 14),
(35, 3),
(36, 2),
(36, 3),
(36, 8),
(36, 15),
(37, 2),
(37, 8),
(37, 9),
(38, 2),
(38, 3),
(38, 5),
(38, 6),
(38, 7),
(39, 3),
(39, 5),
(40, 5),
(40, 9),
(41, 9),
(41, 17),
(42, 2),
(42, 3),
(42, 5),
(42, 15),
(43, 2),
(43, 3),
(43, 5),
(43, 15),
(43, 19),
(44, 3),
(44, 5),
(44, 7),
(45, 2),
(45, 5),
(45, 10),
(46, 5),
(46, 9),
(46, 10),
(46, 19),
(47, 2),
(47, 3),
(47, 6),
(48, 2),
(48, 3),
(48, 5),
(48, 8),
(48, 15),
(49, 2),
(49, 3),
(49, 5),
(50, 9),
(50, 10),
(51, 3),
(51, 9),
(51, 17),
(52, 3),
(52, 6),
(53, 2),
(53, 3),
(53, 5),
(53, 15),
(53, 16),
(54, 2),
(54, 3),
(54, 5),
(54, 19),
(55, 5),
(55, 14),
(55, 19),
(56, 3),
(56, 5),
(56, 15),
(57, 3),
(57, 5),
(57, 15),
(58, 3),
(58, 5),
(58, 9),
(58, 10),
(58, 19),
(59, 3),
(59, 5),
(59, 9),
(59, 10),
(59, 14),
(59, 19),
(60, 2),
(60, 5),
(60, 10),
(60, 14),
(60, 15),
(60, 19),
(61, 2),
(61, 3),
(61, 15),
(61, 19),
(62, 2),
(62, 3),
(62, 15),
(62, 16),
(63, 2),
(63, 9),
(63, 10),
(63, 14),
(63, 19),
(65, 17),
(66, 6),
(67, 5),
(67, 9),
(67, 10),
(67, 14),
(68, 3),
(68, 5),
(68, 14),
(68, 19),
(69, 2),
(69, 3),
(69, 5),
(69, 16),
(70, 2),
(70, 3),
(70, 5),
(70, 19),
(71, 3),
(71, 5),
(71, 6),
(72, 6),
(72, 14),
(73, 10),
(73, 14),
(73, 19),
(74, 5),
(74, 10),
(74, 14),
(75, 10),
(76, 3),
(76, 19),
(77, 5),
(77, 14),
(78, 2),
(78, 3),
(79, 10),
(79, 14),
(79, 17),
(80, 2),
(80, 3),
(80, 5),
(80, 19),
(81, 2),
(81, 3),
(82, 2),
(82, 19),
(83, 2),
(83, 3),
(83, 19),
(84, 2),
(84, 3),
(84, 5),
(84, 15),
(84, 21),
(85, 3),
(85, 8),
(85, 19),
(86, 2),
(86, 3),
(86, 5),
(86, 9),
(86, 19),
(88, 2),
(88, 3),
(88, 5),
(88, 9),
(88, 15),
(88, 19),
(89, 3),
(89, 15),
(89, 19),
(90, 3),
(90, 14),
(90, 19),
(91, 2),
(91, 3),
(91, 15),
(91, 19),
(92, 3),
(92, 19),
(92, 21),
(93, 2),
(93, 3),
(93, 5),
(93, 15),
(93, 19),
(94, 3),
(94, 17),
(94, 21),
(95, 3),
(95, 17),
(95, 21),
(96, 3),
(96, 10),
(96, 14),
(96, 21),
(97, 3),
(97, 21),
(98, 3),
(98, 21),
(99, 3),
(99, 21),
(100, 3),
(100, 14),
(100, 17),
(100, 21),
(101, 5),
(101, 10),
(101, 14),
(102, 5),
(102, 14),
(102, 19),
(104, 3),
(104, 5),
(104, 19),
(105, 2),
(105, 5),
(105, 19),
(106, 3),
(106, 5),
(106, 10),
(106, 14),
(106, 19),
(107, 2),
(107, 3),
(107, 16),
(107, 19),
(108, 2),
(108, 3),
(108, 19),
(110, 3),
(110, 5),
(110, 9),
(110, 17),
(110, 19),
(111, 3),
(111, 17),
(112, 2),
(112, 3),
(112, 6),
(112, 19),
(113, 14),
(113, 19),
(114, 19),
(115, 6),
(115, 14),
(116, 5),
(116, 9),
(116, 10),
(116, 19),
(117, 3),
(117, 5),
(117, 6),
(117, 19),
(118, 3),
(118, 17),
(118, 21),
(119, 17),
(119, 21),
(120, 3),
(120, 5),
(120, 14),
(120, 15),
(120, 16),
(120, 19),
(121, 3),
(121, 8),
(121, 15),
(121, 19),
(122, 2),
(122, 3),
(122, 15),
(122, 19),
(123, 2),
(123, 3),
(123, 19),
(124, 2),
(124, 3),
(124, 6),
(124, 8),
(124, 15),
(124, 16),
(124, 19),
(125, 2),
(125, 3),
(125, 6),
(125, 15),
(126, 10),
(126, 14),
(127, 3),
(127, 15),
(127, 16),
(127, 19),
(128, 2),
(128, 3),
(128, 6),
(128, 16),
(128, 19),
(129, 2),
(129, 3),
(129, 5),
(129, 8),
(129, 15),
(129, 16),
(129, 19),
(130, 5),
(130, 9),
(130, 10),
(130, 19),
(131, 5),
(131, 9),
(131, 10),
(131, 19),
(132, 3),
(132, 6),
(132, 8),
(132, 16),
(132, 19),
(136, 3),
(136, 6),
(136, 15),
(136, 19),
(137, 5),
(137, 9),
(137, 19),
(138, 2),
(138, 5),
(138, 9),
(138, 10),
(138, 21),
(139, 5),
(139, 9),
(139, 10),
(139, 14),
(139, 19),
(140, 3),
(140, 5),
(140, 9),
(140, 19),
(141, 5),
(141, 6),
(141, 8),
(141, 15),
(141, 16),
(141, 19),
(142, 5),
(142, 9),
(142, 10),
(142, 14),
(142, 19),
(143, 2),
(143, 3),
(143, 5),
(143, 15),
(143, 16),
(143, 19),
(144, 3),
(144, 6),
(145, 2),
(145, 3),
(145, 8),
(145, 19),
(146, 3),
(146, 15),
(146, 19),
(147, 3),
(147, 6),
(147, 19),
(148, 2),
(148, 3),
(148, 15),
(148, 19),
(149, 2),
(149, 3),
(149, 8),
(149, 15),
(149, 16),
(149, 19),
(150, 2),
(150, 15),
(150, 19),
(151, 2),
(151, 3),
(151, 8),
(151, 15),
(151, 16),
(151, 19),
(152, 2),
(152, 3),
(152, 8),
(152, 15),
(154, 2),
(154, 3),
(155, 2),
(155, 3),
(155, 5),
(155, 15),
(155, 19),
(156, 2),
(156, 3),
(156, 7),
(156, 19),
(157, 2),
(157, 3),
(157, 7),
(157, 19),
(158, 2),
(158, 3),
(158, 7),
(158, 15),
(158, 19),
(159, 2),
(159, 3),
(159, 7),
(159, 15),
(160, 2),
(160, 3),
(160, 6),
(160, 7),
(160, 8),
(160, 15),
(160, 19),
(161, 2),
(161, 3),
(161, 6),
(161, 15),
(162, 9),
(162, 14),
(163, 9),
(163, 14),
(164, 9),
(164, 10),
(166, 2),
(166, 3),
(166, 8),
(166, 15),
(166, 19),
(167, 2),
(167, 3),
(167, 8),
(167, 15),
(167, 19),
(169, 14),
(170, 14),
(171, 3),
(171, 14),
(172, 3),
(172, 9),
(173, 3),
(173, 14),
(174, 3),
(174, 17),
(175, 3),
(176, 3),
(176, 14),
(176, 21),
(177, 2),
(177, 3),
(177, 15),
(177, 19),
(178, 3),
(178, 19),
(179, 3),
(179, 19),
(180, 3),
(180, 5),
(180, 15),
(180, 19),
(181, 2),
(181, 3),
(181, 19),
(182, 14),
(182, 17),
(183, 2),
(183, 3),
(183, 15),
(183, 19),
(184, 2),
(184, 3),
(184, 19),
(185, 3),
(185, 5),
(185, 8),
(185, 15),
(185, 19),
(186, 2),
(186, 3),
(186, 8),
(186, 15),
(186, 16),
(186, 19),
(187, 10),
(187, 14),
(188, 5),
(188, 10),
(188, 14),
(189, 5),
(189, 9),
(189, 10),
(189, 19),
(190, 9),
(190, 10),
(190, 14),
(191, 3),
(191, 9),
(192, 3),
(192, 9),
(193, 3),
(193, 9),
(193, 14),
(194, 3),
(194, 9),
(194, 14),
(195, 3),
(195, 5),
(195, 9),
(195, 14),
(196, 3),
(196, 17),
(196, 21),
(197, 2),
(197, 3),
(197, 8),
(197, 9),
(197, 15),
(198, 2),
(198, 3),
(199, 2),
(199, 3),
(200, 3),
(201, 2),
(201, 3),
(201, 5),
(201, 9),
(201, 10),
(202, 3),
(202, 7),
(202, 19),
(203, 2),
(204, 2),
(204, 3),
(204, 19),
(205, 2),
(205, 3),
(205, 7),
(205, 19),
(206, 2),
(206, 3),
(206, 15),
(206, 19),
(207, 2),
(207, 3),
(207, 15),
(207, 19),
(208, 2),
(208, 3),
(208, 8),
(208, 15),
(208, 19),
(209, 5),
(209, 7),
(209, 14),
(211, 3),
(211, 19),
(212, 2),
(212, 8),
(212, 15),
(212, 19),
(213, 2),
(213, 3),
(213, 15),
(213, 19),
(214, 2),
(214, 3),
(214, 15),
(214, 17),
(214, 19),
(214, 21),
(215, 3),
(215, 8),
(215, 15),
(216, 3),
(217, 2),
(219, 2),
(219, 3),
(219, 8),
(219, 15),
(219, 19),
(220, 2),
(221, 3),
(222, 2),
(223, 8),
(223, 15),
(223, 19),
(224, 14),
(230, 3),
(230, 6),
(230, 8),
(239, 3),
(241, 5),
(241, 9),
(241, 10),
(241, 19),
(242, 3),
(242, 15),
(243, 2),
(243, 3),
(243, 15),
(243, 19),
(244, 5),
(244, 9),
(244, 10),
(244, 17),
(244, 19),
(245, 3),
(245, 6),
(245, 19),
(246, 9),
(246, 17),
(247, 3),
(247, 14),
(247, 17),
(248, 5),
(248, 9),
(248, 10),
(248, 17),
(249, 3),
(249, 17),
(249, 21),
(250, 10),
(250, 14),
(253, 3),
(253, 6),
(253, 15),
(253, 19),
(254, 8),
(254, 15),
(255, 3),
(256, 10),
(256, 14),
(257, 10),
(257, 14),
(258, 3),
(259, 3),
(259, 15),
(259, 19),
(260, 3),
(260, 14),
(260, 15),
(260, 19),
(261, 3),
(261, 5),
(261, 6),
(261, 15),
(262, 2),
(262, 3),
(262, 14),
(262, 15),
(262, 19),
(263, 9),
(263, 10),
(263, 17),
(263, 21),
(265, 9),
(265, 17),
(265, 21),
(266, 3),
(266, 14),
(266, 21),
(267, 3),
(267, 8),
(267, 15),
(268, 3),
(268, 14),
(268, 17),
(268, 21),
(269, 2),
(269, 3),
(269, 19),
(270, 2),
(270, 3),
(270, 5),
(270, 15),
(270, 19),
(271, 14),
(272, 5),
(272, 10),
(272, 14),
(272, 19),
(272, 21),
(273, 10),
(273, 14),
(274, 17),
(274, 21),
(275, 3),
(275, 17),
(275, 21),
(276, 14),
(277, 14),
(278, 5),
(278, 9),
(278, 14),
(279, 2),
(279, 3),
(279, 8),
(279, 15),
(279, 19),
(280, 3),
(281, 2),
(281, 3),
(281, 7),
(281, 19),
(282, 8),
(282, 19),
(283, 5),
(283, 9),
(283, 10),
(283, 14),
(283, 17),
(283, 19),
(284, 6),
(284, 14),
(284, 21),
(286, 10),
(286, 14),
(286, 19),
(288, 3),
(288, 5),
(289, 2),
(289, 5),
(289, 15),
(289, 19),
(290, 2),
(290, 3),
(290, 6),
(290, 7),
(291, 5),
(291, 9),
(291, 10),
(291, 14),
(291, 19),
(292, 2),
(292, 3),
(294, 2),
(294, 3),
(295, 3),
(295, 17),
(295, 21),
(297, 2),
(297, 3),
(297, 5),
(297, 9),
(297, 10),
(297, 14),
(297, 15),
(298, 3),
(298, 16),
(298, 19),
(299, 1),
(299, 3),
(299, 7),
(299, 8),
(299, 15),
(299, 16),
(299, 19),
(300, 3),
(300, 6),
(300, 19),
(301, 2),
(301, 8),
(301, 15),
(301, 19),
(304, 3),
(304, 6),
(305, 3),
(306, 3);

-- --------------------------------------------------------

--
-- Structure de la table `ost_sht_hotels_themes`
--

CREATE TABLE IF NOT EXISTS `ost_sht_hotels_themes` (
  `id_hotel` int(11) NOT NULL,
  `id_theme` int(11) NOT NULL,
  PRIMARY KEY (`id_hotel`,`id_theme`),
  KEY `IDX_E3F1ADCEEDD61FE9` (`id_hotel`),
  KEY `IDX_E3F1ADCE79F0A638` (`id_theme`)
) ENGINE=InnoDB DEFAULT CHARSET=utf8 COLLATE=utf8_unicode_ci;

--
-- Contenu de la table `ost_sht_hotels_themes`
--

INSERT INTO `ost_sht_hotels_themes` (`id_hotel`, `id_theme`) VALUES
(6, 5),
(6, 6),
(6, 7),
(6, 8),
(6, 12),
(6, 16),
(6, 18),
(7, 5),
(7, 6),
(7, 7),
(7, 8),
(7, 12),
(7, 18),
(8, 5),
(8, 6),
(8, 7),
(8, 8),
(8, 12),
(8, 16),
(8, 18),
(9, 4),
(9, 5),
(9, 6),
(9, 7),
(9, 8),
(9, 16),
(9, 18),
(10, 5),
(10, 6),
(10, 7),
(10, 12),
(10, 16),
(11, 6),
(12, 5),
(12, 6),
(12, 7),
(12, 8),
(12, 18),
(13, 6),
(13, 7),
(13, 16),
(13, 18),
(13, 23),
(14, 7),
(14, 8),
(14, 16),
(14, 18),
(15, 5),
(15, 6),
(15, 7),
(15, 8),
(15, 16),
(15, 18),
(16, 4),
(16, 5),
(16, 7),
(16, 8),
(16, 12),
(16, 16),
(16, 18),
(17, 4),
(17, 5),
(17, 6),
(17, 7),
(17, 8),
(17, 18),
(18, 5),
(18, 6),
(18, 7),
(18, 8),
(18, 12),
(18, 18),
(21, 6),
(21, 7),
(21, 16),
(21, 23),
(22, 6),
(22, 7),
(22, 8),
(22, 9),
(22, 16),
(22, 18),
(23, 4),
(23, 8),
(23, 12),
(23, 17),
(24, 4),
(24, 12),
(25, 4),
(26, 4),
(26, 6),
(26, 12),
(27, 4),
(27, 5),
(27, 6),
(27, 7),
(27, 8),
(27, 12),
(27, 16),
(28, 6),
(28, 7),
(28, 8),
(28, 12),
(29, 5),
(29, 6),
(29, 7),
(29, 8),
(29, 12),
(29, 16),
(29, 18),
(30, 5),
(30, 6),
(30, 7),
(30, 8),
(30, 12),
(30, 16),
(30, 17),
(30, 18),
(31, 5),
(31, 6),
(31, 7),
(31, 8),
(31, 12),
(31, 16),
(31, 18),
(32, 4),
(32, 5),
(32, 6),
(32, 7),
(32, 8),
(32, 12),
(32, 16),
(32, 18),
(33, 6),
(33, 7),
(33, 8),
(33, 9),
(33, 10),
(33, 12),
(33, 17),
(33, 18),
(33, 19),
(33, 21),
(33, 27),
(34, 4),
(34, 7),
(34, 8),
(35, 6),
(35, 7),
(35, 16),
(35, 18),
(36, 6),
(36, 7),
(37, 5),
(37, 6),
(37, 7),
(37, 8),
(37, 16),
(37, 18),
(38, 6),
(38, 7),
(38, 8),
(38, 16),
(38, 18),
(39, 5),
(39, 6),
(39, 7),
(39, 8),
(39, 12),
(39, 18),
(40, 4),
(40, 5),
(40, 6),
(40, 7),
(40, 8),
(40, 12),
(40, 16),
(40, 17),
(40, 18),
(41, 6),
(41, 18),
(42, 5),
(42, 6),
(42, 7),
(42, 12),
(42, 16),
(42, 17),
(43, 5),
(43, 6),
(43, 7),
(43, 8),
(43, 16),
(43, 18),
(44, 6),
(44, 7),
(44, 8),
(44, 16),
(44, 18),
(45, 4),
(45, 5),
(45, 8),
(45, 12),
(45, 16),
(45, 17),
(45, 18),
(46, 4),
(46, 5),
(46, 8),
(46, 16),
(47, 6),
(47, 7),
(47, 16),
(47, 18),
(48, 5),
(48, 6),
(48, 7),
(48, 8),
(48, 10),
(48, 16),
(48, 17),
(48, 18),
(49, 5),
(49, 6),
(49, 7),
(49, 8),
(50, 5),
(50, 6),
(50, 7),
(50, 8),
(50, 12),
(50, 16),
(50, 17),
(51, 5),
(51, 6),
(51, 8),
(51, 17),
(51, 27),
(52, 6),
(52, 16),
(52, 18),
(53, 6),
(53, 7),
(53, 16),
(53, 18),
(53, 23),
(54, 5),
(54, 6),
(54, 8),
(54, 16),
(55, 4),
(55, 5),
(55, 6),
(55, 12),
(55, 16),
(55, 17),
(56, 4),
(56, 5),
(56, 6),
(56, 12),
(56, 16),
(56, 17),
(57, 6),
(57, 7),
(57, 12),
(57, 16),
(57, 23),
(58, 4),
(58, 5),
(58, 6),
(58, 8),
(58, 12),
(58, 16),
(58, 17),
(59, 4),
(59, 5),
(59, 6),
(59, 7),
(59, 8),
(59, 9),
(59, 12),
(59, 16),
(59, 17),
(59, 18),
(60, 4),
(60, 5),
(60, 8),
(60, 12),
(60, 16),
(62, 6),
(62, 7),
(62, 12),
(62, 16),
(62, 23),
(63, 4),
(63, 5),
(63, 6),
(63, 12),
(63, 16),
(63, 17),
(64, 4),
(64, 7),
(64, 28),
(65, 9),
(65, 27),
(67, 4),
(67, 5),
(67, 8),
(67, 12),
(67, 17),
(68, 4),
(68, 5),
(68, 8),
(68, 24),
(69, 6),
(69, 7),
(70, 4),
(70, 5),
(70, 6),
(70, 12),
(70, 16),
(71, 6),
(71, 7),
(72, 4),
(76, 6),
(76, 7),
(76, 16),
(77, 4),
(77, 8),
(77, 12),
(78, 4),
(78, 5),
(78, 6),
(78, 7),
(78, 8),
(78, 16),
(78, 17),
(79, 4),
(79, 5),
(79, 7),
(79, 8),
(79, 12),
(80, 4),
(80, 5),
(80, 6),
(80, 7),
(80, 8),
(80, 12),
(80, 16),
(80, 18),
(81, 6),
(81, 7),
(81, 18),
(82, 5),
(82, 6),
(82, 16),
(83, 4),
(83, 6),
(83, 16),
(84, 5),
(84, 6),
(84, 9),
(84, 12),
(84, 23),
(85, 5),
(85, 6),
(85, 7),
(85, 12),
(85, 16),
(86, 5),
(86, 6),
(86, 7),
(86, 12),
(86, 16),
(86, 18),
(88, 5),
(88, 6),
(88, 7),
(88, 12),
(88, 16),
(89, 5),
(89, 6),
(89, 7),
(89, 16),
(89, 18),
(90, 4),
(90, 5),
(90, 6),
(90, 7),
(90, 16),
(91, 6),
(91, 7),
(92, 5),
(92, 6),
(92, 12),
(92, 16),
(92, 18),
(93, 4),
(93, 5),
(93, 11),
(93, 12),
(93, 16),
(93, 23),
(94, 5),
(94, 6),
(94, 9),
(95, 5),
(95, 6),
(95, 9),
(96, 4),
(96, 5),
(96, 6),
(96, 7),
(96, 9),
(96, 20),
(97, 6),
(97, 7),
(97, 12),
(100, 4),
(100, 5),
(100, 6),
(101, 4),
(101, 12),
(102, 4),
(102, 12),
(103, 4),
(104, 6),
(104, 8),
(104, 12),
(104, 16),
(105, 5),
(105, 6),
(105, 7),
(105, 17),
(106, 4),
(106, 5),
(106, 6),
(106, 7),
(106, 8),
(106, 12),
(106, 16),
(106, 17),
(107, 5),
(107, 6),
(107, 7),
(107, 16),
(107, 23),
(108, 5),
(108, 6),
(108, 7),
(108, 16),
(109, 5),
(109, 6),
(109, 7),
(109, 12),
(109, 16),
(110, 5),
(110, 6),
(110, 7),
(110, 12),
(110, 16),
(111, 5),
(111, 6),
(111, 7),
(111, 9),
(112, 5),
(112, 6),
(112, 16),
(113, 4),
(113, 5),
(113, 12),
(113, 16),
(114, 5),
(114, 16),
(115, 4),
(116, 4),
(116, 5),
(116, 12),
(116, 16),
(117, 5),
(117, 6),
(117, 7),
(117, 12),
(117, 16),
(118, 6),
(118, 9),
(118, 25),
(118, 26),
(119, 9),
(119, 25),
(120, 4),
(120, 5),
(120, 12),
(120, 16),
(121, 6),
(121, 7),
(121, 16),
(121, 23),
(122, 5),
(122, 6),
(122, 7),
(122, 8),
(122, 12),
(122, 16),
(123, 6),
(123, 7),
(123, 16),
(124, 6),
(124, 7),
(124, 23),
(125, 6),
(125, 7),
(125, 23),
(126, 4),
(127, 6),
(127, 7),
(127, 16),
(127, 23),
(128, 6),
(128, 7),
(128, 16),
(128, 23),
(129, 6),
(129, 12),
(129, 16),
(129, 23),
(130, 4),
(130, 5),
(130, 6),
(130, 8),
(130, 12),
(130, 16),
(130, 17),
(131, 5),
(131, 9),
(131, 12),
(131, 16),
(131, 17),
(132, 6),
(132, 7),
(132, 16),
(132, 23),
(134, 4),
(134, 5),
(134, 28),
(135, 4),
(135, 5),
(135, 29),
(136, 6),
(136, 7),
(136, 16),
(136, 23),
(137, 5),
(137, 6),
(137, 7),
(137, 12),
(137, 16),
(138, 5),
(138, 12),
(138, 16),
(139, 4),
(139, 5),
(139, 12),
(139, 16),
(139, 17),
(140, 5),
(140, 6),
(140, 12),
(140, 16),
(141, 7),
(141, 12),
(141, 16),
(141, 23),
(142, 4),
(142, 5),
(142, 12),
(142, 16),
(142, 17),
(143, 6),
(143, 7),
(143, 12),
(143, 16),
(143, 23),
(145, 6),
(145, 16),
(146, 6),
(146, 7),
(146, 8),
(147, 6),
(147, 7),
(147, 16),
(148, 5),
(148, 6),
(148, 16),
(149, 6),
(149, 7),
(149, 16),
(149, 23),
(150, 5),
(150, 6),
(150, 16),
(151, 6),
(151, 16),
(152, 6),
(152, 7),
(152, 23),
(154, 6),
(154, 7),
(155, 6),
(155, 16),
(156, 6),
(156, 16),
(157, 6),
(157, 16),
(158, 6),
(158, 16),
(158, 23),
(159, 6),
(159, 23),
(160, 6),
(160, 7),
(160, 16),
(160, 23),
(161, 6),
(161, 16),
(161, 23),
(162, 4),
(162, 29),
(163, 4),
(163, 29),
(164, 4),
(164, 29),
(165, 5),
(165, 6),
(166, 4),
(166, 5),
(166, 6),
(166, 7),
(166, 16),
(166, 23),
(167, 5),
(167, 6),
(167, 7),
(167, 16),
(167, 23),
(168, 6),
(169, 4),
(171, 4),
(171, 6),
(172, 4),
(172, 5),
(172, 6),
(172, 29),
(173, 4),
(173, 6),
(174, 6),
(174, 26),
(174, 27),
(176, 22),
(177, 6),
(177, 23),
(178, 5),
(178, 6),
(178, 7),
(178, 16),
(178, 23),
(179, 6),
(179, 16),
(180, 6),
(180, 23),
(183, 5),
(183, 6),
(183, 16),
(183, 23),
(184, 6),
(184, 16),
(185, 5),
(185, 6),
(185, 7),
(185, 16),
(186, 6),
(186, 7),
(186, 16),
(186, 23),
(187, 4),
(187, 5),
(188, 4),
(188, 12),
(189, 4),
(189, 5),
(189, 12),
(189, 16),
(190, 4),
(190, 5),
(191, 29),
(192, 4),
(192, 5),
(192, 6),
(192, 29),
(195, 4),
(195, 5),
(195, 12),
(195, 28),
(195, 29),
(196, 6),
(196, 7),
(196, 26),
(197, 5),
(197, 6),
(197, 16),
(197, 23),
(198, 4),
(198, 5),
(198, 6),
(199, 4),
(199, 5),
(199, 6),
(200, 6),
(200, 7),
(201, 4),
(201, 5),
(201, 6),
(201, 8),
(201, 12),
(202, 6),
(202, 7),
(202, 16),
(202, 23),
(204, 16),
(205, 4),
(205, 5),
(205, 6),
(205, 16),
(206, 6),
(206, 16),
(206, 23),
(207, 6),
(207, 7),
(207, 16),
(207, 23),
(208, 6),
(208, 16),
(208, 23),
(209, 4),
(209, 5),
(211, 5),
(211, 6),
(211, 7),
(211, 8),
(211, 16),
(212, 5),
(212, 6),
(212, 7),
(212, 16),
(212, 23),
(213, 5),
(213, 6),
(213, 16),
(213, 23),
(214, 5),
(214, 6),
(214, 8),
(214, 16),
(215, 6),
(215, 7),
(215, 23),
(216, 4),
(216, 6),
(218, 4),
(218, 5),
(218, 6),
(219, 6),
(219, 7),
(219, 16),
(219, 23),
(221, 6),
(221, 16),
(222, 6),
(223, 7),
(223, 8),
(223, 9),
(223, 16),
(224, 4),
(225, 29),
(229, 4),
(229, 5),
(229, 29),
(230, 6),
(230, 12),
(230, 23),
(231, 4),
(231, 5),
(231, 6),
(231, 7),
(231, 8),
(232, 4),
(232, 5),
(232, 29),
(233, 4),
(233, 5),
(233, 29),
(234, 4),
(234, 5),
(234, 29),
(235, 4),
(235, 5),
(235, 29),
(236, 4),
(236, 5),
(236, 29),
(237, 4),
(237, 5),
(237, 29),
(238, 4),
(238, 5),
(238, 29),
(239, 6),
(239, 16),
(240, 4),
(240, 5),
(240, 29),
(241, 4),
(241, 5),
(241, 16),
(241, 17),
(242, 6),
(242, 7),
(242, 8),
(243, 6),
(243, 7),
(243, 8),
(243, 16),
(243, 23),
(244, 4),
(244, 5),
(244, 7),
(244, 12),
(244, 16),
(244, 17),
(245, 6),
(245, 16),
(245, 18),
(246, 5),
(246, 7),
(247, 4),
(247, 6),
(247, 9),
(248, 4),
(248, 5),
(248, 12),
(250, 4),
(251, 6),
(251, 7),
(251, 8),
(251, 16),
(252, 6),
(253, 6),
(253, 7),
(253, 23),
(254, 6),
(254, 7),
(254, 23),
(255, 4),
(255, 6),
(256, 4),
(256, 5),
(257, 4),
(258, 6),
(259, 6),
(259, 7),
(259, 8),
(259, 16),
(260, 4),
(260, 6),
(260, 7),
(261, 6),
(261, 7),
(261, 23),
(262, 4),
(262, 5),
(262, 6),
(262, 7),
(262, 8),
(262, 12),
(262, 16),
(263, 5),
(263, 6),
(263, 9),
(263, 22),
(263, 25),
(264, 4),
(265, 9),
(265, 22),
(266, 4),
(266, 6),
(266, 9),
(267, 6),
(267, 23),
(268, 4),
(268, 9),
(268, 19),
(268, 25),
(269, 5),
(269, 6),
(269, 7),
(269, 16),
(269, 23),
(270, 4),
(270, 5),
(270, 6),
(270, 16),
(271, 4),
(271, 5),
(272, 4),
(272, 5),
(272, 9),
(273, 4),
(273, 5),
(273, 28),
(274, 4),
(275, 6),
(275, 9),
(275, 19),
(275, 25),
(276, 4),
(277, 4),
(277, 5),
(278, 4),
(278, 5),
(279, 5),
(279, 6),
(279, 16),
(280, 5),
(280, 6),
(280, 7),
(280, 8),
(280, 16),
(281, 5),
(281, 6),
(281, 16),
(281, 23),
(282, 6),
(282, 7),
(282, 16),
(282, 23),
(283, 4),
(283, 5),
(283, 12),
(283, 16),
(284, 4),
(284, 9),
(285, 4),
(285, 6),
(285, 7),
(286, 4),
(286, 5),
(286, 16),
(287, 4),
(287, 7),
(288, 5),
(288, 6),
(288, 7),
(288, 12),
(288, 16),
(288, 17),
(289, 4),
(289, 5),
(289, 6),
(289, 7),
(289, 8),
(289, 12),
(289, 16),
(289, 17),
(289, 23),
(290, 6),
(290, 7),
(290, 16),
(291, 4),
(291, 5),
(291, 12),
(291, 16),
(291, 17),
(292, 6),
(292, 7),
(293, 6),
(293, 7),
(293, 16),
(294, 6),
(295, 6),
(295, 7),
(295, 22),
(295, 26),
(296, 6),
(297, 4),
(297, 5),
(297, 6),
(297, 7),
(297, 12),
(297, 17),
(298, 6),
(298, 7),
(298, 16),
(299, 6),
(299, 7),
(299, 16),
(299, 23),
(300, 6),
(300, 16),
(300, 18),
(300, 23),
(301, 6),
(301, 7),
(301, 16),
(301, 23),
(304, 5),
(304, 6),
(304, 8),
(304, 9),
(304, 22),
(306, 20);

-- --------------------------------------------------------

--
-- Structure de la table `ost_sht_hotels_vues`
--

CREATE TABLE IF NOT EXISTS `ost_sht_hotels_vues` (
  `id_hotel` int(11) NOT NULL,
  `id_vue` int(11) NOT NULL,
  PRIMARY KEY (`id_hotel`,`id_vue`),
  KEY `IDX_5549C70DEDD61FE9` (`id_hotel`),
  KEY `IDX_5549C70D5E093DCE` (`id_vue`)
) ENGINE=InnoDB DEFAULT CHARSET=utf8 COLLATE=utf8_unicode_ci;

--
-- Contenu de la table `ost_sht_hotels_vues`
--

INSERT INTO `ost_sht_hotels_vues` (`id_hotel`, `id_vue`) VALUES
(6, 2),
(8, 2),
(9, 2),
(10, 2),
(13, 2),
(17, 4),
(18, 2),
(22, 2),
(27, 2),
(29, 2),
(31, 2),
(37, 2),
(39, 4),
(41, 2),
(43, 2),
(44, 4),
(45, 2),
(46, 2),
(48, 2),
(50, 2),
(52, 2),
(54, 2),
(55, 2),
(56, 2),
(57, 2),
(58, 2),
(59, 2),
(59, 4),
(60, 2),
(61, 2),
(62, 2),
(63, 2),
(68, 2),
(70, 2),
(76, 2),
(78, 2),
(79, 13),
(79, 14),
(79, 15),
(79, 16),
(80, 2),
(81, 2),
(82, 2),
(83, 2),
(86, 7),
(88, 2),
(90, 2),
(91, 2),
(92, 2),
(93, 2),
(104, 2),
(105, 2),
(106, 2),
(107, 2),
(110, 8),
(112, 2),
(114, 2),
(116, 9),
(120, 2),
(122, 2),
(123, 2),
(131, 9),
(132, 2),
(139, 10),
(142, 10),
(147, 2),
(153, 2),
(178, 2),
(179, 2),
(180, 2),
(183, 2),
(184, 2),
(185, 2),
(186, 2),
(188, 11),
(189, 2),
(189, 7),
(197, 2),
(201, 2),
(204, 2),
(205, 2),
(206, 2),
(211, 2),
(221, 2),
(222, 2),
(230, 2),
(239, 2),
(259, 2),
(269, 2),
(272, 2),
(278, 2),
(278, 5),
(279, 4),
(281, 2),
(283, 2),
(289, 2),
(293, 2),
(297, 2),
(300, 2),
(302, 2);

-- --------------------------------------------------------

--
-- Structure de la table `ost_sht_localistion`
--

CREATE TABLE IF NOT EXISTS `ost_sht_localistion` (
  `id` int(11) NOT NULL AUTO_INCREMENT,
  `slug` varchar(128) COLLATE utf8_unicode_ci NOT NULL,
  `libelle` varchar(255) COLLATE utf8_unicode_ci NOT NULL,
  `created` datetime NOT NULL,
  `updated` datetime NOT NULL,
  PRIMARY KEY (`id`),
  UNIQUE KEY `UNIQ_29DB60F9989D9B62` (`slug`)
) ENGINE=InnoDB  DEFAULT CHARSET=utf8 COLLATE=utf8_unicode_ci AUTO_INCREMENT=13 ;

--
-- Contenu de la table `ost_sht_localistion`
--

INSERT INTO `ost_sht_localistion` (`id`, `slug`, `libelle`, `created`, `updated`) VALUES
(7, 'zone-touristique', 'Zone-touristique', '2013-10-09 09:32:00', '2015-09-29 09:46:18'),
(8, 'palmeraie', 'Palmeraie', '2013-10-09 09:32:00', '2015-09-29 09:45:54'),
(9, 'centre-ville', 'Centre-ville', '2013-10-09 09:32:00', '2015-09-29 09:45:43'),
(10, 'aeroport', 'Aeroport', '2013-10-09 09:32:00', '2015-09-29 09:45:30'),
(12, 'village', 'Village', '2013-10-09 09:32:00', '2015-09-29 09:46:06');

-- --------------------------------------------------------

--
-- Structure de la table `ost_sht_option`
--

CREATE TABLE IF NOT EXISTS `ost_sht_option` (
  `id` int(11) NOT NULL AUTO_INCREMENT,
  `libelle` varchar(255) COLLATE utf8_unicode_ci NOT NULL,
  `created` datetime NOT NULL,
  `updated` datetime NOT NULL,
  PRIMARY KEY (`id`)
) ENGINE=InnoDB  DEFAULT CHARSET=utf8 COLLATE=utf8_unicode_ci AUTO_INCREMENT=15 ;

--
-- Contenu de la table `ost_sht_option`
--

INSERT INTO `ost_sht_option` (`id`, `libelle`, `created`, `updated`) VALUES
(5, 'Si possible, Arrivée Tardive.', '2013-10-09 09:32:00', '2015-09-28 17:53:59'),
(6, 'Si possible, Chambres Communicantes', '2013-10-09 09:32:00', '2015-09-28 17:53:26'),
(7, 'Si possible, Chambres Côte à Côte', '2013-10-09 09:32:00', '2015-09-28 17:53:13'),
(9, 'Si possible, Chambre Non Fumeur', '2013-10-09 09:32:00', '2015-09-28 17:54:43'),
(10, 'Si possible, Grand lit', '2013-10-09 09:32:00', '2015-09-28 17:51:57'),
(11, 'Baby Cote', '2013-10-09 09:32:00', '2015-09-28 17:53:40'),
(12, 'Traitement VIP', '2013-10-09 09:32:00', '2013-10-09 09:32:00'),
(13, 'Séjour de Noce', '2013-10-09 09:32:00', '2015-09-28 17:51:43'),
(14, 'Si possible, Chambre Insonorisée', '2013-10-09 09:32:00', '2015-09-28 17:54:27');

-- --------------------------------------------------------

--
-- Structure de la table `ost_sht_pays`
--

CREATE TABLE IF NOT EXISTS `ost_sht_pays` (
  `id` int(11) NOT NULL AUTO_INCREMENT,
  `libelle` varchar(255) COLLATE utf8_unicode_ci NOT NULL,
  `slug` varchar(255) COLLATE utf8_unicode_ci NOT NULL,
  `code` varchar(5) COLLATE utf8_unicode_ci NOT NULL,
  PRIMARY KEY (`id`)
) ENGINE=InnoDB  DEFAULT CHARSET=utf8 COLLATE=utf8_unicode_ci AUTO_INCREMENT=239 ;

--
-- Contenu de la table `ost_sht_pays`
--

INSERT INTO `ost_sht_pays` (`id`, `libelle`, `slug`, `code`) VALUES
(1, 'France', 'france', 'fr'),
(2, 'Afghanistan', 'afghanistan', 'af'),
(3, 'Afrique du sud', 'afrique-du-sud', 'za'),
(4, 'Albanie', 'albanie', 'al'),
(5, 'Algérie', 'algerie', 'dz'),
(6, 'Allemagne', 'allemagne', 'de'),
(7, 'Arabie saoudite', 'arabie-saoudite', 'sa'),
(8, 'Argentine', 'argentine', 'ar'),
(9, 'Australie', 'australie', 'au'),
(10, 'Autriche', 'autriche', 'at'),
(11, 'Belgique', 'belgique', 'be'),
(12, 'Brésil', 'bresil', 'br'),
(13, 'Bulgarie', 'bulgarie', 'bg'),
(14, 'Canada', 'canada', 'ca'),
(15, 'Chili', 'chili', 'cl'),
(16, 'Chine (Rép. pop.)', 'chine-rep-pop', 'cn'),
(17, 'Colombie', 'colombie', 'co'),
(18, 'Corée, Sud', 'coree-sud', 'kr'),
(19, 'Costa Rica', 'costa-rica', 'cr'),
(20, 'Croatie', 'croatie', 'hr'),
(21, 'Danemark', 'danemark', 'dk'),
(22, 'Égypte', 'egypte', 'eg'),
(23, 'Émirats arabes unis', 'emirats-arabes-unis', 'ae'),
(24, 'Équateur', 'equateur', 'ec'),
(25, 'États-Unis', 'etats-unis', 'us'),
(26, 'El Salvador', 'el-salvador', 'sv'),
(27, 'Espagne', 'espagne', 'es'),
(28, 'Finlande', 'finlande', 'fi'),
(29, 'Grèce', 'grece', 'gr'),
(30, 'Hong Kong', 'hong-kong', 'hk'),
(31, 'Hongrie', 'hongrie', 'hu'),
(32, 'Inde', 'inde', 'in'),
(33, 'Indonésie', 'indonesie', 'id'),
(34, 'Irlande', 'irlande', 'ie'),
(35, 'Israël', 'israel', 'il'),
(36, 'Italie', 'italie', 'it'),
(37, 'Japon', 'japon', 'jp'),
(38, 'Jordanie', 'jordanie', 'jo'),
(39, 'Liban', 'liban', 'lb'),
(40, 'Malaisie', 'malaisie', 'my'),
(41, 'Maroc', 'maroc', 'ma'),
(42, 'Mexique', 'mexique', 'mx'),
(43, 'Norvège', 'norvege', 'no'),
(44, 'Nouvelle-Zélande', 'nouvelle-zelande', 'nz'),
(45, 'Pérou', 'perou', 'pe'),
(46, 'Pakistan', 'pakistan', 'pk'),
(47, 'Pays-Bas', 'pays-bas', 'nl'),
(48, 'Philippines', 'philippines', 'ph'),
(49, 'Pologne', 'pologne', 'pl'),
(50, 'Porto Rico', 'porto-rico', 'pr'),
(51, 'Portugal', 'portugal', 'pt'),
(52, 'République tchèque', 'republique-tcheque', 'cz'),
(53, 'Roumanie', 'roumanie', 'ro'),
(54, 'Royaume-Uni', 'royaume-uni', 'uk'),
(55, 'Russie', 'russie', 'ru'),
(56, 'Singapour', 'singapour', 'sg'),
(57, 'Suède', 'suede', 'se'),
(58, 'Suisse', 'suisse', 'ch'),
(59, 'Taiwan', 'taiwan', 'tw'),
(60, 'Thailande', 'thailande', 'th'),
(61, 'Turquie', 'turquie', 'tr'),
(62, 'Ukraine', 'ukraine', 'ua'),
(63, 'Venezuela', 'venezuela', 've'),
(64, 'Yougoslavie', 'yougoslavie', 'yu'),
(65, 'Samoa', 'samoa', 'as'),
(66, 'Andorre', 'andorre', 'ad'),
(67, 'Angola', 'angola', 'ao'),
(68, 'Anguilla', 'anguilla', 'ai'),
(69, 'Antarctique', 'antarctique', 'aq'),
(70, 'Antigua et Barbuda', 'antigua-et-barbuda', 'ag'),
(71, 'Arménie', 'armenie', 'am'),
(72, 'Aruba', 'aruba', 'aw'),
(73, 'Azerbaïdjan', 'azerbaidjan', 'az'),
(74, 'Bahamas', 'bahamas', 'bs'),
(75, 'Bahrain', 'bahrain', 'bh'),
(76, 'Bangladesh', 'bangladesh', 'bd'),
(77, 'Biélorussie', 'bielorussie', 'by'),
(78, 'Belize', 'belize', 'bz'),
(79, 'Benin', 'benin', 'bj'),
(80, 'Bermudes (Les)', 'bermudes-les', 'bm'),
(81, 'Bhoutan', 'bhoutan', 'bt'),
(82, 'Bolivie', 'bolivie', 'bo'),
(83, 'Bosnie-Herzégovine', 'bosnie-herzegovine', 'ba'),
(84, 'Botswana', 'botswana', 'bw'),
(85, 'Bouvet (Îles)', 'bouvet-iles', 'bv'),
(86, 'Territoire britannique de l''océan Indien', 'territoire-britannique-de-locean-indien', 'io'),
(87, 'Vierges britanniques (Îles)', 'vierges-britanniques-iles', 'vg'),
(88, 'Brunei', 'brunei', 'bn'),
(89, 'Burkina Faso', 'burkina-faso', 'bf'),
(90, 'Burundi', 'burundi', 'bi'),
(91, 'Cambodge', 'cambodge', 'kh'),
(92, 'Cameroun', 'cameroun', 'cm'),
(93, 'Cap Vert', 'cap-vert', 'cv'),
(94, 'Cayman (Îles)', 'cayman-iles', 'ky'),
(95, 'République centrafricaine', 'republique-centrafricaine', 'cf'),
(96, 'Tchad', 'tchad', 'td'),
(97, 'Christmas (Île)', 'christmas-ile', 'cx'),
(98, 'Cocos (Îles)', 'cocos-iles', 'cc'),
(99, 'Comores', 'comores', 'km'),
(100, 'Rép. Dém. du Congo', 'rep-dem-du-congo', 'cg'),
(101, 'Cook (Îles)', 'cook-iles', 'ck'),
(102, 'Cuba', 'cuba', 'cu'),
(103, 'Chypre', 'chypre', 'cy'),
(104, 'Djibouti', 'djibouti', 'dj'),
(105, 'Dominique', 'dominique', 'dm'),
(106, 'République Dominicaine', 'republique-dominicaine', 'do'),
(107, 'Timor', 'timor', 'tp'),
(108, 'Guinée Equatoriale', 'guinee-equatoriale', 'gq'),
(109, 'Érythrée', 'erythree', 'er'),
(110, 'Estonie', 'estonie', 'ee'),
(111, 'Ethiopie', 'ethiopie', 'et'),
(112, 'Falkland (Île)', 'falkland-ile', 'fk'),
(113, 'Féroé (Îles)', 'feroe-iles', 'fo'),
(114, 'Fidji (République des)', 'fidji-republique-des', 'fj'),
(115, 'Guyane française', 'guyane-francaise', 'gf'),
(116, 'Polynésie française', 'polynesie-francaise', 'pf'),
(117, 'Territoires français du sud', 'territoires-francais-du-sud', 'tf'),
(118, 'Gabon', 'gabon', 'ga'),
(119, 'Gambie', 'gambie', 'gm'),
(120, 'Géorgie', 'georgie', 'ge'),
(121, 'Ghana', 'ghana', 'gh'),
(122, 'Gibraltar', 'gibraltar', 'gi'),
(123, 'Groenland', 'groenland', 'gl'),
(124, 'Grenade', 'grenade', 'gd'),
(125, 'Guadeloupe', 'guadeloupe', 'gp'),
(126, 'Guam', 'guam', 'gu'),
(127, 'Guatemala', 'guatemala', 'gt'),
(128, 'Guinée', 'guinee', 'gn'),
(129, 'Guinée-Bissau', 'guinee-bissau', 'gw'),
(130, 'Guyane', 'guyane', 'gy'),
(131, 'Haïti', 'haiti', 'ht'),
(132, 'Heard et McDonald (Îles)', 'heard-et-mcdonald-iles', 'hm'),
(133, 'Honduras', 'honduras', 'hn'),
(134, 'Islande', 'islande', 'is'),
(135, 'Iran', 'iran', 'ir'),
(136, 'Irak', 'irak', 'iq'),
(137, 'Côte d''Ivoire', 'cote-divoire', 'ci'),
(138, 'Jamaïque', 'jamaique', 'jm'),
(139, 'Kazakhstan', 'kazakhstan', 'kz'),
(140, 'Kenya', 'kenya', 'ke'),
(141, 'Kiribati', 'kiribati', 'ki'),
(142, 'Corée du Nord', 'coree-du-nord', 'kp'),
(143, 'Koweit', 'koweit', 'kw'),
(144, 'Kirghizistan', 'kirghizistan', 'kg'),
(145, 'Laos', 'laos', 'la'),
(146, 'Lettonie', 'lettonie', 'lv'),
(147, 'Lesotho', 'lesotho', 'ls'),
(148, 'Libéria', 'liberia', 'lr'),
(149, 'Libye', 'libye', 'ly'),
(150, 'Liechtenstein', 'liechtenstein', 'li'),
(151, 'Lithuanie', 'lithuanie', 'lt'),
(152, 'Luxembourg', 'luxembourg', 'lu'),
(153, 'Macau', 'macau', 'mo'),
(154, 'Macédoine', 'macedoine', 'mk'),
(155, 'Madagascar', 'madagascar', 'mg'),
(156, 'Malawi', 'malawi', 'mw'),
(157, 'Maldives (Îles)', 'maldives-iles', 'mv'),
(158, 'Mali', 'mali', 'ml'),
(159, 'Malte', 'malte', 'mt'),
(160, 'Marshall (Îles)', 'marshall-iles', 'mh'),
(161, 'Martinique', 'martinique', 'mq'),
(162, 'Mauritanie', 'mauritanie', 'mr'),
(163, 'Maurice', 'maurice', 'mu'),
(164, 'Mayotte', 'mayotte', 'yt'),
(165, 'Micronésie (États fédérés de)', 'micronesie-etats-federes-de', 'fm'),
(166, 'Moldavie', 'moldavie', 'md'),
(167, 'Monaco', 'monaco', 'mc'),
(168, 'Mongolie', 'mongolie', 'mn'),
(169, 'Montserrat', 'montserrat', 'ms'),
(170, 'Mozambique', 'mozambique', 'mz'),
(171, 'Myanmar', 'myanmar', 'mm'),
(172, 'Namibie', 'namibie', 'na'),
(173, 'Nauru', 'nauru', 'nr'),
(174, 'Nepal', 'nepal', 'np'),
(175, 'Antilles néerlandaises', 'antilles-neerlandaises', 'an'),
(176, 'Nouvelle Calédonie', 'nouvelle-caledonie', 'nc'),
(177, 'Nicaragua', 'nicaragua', 'ni'),
(178, 'Niger', 'niger', 'ne'),
(179, 'Nigeria', 'nigeria', 'ng'),
(180, 'Niue', 'niue', 'nu'),
(181, 'Norfolk (Îles)', 'norfolk-iles', 'nf'),
(182, 'Mariannes du Nord (Îles)', 'mariannes-du-nord-iles', 'mp'),
(183, 'Oman', 'oman', 'om'),
(184, 'Palau', 'palau', 'pw'),
(185, 'Panama', 'panama', 'pa'),
(186, 'Papouasie-Nouvelle-Guinée', 'papouasie-nouvelle-guinee', 'pg'),
(187, 'Paraguay', 'paraguay', 'py'),
(188, 'Pitcairn (Îles)', 'pitcairn-iles', 'pn'),
(189, 'Qatar', 'qatar', 'qa'),
(190, 'Réunion (La)', 'reunion-la', 're'),
(191, 'Rwanda', 'rwanda', 'rw'),
(192, 'Géorgie du Sud et Sandwich du Sud (Îles)', 'georgie-du-sud-et-sandwich-du-sud-iles', 'gs'),
(193, 'Saint-Kitts et Nevis', 'saint-kitts-et-nevis', 'kn'),
(194, 'Sainte Lucie', 'sainte-lucie', 'lc'),
(195, 'Saint Vincent et les Grenadines', 'saint-vincent-et-les-grenadines', 'vc'),
(196, 'Samoa', 'samoa', 'ws'),
(197, 'Saint-Marin (Rép. de)', 'saint-marin-rep-de', 'sm'),
(198, 'São Tomé et Príncipe (Rép.)', 'sao-tome-et-principe-rep', 'st'),
(199, 'Sénégal', 'senegal', 'sn'),
(200, 'Seychelles', 'seychelles', 'sc'),
(201, 'Sierra Leone', 'sierra-leone', 'sl'),
(202, 'Slovaquie', 'slovaquie', 'sk'),
(203, 'Slovénie', 'slovenie', 'si'),
(204, 'Somalie', 'somalie', 'so'),
(205, 'Sri Lanka', 'sri-lanka', 'lk'),
(206, 'Sainte Hélène', 'sainte-helene', 'sh'),
(207, 'Saint Pierre et Miquelon', 'saint-pierre-et-miquelon', 'pm'),
(208, 'Soudan', 'soudan', 'sd'),
(209, 'Suriname', 'suriname', 'sr'),
(210, 'Svalbard et Jan Mayen (Îles)', 'svalbard-et-jan-mayen-iles', 'sj'),
(211, 'Swaziland', 'swaziland', 'sz'),
(212, 'Syrie', 'syrie', 'sy'),
(213, 'Tadjikistan', 'tadjikistan', 'tj'),
(214, 'Tanzanie', 'tanzanie', 'tz'),
(215, 'Togo', 'togo', 'tg'),
(216, 'Tokelau', 'tokelau', 'tk'),
(217, 'Tonga', 'tonga', 'to'),
(218, 'Trinité et Tobago', 'trinite-et-tobago', 'tt'),
(219, 'Tunisie', 'tunisie', 'tn'),
(220, 'Turkménistan', 'turkmenistan', 'tm'),
(221, 'Turks et Caïques (Îles)', 'turks-et-caiques-iles', 'tc'),
(222, 'Tuvalu', 'tuvalu', 'tv'),
(223, 'Îles Mineures Éloignées des États-Unis', 'iles-mineures-eloignees-des-etats-unis', 'um'),
(224, 'Ouganda', 'ouganda', 'ug'),
(225, 'Uruguay', 'uruguay', 'uy'),
(226, 'Ouzbékistan', 'ouzbekistan', 'uz'),
(227, 'Vanuatu', 'vanuatu', 'vu'),
(228, 'Vatican (Etat du)', 'vatican-etat-du', 'va'),
(229, 'Vietnam', 'vietnam', 'vn'),
(230, 'Vierges (Îles)', 'vierges-iles', 'vi'),
(231, 'Wallis et Futuna (Îles)', 'wallis-et-futuna-iles', 'wf'),
(232, 'Sahara Occidental', 'sahara-occidental', 'eh'),
(233, 'Yemen', 'yemen', 'ye'),
(234, 'Zaïre', 'zaire', 'zr'),
(235, 'Zambie', 'zambie', 'zm'),
(236, 'Zimbabwe', 'zimbabwe', 'zw'),
(237, 'La Barbad', 'la-barbad', 'bb'),
(238, 'Serbie', 'Serbie', 'sr');

-- --------------------------------------------------------

--
-- Structure de la table `ost_sht_reduction`
--

CREATE TABLE IF NOT EXISTS `ost_sht_reduction` (
  `id` int(11) NOT NULL AUTO_INCREMENT,
  `slug` varchar(128) COLLATE utf8_unicode_ci NOT NULL,
  `libelle` varchar(255) COLLATE utf8_unicode_ci NOT NULL,
  `jourDebut` int(11) NOT NULL,
  `moisDebut` int(11) NOT NULL,
  `jourFin` int(11) NOT NULL,
  `moisFin` int(11) NOT NULL,
  `parNuit` tinyint(1) DEFAULT NULL,
  `parChambre` tinyint(1) DEFAULT NULL,
  `created` datetime NOT NULL,
  `updated` datetime NOT NULL,
  PRIMARY KEY (`id`),
  UNIQUE KEY `UNIQ_FF3E4E7989D9B62` (`slug`)
) ENGINE=InnoDB  DEFAULT CHARSET=utf8 COLLATE=utf8_unicode_ci AUTO_INCREMENT=32 ;

--
-- Contenu de la table `ost_sht_reduction`
--

INSERT INTO `ost_sht_reduction` (`id`, `slug`, `libelle`, `jourDebut`, `moisDebut`, `jourFin`, `moisFin`, `parNuit`, `parChambre`, `created`, `updated`) VALUES
(23, 'bungalow', 'Bungalow', 1, 11, 31, 10, 1, 2, '2015-05-21 10:51:04', '2015-05-21 10:51:04'),
(28, 'sejour-de-noce', 'Séjour de Noce', 1, 1, 31, 12, 1, 1, '2015-05-21 10:51:04', '2015-09-29 09:55:04'),
(29, 'groupes-circuits-a-partir-de-15-pax', 'Groupes Circuits (à partir de 15 pax)', 1, 11, 31, 10, 1, 0, '2015-10-28 06:49:57', '2015-10-28 06:51:58'),
(30, 'diner-saint-sylvester-3eme-et-4eme-adulte', 'Diner Saint Sylvester (3ème et 4ème adulte)', 31, 12, 31, 12, 0, 0, '2015-10-28 07:16:37', '2015-10-28 07:16:37'),
(31, 'arrangements-enfants', 'Arrangements Enfants', 1, 11, 31, 10, 1, 0, '2015-10-29 08:05:32', '2015-10-29 08:05:32');

-- --------------------------------------------------------

--
-- Structure de la table `ost_sht_region`
--

CREATE TABLE IF NOT EXISTS `ost_sht_region` (
  `id` int(11) NOT NULL AUTO_INCREMENT,
  `libelle` varchar(255) COLLATE utf8_unicode_ci NOT NULL,
  `slug` varchar(128) COLLATE utf8_unicode_ci NOT NULL,
  `created` datetime NOT NULL,
  `updated` datetime NOT NULL,
  PRIMARY KEY (`id`),
  UNIQUE KEY `UNIQ_79248AFD989D9B62` (`slug`)
) ENGINE=InnoDB  DEFAULT CHARSET=utf8 COLLATE=utf8_unicode_ci AUTO_INCREMENT=34 ;

--
-- Contenu de la table `ost_sht_region`
--

INSERT INTO `ost_sht_region` (`id`, `libelle`, `slug`, `created`, `updated`) VALUES
(4, 'Cap Bon', 'capbon', '2013-10-09 09:32:00', '2013-10-09 09:32:00'),
(5, 'Centre', 'centre', '2013-10-09 09:32:00', '2013-10-09 09:32:00'),
(6, 'Djerba & Zarzis', 'djerba-zarzis', '2013-10-09 09:32:00', '2013-10-09 09:32:00'),
(7, 'Djerid', 'djerid', '2013-10-09 09:32:00', '2013-10-09 09:32:00'),
(8, 'Sahel', 'sahel', '2013-10-09 09:32:00', '2013-10-09 09:32:00'),
(9, 'Tabarka ', 'tabarka', '2013-10-09 09:32:00', '2013-10-09 09:32:00'),
(10, 'Tunis et Côtes de Carthage', 'tunis-et-cotes-de-carthage', '2013-10-09 09:32:00', '2013-10-09 09:32:00'),
(11, 'Nord', 'nord', '2013-10-09 09:32:00', '2013-10-09 09:32:00'),
(12, 'Sfax', 'sfax', '2013-10-09 09:32:00', '2013-10-09 09:32:00'),
(13, 'Zaghouane', 'zaghouane', '2013-10-09 09:32:00', '2013-10-09 09:32:00'),
(14, 'Dubaï ', 'dubai', '2013-10-09 09:32:00', '2013-10-09 09:32:00'),
(15, 'Taksim', 'taksim', '2013-10-09 09:32:00', '2013-10-09 09:32:00'),
(16, 'Istanbul', 'istanbul', '2013-10-09 09:32:00', '2013-10-09 09:32:00'),
(17, 'Madinah', 'madinah', '2013-10-09 09:32:00', '2013-10-09 09:32:00'),
(18, 'Nord-ouest', 'nord-ouest', '2013-10-09 09:32:00', '2013-10-09 09:32:00'),
(19, 'Bangkok', 'bangkok', '2013-10-09 09:32:00', '2013-10-09 09:32:00'),
(21, 'Kuala Lumpur', 'kuala-lumpur', '2013-10-09 09:32:00', '2013-10-09 09:32:00'),
(22, 'Sud', 'sud', '2013-10-09 09:32:00', '2013-10-09 09:32:00'),
(23, 'Santa Susana', 'santa-susana', '2013-10-09 09:32:00', '2013-10-09 09:32:00'),
(24, 'Barcelone', 'barcelone', '2013-10-09 09:32:00', '2013-10-09 09:32:00'),
(25, 'Paris', 'paris', '2013-10-09 09:32:00', '2013-10-09 09:32:00'),
(26, 'Tokyo', 'tokyo', '2013-10-09 09:32:00', '2013-10-09 09:32:00'),
(27, 'Venise', 'venise', '2013-10-09 09:32:00', '2013-10-09 09:32:00'),
(28, 'Rome', 'rome', '2013-10-09 09:32:00', '2013-10-09 09:32:00'),
(29, 'Vienne', 'vienne', '2013-10-09 09:32:00', '2013-10-09 09:32:00'),
(30, 'Prague', 'prague', '2013-10-09 09:32:00', '2013-10-09 09:32:00'),
(32, 'Marrakech', 'marrakech', '2013-10-09 09:32:00', '2013-10-09 09:32:00'),
(33, 'Amsterdam', 'amsterdam', '2013-10-09 09:32:00', '2013-10-09 09:32:00');

-- --------------------------------------------------------

--
-- Structure de la table `ost_sht_reservation`
--

CREATE TABLE IF NOT EXISTS `ost_sht_reservation` (
  `id` int(11) NOT NULL AUTO_INCREMENT,
  `hotel_id` int(11) DEFAULT NULL,
  `client_id` int(11) DEFAULT NULL,
  `dateDebut` date NOT NULL,
  `dateFin` date NOT NULL,
  `nuitees` int(11) NOT NULL,
  `created` datetime NOT NULL,
  `updated` datetime NOT NULL,
  `responsable_id` int(11) DEFAULT NULL,
  `etat` int(11) NOT NULL,
  `frontOffice` tinyint(1) NOT NULL,
  `hotelNotifier` tinyint(1) DEFAULT NULL,
  `surDemande` tinyint(1) DEFAULT NULL,
  `commentaire` longtext COLLATE utf8_unicode_ci,
  `code` varchar(255) COLLATE utf8_unicode_ci DEFAULT NULL,
  `validated` datetime DEFAULT NULL,
  `options` longtext COLLATE utf8_unicode_ci NOT NULL COMMENT '(DC2Type:array)',
  `observation` longtext COLLATE utf8_unicode_ci,
  `coordonnees` longtext COLLATE utf8_unicode_ci NOT NULL COMMENT '(DC2Type:array)',
  `timbre` decimal(11,3) NOT NULL,
  `remise` decimal(11,3) NOT NULL,
  `amicale_id` int(11) DEFAULT NULL,
  `validated_amicale` datetime DEFAULT NULL,
  `responsableAmicale_id` int(11) DEFAULT NULL,
  `type_payement` int(11) DEFAULT NULL,
  `montant_payement_electronique` decimal(11,3) DEFAULT NULL,
  `remise_internet` decimal(11,3) NOT NULL,
  `status_payement` varchar(255) COLLATE utf8_unicode_ci DEFAULT NULL,
  `chiffreAffaire` decimal(11,3) DEFAULT NULL,
  `frais_dossier` decimal(11,3) NOT NULL,
  `devis` tinyint(1) NOT NULL,
  `clientArray` longtext COLLATE utf8_unicode_ci NOT NULL COMMENT '(DC2Type:array)',
  PRIMARY KEY (`id`),
  KEY `IDX_35B2C0493243BB18` (`hotel_id`),
  KEY `IDX_35B2C04919EB6921` (`client_id`),
  KEY `IDX_35B2C04953C59D72` (`responsable_id`),
  KEY `IDX_35B2C049FEBD183` (`amicale_id`),
  KEY `IDX_35B2C049F06C2258` (`responsableAmicale_id`)
) ENGINE=InnoDB  DEFAULT CHARSET=utf8 COLLATE=utf8_unicode_ci AUTO_INCREMENT=60 ;

--
-- Contenu de la table `ost_sht_reservation`
--

INSERT INTO `ost_sht_reservation` (`id`, `hotel_id`, `client_id`, `dateDebut`, `dateFin`, `nuitees`, `created`, `updated`, `responsable_id`, `etat`, `frontOffice`, `hotelNotifier`, `surDemande`, `commentaire`, `code`, `validated`, `options`, `observation`, `coordonnees`, `timbre`, `remise`, `amicale_id`, `validated_amicale`, `responsableAmicale_id`, `type_payement`, `montant_payement_electronique`, `remise_internet`, `status_payement`, `chiffreAffaire`, `frais_dossier`, `devis`, `clientArray`) VALUES
(17, 92, 2, '2015-07-20', '2015-07-25', 6, '2015-07-13 15:03:47', '2015-11-21 13:15:06', 4, 2, 0, 0, 0, '', '201500001', '2015-07-13 15:12:45', 'a:0:{}', NULL, 'a:3:{i:0;s:17:"Foulen ben foulen";i:1;s:10:"71 359 520";i:2;s:36:"Nabeul , rue foulen ben foulen  8000";}', 0.500, 0.000, NULL, NULL, NULL, 0, NULL, 0.000, NULL, 355.700, 0.000, 0, 'a:0:{}'),
(18, 92, 2, '2015-07-30', '2015-08-03', 5, '2015-07-16 15:00:21', '2015-11-21 13:15:06', 4, 9, 0, 0, 0, 'test', '201500002', '2015-07-16 15:08:38', 'a:0:{}', NULL, 'a:3:{i:0;s:17:"Foulen ben foulen";i:1;s:10:"71 359 520";i:2;s:36:"Nabeul , rue foulen ben foulen  8000";}', 0.500, 0.000, NULL, NULL, NULL, 0, NULL, 0.000, NULL, 210.500, 0.000, 0, 'a:0:{}'),
(19, 46, 2, '2015-07-17', '2015-07-18', 2, '2015-07-16 16:31:51', '2015-11-21 13:15:06', 4, 2, 0, 0, 0, NULL, '201500002', '2015-07-16 16:36:19', 'a:0:{}', NULL, 'a:3:{i:0;s:17:"Foulen ben foulen";i:1;s:10:"71 359 520";i:2;s:36:"Nabeul , rue foulen ben foulen  8000";}', 0.500, 0.000, NULL, NULL, NULL, 0, NULL, 0.000, NULL, 123.700, 0.000, 0, 'a:0:{}'),
(20, 92, 2, '2015-07-24', '2015-07-28', 5, '2015-07-21 11:26:22', '2015-11-21 13:15:06', 4, 2, 0, 0, 0, NULL, '201500003', '2015-07-21 11:28:49', 'a:0:{}', NULL, 'a:4:{i:0;s:17:"Foulen ben foulen";i:1;s:10:"71 359 520";i:2;N;i:3;s:36:"Nabeul , rue foulen ben foulen  8000";}', 0.500, 0.000, NULL, NULL, NULL, 0, NULL, 0.000, NULL, 200.500, 0.000, 0, 'a:0:{}'),
(21, 76, 2, '2015-07-23', '2015-07-25', 3, '2015-07-21 13:06:45', '2015-11-21 13:15:06', 4, 2, 0, 0, 0, NULL, '201500004', '2015-07-21 14:31:56', 'a:0:{}', NULL, 'a:4:{i:0;s:17:"Foulen ben foulen";i:1;s:10:"71 359 520";i:2;N;i:3;s:36:"Nabeul , rue foulen ben foulen  8000";}', 0.500, 0.000, NULL, NULL, NULL, 0, NULL, 0.000, NULL, 147.875, 0.000, 0, 'a:0:{}'),
(22, 25, 4, '2015-07-22', '2015-07-23', 1, '2015-07-21 15:57:26', '2015-11-21 13:15:06', 4, 2, 1, 0, 0, 'teste', '201500018', '2015-10-02 15:23:57', 'a:0:{}', NULL, 'a:4:{i:0;s:3:"dcs";i:1;s:3:"dsc";i:2;s:3:"sdc";i:3;s:3:"sdc";}', 0.500, 0.000, NULL, NULL, NULL, 0, NULL, 0.000, NULL, 75.300, 0.000, 0, 'a:0:{}'),
(23, 15, 2, '2015-07-24', '2015-07-26', 3, '2015-07-22 13:28:06', '2015-11-21 13:15:06', 4, 2, 0, 1, 0, 'ERREUR ', '201500005', '2015-07-22 13:32:13', 'a:0:{}', NULL, 'a:4:{i:0;s:17:"Foulen ben foulen";i:1;s:10:"71 359 520";i:2;N;i:3;s:36:"Nabeul , rue foulen ben foulen  8000";}', 0.500, 0.000, NULL, NULL, NULL, 0, NULL, 0.000, NULL, 293.000, 0.000, 0, 'a:0:{}'),
(24, 92, 4, '2015-07-23', '2015-07-24', 3, '2015-07-22 15:27:44', '2015-11-21 13:15:06', 4, 2, 1, 0, 0, 'teste', '201500018', '2015-10-02 16:38:45', 'a:3:{i:0;i:10;i:1;i:11;i:2;i:13;}', NULL, 'a:4:{i:0;s:12:"ZIed kharraz";i:1;s:10:"53 980 209";i:2;N;i:3;s:2:"aa";}', 0.500, 0.000, NULL, NULL, NULL, 0, NULL, 0.000, NULL, 30.500, 0.000, 0, 'a:0:{}'),
(25, 46, 2, '2015-07-24', '2015-07-25', 1, '2015-07-23 08:34:25', '2015-11-21 13:15:06', 4, 1, 1, 0, 0, NULL, NULL, NULL, 'a:2:{i:0;i:10;i:1;i:11;}', NULL, 'a:4:{i:0;s:17:"Foulen ben foulen";i:1;s:10:"71 359 520";i:2;N;i:3;s:36:"Nabeul , rue foulen ben foulen  8000";}', 0.500, 0.000, NULL, NULL, NULL, 0, NULL, 0.000, NULL, 68.500, 0.000, 0, 'a:0:{}'),
(26, 25, 2, '2015-07-24', '2015-07-24', 1, '2015-07-23 08:38:50', '2015-11-21 13:15:06', 4, 9, 0, 1, 0, '', '201500006', '2015-07-23 13:50:05', 'a:1:{i:0;i:10;}', 'teste', 'a:4:{i:0;s:17:"Foulen ben foulen";i:1;s:10:"71 359 520";i:2;N;i:3;s:36:"Nabeul , rue foulen ben foulen  8000";}', 0.500, 0.000, NULL, NULL, NULL, 0, NULL, 0.000, NULL, 37.900, 0.000, 0, 'a:0:{}'),
(27, 15, 2, '2015-07-27', '2015-08-05', 10, '2015-07-23 14:48:44', '2015-11-21 13:15:06', 4, 9, 0, 1, 0, '', NULL, NULL, 'a:0:{}', NULL, 'a:4:{i:0;s:17:"Foulen ben foulen";i:1;s:10:"71 359 520";i:2;N;i:3;s:36:"Nabeul , rue foulen ben foulen  8000";}', 0.500, 0.000, NULL, NULL, NULL, 0, NULL, 0.000, NULL, 1338.000, 0.000, 0, 'a:0:{}'),
(28, 15, 2, '2015-07-27', '2015-08-05', 10, '2015-07-23 14:58:10', '2015-11-21 13:15:06', 4, 9, 0, 1, 0, 'CHANGEMENT\r\n', '201500006', '2015-07-23 15:00:07', 'a:0:{}', NULL, 'a:4:{i:0;s:17:"Foulen ben foulen";i:1;s:10:"71 359 520";i:2;N;i:3;s:36:"Nabeul , rue foulen ben foulen  8000";}', 0.500, 0.000, NULL, NULL, NULL, 0, NULL, 0.000, NULL, 1338.000, 0.000, 0, 'a:0:{}'),
(29, 15, 2, '2015-07-27', '2015-08-05', 10, '2015-07-23 15:08:13', '2015-11-21 13:15:06', 4, 2, 0, 1, 0, NULL, '201500006', '2015-07-23 15:09:23', 'a:0:{}', NULL, 'a:4:{i:0;s:17:"Foulen ben foulen";i:1;s:10:"71 359 520";i:2;N;i:3;s:36:"Nabeul , rue foulen ben foulen  8000";}', 0.500, 0.000, NULL, NULL, NULL, 0, NULL, 0.000, NULL, 1338.000, 0.000, 0, 'a:0:{}'),
(30, 46, 2, '2015-07-25', '2015-07-25', 1, '2015-07-24 16:29:28', '2015-11-21 13:15:06', 4, 9, 0, 0, 0, 'MOUADH', '201500007', '2015-07-24 16:30:26', 'a:0:{}', NULL, 'a:4:{i:0;s:17:"Foulen ben foulen";i:1;s:10:"71 359 520";i:2;N;i:3;s:36:"Nabeul , rue foulen ben foulen  8000";}', 0.500, 0.000, NULL, NULL, NULL, 0, NULL, 0.000, NULL, 49.300, 0.000, 0, 'a:0:{}'),
(31, 25, 4, '2015-07-29', '2015-07-29', 1, '2015-07-28 00:03:08', '2015-11-21 13:15:06', NULL, 1, 1, 0, 0, NULL, NULL, NULL, 'a:1:{i:0;i:5;}', NULL, 'a:4:{i:0;s:4:"aaaa";i:1;s:8:"45427127";i:2;s:8:"25454212";i:3;s:7:"adresse";}', 0.500, 0.000, NULL, NULL, NULL, 0, NULL, 0.000, NULL, 37.900, 0.000, 0, 'a:0:{}'),
(32, 25, 2, '2015-07-29', '2015-07-29', 1, '2015-07-28 10:53:06', '2015-11-21 13:15:06', NULL, 1, 1, 0, 0, NULL, NULL, NULL, 'a:9:{i:0;i:5;i:1;i:6;i:2;i:7;i:3;i:9;i:4;i:10;i:5;i:11;i:6;i:12;i:7;i:13;i:8;i:14;}', NULL, 'a:4:{i:0;s:17:"Foulen ben foulen";i:1;s:10:"71 359 520";i:2;N;i:3;s:36:"Nabeul , rue foulen ben foulen  8000";}', 0.500, 0.000, NULL, NULL, NULL, 0, NULL, 0.000, NULL, 37.900, 0.000, 0, 'a:0:{}'),
(33, 25, 2, '2015-07-29', '2015-07-29', 1, '2015-07-28 10:57:29', '2015-11-21 13:15:06', NULL, 1, 1, 0, 0, NULL, NULL, NULL, 'a:9:{i:0;i:5;i:1;i:6;i:2;i:7;i:3;i:9;i:4;i:10;i:5;i:11;i:6;i:12;i:7;i:13;i:8;i:14;}', NULL, 'a:4:{i:0;s:17:"Foulen ben foulen";i:1;s:10:"71 359 520";i:2;N;i:3;s:36:"Nabeul , rue foulen ben foulen  8000";}', 0.500, 0.000, NULL, NULL, NULL, 0, NULL, 0.000, NULL, 37.900, 0.000, 0, 'a:0:{}'),
(34, 25, 2, '2015-07-29', '2015-07-29', 1, '2015-07-28 11:45:10', '2015-11-21 13:15:06', 4, 1, 1, 0, 0, NULL, NULL, NULL, 'a:8:{i:0;i:5;i:1;i:6;i:2;i:7;i:3;i:9;i:4;i:10;i:5;i:11;i:6;i:12;i:7;i:13;}', NULL, 'a:4:{i:0;s:17:"Foulen ben foulen";i:1;s:10:"71 359 520";i:2;N;i:3;s:36:"Nabeul , rue foulen ben foulen  8000";}', 0.500, 0.000, NULL, NULL, NULL, 0, NULL, 0.000, NULL, 37.900, 0.000, 0, 'a:0:{}'),
(35, 93, 2, '2015-07-30', '2015-08-01', 3, '2015-07-28 15:03:58', '2015-11-21 13:15:06', 4, 2, 0, 0, 0, NULL, '201500007', '2015-07-28 15:06:59', 'a:1:{i:0;i:11;}', NULL, 'a:4:{i:0;s:17:"Foulen ben foulen";i:1;s:10:"71 359 520";i:2;N;i:3;s:36:"Nabeul , rue foulen ben foulen  8000";}', 0.500, 0.000, NULL, NULL, NULL, 0, NULL, 0.000, NULL, 479.300, 0.000, 0, 'a:0:{}'),
(36, 92, 4, '2015-07-30', '2015-08-01', 3, '2015-07-29 14:08:17', '2015-11-21 13:15:06', 4, 1, 1, 0, 0, NULL, NULL, NULL, 'a:0:{}', NULL, 'a:4:{i:0;s:17:"Mr. Mouadh Azzouz";i:1;s:8:"22047758";i:2;N;i:3;s:7:"Adresse";}', 0.500, 0.000, NULL, NULL, NULL, 0, NULL, 0.000, NULL, 126.500, 0.000, 0, 'a:0:{}'),
(37, 15, 2, '2015-08-01', '2015-08-03', 3, '2015-08-01 14:25:18', '2015-11-21 13:15:06', 4, 2, 0, 1, 0, NULL, '201500008', '2015-08-01 14:31:59', 'a:0:{}', NULL, 'a:4:{i:0;s:17:"Foulen ben foulen";i:1;s:10:"71 359 520";i:2;N;i:3;s:36:"Nabeul , rue foulen ben foulen  8000";}', 0.500, 0.000, NULL, NULL, NULL, 0, NULL, 0.000, NULL, 127.250, 0.000, 0, 'a:0:{}'),
(38, 46, 2, '2015-08-02', '2015-08-02', 1, '2015-08-01 14:33:52', '2015-11-21 13:15:06', NULL, 1, 1, 0, 0, NULL, NULL, NULL, 'a:1:{i:0;i:5;}', NULL, 'a:4:{i:0;s:17:"Foulen ben foulen";i:1;s:10:"71 359 520";i:2;N;i:3;s:36:"Nabeul , rue foulen ben foulen  8000";}', 0.500, 0.000, NULL, NULL, NULL, 0, NULL, 0.000, NULL, 34.500, 0.000, 0, 'a:0:{}'),
(39, 25, 2, '2015-08-02', '2015-08-02', 1, '2015-08-01 16:13:46', '2015-11-21 13:15:06', NULL, 1, 1, 0, 0, NULL, NULL, NULL, 'a:0:{}', NULL, 'a:4:{i:0;s:17:"Foulen ben foulen";i:1;s:10:"71 359 520";i:2;N;i:3;s:36:"Nabeul , rue foulen ben foulen  8000";}', 0.500, 0.000, NULL, NULL, NULL, 0, NULL, 0.000, NULL, 37.900, 0.000, 0, 'a:0:{}'),
(40, 25, 2, '2015-08-04', '2015-08-04', 1, '2015-08-03 09:31:56', '2015-11-21 13:15:06', NULL, 1, 1, 0, 0, NULL, NULL, NULL, 'a:0:{}', NULL, 'a:4:{i:0;s:17:"Foulen ben foulen";i:1;s:10:"71 359 520";i:2;N;i:3;s:36:"Nabeul , rue foulen ben foulen  8000";}', 0.500, 0.000, NULL, NULL, NULL, 0, NULL, 0.000, NULL, 37.900, 0.000, 0, 'a:0:{}'),
(41, 244, 2, '2015-08-25', '2015-08-25', 1, '2015-08-24 13:44:24', '2015-11-21 13:15:06', 4, 2, 0, 0, 0, NULL, '201500009', '2015-08-24 13:45:53', 'a:0:{}', 'Si possible chambres cote à cote', 'a:4:{i:0;s:17:"Foulen ben foulen";i:1;s:10:"71 359 520";i:2;N;i:3;s:36:"Nabeul , rue foulen ben foulen  8000";}', 0.500, 0.000, NULL, NULL, NULL, 0, NULL, 0.000, NULL, 251.500, 0.000, 0, 'a:0:{}'),
(42, 151, 2, '2015-08-31', '2015-09-06', 7, '2015-08-24 14:08:34', '2015-11-21 13:15:06', 4, 2, 0, 0, 1, NULL, '201500010', '2015-08-24 14:09:05', 'a:2:{i:0;i:7;i:1;i:11;}', 'CLIENTS VIP  DE L''AGENCE', 'a:4:{i:0;s:17:"Foulen ben foulen";i:1;s:10:"71 359 520";i:2;N;i:3;s:36:"Nabeul , rue foulen ben foulen  8000";}', 0.500, 0.000, NULL, NULL, NULL, 0, NULL, 0.000, NULL, 0.500, 0.000, 0, 'a:0:{}'),
(43, 15, 2, '2015-08-26', '2015-08-31', 6, '2015-08-26 09:49:58', '2015-11-21 13:15:06', 4, 2, 0, 0, 0, NULL, '201500011', '2015-08-26 09:51:32', 'a:0:{}', NULL, 'a:4:{i:0;s:17:"Foulen ben foulen";i:1;s:10:"71 359 520";i:2;N;i:3;s:36:"Nabeul , rue foulen ben foulen  8000";}', 0.500, 0.000, NULL, NULL, NULL, 0, NULL, 0.000, NULL, 390.500, 0.000, 0, 'a:0:{}'),
(44, 15, 2, '2015-09-01', '2015-09-01', 1, '2015-09-01 14:03:28', '2015-11-21 13:15:06', 4, 2, 0, 0, 0, NULL, '201500012', '2015-09-01 14:05:49', 'a:0:{}', NULL, 'a:4:{i:0;s:17:"Foulen ben foulen";i:1;s:10:"71 359 520";i:2;N;i:3;s:36:"Nabeul , rue foulen ben foulen  8000";}', 0.500, 0.000, NULL, NULL, NULL, 0, NULL, 0.000, NULL, 94.750, 0.000, 0, 'a:0:{}'),
(45, 40, 4, '2015-09-03', '2015-09-07', 5, '2015-09-02 09:24:29', '2015-11-21 13:15:06', 4, 2, 1, 1, 0, NULL, '201500013', '2015-09-02 09:40:29', 'a:2:{i:0;i:5;i:1;i:11;}', NULL, 'a:4:{i:0;s:11:"Maacha Arbi";i:1;s:10:"52 557 390";i:2;s:10:"52 557 391";i:3;s:5:"Tunis";}', 0.500, 0.000, NULL, NULL, NULL, 0, NULL, 0.000, NULL, 419.750, 0.000, 0, 'a:0:{}'),
(46, 46, 1, '2015-09-12', '2015-09-16', 5, '2015-09-02 10:19:25', '2015-11-21 13:15:06', 4, 2, 0, 0, 0, NULL, '201500018', '2015-09-04 13:26:52', 'a:0:{}', NULL, 'a:4:{i:0;s:12:"Zied Kharraz";i:1;s:10:"53 980 209";i:2;N;i:3;s:18:"Tunis centre ville";}', 0.500, 0.000, NULL, NULL, NULL, 0, NULL, 0.000, NULL, 325.440, 0.000, 0, 'a:0:{}'),
(47, 40, 4, '2015-09-03', '2015-09-07', 5, '2015-09-02 12:34:06', '2015-11-21 13:15:06', 4, 2, 1, 1, 0, NULL, '201500014', '2015-09-02 12:45:42', 'a:2:{i:0;i:5;i:1;i:11;}', NULL, 'a:4:{i:0;s:11:"Maacha Arbi";i:1;s:10:"52 557 390";i:2;s:10:"52 557 390";i:3;s:7:"adresse";}', 0.500, 0.000, NULL, NULL, NULL, 0, NULL, 0.000, NULL, 180.500, 0.000, 0, 'a:0:{}'),
(48, 40, 4, '2015-09-03', '2015-09-07', 5, '2015-09-02 16:27:18', '2015-11-21 13:15:06', 4, 2, 1, 1, 0, NULL, '201500015', '2015-09-02 16:36:36', 'a:2:{i:0;i:5;i:1;i:10;}', NULL, 'a:4:{i:0;s:11:"Maacha Arbi";i:1;s:10:"52 557 390";i:2;s:10:"52 557 391";i:3;s:7:"adresse";}', 0.500, 0.000, NULL, NULL, NULL, 0, NULL, 0.000, NULL, 293.000, 0.000, 0, 'a:0:{}'),
(49, 40, 4, '2015-09-19', '2015-09-23', 5, '2015-09-02 19:39:50', '2015-11-21 13:15:06', 4, 2, 0, 1, 0, NULL, '201500016', '2015-09-02 19:45:18', 'a:3:{i:0;i:5;i:1;i:11;i:2;i:12;}', NULL, 'a:4:{i:0;s:8:"Passager";i:1;s:6:"No Tel";i:2;s:6:"No tel";i:3;s:10:"No Address";}', 0.500, 0.000, NULL, NULL, NULL, 0, NULL, 0.000, NULL, 173.000, 0.000, 0, 'a:0:{}'),
(50, 40, 4, '2015-09-05', '2015-09-09', 5, '2015-09-04 12:41:20', '2015-11-21 13:15:06', 4, 2, 1, 1, 0, NULL, '201500017', '2015-09-04 12:52:14', 'a:2:{i:0;i:10;i:1;i:11;}', NULL, 'a:4:{i:0;s:11:"maacha arbi";i:1;s:10:"52 557 390";i:2;N;i:3;s:7:"adresse";}', 0.500, 0.000, NULL, NULL, NULL, 0, NULL, 0.000, NULL, 333.500, 0.000, 0, 'a:0:{}'),
(51, 258, 4, '2015-09-06', '2015-09-06', 1, '2015-09-05 18:40:17', '2015-11-21 13:15:06', 4, 1, 1, 1, 0, NULL, NULL, NULL, 'a:1:{i:0;i:5;}', NULL, 'a:4:{i:0;s:12:"Maâcha Arbi";i:1;s:10:"52 557 390";i:2;s:10:"52 557 390";i:3;s:7:"adresse";}', 0.500, 0.000, NULL, NULL, NULL, 0, NULL, 0.000, NULL, 0.500, 0.000, 0, 'a:0:{}'),
(52, 258, 1, '2015-09-06', '2015-09-08', 3, '2015-09-05 18:51:40', '2015-11-21 13:15:06', 4, 9, 0, 1, 0, '', NULL, NULL, 'a:0:{}', NULL, 'a:4:{i:0;s:12:"Zied Kharraz";i:1;s:10:"53 980 209";i:2;N;i:3;s:18:"Tunis centre ville";}', 0.500, 0.000, NULL, NULL, NULL, 0, NULL, 0.000, NULL, 0.500, 0.000, 0, 'a:0:{}'),
(53, 25, 5, '2015-09-08', '2015-09-08', 1, '2015-09-07 20:03:44', '2015-11-21 13:15:06', 4, 1, 1, 0, 0, NULL, NULL, NULL, 'a:3:{i:0;i:11;i:1;i:12;i:2;i:14;}', NULL, 'a:4:{i:0;s:14:"Fradj fadhloun";i:1;s:10:"53 980 209";i:2;N;i:3;s:14:"Tunis carthafe";}', 0.500, 0.000, NULL, NULL, NULL, 0, NULL, 0.000, NULL, 105.900, 0.000, 0, 'a:0:{}'),
(54, 25, 2, '2015-10-03', '2015-10-03', 1, '2015-10-02 15:20:47', '2015-11-21 13:15:06', NULL, 1, 1, 0, 0, NULL, NULL, NULL, 'a:1:{i:0;i:12;}', NULL, 'a:4:{i:0;s:17:"Foulen ben foulen";i:1;s:10:"71 359 520";i:2;N;i:3;s:36:"Nabeul , rue foulen ben foulen  8000";}', 0.500, 0.000, NULL, NULL, NULL, 0, NULL, 0.000, NULL, 31.900, 0.000, 0, 'a:0:{}'),
(55, 25, 2, '2015-10-03', '2015-10-03', 1, '2015-10-02 16:35:58', '2015-11-21 13:15:06', NULL, 1, 1, 0, 0, NULL, NULL, NULL, 'a:0:{}', NULL, 'a:4:{i:0;s:17:"Foulen ben foulen";i:1;s:10:"71 359 520";i:2;N;i:3;s:36:"Nabeul , rue foulen ben foulen  8000";}', 0.500, 0.000, NULL, NULL, NULL, 0, NULL, 0.000, NULL, 31.900, 0.000, 0, 'a:0:{}'),
(56, 116, 6, '2015-12-11', '2015-12-11', 1, '2015-10-18 01:20:43', '2015-11-21 13:15:06', 4, 1, 0, 0, 0, NULL, NULL, NULL, 'a:0:{}', NULL, 'a:4:{i:0;s:12:"Maâcha Arbi";i:1;s:10:"52 557 390";i:2;N;i:3;s:8:"Mannouba";}', 0.500, 0.000, NULL, NULL, NULL, 1, NULL, 0.000, NULL, 11.300, 0.000, 0, 'a:0:{}'),
(57, 300, 4, '2015-11-08', '2015-11-12', 5, '2015-11-03 05:29:09', '2015-11-21 13:15:06', 4, 2, 1, 0, 0, NULL, '201500018', '2015-11-03 05:44:20', 'a:0:{}', NULL, 'a:4:{i:0;s:2:"nn";i:1;s:2:"nn";i:2;s:9:"nn@nn.com";i:3;s:2:"nn";}', 0.500, 0.000, NULL, NULL, NULL, 1, NULL, 0.000, NULL, 105.500, 0.000, 0, 'a:0:{}'),
(58, 300, 8, '2015-11-06', '2015-11-06', 1, '2015-11-05 16:38:28', '2015-11-21 13:15:06', 4, 1, 1, 0, 0, NULL, NULL, NULL, 'a:0:{}', NULL, 'a:4:{i:0;s:21:"Maâcha Arbi passager";i:1;s:10:"52 557 390";i:2;N;i:3;N;}', 0.500, 0.000, NULL, NULL, NULL, 1, NULL, 0.000, NULL, 20.500, 0.000, 0, 'a:0:{}'),
(59, 250, 4, '2016-01-14', '2016-01-14', 1, '2016-01-13 14:19:30', '2016-01-13 14:21:15', 4, 1, 1, 0, 0, NULL, NULL, NULL, 'a:1:{i:0;i:5;}', NULL, 'a:4:{i:0;s:6:"bochra";i:1;s:8:"21209929";i:2;s:17:"bochra@jektis.com";i:3;s:5:"bardo";}', 0.500, 0.000, NULL, NULL, NULL, 1, NULL, 0.000, NULL, NULL, 0.000, 0, 'a:12:{s:9:"nomPrenom";s:6:"bochra";s:3:"tel";s:8:"21209929";s:4:"tel2";N;s:3:"fax";N;s:5:"email";s:17:"bochra@jektis.com";s:7:"adresse";s:5:"bardo";s:10:"codeDouane";N;s:10:"codePostal";N;s:11:"commentaire";N;s:5:"ville";N;s:17:"registreCommercie";N;s:16:"matriculeFiscale";N;}');

-- --------------------------------------------------------

--
-- Structure de la table `ost_sht_reservation_chambre`
--

CREATE TABLE IF NOT EXISTS `ost_sht_reservation_chambre` (
  `id` int(11) NOT NULL AUTO_INCREMENT,
  `chambre_id` int(11) DEFAULT NULL,
  `arrangement_id` int(11) DEFAULT NULL,
  `reservation_id` int(11) DEFAULT NULL,
  `occupants` longtext COLLATE utf8_unicode_ci NOT NULL COMMENT '(DC2Type:array)',
  `noms` longtext COLLATE utf8_unicode_ci NOT NULL COMMENT '(DC2Type:array)',
  `supplements` longtext COLLATE utf8_unicode_ci NOT NULL COMMENT '(DC2Type:array)',
  `reductions` longtext COLLATE utf8_unicode_ci NOT NULL COMMENT '(DC2Type:array)',
  `vues` longtext COLLATE utf8_unicode_ci NOT NULL COMMENT '(DC2Type:array)',
  PRIMARY KEY (`id`),
  KEY `IDX_754DC6479B177F54` (`chambre_id`),
  KEY `IDX_754DC647B83297E7` (`reservation_id`),
  KEY `IDX_754DC647C5CAAFBC` (`arrangement_id`)
) ENGINE=InnoDB  DEFAULT CHARSET=utf8 COLLATE=utf8_unicode_ci AUTO_INCREMENT=79 ;

--
-- Contenu de la table `ost_sht_reservation_chambre`
--

INSERT INTO `ost_sht_reservation_chambre` (`id`, `chambre_id`, `arrangement_id`, `reservation_id`, `occupants`, `noms`, `supplements`, `reductions`, `vues`) VALUES
(26, 6, 7, 17, 'a:1:{i:0;s:1:"2";}', 'a:2:{i:0;s:12:"CHOKRI KARAA";i:1;s:12:"KARIMA KARAA";}', 'a:0:{}', 'a:0:{}', 'a:0:{}'),
(27, 6, 7, 17, 'a:1:{i:0;s:1:"2";}', 'a:2:{i:0;s:12:"SOHEIL KARAA";i:1;s:13:"YASMINE KARAA";}', 'a:0:{}', 'a:0:{}', 'a:0:{}'),
(28, 6, 7, 18, 'a:1:{i:0;s:1:"2";}', 'a:2:{i:0;s:11:"Slim cherif";i:1;s:12:"Yossra cherf";}', 'a:0:{}', 'a:0:{}', 'a:0:{}'),
(29, 6, 7, 18, 'a:1:{i:0;s:1:"2";}', 'a:2:{i:0;s:14:"Nermine cherif";i:1;s:12:"Yosra cherif";}', 'a:0:{}', 'a:0:{}', 'a:1:{i:0;i:2;}'),
(30, 6, 5, 19, 'a:1:{i:0;s:1:"2";}', 'a:2:{i:0;s:12:"AZOUZ MOUADH";i:1;s:14:"KHADIJA BELLIL";}', 'a:0:{}', 'a:0:{}', 'a:0:{}'),
(31, 6, 7, 20, 'a:1:{i:0;s:1:"2";}', 'a:2:{i:0;s:11:"SLIM CHERIF";i:1;s:12:"YOSRA CHERIF";}', 'a:0:{}', 'a:0:{}', 'a:0:{}'),
(32, 6, 7, 20, 'a:1:{i:0;s:1:"2";}', 'a:2:{i:0;s:12:"YOSRA CHERIF";i:1;s:14:"NERMINE CHERIF";}', 'a:0:{}', 'a:0:{}', 'a:0:{}'),
(33, 5, 7, 21, 'a:1:{i:0;s:1:"1";}', 'a:1:{i:0;s:20:"Mahmoud Faouzi HAMED";}', 'a:0:{}', 'a:0:{}', 'a:0:{}'),
(34, 5, 4, 22, 'a:1:{i:0;s:1:"1";}', 'a:1:{i:0;s:4:"cdsc";}', 'a:0:{}', 'a:0:{}', 'a:0:{}'),
(35, 7, 7, 23, 'a:2:{i:0;s:1:"2";i:1;s:2:"11";}', 'a:3:{i:0;s:10:"MOEZ SALHI";i:1;s:11:"KARIM SALHI";i:2;s:14:"MOLKA LANDOLSI";}', 'a:0:{}', 'a:0:{}', 'a:0:{}'),
(36, 5, 7, 24, 'a:1:{i:0;s:1:"1";}', 'a:1:{i:0;s:12:"Zied kharraz";}', 'a:0:{}', 'a:0:{}', 'a:0:{}'),
(37, 5, 4, 25, 'a:1:{i:0;s:1:"1";}', 'a:1:{i:0;s:5:"teste";}', 'a:0:{}', 'a:0:{}', 'a:0:{}'),
(38, 5, 4, 26, 'a:1:{i:0;s:1:"1";}', 'a:1:{i:0;s:5:"teste";}', 'a:0:{}', 'a:0:{}', 'a:0:{}'),
(39, 8, 7, 27, 'a:3:{i:0;s:1:"2";i:1;s:1:"3";i:2;s:2:"11";}', 'a:4:{i:0;s:16:"Mme AYADI LAMRIA";i:1;s:19:"AYADI MOHAMED AKREM";i:2;s:19:"AYADI MOHAMED HABIB";i:3;s:13:"AYADI ROUKAYA";}', 'a:0:{}', 'a:0:{}', 'a:0:{}'),
(40, 8, 7, 28, 'a:3:{i:0;s:1:"2";i:1;s:1:"3";i:2;s:2:"11";}', 'a:4:{i:0;s:16:"Mme AYADI LAMRIA";i:1;s:19:"AYADI MOHAMED AKREM";i:2;s:19:"AYADI MOHAMED HABIB";i:3;s:13:"AYADI ROUKAYA";}', 'a:0:{}', 'a:0:{}', 'a:0:{}'),
(41, 8, 7, 29, 'a:3:{i:0;s:1:"2";i:1;s:1:"3";i:2;s:2:"11";}', 'a:4:{i:0;s:16:"Mme AYADI LAMRIA";i:1;s:19:"AYADI MOHAMED AKREM";i:2;s:13:"AYADI ROUKAYA";i:3;s:19:"AYADI MOHAMED HABIB";}', 'a:0:{}', 'a:0:{}', 'a:0:{}'),
(42, 6, 4, 30, 'a:1:{i:0;s:1:"2";}', 'a:2:{i:0;s:12:"AZOUZ MOUADH";i:1;s:14:"KHADIJA BELLIL";}', 'a:0:{}', 'a:0:{}', 'a:1:{i:0;i:2;}'),
(43, 5, 4, 31, 'a:1:{i:0;s:1:"1";}', 'a:1:{i:0;s:15:"ahmed ben salah";}', 'a:0:{}', 'a:0:{}', 'a:0:{}'),
(44, 5, 4, 32, 'a:1:{i:0;s:1:"1";}', 'a:1:{i:0;s:5:"ahmed";}', 'a:0:{}', 'a:0:{}', 'a:0:{}'),
(45, 5, 4, 33, 'a:1:{i:0;s:1:"1";}', 'a:1:{i:0;s:5:"nom 1";}', 'a:0:{}', 'a:0:{}', 'a:0:{}'),
(46, 5, 4, 34, 'a:1:{i:0;s:1:"1";}', 'a:1:{i:0;s:12:"Zied kharraz";}', 'a:0:{}', 'a:0:{}', 'a:0:{}'),
(47, 6, 7, 35, 'a:1:{i:0;s:1:"2";}', 'a:2:{i:0;s:17:"MOHAMED ALI DRIDI";i:1;s:10:"RANA DRIDI";}', 'a:0:{}', 'a:0:{}', 'a:0:{}'),
(48, 7, 7, 35, 'a:1:{i:0;s:1:"3";}', 'a:3:{i:0;s:11:"NOHLA AHMED";i:1;s:14:"DOGGHARI AMINE";i:2;s:14:"MARIEM DAGHARI";}', 'a:0:{}', 'a:0:{}', 'a:0:{}'),
(49, 6, 7, 36, 'a:1:{i:0;s:1:"2";}', 'a:2:{i:0;s:16:"Mme AYADI LAMRIA";i:1;s:19:"AYADI MOHAMED AKREM";}', 'a:0:{}', 'a:0:{}', 'a:0:{}'),
(50, 6, 7, 36, 'a:2:{i:0;s:1:"1";i:1;s:1:"3";}', 'a:2:{i:0;s:12:"SOHEIL KARAA";i:1;s:8:"Enfant 1";}', 'a:0:{}', 'a:0:{}', 'a:1:{i:0;i:2;}'),
(51, 5, 7, 37, 'a:1:{i:0;s:1:"1";}', 'a:1:{i:0;s:11:"AYADI HATEM";}', 'a:0:{}', 'a:0:{}', 'a:0:{}'),
(52, 5, 4, 38, 'a:1:{i:0;s:1:"1";}', 'a:1:{i:0;s:3:"ali";}', 'a:0:{}', 'a:0:{}', 'a:0:{}'),
(53, 5, 4, 39, 'a:1:{i:0;s:1:"1";}', 'a:1:{i:0;s:3:"aaa";}', 'a:0:{}', 'a:0:{}', 'a:0:{}'),
(54, 5, 4, 40, 'a:1:{i:0;s:1:"1";}', 'a:1:{i:0;s:24:"ahmed test please ignore";}', 'a:0:{}', 'a:0:{}', 'a:0:{}'),
(55, 88, 4, 41, 'a:1:{i:0;s:1:"2";}', 'a:2:{i:0;s:11:"DADAA HAYET";i:1;s:14:"OUANANI SYRINE";}', 'a:0:{}', 'a:0:{}', 'a:0:{}'),
(56, 88, 4, 41, 'a:1:{i:0;s:1:"2";}', 'a:2:{i:0;s:13:"DADAA RAOUDHA";i:1;s:11:"DADAA SARRA";}', 'a:0:{}', 'a:0:{}', 'a:0:{}'),
(57, 6, 7, 42, 'a:1:{i:0;s:1:"2";}', 'a:2:{i:0;s:13:"GUENEZ BADISS";i:1;s:13:"KHARCHI SINAM";}', 'a:0:{}', 'a:0:{}', 'a:0:{}'),
(58, 8, 7, 42, 'a:3:{i:0;s:1:"2";i:1;s:1:"3";i:2;s:1:"7";}', 'a:4:{i:0;s:15:"KHENNICHE AMINE";i:1;s:15:"KHARCHI SABRINA";i:2;s:12:"ABDERRAHMANE";i:3;s:4:"LYNA";}', 'a:0:{}', 'a:0:{}', 'a:0:{}'),
(59, 6, 7, 43, 'a:1:{i:0;s:1:"2";}', 'a:2:{i:0;s:12:"FERIEL AZOUZ";i:1;s:10:"AZIZ MEJRI";}', 'a:0:{}', 'a:0:{}', 'a:0:{}'),
(60, 7, 7, 44, 'a:1:{i:0;s:1:"3";}', 'a:3:{i:0;s:12:"FERIEL AZOUZ";i:1;s:12:"KAMILA AZOUZ";i:2;s:10:"AZIZ MEJRI";}', 'a:0:{}', 'a:0:{}', 'a:0:{}'),
(61, 6, 5, 45, 'a:2:{i:0;s:1:"1";i:1;s:2:"10";}', 'a:2:{i:0;s:8:"Adulte 1";i:1;s:8:"Enfant 1";}', 'a:0:{}', 'a:0:{}', 'a:0:{}'),
(62, 7, 5, 45, 'a:2:{i:0;s:1:"2";i:1;s:1:"4";}', 'a:3:{i:0;s:8:"Adulte 2";i:1;s:8:"Adulte 3";i:2;s:8:"Enfant 2";}', 'a:0:{}', 'a:0:{}', 'a:0:{}'),
(63, 7, 5, 46, 'a:1:{i:0;s:1:"3";}', 'a:3:{i:0;s:8:"Adulte 1";i:1;s:8:"Adulte 2";i:2;s:7:"Adultye";}', 'a:0:{}', 'a:0:{}', 'a:1:{i:0;i:2;}'),
(64, 6, 4, 47, 'a:1:{i:0;s:1:"2";}', 'a:2:{i:0;s:8:"Adulte 1";i:1;s:8:"Adulte 2";}', 'a:0:{}', 'a:0:{}', 'a:0:{}'),
(65, 7, 5, 48, 'a:2:{i:0;s:1:"2";i:1;s:1:"1";}', 'a:3:{i:0;s:8:"Adulte 1";i:1;s:8:"Adulte 2";i:2;s:8:"Enfant 1";}', 'a:0:{}', 'a:0:{}', 'a:0:{}'),
(66, 6, 6, 49, 'a:1:{i:0;s:1:"2";}', 'a:2:{i:0;s:12:"Nom adulte 1";i:1;s:12:"Nom adulte 2";}', 'a:0:{}', 'a:0:{}', 'a:0:{}'),
(67, 5, 5, 50, 'a:1:{i:0;s:1:"1";}', 'a:1:{i:0;s:8:"adulte 1";}', 'a:0:{}', 'a:0:{}', 'a:0:{}'),
(68, 6, 5, 50, 'a:2:{i:0;s:1:"1";i:1;s:2:"10";}', 'a:2:{i:0;s:8:"adulte 2";i:1;s:8:"enfant 1";}', 'a:0:{}', 'a:0:{}', 'a:0:{}'),
(69, 156, 3, 51, 'a:3:{i:0;s:1:"2";i:1;s:1:"1";i:2;s:1:"1";}', 'a:4:{i:0;s:11:"Nom Adulte1";i:1;s:11:"Nom Adulte2";i:2;s:11:"Nom Adulte3";i:3;s:11:"Nom Adulte4";}', 'a:0:{}', 'a:0:{}', 'a:0:{}'),
(70, 156, 6, 52, 'a:1:{i:0;s:1:"2";}', 'a:2:{i:0;s:4:"Zied";i:1;s:6:"Zied 2";}', 'a:0:{}', 'a:0:{}', 'a:0:{}'),
(71, 6, 6, 53, 'a:1:{i:0;s:1:"2";}', 'a:2:{i:0;s:12:"Zied kharraz";i:1;s:14:"Fradj fadhloun";}', 'a:0:{}', 'a:0:{}', 'a:0:{}'),
(72, 5, 4, 54, 'a:1:{i:0;s:1:"1";}', 'a:1:{i:0;s:12:"Zied kharraz";}', 'a:0:{}', 'a:0:{}', 'a:0:{}'),
(73, 5, 4, 55, 'a:1:{i:0;s:1:"1";}', 'a:1:{i:0;s:12:"Zied kharraz";}', 'a:0:{}', 'a:0:{}', 'a:0:{}'),
(74, 5, 5, 53, 'a:1:{i:0;s:1:"1";}', 'a:1:{i:0;s:4:"Arbi";}', 'a:0:{}', 'a:0:{}', 'a:0:{}'),
(75, 5, 4, 56, 'a:1:{i:0;s:1:"1";}', 'a:1:{i:0;s:11:"Nom Adulte1";}', 'a:0:{}', 'a:0:{}', 'a:0:{}'),
(76, 5, 16, 57, 'a:1:{i:0;s:1:"1";}', 'a:1:{i:0;s:2:"nn";}', 'a:0:{}', 'a:0:{}', 'a:1:{i:0;i:2;}'),
(77, 6, 4, 58, 'a:1:{i:0;s:1:"2";}', 'a:2:{i:0;s:4:"Arbi";i:1;s:4:"Asma";}', 'a:0:{}', 'a:0:{}', 'a:1:{i:0;i:2;}'),
(78, 6, 4, 59, 'a:2:{i:0;s:1:"1";i:1;s:1:"8";}', 'a:2:{i:0;s:1:"1";i:1;s:1:"1";}', 'a:0:{}', 'a:0:{}', 'a:0:{}');

-- --------------------------------------------------------

--
-- Structure de la table `ost_sht_reservation_chambre_jour`
--

CREATE TABLE IF NOT EXISTS `ost_sht_reservation_chambre_jour` (
  `id` int(11) NOT NULL AUTO_INCREMENT,
  `chambre_id` int(11) DEFAULT NULL,
  `jour` date NOT NULL,
  `saisonCalcule_id` int(11) DEFAULT NULL,
  `saisonContingent_id` int(11) DEFAULT NULL,
  PRIMARY KEY (`id`),
  KEY `IDX_14CD0F7DD5B2B34` (`saisonCalcule_id`),
  KEY `IDX_14CD0F7D6353055F` (`saisonContingent_id`),
  KEY `IDX_14CD0F7D9B177F54` (`chambre_id`)
) ENGINE=InnoDB  DEFAULT CHARSET=utf8 COLLATE=utf8_unicode_ci AUTO_INCREMENT=10 ;

--
-- Contenu de la table `ost_sht_reservation_chambre_jour`
--

INSERT INTO `ost_sht_reservation_chambre_jour` (`id`, `chambre_id`, `jour`, `saisonCalcule_id`, `saisonContingent_id`) VALUES
(1, 74, '2015-09-08', 1873, 1873),
(2, 75, '2015-12-11', 2336, NULL),
(3, 76, '2015-11-08', 2413, NULL),
(4, 76, '2015-11-09', 2413, NULL),
(5, 76, '2015-11-10', 2413, NULL),
(6, 76, '2015-11-11', 2413, NULL),
(7, 76, '2015-11-12', 2413, NULL),
(8, 77, '2015-11-06', 2413, NULL),
(9, 78, '2016-01-14', 2442, NULL);

-- --------------------------------------------------------

--
-- Structure de la table `ost_sht_reservation_jour`
--

CREATE TABLE IF NOT EXISTS `ost_sht_reservation_jour` (
  `id` int(11) NOT NULL AUTO_INCREMENT,
  `saison_id` int(11) DEFAULT NULL,
  `personne_id` int(11) DEFAULT NULL,
  `jour` date NOT NULL,
  PRIMARY KEY (`id`),
  KEY `IDX_C0779528F965414C` (`saison_id`),
  KEY `IDX_C0779528A21BD112` (`personne_id`)
) ENGINE=InnoDB  DEFAULT CHARSET=utf8 COLLATE=utf8_unicode_ci AUTO_INCREMENT=609 ;

--
-- Contenu de la table `ost_sht_reservation_jour`
--

INSERT INTO `ost_sht_reservation_jour` (`id`, `saison_id`, `personne_id`, `jour`) VALUES
(187, 2299, 52, '2015-07-20'),
(188, 2299, 52, '2015-07-21'),
(189, 2299, 52, '2015-07-22'),
(190, 2299, 52, '2015-07-23'),
(191, 2299, 52, '2015-07-24'),
(192, 2299, 52, '2015-07-25'),
(193, 2299, 53, '2015-07-20'),
(194, 2299, 53, '2015-07-21'),
(195, 2299, 53, '2015-07-22'),
(196, 2299, 53, '2015-07-23'),
(197, 2299, 53, '2015-07-24'),
(198, 2299, 53, '2015-07-25'),
(199, 2299, 54, '2015-07-20'),
(200, 2299, 54, '2015-07-21'),
(201, 2299, 54, '2015-07-22'),
(202, 2299, 54, '2015-07-23'),
(203, 2299, 54, '2015-07-24'),
(204, 2299, 54, '2015-07-25'),
(205, 2299, 55, '2015-07-20'),
(206, 2299, 55, '2015-07-21'),
(207, 2299, 55, '2015-07-22'),
(208, 2299, 55, '2015-07-23'),
(209, 2299, 55, '2015-07-24'),
(210, 2299, 55, '2015-07-25'),
(211, 2299, 56, '2015-07-30'),
(212, 2299, 56, '2015-07-31'),
(213, 2299, 56, '2015-08-01'),
(214, 2299, 56, '2015-08-02'),
(215, 2299, 56, '2015-08-03'),
(216, 2299, 57, '2015-07-30'),
(217, 2299, 57, '2015-07-31'),
(218, 2299, 57, '2015-08-01'),
(219, 2299, 57, '2015-08-02'),
(220, 2299, 57, '2015-08-03'),
(221, 2299, 58, '2015-07-30'),
(222, 2299, 58, '2015-07-31'),
(223, 2299, 58, '2015-08-01'),
(224, 2299, 58, '2015-08-02'),
(225, 2299, 58, '2015-08-03'),
(226, 2299, 59, '2015-07-30'),
(227, 2299, 59, '2015-07-31'),
(228, 2299, 59, '2015-08-01'),
(229, 2299, 59, '2015-08-02'),
(230, 2299, 59, '2015-08-03'),
(231, 1569, 60, '2015-07-17'),
(232, 1569, 60, '2015-07-18'),
(233, 1569, 61, '2015-07-17'),
(234, 1569, 61, '2015-07-18'),
(235, 2299, 62, '2015-07-24'),
(236, 2299, 62, '2015-07-25'),
(237, 2299, 62, '2015-07-26'),
(238, 2299, 62, '2015-07-27'),
(239, 2299, 62, '2015-07-28'),
(240, 2299, 63, '2015-07-24'),
(241, 2299, 63, '2015-07-25'),
(242, 2299, 63, '2015-07-26'),
(243, 2299, 63, '2015-07-27'),
(244, 2299, 63, '2015-07-28'),
(245, 2299, 64, '2015-07-24'),
(246, 2299, 64, '2015-07-25'),
(247, 2299, 64, '2015-07-26'),
(248, 2299, 64, '2015-07-27'),
(249, 2299, 64, '2015-07-28'),
(250, 2299, 65, '2015-07-24'),
(251, 2299, 65, '2015-07-25'),
(252, 2299, 65, '2015-07-26'),
(253, 2299, 65, '2015-07-27'),
(254, 2299, 65, '2015-07-28'),
(255, 2045, 66, '2015-07-23'),
(256, 2045, 66, '2015-07-24'),
(257, 2045, 66, '2015-07-25'),
(258, 1873, 67, '2015-07-22'),
(259, 1873, 67, '2015-07-23'),
(260, 2235, 68, '2015-07-24'),
(261, 2235, 68, '2015-07-25'),
(262, 2235, 68, '2015-07-26'),
(263, 2235, 69, '2015-07-24'),
(264, 2235, 69, '2015-07-25'),
(265, 2235, 69, '2015-07-26'),
(266, 2235, 70, '2015-07-24'),
(267, 2235, 70, '2015-07-25'),
(268, 2235, 70, '2015-07-26'),
(269, 2299, 71, '2015-07-23'),
(270, 2299, 71, '2015-07-24'),
(271, 1569, 72, '2015-07-24'),
(272, 1569, 72, '2015-07-25'),
(273, 1873, 73, '2015-07-24'),
(274, 2235, 74, '2015-07-27'),
(275, 2235, 74, '2015-07-28'),
(276, 2235, 74, '2015-07-29'),
(277, 2235, 74, '2015-07-30'),
(278, 2235, 74, '2015-07-31'),
(279, 2235, 74, '2015-08-01'),
(280, 2235, 74, '2015-08-02'),
(281, 2235, 74, '2015-08-03'),
(282, 2235, 74, '2015-08-04'),
(283, 2235, 74, '2015-08-05'),
(284, 2235, 75, '2015-07-27'),
(285, 2235, 75, '2015-07-28'),
(286, 2235, 75, '2015-07-29'),
(287, 2235, 75, '2015-07-30'),
(288, 2235, 75, '2015-07-31'),
(289, 2235, 75, '2015-08-01'),
(290, 2235, 75, '2015-08-02'),
(291, 2235, 75, '2015-08-03'),
(292, 2235, 75, '2015-08-04'),
(293, 2235, 75, '2015-08-05'),
(294, 2235, 76, '2015-07-27'),
(295, 2235, 76, '2015-07-28'),
(296, 2235, 76, '2015-07-29'),
(297, 2235, 76, '2015-07-30'),
(298, 2235, 76, '2015-07-31'),
(299, 2235, 76, '2015-08-01'),
(300, 2235, 76, '2015-08-02'),
(301, 2235, 76, '2015-08-03'),
(302, 2235, 76, '2015-08-04'),
(303, 2235, 76, '2015-08-05'),
(304, 2235, 77, '2015-07-27'),
(305, 2235, 77, '2015-07-28'),
(306, 2235, 77, '2015-07-29'),
(307, 2235, 77, '2015-07-30'),
(308, 2235, 77, '2015-07-31'),
(309, 2235, 77, '2015-08-01'),
(310, 2235, 77, '2015-08-02'),
(311, 2235, 77, '2015-08-03'),
(312, 2235, 77, '2015-08-04'),
(313, 2235, 77, '2015-08-05'),
(314, 2235, 78, '2015-07-27'),
(315, 2235, 78, '2015-07-28'),
(316, 2235, 78, '2015-07-29'),
(317, 2235, 78, '2015-07-30'),
(318, 2235, 78, '2015-07-31'),
(319, 2235, 78, '2015-08-01'),
(320, 2235, 78, '2015-08-02'),
(321, 2235, 78, '2015-08-03'),
(322, 2235, 78, '2015-08-04'),
(323, 2235, 78, '2015-08-05'),
(324, 2235, 79, '2015-07-27'),
(325, 2235, 79, '2015-07-28'),
(326, 2235, 79, '2015-07-29'),
(327, 2235, 79, '2015-07-30'),
(328, 2235, 79, '2015-07-31'),
(329, 2235, 79, '2015-08-01'),
(330, 2235, 79, '2015-08-02'),
(331, 2235, 79, '2015-08-03'),
(332, 2235, 79, '2015-08-04'),
(333, 2235, 79, '2015-08-05'),
(334, 2235, 80, '2015-07-27'),
(335, 2235, 80, '2015-07-28'),
(336, 2235, 80, '2015-07-29'),
(337, 2235, 80, '2015-07-30'),
(338, 2235, 80, '2015-07-31'),
(339, 2235, 80, '2015-08-01'),
(340, 2235, 80, '2015-08-02'),
(341, 2235, 80, '2015-08-03'),
(342, 2235, 80, '2015-08-04'),
(343, 2235, 80, '2015-08-05'),
(344, 2235, 81, '2015-07-27'),
(345, 2235, 81, '2015-07-28'),
(346, 2235, 81, '2015-07-29'),
(347, 2235, 81, '2015-07-30'),
(348, 2235, 81, '2015-07-31'),
(349, 2235, 81, '2015-08-01'),
(350, 2235, 81, '2015-08-02'),
(351, 2235, 81, '2015-08-03'),
(352, 2235, 81, '2015-08-04'),
(353, 2235, 81, '2015-08-05'),
(354, 2235, 82, '2015-07-27'),
(355, 2235, 82, '2015-07-28'),
(356, 2235, 82, '2015-07-29'),
(357, 2235, 82, '2015-07-30'),
(358, 2235, 82, '2015-07-31'),
(359, 2235, 82, '2015-08-01'),
(360, 2235, 82, '2015-08-02'),
(361, 2235, 82, '2015-08-03'),
(362, 2235, 82, '2015-08-04'),
(363, 2235, 82, '2015-08-05'),
(364, 2235, 83, '2015-07-27'),
(365, 2235, 83, '2015-07-28'),
(366, 2235, 83, '2015-07-29'),
(367, 2235, 83, '2015-07-30'),
(368, 2235, 83, '2015-07-31'),
(369, 2235, 83, '2015-08-01'),
(370, 2235, 83, '2015-08-02'),
(371, 2235, 83, '2015-08-03'),
(372, 2235, 83, '2015-08-04'),
(373, 2235, 83, '2015-08-05'),
(374, 2235, 84, '2015-07-27'),
(375, 2235, 84, '2015-07-28'),
(376, 2235, 84, '2015-07-29'),
(377, 2235, 84, '2015-07-30'),
(378, 2235, 84, '2015-07-31'),
(379, 2235, 84, '2015-08-01'),
(380, 2235, 84, '2015-08-02'),
(381, 2235, 84, '2015-08-03'),
(382, 2235, 84, '2015-08-04'),
(383, 2235, 84, '2015-08-05'),
(384, 2235, 85, '2015-07-27'),
(385, 2235, 85, '2015-07-28'),
(386, 2235, 85, '2015-07-29'),
(387, 2235, 85, '2015-07-30'),
(388, 2235, 85, '2015-07-31'),
(389, 2235, 85, '2015-08-01'),
(390, 2235, 85, '2015-08-02'),
(391, 2235, 85, '2015-08-03'),
(392, 2235, 85, '2015-08-04'),
(393, 2235, 85, '2015-08-05'),
(394, 1569, 86, '2015-07-25'),
(395, 1569, 87, '2015-07-25'),
(396, 1873, 88, '2015-07-29'),
(397, 1873, 89, '2015-07-29'),
(398, 1873, 90, '2015-07-29'),
(399, 1873, 91, '2015-07-29'),
(400, 2050, 92, '2015-07-30'),
(401, 2050, 92, '2015-07-31'),
(402, 2050, 92, '2015-08-01'),
(403, 2050, 93, '2015-07-30'),
(404, 2050, 93, '2015-07-31'),
(405, 2050, 93, '2015-08-01'),
(406, 2050, 94, '2015-07-30'),
(407, 2050, 94, '2015-07-31'),
(408, 2050, 94, '2015-08-01'),
(409, 2050, 95, '2015-07-30'),
(410, 2050, 95, '2015-07-31'),
(411, 2050, 95, '2015-08-01'),
(412, 2050, 96, '2015-07-30'),
(413, 2050, 96, '2015-07-31'),
(414, 2050, 96, '2015-08-01'),
(415, 2299, 97, '2015-07-30'),
(416, 2299, 97, '2015-07-31'),
(417, 2299, 97, '2015-08-01'),
(418, 2299, 98, '2015-07-30'),
(419, 2299, 98, '2015-07-31'),
(420, 2299, 98, '2015-08-01'),
(421, 2299, 99, '2015-07-30'),
(422, 2299, 99, '2015-07-31'),
(423, 2299, 99, '2015-08-01'),
(424, 2299, 100, '2015-07-30'),
(425, 2299, 100, '2015-07-31'),
(426, 2299, 100, '2015-08-01'),
(427, 2235, 101, '2015-08-01'),
(428, 2235, 101, '2015-08-02'),
(429, 2235, 101, '2015-08-03'),
(430, 1569, 102, '2015-08-02'),
(431, 1873, 103, '2015-08-02'),
(432, 1873, 104, '2015-08-04'),
(433, 1766, 105, '2015-08-25'),
(434, 1766, 106, '2015-08-25'),
(435, 1766, 107, '2015-08-25'),
(436, 1766, 108, '2015-08-25'),
(437, 119, 109, '2015-08-31'),
(438, 119, 109, '2015-09-01'),
(439, 119, 109, '2015-09-02'),
(440, 119, 109, '2015-09-03'),
(441, 119, 109, '2015-09-04'),
(442, 119, 109, '2015-09-05'),
(443, 119, 109, '2015-09-06'),
(444, 119, 110, '2015-08-31'),
(445, 119, 110, '2015-09-01'),
(446, 119, 110, '2015-09-02'),
(447, 119, 110, '2015-09-03'),
(448, 119, 110, '2015-09-04'),
(449, 119, 110, '2015-09-05'),
(450, 119, 110, '2015-09-06'),
(451, 119, 111, '2015-08-31'),
(452, 119, 111, '2015-09-01'),
(453, 119, 111, '2015-09-02'),
(454, 119, 111, '2015-09-03'),
(455, 119, 111, '2015-09-04'),
(456, 119, 111, '2015-09-05'),
(457, 119, 111, '2015-09-06'),
(458, 119, 112, '2015-08-31'),
(459, 119, 112, '2015-09-01'),
(460, 119, 112, '2015-09-02'),
(461, 119, 112, '2015-09-03'),
(462, 119, 112, '2015-09-04'),
(463, 119, 112, '2015-09-05'),
(464, 119, 112, '2015-09-06'),
(465, 119, 113, '2015-08-31'),
(466, 119, 113, '2015-09-01'),
(467, 119, 113, '2015-09-02'),
(468, 119, 113, '2015-09-03'),
(469, 119, 113, '2015-09-04'),
(470, 119, 113, '2015-09-05'),
(471, 119, 113, '2015-09-06'),
(472, 119, 114, '2015-08-31'),
(473, 119, 114, '2015-09-01'),
(474, 119, 114, '2015-09-02'),
(475, 119, 114, '2015-09-03'),
(476, 119, 114, '2015-09-04'),
(477, 119, 114, '2015-09-05'),
(478, 119, 114, '2015-09-06'),
(479, 2235, 115, '2015-08-26'),
(480, 2235, 115, '2015-08-27'),
(481, 2235, 115, '2015-08-28'),
(482, 2235, 115, '2015-08-29'),
(483, 2235, 115, '2015-08-30'),
(484, 2235, 115, '2015-08-31'),
(485, 2235, 116, '2015-08-26'),
(486, 2235, 116, '2015-08-27'),
(487, 2235, 116, '2015-08-28'),
(488, 2235, 116, '2015-08-29'),
(489, 2235, 116, '2015-08-30'),
(490, 2235, 116, '2015-08-31'),
(491, 2235, 117, '2015-09-01'),
(492, 2235, 118, '2015-09-01'),
(493, 2235, 119, '2015-09-01'),
(494, 1629, 120, '2015-09-03'),
(495, 1629, 120, '2015-09-04'),
(496, 1629, 120, '2015-09-05'),
(497, 1629, 120, '2015-09-06'),
(498, 1629, 120, '2015-09-07'),
(499, 1629, 121, '2015-09-03'),
(500, 1629, 121, '2015-09-04'),
(501, 1629, 121, '2015-09-05'),
(502, 1629, 121, '2015-09-06'),
(503, 1629, 121, '2015-09-07'),
(504, 1629, 122, '2015-09-03'),
(505, 1629, 122, '2015-09-04'),
(506, 1629, 122, '2015-09-05'),
(507, 1629, 122, '2015-09-06'),
(508, 1629, 122, '2015-09-07'),
(509, 1629, 123, '2015-09-03'),
(510, 1629, 123, '2015-09-04'),
(511, 1629, 123, '2015-09-05'),
(512, 1629, 123, '2015-09-06'),
(513, 1629, 123, '2015-09-07'),
(514, 1629, 124, '2015-09-03'),
(515, 1629, 124, '2015-09-04'),
(516, 1629, 124, '2015-09-05'),
(517, 1629, 124, '2015-09-06'),
(518, 1629, 124, '2015-09-07'),
(519, 1569, 125, '2015-09-12'),
(520, 1569, 125, '2015-09-13'),
(521, 1568, 125, '2015-09-14'),
(522, 1568, 125, '2015-09-15'),
(523, 1568, 125, '2015-09-16'),
(524, 1569, 126, '2015-09-12'),
(525, 1569, 126, '2015-09-13'),
(526, 1568, 126, '2015-09-14'),
(527, 1568, 126, '2015-09-15'),
(528, 1568, 126, '2015-09-16'),
(529, 1569, 127, '2015-09-12'),
(530, 1569, 127, '2015-09-13'),
(531, 1568, 127, '2015-09-14'),
(532, 1568, 127, '2015-09-15'),
(533, 1568, 127, '2015-09-16'),
(534, 1629, 128, '2015-09-03'),
(535, 1629, 128, '2015-09-04'),
(536, 1629, 128, '2015-09-05'),
(537, 1629, 128, '2015-09-06'),
(538, 1629, 128, '2015-09-07'),
(539, 1629, 129, '2015-09-03'),
(540, 1629, 129, '2015-09-04'),
(541, 1629, 129, '2015-09-05'),
(542, 1629, 129, '2015-09-06'),
(543, 1629, 129, '2015-09-07'),
(544, 1629, 130, '2015-09-03'),
(545, 1629, 130, '2015-09-04'),
(546, 1629, 130, '2015-09-05'),
(547, 1629, 130, '2015-09-06'),
(548, 1629, 130, '2015-09-07'),
(549, 1629, 131, '2015-09-03'),
(550, 1629, 131, '2015-09-04'),
(551, 1629, 131, '2015-09-05'),
(552, 1629, 131, '2015-09-06'),
(553, 1629, 131, '2015-09-07'),
(554, 1629, 132, '2015-09-03'),
(555, 1629, 132, '2015-09-04'),
(556, 1629, 132, '2015-09-05'),
(557, 1629, 132, '2015-09-06'),
(558, 1629, 132, '2015-09-07'),
(559, 1627, 133, '2015-09-19'),
(560, 1627, 133, '2015-09-20'),
(561, 1627, 133, '2015-09-21'),
(562, 1627, 133, '2015-09-22'),
(563, 1627, 133, '2015-09-23'),
(564, 1627, 134, '2015-09-19'),
(565, 1627, 134, '2015-09-20'),
(566, 1627, 134, '2015-09-21'),
(567, 1627, 134, '2015-09-22'),
(568, 1627, 134, '2015-09-23'),
(569, 1629, 135, '2015-09-05'),
(570, 1629, 135, '2015-09-06'),
(571, 1629, 135, '2015-09-07'),
(572, 1629, 135, '2015-09-08'),
(573, 1629, 135, '2015-09-09'),
(574, 1629, 136, '2015-09-05'),
(575, 1629, 136, '2015-09-06'),
(576, 1629, 136, '2015-09-07'),
(577, 1629, 136, '2015-09-08'),
(578, 1629, 136, '2015-09-09'),
(579, 1629, 137, '2015-09-05'),
(580, 1629, 137, '2015-09-06'),
(581, 1629, 137, '2015-09-07'),
(582, 1629, 137, '2015-09-08'),
(583, 1629, 137, '2015-09-09'),
(584, 2242, 138, '2015-09-06'),
(585, 2242, 139, '2015-09-06'),
(586, 2242, 140, '2015-09-06'),
(587, 2242, 141, '2015-09-06'),
(588, 2242, 142, '2015-09-06'),
(589, 2242, 142, '2015-09-07'),
(590, 2242, 142, '2015-09-08'),
(591, 2242, 143, '2015-09-06'),
(592, 2242, 143, '2015-09-07'),
(593, 2242, 143, '2015-09-08'),
(594, 1873, 144, '2015-09-08'),
(595, 1873, 145, '2015-09-08'),
(596, 1873, 146, '2015-10-03'),
(597, 1873, 147, '2015-10-03'),
(598, 1873, 148, '2015-09-08'),
(599, 2336, 149, '2015-12-11'),
(600, 2413, 150, '2015-11-08'),
(601, 2413, 150, '2015-11-09'),
(602, 2413, 150, '2015-11-10'),
(603, 2413, 150, '2015-11-11'),
(604, 2413, 150, '2015-11-12'),
(605, 2413, 151, '2015-11-06'),
(606, 2413, 152, '2015-11-06'),
(607, 2442, 153, '2016-01-14'),
(608, 2442, 154, '2016-01-14');

-- --------------------------------------------------------

--
-- Structure de la table `ost_sht_reservation_ligne`
--

CREATE TABLE IF NOT EXISTS `ost_sht_reservation_ligne` (
  `id` int(11) NOT NULL AUTO_INCREMENT,
  `supplement_id` int(11) DEFAULT NULL,
  `reduction_id` int(11) DEFAULT NULL,
  `jour_id` int(11) DEFAULT NULL,
  `code` varchar(255) COLLATE utf8_unicode_ci NOT NULL,
  `libelle` varchar(255) COLLATE utf8_unicode_ci NOT NULL,
  `achat` decimal(11,3) NOT NULL,
  `vente` decimal(11,3) NOT NULL,
  `achat_ancien` decimal(11,3) DEFAULT NULL,
  `vente_ancien` decimal(11,3) DEFAULT NULL,
  PRIMARY KEY (`id`),
  KEY `IDX_8951250A7793FA21` (`supplement_id`),
  KEY `IDX_8951250AC03CB092` (`reduction_id`),
  KEY `IDX_8951250A220C6AD0` (`jour_id`)
) ENGINE=InnoDB  DEFAULT CHARSET=utf8 COLLATE=utf8_unicode_ci AUTO_INCREMENT=1280 ;

--
-- Contenu de la table `ost_sht_reservation_ligne`
--

INSERT INTO `ost_sht_reservation_ligne` (`id`, `supplement_id`, `reduction_id`, `jour_id`, `code`, `libelle`, `achat`, `vente`, `achat_ancien`, `vente_ancien`) VALUES
(561, NULL, NULL, 187, 'PRIX-BASE', 'Prix de Base (All Inclusive, Chambre double)', 74.000, 88.800, NULL, NULL),
(562, NULL, NULL, 188, 'PRIX-BASE', 'Prix de Base (All Inclusive, Chambre double)', 74.000, 88.800, NULL, NULL),
(563, NULL, NULL, 189, 'PRIX-BASE', 'Prix de Base (All Inclusive, Chambre double)', 74.000, 88.800, NULL, NULL),
(564, NULL, NULL, 190, 'PRIX-BASE', 'Prix de Base (All Inclusive, Chambre double)', 74.000, 88.800, NULL, NULL),
(565, NULL, NULL, 191, 'PRIX-BASE', 'Prix de Base (All Inclusive, Chambre double)', 74.000, 88.800, NULL, NULL),
(566, NULL, NULL, 192, 'PRIX-BASE', 'Prix de Base (All Inclusive, Chambre double)', 74.000, 88.800, NULL, NULL),
(567, NULL, NULL, 193, 'PRIX-BASE', 'Prix de Base (All Inclusive, Chambre double)', 74.000, 88.800, NULL, NULL),
(568, NULL, NULL, 194, 'PRIX-BASE', 'Prix de Base (All Inclusive, Chambre double)', 74.000, 88.800, NULL, NULL),
(569, NULL, NULL, 195, 'PRIX-BASE', 'Prix de Base (All Inclusive, Chambre double)', 74.000, 88.800, NULL, NULL),
(570, NULL, NULL, 196, 'PRIX-BASE', 'Prix de Base (All Inclusive, Chambre double)', 74.000, 88.800, NULL, NULL),
(571, NULL, NULL, 197, 'PRIX-BASE', 'Prix de Base (All Inclusive, Chambre double)', 74.000, 88.800, NULL, NULL),
(572, NULL, NULL, 198, 'PRIX-BASE', 'Prix de Base (All Inclusive, Chambre double)', 74.000, 88.800, NULL, NULL),
(573, NULL, NULL, 199, 'PRIX-BASE', 'Prix de Base (All Inclusive, Chambre double)', 74.000, 88.800, NULL, NULL),
(574, NULL, NULL, 200, 'PRIX-BASE', 'Prix de Base (All Inclusive, Chambre double)', 74.000, 88.800, NULL, NULL),
(575, NULL, NULL, 201, 'PRIX-BASE', 'Prix de Base (All Inclusive, Chambre double)', 74.000, 88.800, NULL, NULL),
(576, NULL, NULL, 202, 'PRIX-BASE', 'Prix de Base (All Inclusive, Chambre double)', 74.000, 88.800, NULL, NULL),
(577, NULL, NULL, 203, 'PRIX-BASE', 'Prix de Base (All Inclusive, Chambre double)', 74.000, 88.800, NULL, NULL),
(578, NULL, NULL, 204, 'PRIX-BASE', 'Prix de Base (All Inclusive, Chambre double)', 74.000, 88.800, NULL, NULL),
(579, NULL, NULL, 205, 'PRIX-BASE', 'Prix de Base (All Inclusive, Chambre double)', 74.000, 88.800, NULL, NULL),
(580, NULL, NULL, 206, 'PRIX-BASE', 'Prix de Base (All Inclusive, Chambre double)', 74.000, 88.800, NULL, NULL),
(581, NULL, NULL, 207, 'PRIX-BASE', 'Prix de Base (All Inclusive, Chambre double)', 74.000, 88.800, NULL, NULL),
(582, NULL, NULL, 208, 'PRIX-BASE', 'Prix de Base (All Inclusive, Chambre double)', 74.000, 88.800, NULL, NULL),
(583, NULL, NULL, 209, 'PRIX-BASE', 'Prix de Base (All Inclusive, Chambre double)', 74.000, 88.800, NULL, NULL),
(584, NULL, NULL, 210, 'PRIX-BASE', 'Prix de Base (All Inclusive, Chambre double)', 74.000, 88.800, NULL, NULL),
(585, NULL, NULL, 211, 'PRIX-BASE', 'Prix de Base (All Inclusive, Chambre double)', 74.000, 84.000, NULL, NULL),
(586, NULL, NULL, 212, 'PRIX-BASE', 'Prix de Base (All Inclusive, Chambre double)', 74.000, 84.000, NULL, NULL),
(587, NULL, NULL, 213, 'PRIX-BASE', 'Prix de Base (All Inclusive, Chambre double)', 74.000, 84.000, NULL, NULL),
(588, NULL, NULL, 214, 'PRIX-BASE', 'Prix de Base (All Inclusive, Chambre double)', 74.000, 84.000, NULL, NULL),
(589, NULL, NULL, 215, 'PRIX-BASE', 'Prix de Base (All Inclusive, Chambre double)', 74.000, 84.000, NULL, NULL),
(590, NULL, NULL, 216, 'PRIX-BASE', 'Prix de Base (All Inclusive, Chambre double)', 74.000, 84.000, NULL, NULL),
(591, NULL, NULL, 217, 'PRIX-BASE', 'Prix de Base (All Inclusive, Chambre double)', 74.000, 84.000, NULL, NULL),
(592, NULL, NULL, 218, 'PRIX-BASE', 'Prix de Base (All Inclusive, Chambre double)', 74.000, 84.000, NULL, NULL),
(593, NULL, NULL, 219, 'PRIX-BASE', 'Prix de Base (All Inclusive, Chambre double)', 74.000, 84.000, NULL, NULL),
(594, NULL, NULL, 220, 'PRIX-BASE', 'Prix de Base (All Inclusive, Chambre double)', 74.000, 84.000, NULL, NULL),
(595, NULL, NULL, 221, 'PRIX-BASE', 'Prix de Base (All Inclusive, Chambre double)', 74.000, 84.000, NULL, NULL),
(596, NULL, NULL, 221, 'SUPP-VUE', 'Supp Vue mer', 6.000, 7.000, NULL, NULL),
(597, NULL, NULL, 222, 'PRIX-BASE', 'Prix de Base (All Inclusive, Chambre double)', 74.000, 84.000, NULL, NULL),
(598, NULL, NULL, 222, 'SUPP-VUE', 'Supp Vue mer', 6.000, 7.000, NULL, NULL),
(599, NULL, NULL, 223, 'PRIX-BASE', 'Prix de Base (All Inclusive, Chambre double)', 74.000, 84.000, NULL, NULL),
(600, NULL, NULL, 223, 'SUPP-VUE', 'Supp Vue mer', 6.000, 7.000, NULL, NULL),
(601, NULL, NULL, 224, 'PRIX-BASE', 'Prix de Base (All Inclusive, Chambre double)', 74.000, 84.000, NULL, NULL),
(602, NULL, NULL, 224, 'SUPP-VUE', 'Supp Vue mer', 6.000, 7.000, NULL, NULL),
(603, NULL, NULL, 225, 'PRIX-BASE', 'Prix de Base (All Inclusive, Chambre double)', 74.000, 84.000, NULL, NULL),
(604, NULL, NULL, 225, 'SUPP-VUE', 'Supp Vue mer', 6.000, 7.000, NULL, NULL),
(605, NULL, NULL, 226, 'PRIX-BASE', 'Prix de Base (All Inclusive, Chambre double)', 74.000, 84.000, NULL, NULL),
(606, NULL, NULL, 226, 'SUPP-VUE', 'Supp Vue mer', 6.000, 7.000, NULL, NULL),
(607, NULL, NULL, 227, 'PRIX-BASE', 'Prix de Base (All Inclusive, Chambre double)', 74.000, 84.000, NULL, NULL),
(608, NULL, NULL, 227, 'SUPP-VUE', 'Supp Vue mer', 6.000, 7.000, NULL, NULL),
(609, NULL, NULL, 228, 'PRIX-BASE', 'Prix de Base (All Inclusive, Chambre double)', 74.000, 84.000, NULL, NULL),
(610, NULL, NULL, 228, 'SUPP-VUE', 'Supp Vue mer', 6.000, 7.000, NULL, NULL),
(611, NULL, NULL, 229, 'PRIX-BASE', 'Prix de Base (All Inclusive, Chambre double)', 74.000, 84.000, NULL, NULL),
(612, NULL, NULL, 229, 'SUPP-VUE', 'Supp Vue mer', 6.000, 7.000, NULL, NULL),
(613, NULL, NULL, 230, 'PRIX-BASE', 'Prix de Base (All Inclusive, Chambre double)', 74.000, 84.000, NULL, NULL),
(614, NULL, NULL, 230, 'SUPP-VUE', 'Supp Vue mer', 6.000, 7.000, NULL, NULL),
(615, NULL, NULL, 231, 'PRIX-BASE', 'Prix de Base (Logement Petit Déjeuner, Chambre double)', 122.000, 146.400, NULL, NULL),
(616, NULL, NULL, 231, 'ARRANGEMENT', 'Arrangement Demi Pension', 32.000, 38.400, NULL, NULL),
(617, NULL, NULL, 232, 'PRIX-BASE', 'Prix de Base (Logement Petit Déjeuner, Chambre double)', 122.000, 146.400, NULL, NULL),
(618, NULL, NULL, 232, 'ARRANGEMENT', 'Arrangement Demi Pension', 32.000, 38.400, NULL, NULL),
(619, NULL, NULL, 233, 'PRIX-BASE', 'Prix de Base (Logement Petit Déjeuner, Chambre double)', 122.000, 146.400, NULL, NULL),
(620, NULL, NULL, 233, 'ARRANGEMENT', 'Arrangement Demi Pension', 32.000, 38.400, NULL, NULL),
(621, NULL, NULL, 234, 'PRIX-BASE', 'Prix de Base (Logement Petit Déjeuner, Chambre double)', 122.000, 146.400, NULL, NULL),
(622, NULL, NULL, 234, 'ARRANGEMENT', 'Arrangement Demi Pension', 32.000, 38.400, NULL, NULL),
(623, NULL, NULL, 235, 'PRIX-BASE', 'Prix de Base (All Inclusive, Chambre double)', 74.000, 84.000, NULL, NULL),
(624, NULL, NULL, 236, 'PRIX-BASE', 'Prix de Base (All Inclusive, Chambre double)', 74.000, 84.000, NULL, NULL),
(625, NULL, NULL, 237, 'PRIX-BASE', 'Prix de Base (All Inclusive, Chambre double)', 74.000, 84.000, NULL, NULL),
(626, NULL, NULL, 238, 'PRIX-BASE', 'Prix de Base (All Inclusive, Chambre double)', 74.000, 84.000, NULL, NULL),
(627, NULL, NULL, 239, 'PRIX-BASE', 'Prix de Base (All Inclusive, Chambre double)', 74.000, 84.000, NULL, NULL),
(628, NULL, NULL, 240, 'PRIX-BASE', 'Prix de Base (All Inclusive, Chambre double)', 74.000, 84.000, NULL, NULL),
(629, NULL, NULL, 241, 'PRIX-BASE', 'Prix de Base (All Inclusive, Chambre double)', 74.000, 84.000, NULL, NULL),
(630, NULL, NULL, 242, 'PRIX-BASE', 'Prix de Base (All Inclusive, Chambre double)', 74.000, 84.000, NULL, NULL),
(631, NULL, NULL, 243, 'PRIX-BASE', 'Prix de Base (All Inclusive, Chambre double)', 74.000, 84.000, NULL, NULL),
(632, NULL, NULL, 244, 'PRIX-BASE', 'Prix de Base (All Inclusive, Chambre double)', 74.000, 84.000, NULL, NULL),
(633, NULL, NULL, 245, 'PRIX-BASE', 'Prix de Base (All Inclusive, Chambre double)', 74.000, 84.000, NULL, NULL),
(634, NULL, NULL, 246, 'PRIX-BASE', 'Prix de Base (All Inclusive, Chambre double)', 74.000, 84.000, NULL, NULL),
(635, NULL, NULL, 247, 'PRIX-BASE', 'Prix de Base (All Inclusive, Chambre double)', 74.000, 84.000, NULL, NULL),
(636, NULL, NULL, 248, 'PRIX-BASE', 'Prix de Base (All Inclusive, Chambre double)', 74.000, 84.000, NULL, NULL),
(637, NULL, NULL, 249, 'PRIX-BASE', 'Prix de Base (All Inclusive, Chambre double)', 74.000, 84.000, NULL, NULL),
(638, NULL, NULL, 250, 'PRIX-BASE', 'Prix de Base (All Inclusive, Chambre double)', 74.000, 84.000, NULL, NULL),
(639, NULL, NULL, 251, 'PRIX-BASE', 'Prix de Base (All Inclusive, Chambre double)', 74.000, 84.000, NULL, NULL),
(640, NULL, NULL, 252, 'PRIX-BASE', 'Prix de Base (All Inclusive, Chambre double)', 74.000, 84.000, NULL, NULL),
(641, NULL, NULL, 253, 'PRIX-BASE', 'Prix de Base (All Inclusive, Chambre double)', 74.000, 84.000, NULL, NULL),
(642, NULL, NULL, 254, 'PRIX-BASE', 'Prix de Base (All Inclusive, Chambre double)', 74.000, 84.000, NULL, NULL),
(643, NULL, NULL, 255, 'PRIX-BASE', 'Prix de Base (All Inclusive, Chambre double)', 146.500, 183.125, NULL, NULL),
(644, NULL, NULL, 255, 'SUPP-SINGLE', 'Supp single', 50.000, 62.500, NULL, NULL),
(645, NULL, NULL, 256, 'PRIX-BASE', 'Prix de Base (All Inclusive, Chambre double)', 146.500, 183.125, NULL, NULL),
(646, NULL, NULL, 256, 'SUPP-SINGLE', 'Supp single', 50.000, 62.500, NULL, NULL),
(647, NULL, NULL, 257, 'PRIX-BASE', 'Prix de Base (All Inclusive, Chambre double)', 146.500, 183.125, NULL, NULL),
(648, NULL, NULL, 257, 'SUPP-SINGLE', 'Supp single', 50.000, 62.500, NULL, NULL),
(649, NULL, NULL, 258, 'PRIX-BASE', 'Prix de Base (Logement Petit Déjeuner, Chambre double)', 120.000, 144.000, NULL, NULL),
(650, NULL, NULL, 258, 'SUPP-SINGLE', 'Supp single', 67.000, 80.400, NULL, NULL),
(651, NULL, NULL, 259, 'PRIX-BASE', 'Prix de Base (Logement Petit Déjeuner, Chambre double)', 120.000, 144.000, NULL, NULL),
(652, NULL, NULL, 259, 'SUPP-SINGLE', 'Supp single', 67.000, 80.400, NULL, NULL),
(653, NULL, NULL, 260, 'PRIX-BASE', 'Prix de Base (All Inclusive, Chambre double)', 130.000, 162.500, NULL, NULL),
(654, NULL, NULL, 261, 'PRIX-BASE', 'Prix de Base (All Inclusive, Chambre double)', 130.000, 162.500, NULL, NULL),
(655, NULL, NULL, 262, 'PRIX-BASE', 'Prix de Base (All Inclusive, Chambre double)', 130.000, 162.500, NULL, NULL),
(656, NULL, NULL, 263, 'PRIX-BASE', 'Prix de Base (All Inclusive, Chambre double)', 130.000, 162.500, NULL, NULL),
(657, NULL, NULL, 264, 'PRIX-BASE', 'Prix de Base (All Inclusive, Chambre double)', 130.000, 162.500, NULL, NULL),
(658, NULL, NULL, 265, 'PRIX-BASE', 'Prix de Base (All Inclusive, Chambre double)', 130.000, 162.500, NULL, NULL),
(659, NULL, NULL, 266, 'PRIX-BASE', 'Prix de Base (All Inclusive, Chambre double)', 130.000, 162.500, NULL, NULL),
(660, NULL, NULL, 266, 'REDUC-1ENF-2ADULTES-AGE-2', 'Réduction 1er enfant avec 2 adultes dans une même chambre   [2,12]', 0.000, 0.000, NULL, NULL),
(661, NULL, NULL, 267, 'PRIX-BASE', 'Prix de Base (All Inclusive, Chambre double)', 130.000, 162.500, NULL, NULL),
(662, NULL, NULL, 267, 'REDUC-1ENF-2ADULTES-AGE-2', 'Réduction 1er enfant avec 2 adultes dans une même chambre   [2,12]', 0.000, 0.000, NULL, NULL),
(663, NULL, NULL, 268, 'PRIX-BASE', 'Prix de Base (All Inclusive, Chambre double)', 130.000, 162.500, NULL, NULL),
(664, NULL, NULL, 268, 'REDUC-1ENF-2ADULTES-AGE-2', 'Réduction 1er enfant avec 2 adultes dans une même chambre   [2,12]', 0.000, 0.000, NULL, NULL),
(665, NULL, NULL, 269, 'PRIX-BASE', 'Prix de Base (All Inclusive, Chambre double)', 74.000, 84.000, NULL, NULL),
(666, NULL, NULL, 269, 'SUPP-SINGLE', 'Supp single', 25.000, 30.000, NULL, NULL),
(667, NULL, NULL, 270, 'PRIX-BASE', 'Prix de Base (All Inclusive, Chambre double)', 74.000, 84.000, NULL, NULL),
(668, NULL, NULL, 270, 'SUPP-SINGLE', 'Supp single', 25.000, 30.000, NULL, NULL),
(669, NULL, NULL, 271, 'PRIX-BASE', 'Prix de Base (Logement Petit Déjeuner, Chambre double)', 122.000, 146.400, NULL, NULL),
(670, NULL, NULL, 271, 'SUPP-SINGLE', 'Supp single', 48.000, 57.600, NULL, NULL),
(671, NULL, NULL, 272, 'PRIX-BASE', 'Prix de Base (Logement Petit Déjeuner, Chambre double)', 122.000, 146.400, NULL, NULL),
(672, NULL, NULL, 272, 'SUPP-SINGLE', 'Supp single', 48.000, 57.600, NULL, NULL),
(673, NULL, NULL, 273, 'PRIX-BASE', 'Prix de Base (Logement Petit Déjeuner, Chambre double)', 120.000, 144.000, NULL, NULL),
(674, NULL, NULL, 273, 'SUPP-SINGLE', 'Supp single', 67.000, 80.400, NULL, NULL),
(675, NULL, NULL, 274, 'PRIX-BASE', 'Prix de Base (All Inclusive, Chambre double)', 130.000, 162.500, NULL, NULL),
(676, NULL, NULL, 275, 'PRIX-BASE', 'Prix de Base (All Inclusive, Chambre double)', 130.000, 162.500, NULL, NULL),
(677, NULL, NULL, 276, 'PRIX-BASE', 'Prix de Base (All Inclusive, Chambre double)', 130.000, 162.500, NULL, NULL),
(678, NULL, NULL, 277, 'PRIX-BASE', 'Prix de Base (All Inclusive, Chambre double)', 130.000, 162.500, NULL, NULL),
(679, NULL, NULL, 278, 'PRIX-BASE', 'Prix de Base (All Inclusive, Chambre double)', 130.000, 162.500, NULL, NULL),
(680, NULL, NULL, 279, 'PRIX-BASE', 'Prix de Base (All Inclusive, Chambre double)', 130.000, 162.500, NULL, NULL),
(681, NULL, NULL, 280, 'PRIX-BASE', 'Prix de Base (All Inclusive, Chambre double)', 130.000, 162.500, NULL, NULL),
(682, NULL, NULL, 281, 'PRIX-BASE', 'Prix de Base (All Inclusive, Chambre double)', 130.000, 162.500, NULL, NULL),
(683, NULL, NULL, 282, 'PRIX-BASE', 'Prix de Base (All Inclusive, Chambre double)', 130.000, 162.500, NULL, NULL),
(684, NULL, NULL, 283, 'PRIX-BASE', 'Prix de Base (All Inclusive, Chambre double)', 130.000, 162.500, NULL, NULL),
(685, NULL, NULL, 284, 'PRIX-BASE', 'Prix de Base (All Inclusive, Chambre double)', 130.000, 162.500, NULL, NULL),
(686, NULL, NULL, 285, 'PRIX-BASE', 'Prix de Base (All Inclusive, Chambre double)', 130.000, 162.500, NULL, NULL),
(687, NULL, NULL, 286, 'PRIX-BASE', 'Prix de Base (All Inclusive, Chambre double)', 130.000, 162.500, NULL, NULL),
(688, NULL, NULL, 287, 'PRIX-BASE', 'Prix de Base (All Inclusive, Chambre double)', 130.000, 162.500, NULL, NULL),
(689, NULL, NULL, 288, 'PRIX-BASE', 'Prix de Base (All Inclusive, Chambre double)', 130.000, 162.500, NULL, NULL),
(690, NULL, NULL, 289, 'PRIX-BASE', 'Prix de Base (All Inclusive, Chambre double)', 130.000, 162.500, NULL, NULL),
(691, NULL, NULL, 290, 'PRIX-BASE', 'Prix de Base (All Inclusive, Chambre double)', 130.000, 162.500, NULL, NULL),
(692, NULL, NULL, 291, 'PRIX-BASE', 'Prix de Base (All Inclusive, Chambre double)', 130.000, 162.500, NULL, NULL),
(693, NULL, NULL, 292, 'PRIX-BASE', 'Prix de Base (All Inclusive, Chambre double)', 130.000, 162.500, NULL, NULL),
(694, NULL, NULL, 293, 'PRIX-BASE', 'Prix de Base (All Inclusive, Chambre double)', 130.000, 162.500, NULL, NULL),
(695, NULL, NULL, 294, 'PRIX-BASE', 'Prix de Base (All Inclusive, Chambre double)', 130.000, 162.500, NULL, NULL),
(696, NULL, NULL, 294, 'REDUC-1ENF-2ADULTES-AGE-2', 'Réduction 1er enfant avec 2 adultes dans une même chambre   [2,12]', -65.000, -65.000, NULL, NULL),
(697, NULL, NULL, 295, 'PRIX-BASE', 'Prix de Base (All Inclusive, Chambre double)', 130.000, 162.500, NULL, NULL),
(698, NULL, NULL, 295, 'REDUC-1ENF-2ADULTES-AGE-2', 'Réduction 1er enfant avec 2 adultes dans une même chambre   [2,12]', -65.000, -65.000, NULL, NULL),
(699, NULL, NULL, 296, 'PRIX-BASE', 'Prix de Base (All Inclusive, Chambre double)', 130.000, 162.500, NULL, NULL),
(700, NULL, NULL, 296, 'REDUC-1ENF-2ADULTES-AGE-2', 'Réduction 1er enfant avec 2 adultes dans une même chambre   [2,12]', -65.000, -65.000, NULL, NULL),
(701, NULL, NULL, 297, 'PRIX-BASE', 'Prix de Base (All Inclusive, Chambre double)', 130.000, 162.500, NULL, NULL),
(702, NULL, NULL, 297, 'REDUC-1ENF-2ADULTES-AGE-2', 'Réduction 1er enfant avec 2 adultes dans une même chambre   [2,12]', -65.000, -65.000, NULL, NULL),
(703, NULL, NULL, 298, 'PRIX-BASE', 'Prix de Base (All Inclusive, Chambre double)', 130.000, 162.500, NULL, NULL),
(704, NULL, NULL, 298, 'REDUC-1ENF-2ADULTES-AGE-2', 'Réduction 1er enfant avec 2 adultes dans une même chambre   [2,12]', -65.000, -65.000, NULL, NULL),
(705, NULL, NULL, 299, 'PRIX-BASE', 'Prix de Base (All Inclusive, Chambre double)', 130.000, 162.500, NULL, NULL),
(706, NULL, NULL, 299, 'REDUC-1ENF-2ADULTES-AGE-2', 'Réduction 1er enfant avec 2 adultes dans une même chambre   [2,12]', -65.000, -65.000, NULL, NULL),
(707, NULL, NULL, 300, 'PRIX-BASE', 'Prix de Base (All Inclusive, Chambre double)', 130.000, 162.500, NULL, NULL),
(708, NULL, NULL, 300, 'REDUC-1ENF-2ADULTES-AGE-2', 'Réduction 1er enfant avec 2 adultes dans une même chambre   [2,12]', -65.000, -65.000, NULL, NULL),
(709, NULL, NULL, 301, 'PRIX-BASE', 'Prix de Base (All Inclusive, Chambre double)', 130.000, 162.500, NULL, NULL),
(710, NULL, NULL, 301, 'REDUC-1ENF-2ADULTES-AGE-2', 'Réduction 1er enfant avec 2 adultes dans une même chambre   [2,12]', -65.000, -65.000, NULL, NULL),
(711, NULL, NULL, 302, 'PRIX-BASE', 'Prix de Base (All Inclusive, Chambre double)', 130.000, 162.500, NULL, NULL),
(712, NULL, NULL, 302, 'REDUC-1ENF-2ADULTES-AGE-2', 'Réduction 1er enfant avec 2 adultes dans une même chambre   [2,12]', -65.000, -65.000, NULL, NULL),
(713, NULL, NULL, 303, 'PRIX-BASE', 'Prix de Base (All Inclusive, Chambre double)', 130.000, 162.500, NULL, NULL),
(714, NULL, NULL, 303, 'REDUC-1ENF-2ADULTES-AGE-2', 'Réduction 1er enfant avec 2 adultes dans une même chambre   [2,12]', -65.000, -65.000, NULL, NULL),
(715, NULL, NULL, 304, 'PRIX-BASE', 'Prix de Base (All Inclusive, Chambre double)', 130.000, 162.500, NULL, NULL),
(716, NULL, NULL, 304, 'REDUC-2ENF-2ADULTES-AGE-2', 'Réduction 2eme enfant ou plus avec 2 adultes dans une même chambre   [2,12]', -65.000, -61.250, NULL, NULL),
(717, NULL, NULL, 305, 'PRIX-BASE', 'Prix de Base (All Inclusive, Chambre double)', 130.000, 162.500, NULL, NULL),
(718, NULL, NULL, 305, 'REDUC-2ENF-2ADULTES-AGE-2', 'Réduction 2eme enfant ou plus avec 2 adultes dans une même chambre   [2,12]', -65.000, -61.250, NULL, NULL),
(719, NULL, NULL, 306, 'PRIX-BASE', 'Prix de Base (All Inclusive, Chambre double)', 130.000, 162.500, NULL, NULL),
(720, NULL, NULL, 306, 'REDUC-2ENF-2ADULTES-AGE-2', 'Réduction 2eme enfant ou plus avec 2 adultes dans une même chambre   [2,12]', -65.000, -61.250, NULL, NULL),
(721, NULL, NULL, 307, 'PRIX-BASE', 'Prix de Base (All Inclusive, Chambre double)', 130.000, 162.500, NULL, NULL),
(722, NULL, NULL, 307, 'REDUC-2ENF-2ADULTES-AGE-2', 'Réduction 2eme enfant ou plus avec 2 adultes dans une même chambre   [2,12]', -65.000, -61.250, NULL, NULL),
(723, NULL, NULL, 308, 'PRIX-BASE', 'Prix de Base (All Inclusive, Chambre double)', 130.000, 162.500, NULL, NULL),
(724, NULL, NULL, 308, 'REDUC-2ENF-2ADULTES-AGE-2', 'Réduction 2eme enfant ou plus avec 2 adultes dans une même chambre   [2,12]', -65.000, -61.250, NULL, NULL),
(725, NULL, NULL, 309, 'PRIX-BASE', 'Prix de Base (All Inclusive, Chambre double)', 130.000, 162.500, NULL, NULL),
(726, NULL, NULL, 309, 'REDUC-2ENF-2ADULTES-AGE-2', 'Réduction 2eme enfant ou plus avec 2 adultes dans une même chambre   [2,12]', -65.000, -61.250, NULL, NULL),
(727, NULL, NULL, 310, 'PRIX-BASE', 'Prix de Base (All Inclusive, Chambre double)', 130.000, 162.500, NULL, NULL),
(728, NULL, NULL, 310, 'REDUC-2ENF-2ADULTES-AGE-2', 'Réduction 2eme enfant ou plus avec 2 adultes dans une même chambre   [2,12]', -65.000, -61.250, NULL, NULL),
(729, NULL, NULL, 311, 'PRIX-BASE', 'Prix de Base (All Inclusive, Chambre double)', 130.000, 162.500, NULL, NULL),
(730, NULL, NULL, 311, 'REDUC-2ENF-2ADULTES-AGE-2', 'Réduction 2eme enfant ou plus avec 2 adultes dans une même chambre   [2,12]', -65.000, -61.250, NULL, NULL),
(731, NULL, NULL, 312, 'PRIX-BASE', 'Prix de Base (All Inclusive, Chambre double)', 130.000, 162.500, NULL, NULL),
(732, NULL, NULL, 312, 'REDUC-2ENF-2ADULTES-AGE-2', 'Réduction 2eme enfant ou plus avec 2 adultes dans une même chambre   [2,12]', -65.000, -61.250, NULL, NULL),
(733, NULL, NULL, 313, 'PRIX-BASE', 'Prix de Base (All Inclusive, Chambre double)', 130.000, 162.500, NULL, NULL),
(734, NULL, NULL, 313, 'REDUC-2ENF-2ADULTES-AGE-2', 'Réduction 2eme enfant ou plus avec 2 adultes dans une même chambre   [2,12]', -65.000, -61.250, NULL, NULL),
(735, NULL, NULL, 314, 'PRIX-BASE', 'Prix de Base (All Inclusive, Chambre double)', 130.000, 162.500, NULL, NULL),
(736, NULL, NULL, 315, 'PRIX-BASE', 'Prix de Base (All Inclusive, Chambre double)', 130.000, 162.500, NULL, NULL),
(737, NULL, NULL, 316, 'PRIX-BASE', 'Prix de Base (All Inclusive, Chambre double)', 130.000, 162.500, NULL, NULL),
(738, NULL, NULL, 317, 'PRIX-BASE', 'Prix de Base (All Inclusive, Chambre double)', 130.000, 162.500, NULL, NULL),
(739, NULL, NULL, 318, 'PRIX-BASE', 'Prix de Base (All Inclusive, Chambre double)', 130.000, 162.500, NULL, NULL),
(740, NULL, NULL, 319, 'PRIX-BASE', 'Prix de Base (All Inclusive, Chambre double)', 130.000, 162.500, NULL, NULL),
(741, NULL, NULL, 320, 'PRIX-BASE', 'Prix de Base (All Inclusive, Chambre double)', 130.000, 162.500, NULL, NULL),
(742, NULL, NULL, 321, 'PRIX-BASE', 'Prix de Base (All Inclusive, Chambre double)', 130.000, 162.500, NULL, NULL),
(743, NULL, NULL, 322, 'PRIX-BASE', 'Prix de Base (All Inclusive, Chambre double)', 130.000, 162.500, NULL, NULL),
(744, NULL, NULL, 323, 'PRIX-BASE', 'Prix de Base (All Inclusive, Chambre double)', 130.000, 162.500, NULL, NULL),
(745, NULL, NULL, 324, 'PRIX-BASE', 'Prix de Base (All Inclusive, Chambre double)', 130.000, 162.500, NULL, NULL),
(746, NULL, NULL, 325, 'PRIX-BASE', 'Prix de Base (All Inclusive, Chambre double)', 130.000, 162.500, NULL, NULL),
(747, NULL, NULL, 326, 'PRIX-BASE', 'Prix de Base (All Inclusive, Chambre double)', 130.000, 162.500, NULL, NULL),
(748, NULL, NULL, 327, 'PRIX-BASE', 'Prix de Base (All Inclusive, Chambre double)', 130.000, 162.500, NULL, NULL),
(749, NULL, NULL, 328, 'PRIX-BASE', 'Prix de Base (All Inclusive, Chambre double)', 130.000, 162.500, NULL, NULL),
(750, NULL, NULL, 329, 'PRIX-BASE', 'Prix de Base (All Inclusive, Chambre double)', 130.000, 162.500, NULL, NULL),
(751, NULL, NULL, 330, 'PRIX-BASE', 'Prix de Base (All Inclusive, Chambre double)', 130.000, 162.500, NULL, NULL),
(752, NULL, NULL, 331, 'PRIX-BASE', 'Prix de Base (All Inclusive, Chambre double)', 130.000, 162.500, NULL, NULL),
(753, NULL, NULL, 332, 'PRIX-BASE', 'Prix de Base (All Inclusive, Chambre double)', 130.000, 162.500, NULL, NULL),
(754, NULL, NULL, 333, 'PRIX-BASE', 'Prix de Base (All Inclusive, Chambre double)', 130.000, 162.500, NULL, NULL),
(755, NULL, NULL, 334, 'PRIX-BASE', 'Prix de Base (All Inclusive, Chambre double)', 130.000, 162.500, NULL, NULL),
(756, NULL, NULL, 334, 'REDUC-1ENF-2ADULTES-AGE-2', 'Réduction 1er enfant avec 2 adultes dans une même chambre   [2,12]', -65.000, -65.000, NULL, NULL),
(757, NULL, NULL, 335, 'PRIX-BASE', 'Prix de Base (All Inclusive, Chambre double)', 130.000, 162.500, NULL, NULL),
(758, NULL, NULL, 335, 'REDUC-1ENF-2ADULTES-AGE-2', 'Réduction 1er enfant avec 2 adultes dans une même chambre   [2,12]', -65.000, -65.000, NULL, NULL),
(759, NULL, NULL, 336, 'PRIX-BASE', 'Prix de Base (All Inclusive, Chambre double)', 130.000, 162.500, NULL, NULL),
(760, NULL, NULL, 336, 'REDUC-1ENF-2ADULTES-AGE-2', 'Réduction 1er enfant avec 2 adultes dans une même chambre   [2,12]', -65.000, -65.000, NULL, NULL),
(761, NULL, NULL, 337, 'PRIX-BASE', 'Prix de Base (All Inclusive, Chambre double)', 130.000, 162.500, NULL, NULL),
(762, NULL, NULL, 337, 'REDUC-1ENF-2ADULTES-AGE-2', 'Réduction 1er enfant avec 2 adultes dans une même chambre   [2,12]', -65.000, -65.000, NULL, NULL),
(763, NULL, NULL, 338, 'PRIX-BASE', 'Prix de Base (All Inclusive, Chambre double)', 130.000, 162.500, NULL, NULL),
(764, NULL, NULL, 338, 'REDUC-1ENF-2ADULTES-AGE-2', 'Réduction 1er enfant avec 2 adultes dans une même chambre   [2,12]', -65.000, -65.000, NULL, NULL),
(765, NULL, NULL, 339, 'PRIX-BASE', 'Prix de Base (All Inclusive, Chambre double)', 130.000, 162.500, NULL, NULL),
(766, NULL, NULL, 339, 'REDUC-1ENF-2ADULTES-AGE-2', 'Réduction 1er enfant avec 2 adultes dans une même chambre   [2,12]', -65.000, -65.000, NULL, NULL),
(767, NULL, NULL, 340, 'PRIX-BASE', 'Prix de Base (All Inclusive, Chambre double)', 130.000, 162.500, NULL, NULL),
(768, NULL, NULL, 340, 'REDUC-1ENF-2ADULTES-AGE-2', 'Réduction 1er enfant avec 2 adultes dans une même chambre   [2,12]', -65.000, -65.000, NULL, NULL),
(769, NULL, NULL, 341, 'PRIX-BASE', 'Prix de Base (All Inclusive, Chambre double)', 130.000, 162.500, NULL, NULL),
(770, NULL, NULL, 341, 'REDUC-1ENF-2ADULTES-AGE-2', 'Réduction 1er enfant avec 2 adultes dans une même chambre   [2,12]', -65.000, -65.000, NULL, NULL),
(771, NULL, NULL, 342, 'PRIX-BASE', 'Prix de Base (All Inclusive, Chambre double)', 130.000, 162.500, NULL, NULL),
(772, NULL, NULL, 342, 'REDUC-1ENF-2ADULTES-AGE-2', 'Réduction 1er enfant avec 2 adultes dans une même chambre   [2,12]', -65.000, -65.000, NULL, NULL),
(773, NULL, NULL, 343, 'PRIX-BASE', 'Prix de Base (All Inclusive, Chambre double)', 130.000, 162.500, NULL, NULL),
(774, NULL, NULL, 343, 'REDUC-1ENF-2ADULTES-AGE-2', 'Réduction 1er enfant avec 2 adultes dans une même chambre   [2,12]', -65.000, -65.000, NULL, NULL),
(775, NULL, NULL, 344, 'PRIX-BASE', 'Prix de Base (All Inclusive, Chambre double)', 130.000, 162.500, NULL, NULL),
(776, NULL, NULL, 344, 'REDUC-2ENF-2ADULTES-AGE-2', 'Réduction 2eme enfant ou plus avec 2 adultes dans une même chambre   [2,12]', -65.000, -61.250, NULL, NULL),
(777, NULL, NULL, 345, 'PRIX-BASE', 'Prix de Base (All Inclusive, Chambre double)', 130.000, 162.500, NULL, NULL),
(778, NULL, NULL, 345, 'REDUC-2ENF-2ADULTES-AGE-2', 'Réduction 2eme enfant ou plus avec 2 adultes dans une même chambre   [2,12]', -65.000, -61.250, NULL, NULL),
(779, NULL, NULL, 346, 'PRIX-BASE', 'Prix de Base (All Inclusive, Chambre double)', 130.000, 162.500, NULL, NULL),
(780, NULL, NULL, 346, 'REDUC-2ENF-2ADULTES-AGE-2', 'Réduction 2eme enfant ou plus avec 2 adultes dans une même chambre   [2,12]', -65.000, -61.250, NULL, NULL),
(781, NULL, NULL, 347, 'PRIX-BASE', 'Prix de Base (All Inclusive, Chambre double)', 130.000, 162.500, NULL, NULL),
(782, NULL, NULL, 347, 'REDUC-2ENF-2ADULTES-AGE-2', 'Réduction 2eme enfant ou plus avec 2 adultes dans une même chambre   [2,12]', -65.000, -61.250, NULL, NULL),
(783, NULL, NULL, 348, 'PRIX-BASE', 'Prix de Base (All Inclusive, Chambre double)', 130.000, 162.500, NULL, NULL),
(784, NULL, NULL, 348, 'REDUC-2ENF-2ADULTES-AGE-2', 'Réduction 2eme enfant ou plus avec 2 adultes dans une même chambre   [2,12]', -65.000, -61.250, NULL, NULL),
(785, NULL, NULL, 349, 'PRIX-BASE', 'Prix de Base (All Inclusive, Chambre double)', 130.000, 162.500, NULL, NULL),
(786, NULL, NULL, 349, 'REDUC-2ENF-2ADULTES-AGE-2', 'Réduction 2eme enfant ou plus avec 2 adultes dans une même chambre   [2,12]', -65.000, -61.250, NULL, NULL),
(787, NULL, NULL, 350, 'PRIX-BASE', 'Prix de Base (All Inclusive, Chambre double)', 130.000, 162.500, NULL, NULL),
(788, NULL, NULL, 350, 'REDUC-2ENF-2ADULTES-AGE-2', 'Réduction 2eme enfant ou plus avec 2 adultes dans une même chambre   [2,12]', -65.000, -61.250, NULL, NULL),
(789, NULL, NULL, 351, 'PRIX-BASE', 'Prix de Base (All Inclusive, Chambre double)', 130.000, 162.500, NULL, NULL),
(790, NULL, NULL, 351, 'REDUC-2ENF-2ADULTES-AGE-2', 'Réduction 2eme enfant ou plus avec 2 adultes dans une même chambre   [2,12]', -65.000, -61.250, NULL, NULL),
(791, NULL, NULL, 352, 'PRIX-BASE', 'Prix de Base (All Inclusive, Chambre double)', 130.000, 162.500, NULL, NULL),
(792, NULL, NULL, 352, 'REDUC-2ENF-2ADULTES-AGE-2', 'Réduction 2eme enfant ou plus avec 2 adultes dans une même chambre   [2,12]', -65.000, -61.250, NULL, NULL),
(793, NULL, NULL, 353, 'PRIX-BASE', 'Prix de Base (All Inclusive, Chambre double)', 130.000, 162.500, NULL, NULL),
(794, NULL, NULL, 353, 'REDUC-2ENF-2ADULTES-AGE-2', 'Réduction 2eme enfant ou plus avec 2 adultes dans une même chambre   [2,12]', -65.000, -61.250, NULL, NULL),
(795, NULL, NULL, 354, 'PRIX-BASE', 'Prix de Base (All Inclusive, Chambre double)', 130.000, 162.500, NULL, NULL),
(796, NULL, NULL, 355, 'PRIX-BASE', 'Prix de Base (All Inclusive, Chambre double)', 130.000, 162.500, NULL, NULL),
(797, NULL, NULL, 356, 'PRIX-BASE', 'Prix de Base (All Inclusive, Chambre double)', 130.000, 162.500, NULL, NULL),
(798, NULL, NULL, 357, 'PRIX-BASE', 'Prix de Base (All Inclusive, Chambre double)', 130.000, 162.500, NULL, NULL),
(799, NULL, NULL, 358, 'PRIX-BASE', 'Prix de Base (All Inclusive, Chambre double)', 130.000, 162.500, NULL, NULL),
(800, NULL, NULL, 359, 'PRIX-BASE', 'Prix de Base (All Inclusive, Chambre double)', 130.000, 162.500, NULL, NULL),
(801, NULL, NULL, 360, 'PRIX-BASE', 'Prix de Base (All Inclusive, Chambre double)', 130.000, 162.500, NULL, NULL),
(802, NULL, NULL, 361, 'PRIX-BASE', 'Prix de Base (All Inclusive, Chambre double)', 130.000, 162.500, NULL, NULL),
(803, NULL, NULL, 362, 'PRIX-BASE', 'Prix de Base (All Inclusive, Chambre double)', 130.000, 162.500, NULL, NULL),
(804, NULL, NULL, 363, 'PRIX-BASE', 'Prix de Base (All Inclusive, Chambre double)', 130.000, 162.500, NULL, NULL),
(805, NULL, NULL, 364, 'PRIX-BASE', 'Prix de Base (All Inclusive, Chambre double)', 130.000, 162.500, NULL, NULL),
(806, NULL, NULL, 365, 'PRIX-BASE', 'Prix de Base (All Inclusive, Chambre double)', 130.000, 162.500, NULL, NULL),
(807, NULL, NULL, 366, 'PRIX-BASE', 'Prix de Base (All Inclusive, Chambre double)', 130.000, 162.500, NULL, NULL),
(808, NULL, NULL, 367, 'PRIX-BASE', 'Prix de Base (All Inclusive, Chambre double)', 130.000, 162.500, NULL, NULL),
(809, NULL, NULL, 368, 'PRIX-BASE', 'Prix de Base (All Inclusive, Chambre double)', 130.000, 162.500, NULL, NULL),
(810, NULL, NULL, 369, 'PRIX-BASE', 'Prix de Base (All Inclusive, Chambre double)', 130.000, 162.500, NULL, NULL),
(811, NULL, NULL, 370, 'PRIX-BASE', 'Prix de Base (All Inclusive, Chambre double)', 130.000, 162.500, NULL, NULL),
(812, NULL, NULL, 371, 'PRIX-BASE', 'Prix de Base (All Inclusive, Chambre double)', 130.000, 162.500, NULL, NULL),
(813, NULL, NULL, 372, 'PRIX-BASE', 'Prix de Base (All Inclusive, Chambre double)', 130.000, 162.500, NULL, NULL),
(814, NULL, NULL, 373, 'PRIX-BASE', 'Prix de Base (All Inclusive, Chambre double)', 130.000, 162.500, NULL, NULL),
(815, NULL, NULL, 374, 'PRIX-BASE', 'Prix de Base (All Inclusive, Chambre double)', 130.000, 162.500, NULL, NULL),
(816, NULL, NULL, 374, 'REDUC-1ENF-2ADULTES-AGE-2', 'Réduction 1er enfant avec 2 adultes dans une même chambre   [2,12]', -65.000, -65.000, NULL, NULL),
(817, NULL, NULL, 375, 'PRIX-BASE', 'Prix de Base (All Inclusive, Chambre double)', 130.000, 162.500, NULL, NULL),
(818, NULL, NULL, 375, 'REDUC-1ENF-2ADULTES-AGE-2', 'Réduction 1er enfant avec 2 adultes dans une même chambre   [2,12]', -65.000, -65.000, NULL, NULL),
(819, NULL, NULL, 376, 'PRIX-BASE', 'Prix de Base (All Inclusive, Chambre double)', 130.000, 162.500, NULL, NULL),
(820, NULL, NULL, 376, 'REDUC-1ENF-2ADULTES-AGE-2', 'Réduction 1er enfant avec 2 adultes dans une même chambre   [2,12]', -65.000, -65.000, NULL, NULL),
(821, NULL, NULL, 377, 'PRIX-BASE', 'Prix de Base (All Inclusive, Chambre double)', 130.000, 162.500, NULL, NULL),
(822, NULL, NULL, 377, 'REDUC-1ENF-2ADULTES-AGE-2', 'Réduction 1er enfant avec 2 adultes dans une même chambre   [2,12]', -65.000, -65.000, NULL, NULL),
(823, NULL, NULL, 378, 'PRIX-BASE', 'Prix de Base (All Inclusive, Chambre double)', 130.000, 162.500, NULL, NULL),
(824, NULL, NULL, 378, 'REDUC-1ENF-2ADULTES-AGE-2', 'Réduction 1er enfant avec 2 adultes dans une même chambre   [2,12]', -65.000, -65.000, NULL, NULL),
(825, NULL, NULL, 379, 'PRIX-BASE', 'Prix de Base (All Inclusive, Chambre double)', 130.000, 162.500, NULL, NULL),
(826, NULL, NULL, 379, 'REDUC-1ENF-2ADULTES-AGE-2', 'Réduction 1er enfant avec 2 adultes dans une même chambre   [2,12]', -65.000, -65.000, NULL, NULL),
(827, NULL, NULL, 380, 'PRIX-BASE', 'Prix de Base (All Inclusive, Chambre double)', 130.000, 162.500, NULL, NULL),
(828, NULL, NULL, 380, 'REDUC-1ENF-2ADULTES-AGE-2', 'Réduction 1er enfant avec 2 adultes dans une même chambre   [2,12]', -65.000, -65.000, NULL, NULL),
(829, NULL, NULL, 381, 'PRIX-BASE', 'Prix de Base (All Inclusive, Chambre double)', 130.000, 162.500, NULL, NULL),
(830, NULL, NULL, 381, 'REDUC-1ENF-2ADULTES-AGE-2', 'Réduction 1er enfant avec 2 adultes dans une même chambre   [2,12]', -65.000, -65.000, NULL, NULL),
(831, NULL, NULL, 382, 'PRIX-BASE', 'Prix de Base (All Inclusive, Chambre double)', 130.000, 162.500, NULL, NULL),
(832, NULL, NULL, 382, 'REDUC-1ENF-2ADULTES-AGE-2', 'Réduction 1er enfant avec 2 adultes dans une même chambre   [2,12]', -65.000, -65.000, NULL, NULL),
(833, NULL, NULL, 383, 'PRIX-BASE', 'Prix de Base (All Inclusive, Chambre double)', 130.000, 162.500, NULL, NULL),
(834, NULL, NULL, 383, 'REDUC-1ENF-2ADULTES-AGE-2', 'Réduction 1er enfant avec 2 adultes dans une même chambre   [2,12]', -65.000, -65.000, NULL, NULL),
(835, NULL, NULL, 384, 'PRIX-BASE', 'Prix de Base (All Inclusive, Chambre double)', 130.000, 162.500, NULL, NULL),
(836, NULL, NULL, 384, 'REDUC-2ENF-2ADULTES-AGE-2', 'Réduction 2eme enfant ou plus avec 2 adultes dans une même chambre   [2,12]', -65.000, -61.250, NULL, NULL),
(837, NULL, NULL, 385, 'PRIX-BASE', 'Prix de Base (All Inclusive, Chambre double)', 130.000, 162.500, NULL, NULL),
(838, NULL, NULL, 385, 'REDUC-2ENF-2ADULTES-AGE-2', 'Réduction 2eme enfant ou plus avec 2 adultes dans une même chambre   [2,12]', -65.000, -61.250, NULL, NULL),
(839, NULL, NULL, 386, 'PRIX-BASE', 'Prix de Base (All Inclusive, Chambre double)', 130.000, 162.500, NULL, NULL),
(840, NULL, NULL, 386, 'REDUC-2ENF-2ADULTES-AGE-2', 'Réduction 2eme enfant ou plus avec 2 adultes dans une même chambre   [2,12]', -65.000, -61.250, NULL, NULL),
(841, NULL, NULL, 387, 'PRIX-BASE', 'Prix de Base (All Inclusive, Chambre double)', 130.000, 162.500, NULL, NULL),
(842, NULL, NULL, 387, 'REDUC-2ENF-2ADULTES-AGE-2', 'Réduction 2eme enfant ou plus avec 2 adultes dans une même chambre   [2,12]', -65.000, -61.250, NULL, NULL),
(843, NULL, NULL, 388, 'PRIX-BASE', 'Prix de Base (All Inclusive, Chambre double)', 130.000, 162.500, NULL, NULL),
(844, NULL, NULL, 388, 'REDUC-2ENF-2ADULTES-AGE-2', 'Réduction 2eme enfant ou plus avec 2 adultes dans une même chambre   [2,12]', -65.000, -61.250, NULL, NULL),
(845, NULL, NULL, 389, 'PRIX-BASE', 'Prix de Base (All Inclusive, Chambre double)', 130.000, 162.500, NULL, NULL),
(846, NULL, NULL, 389, 'REDUC-2ENF-2ADULTES-AGE-2', 'Réduction 2eme enfant ou plus avec 2 adultes dans une même chambre   [2,12]', -65.000, -61.250, NULL, NULL),
(847, NULL, NULL, 390, 'PRIX-BASE', 'Prix de Base (All Inclusive, Chambre double)', 130.000, 162.500, NULL, NULL),
(848, NULL, NULL, 390, 'REDUC-2ENF-2ADULTES-AGE-2', 'Réduction 2eme enfant ou plus avec 2 adultes dans une même chambre   [2,12]', -65.000, -61.250, NULL, NULL),
(849, NULL, NULL, 391, 'PRIX-BASE', 'Prix de Base (All Inclusive, Chambre double)', 130.000, 162.500, NULL, NULL),
(850, NULL, NULL, 391, 'REDUC-2ENF-2ADULTES-AGE-2', 'Réduction 2eme enfant ou plus avec 2 adultes dans une même chambre   [2,12]', -65.000, -61.250, NULL, NULL),
(851, NULL, NULL, 392, 'PRIX-BASE', 'Prix de Base (All Inclusive, Chambre double)', 130.000, 162.500, NULL, NULL),
(852, NULL, NULL, 392, 'REDUC-2ENF-2ADULTES-AGE-2', 'Réduction 2eme enfant ou plus avec 2 adultes dans une même chambre   [2,12]', -65.000, -61.250, NULL, NULL),
(853, NULL, NULL, 393, 'PRIX-BASE', 'Prix de Base (All Inclusive, Chambre double)', 130.000, 162.500, NULL, NULL),
(854, NULL, NULL, 393, 'REDUC-2ENF-2ADULTES-AGE-2', 'Réduction 2eme enfant ou plus avec 2 adultes dans une même chambre   [2,12]', -65.000, -61.250, NULL, NULL),
(855, NULL, NULL, 394, 'PRIX-BASE', 'Prix de Base (Logement Petit Déjeuner, Chambre double)', 122.000, 146.400, NULL, NULL),
(856, NULL, NULL, 394, 'SUPP-VUE', 'Supp Vue mer', 0.000, 0.000, NULL, NULL),
(857, NULL, NULL, 395, 'PRIX-BASE', 'Prix de Base (Logement Petit Déjeuner, Chambre double)', 122.000, 146.400, NULL, NULL),
(858, NULL, NULL, 395, 'SUPP-VUE', 'Supp Vue mer', 0.000, 0.000, NULL, NULL),
(859, NULL, NULL, 396, 'PRIX-BASE', 'Prix de Base (Logement Petit Déjeuner, Chambre double)', 120.000, 144.000, NULL, NULL),
(860, NULL, NULL, 396, 'SUPP-SINGLE', 'Supp single', 67.000, 80.400, NULL, NULL),
(861, NULL, NULL, 397, 'PRIX-BASE', 'Prix de Base (Logement Petit Déjeuner, Chambre double)', 120.000, 144.000, NULL, NULL),
(862, NULL, NULL, 397, 'SUPP-SINGLE', 'Supp single', 67.000, 80.400, NULL, NULL),
(863, NULL, NULL, 398, 'PRIX-BASE', 'Prix de Base (Logement Petit Déjeuner, Chambre double)', 120.000, 144.000, NULL, NULL),
(864, NULL, NULL, 398, 'SUPP-SINGLE', 'Supp single', 67.000, 80.400, NULL, NULL),
(865, NULL, NULL, 399, 'PRIX-BASE', 'Prix de Base (Logement Petit Déjeuner, Chambre double)', 120.000, 144.000, NULL, NULL),
(866, NULL, NULL, 399, 'SUPP-SINGLE', 'Supp single', 67.000, 80.400, NULL, NULL),
(867, NULL, NULL, 400, 'PRIX-BASE', 'Prix de Base (All Inclusive, Chambre double)', 133.000, 166.250, NULL, NULL),
(868, NULL, NULL, 401, 'PRIX-BASE', 'Prix de Base (All Inclusive, Chambre double)', 133.000, 166.250, NULL, NULL),
(869, NULL, NULL, 402, 'PRIX-BASE', 'Prix de Base (All Inclusive, Chambre double)', 133.000, 166.250, NULL, NULL),
(870, NULL, NULL, 403, 'PRIX-BASE', 'Prix de Base (All Inclusive, Chambre double)', 133.000, 166.250, NULL, NULL),
(871, NULL, NULL, 404, 'PRIX-BASE', 'Prix de Base (All Inclusive, Chambre double)', 133.000, 166.250, NULL, NULL),
(872, NULL, NULL, 405, 'PRIX-BASE', 'Prix de Base (All Inclusive, Chambre double)', 133.000, 166.250, NULL, NULL),
(873, NULL, NULL, 406, 'PRIX-BASE', 'Prix de Base (All Inclusive, Chambre double)', 133.000, 166.250, NULL, NULL),
(874, NULL, NULL, 407, 'PRIX-BASE', 'Prix de Base (All Inclusive, Chambre double)', 133.000, 166.250, NULL, NULL),
(875, NULL, NULL, 408, 'PRIX-BASE', 'Prix de Base (All Inclusive, Chambre double)', 133.000, 166.250, NULL, NULL),
(876, NULL, NULL, 409, 'PRIX-BASE', 'Prix de Base (All Inclusive, Chambre double)', 133.000, 166.250, NULL, NULL),
(877, NULL, NULL, 410, 'PRIX-BASE', 'Prix de Base (All Inclusive, Chambre double)', 133.000, 166.250, NULL, NULL),
(878, NULL, NULL, 411, 'PRIX-BASE', 'Prix de Base (All Inclusive, Chambre double)', 133.000, 166.250, NULL, NULL),
(879, NULL, NULL, 412, 'PRIX-BASE', 'Prix de Base (All Inclusive, Chambre double)', 133.000, 166.250, NULL, NULL),
(880, NULL, NULL, 412, 'REDUC-3LIT', 'Reduc ou Supp 3eme lit', -26.600, -33.250, NULL, NULL),
(881, NULL, NULL, 413, 'PRIX-BASE', 'Prix de Base (All Inclusive, Chambre double)', 133.000, 166.250, NULL, NULL),
(882, NULL, NULL, 413, 'REDUC-3LIT', 'Reduc ou Supp 3eme lit', -26.600, -33.250, NULL, NULL),
(883, NULL, NULL, 414, 'PRIX-BASE', 'Prix de Base (All Inclusive, Chambre double)', 133.000, 166.250, NULL, NULL),
(884, NULL, NULL, 414, 'REDUC-3LIT', 'Reduc ou Supp 3eme lit', -26.600, -33.250, NULL, NULL),
(885, NULL, NULL, 415, 'PRIX-BASE', 'Prix de Base (All Inclusive, Chambre double)', 74.000, 84.000, NULL, NULL),
(886, NULL, NULL, 416, 'PRIX-BASE', 'Prix de Base (All Inclusive, Chambre double)', 74.000, 84.000, NULL, NULL),
(887, NULL, NULL, 417, 'PRIX-BASE', 'Prix de Base (All Inclusive, Chambre double)', 74.000, 84.000, NULL, NULL),
(888, NULL, NULL, 418, 'PRIX-BASE', 'Prix de Base (All Inclusive, Chambre double)', 74.000, 84.000, NULL, NULL),
(889, NULL, NULL, 419, 'PRIX-BASE', 'Prix de Base (All Inclusive, Chambre double)', 74.000, 84.000, NULL, NULL),
(890, NULL, NULL, 420, 'PRIX-BASE', 'Prix de Base (All Inclusive, Chambre double)', 74.000, 84.000, NULL, NULL),
(891, NULL, NULL, 421, 'PRIX-BASE', 'Prix de Base (All Inclusive, Chambre double)', 74.000, 84.000, NULL, NULL),
(892, NULL, NULL, 421, 'SUPP-VUE', 'Supp Vue mer', 6.000, 7.000, NULL, NULL),
(893, NULL, NULL, 422, 'PRIX-BASE', 'Prix de Base (All Inclusive, Chambre double)', 74.000, 84.000, NULL, NULL),
(894, NULL, NULL, 422, 'SUPP-VUE', 'Supp Vue mer', 6.000, 7.000, NULL, NULL),
(895, NULL, NULL, 423, 'PRIX-BASE', 'Prix de Base (All Inclusive, Chambre double)', 74.000, 84.000, NULL, NULL),
(896, NULL, NULL, 423, 'SUPP-VUE', 'Supp Vue mer', 6.000, 7.000, NULL, NULL),
(897, NULL, NULL, 424, 'PRIX-BASE', 'Prix de Base (All Inclusive, Chambre double)', 74.000, 84.000, NULL, NULL),
(898, NULL, NULL, 424, 'REDUC-1ENF-1ADULTE-AGE-1', 'Réduction 1er enfant avec 1 adulte dans une même chambre  [1,6]', 0.000, 0.000, NULL, NULL),
(899, NULL, NULL, 424, 'SUPP-VUE-ENF', 'Supp Vue mer', 6.000, 7.000, NULL, NULL),
(900, NULL, NULL, 425, 'PRIX-BASE', 'Prix de Base (All Inclusive, Chambre double)', 74.000, 84.000, NULL, NULL),
(901, NULL, NULL, 425, 'REDUC-1ENF-1ADULTE-AGE-1', 'Réduction 1er enfant avec 1 adulte dans une même chambre  [1,6]', 0.000, 0.000, NULL, NULL),
(902, NULL, NULL, 425, 'SUPP-VUE-ENF', 'Supp Vue mer', 6.000, 7.000, NULL, NULL),
(903, NULL, NULL, 426, 'PRIX-BASE', 'Prix de Base (All Inclusive, Chambre double)', 74.000, 84.000, NULL, NULL),
(904, NULL, NULL, 426, 'REDUC-1ENF-1ADULTE-AGE-1', 'Réduction 1er enfant avec 1 adulte dans une même chambre  [1,6]', 0.000, 0.000, NULL, NULL),
(905, NULL, NULL, 426, 'SUPP-VUE-ENF', 'Supp Vue mer', 6.000, 7.000, NULL, NULL),
(906, NULL, NULL, 427, 'PRIX-BASE', 'Prix de Base (All Inclusive, Chambre double)', 130.000, 162.500, NULL, NULL),
(907, NULL, NULL, 427, 'SUPP-SINGLE', 'Supp single', 39.000, 48.750, NULL, NULL),
(908, NULL, NULL, 428, 'PRIX-BASE', 'Prix de Base (All Inclusive, Chambre double)', 130.000, 162.500, NULL, NULL),
(909, NULL, NULL, 428, 'SUPP-SINGLE', 'Supp single', 39.000, 48.750, NULL, NULL),
(910, NULL, NULL, 429, 'PRIX-BASE', 'Prix de Base (All Inclusive, Chambre double)', 130.000, 162.500, NULL, NULL),
(911, NULL, NULL, 429, 'SUPP-SINGLE', 'Supp single', 39.000, 48.750, NULL, NULL),
(912, NULL, NULL, 430, 'PRIX-BASE', 'Prix de Base (Logement Petit Déjeuner, Chambre double)', 122.000, 146.400, NULL, NULL),
(913, NULL, NULL, 430, 'SUPP-SINGLE', 'Supp single', 48.000, 57.600, NULL, NULL),
(914, NULL, NULL, 431, 'PRIX-BASE', 'Prix de Base (Logement Petit Déjeuner, Chambre double)', 120.000, 144.000, NULL, NULL),
(915, NULL, NULL, 431, 'SUPP-SINGLE', 'Supp single', 67.000, 80.400, NULL, NULL),
(916, NULL, NULL, 432, 'PRIX-BASE', 'Prix de Base (Logement Petit Déjeuner, Chambre double)', 120.000, 144.000, NULL, NULL),
(917, NULL, NULL, 432, 'SUPP-SINGLE', 'Supp single', 67.000, 80.400, NULL, NULL),
(918, NULL, NULL, 433, 'PRIX-BASE', 'Prix de Base (Logement Petit Déjeuner, Chambre double)', 251.000, 313.750, NULL, NULL),
(919, NULL, NULL, 433, 'SUPP-AUTRE-CHAMBRE', 'Supp Suite Fell / Yasmine', 0.000, 0.000, NULL, NULL),
(920, NULL, NULL, 434, 'PRIX-BASE', 'Prix de Base (Logement Petit Déjeuner, Chambre double)', 251.000, 313.750, NULL, NULL),
(921, NULL, NULL, 434, 'SUPP-AUTRE-CHAMBRE', 'Supp Suite Fell / Yasmine', 0.000, 0.000, NULL, NULL),
(922, NULL, NULL, 435, 'PRIX-BASE', 'Prix de Base (Logement Petit Déjeuner, Chambre double)', 251.000, 313.750, NULL, NULL),
(923, NULL, NULL, 435, 'SUPP-AUTRE-CHAMBRE', 'Supp Suite Fell / Yasmine', 0.000, 0.000, NULL, NULL),
(924, NULL, NULL, 436, 'PRIX-BASE', 'Prix de Base (Logement Petit Déjeuner, Chambre double)', 251.000, 313.750, NULL, NULL),
(925, NULL, NULL, 436, 'SUPP-AUTRE-CHAMBRE', 'Supp Suite Fell / Yasmine', 0.000, 0.000, NULL, NULL),
(926, NULL, NULL, 437, 'PRIX-BASE', 'Prix de Base (All Inclusive, Chambre double)', 0.000, 0.000, NULL, NULL),
(927, NULL, NULL, 438, 'PRIX-BASE', 'Prix de Base (All Inclusive, Chambre double)', 0.000, 0.000, NULL, NULL),
(928, NULL, NULL, 439, 'PRIX-BASE', 'Prix de Base (All Inclusive, Chambre double)', 0.000, 0.000, NULL, NULL),
(929, NULL, NULL, 440, 'PRIX-BASE', 'Prix de Base (All Inclusive, Chambre double)', 0.000, 0.000, NULL, NULL),
(930, NULL, NULL, 441, 'PRIX-BASE', 'Prix de Base (All Inclusive, Chambre double)', 0.000, 0.000, NULL, NULL),
(931, NULL, NULL, 442, 'PRIX-BASE', 'Prix de Base (All Inclusive, Chambre double)', 0.000, 0.000, NULL, NULL),
(932, NULL, NULL, 443, 'PRIX-BASE', 'Prix de Base (All Inclusive, Chambre double)', 0.000, 0.000, NULL, NULL),
(933, NULL, NULL, 444, 'PRIX-BASE', 'Prix de Base (All Inclusive, Chambre double)', 0.000, 0.000, NULL, NULL),
(934, NULL, NULL, 445, 'PRIX-BASE', 'Prix de Base (All Inclusive, Chambre double)', 0.000, 0.000, NULL, NULL),
(935, NULL, NULL, 446, 'PRIX-BASE', 'Prix de Base (All Inclusive, Chambre double)', 0.000, 0.000, NULL, NULL),
(936, NULL, NULL, 447, 'PRIX-BASE', 'Prix de Base (All Inclusive, Chambre double)', 0.000, 0.000, NULL, NULL),
(937, NULL, NULL, 448, 'PRIX-BASE', 'Prix de Base (All Inclusive, Chambre double)', 0.000, 0.000, NULL, NULL),
(938, NULL, NULL, 449, 'PRIX-BASE', 'Prix de Base (All Inclusive, Chambre double)', 0.000, 0.000, NULL, NULL),
(939, NULL, NULL, 450, 'PRIX-BASE', 'Prix de Base (All Inclusive, Chambre double)', 0.000, 0.000, NULL, NULL),
(940, NULL, NULL, 451, 'PRIX-BASE', 'Prix de Base (All Inclusive, Chambre double)', 0.000, 0.000, NULL, NULL),
(941, NULL, NULL, 452, 'PRIX-BASE', 'Prix de Base (All Inclusive, Chambre double)', 0.000, 0.000, NULL, NULL),
(942, NULL, NULL, 453, 'PRIX-BASE', 'Prix de Base (All Inclusive, Chambre double)', 0.000, 0.000, NULL, NULL),
(943, NULL, NULL, 454, 'PRIX-BASE', 'Prix de Base (All Inclusive, Chambre double)', 0.000, 0.000, NULL, NULL),
(944, NULL, NULL, 455, 'PRIX-BASE', 'Prix de Base (All Inclusive, Chambre double)', 0.000, 0.000, NULL, NULL),
(945, NULL, NULL, 456, 'PRIX-BASE', 'Prix de Base (All Inclusive, Chambre double)', 0.000, 0.000, NULL, NULL),
(946, NULL, NULL, 457, 'PRIX-BASE', 'Prix de Base (All Inclusive, Chambre double)', 0.000, 0.000, NULL, NULL),
(947, NULL, NULL, 458, 'PRIX-BASE', 'Prix de Base (All Inclusive, Chambre double)', 0.000, 0.000, NULL, NULL),
(948, NULL, NULL, 459, 'PRIX-BASE', 'Prix de Base (All Inclusive, Chambre double)', 0.000, 0.000, NULL, NULL),
(949, NULL, NULL, 460, 'PRIX-BASE', 'Prix de Base (All Inclusive, Chambre double)', 0.000, 0.000, NULL, NULL),
(950, NULL, NULL, 461, 'PRIX-BASE', 'Prix de Base (All Inclusive, Chambre double)', 0.000, 0.000, NULL, NULL),
(951, NULL, NULL, 462, 'PRIX-BASE', 'Prix de Base (All Inclusive, Chambre double)', 0.000, 0.000, NULL, NULL),
(952, NULL, NULL, 463, 'PRIX-BASE', 'Prix de Base (All Inclusive, Chambre double)', 0.000, 0.000, NULL, NULL),
(953, NULL, NULL, 464, 'PRIX-BASE', 'Prix de Base (All Inclusive, Chambre double)', 0.000, 0.000, NULL, NULL),
(954, NULL, NULL, 465, 'PRIX-BASE', 'Prix de Base (All Inclusive, Chambre double)', 0.000, 0.000, NULL, NULL),
(955, NULL, NULL, 465, 'REDUC-1ENF-2ADULTES-AGE-1', 'Réduction 1er enfant avec 2 adultes dans une même chambre   [1,12]', 0.000, 0.000, NULL, NULL),
(956, NULL, NULL, 466, 'PRIX-BASE', 'Prix de Base (All Inclusive, Chambre double)', 0.000, 0.000, NULL, NULL),
(957, NULL, NULL, 466, 'REDUC-1ENF-2ADULTES-AGE-1', 'Réduction 1er enfant avec 2 adultes dans une même chambre   [1,12]', 0.000, 0.000, NULL, NULL),
(958, NULL, NULL, 467, 'PRIX-BASE', 'Prix de Base (All Inclusive, Chambre double)', 0.000, 0.000, NULL, NULL),
(959, NULL, NULL, 467, 'REDUC-1ENF-2ADULTES-AGE-1', 'Réduction 1er enfant avec 2 adultes dans une même chambre   [1,12]', 0.000, 0.000, NULL, NULL),
(960, NULL, NULL, 468, 'PRIX-BASE', 'Prix de Base (All Inclusive, Chambre double)', 0.000, 0.000, NULL, NULL),
(961, NULL, NULL, 468, 'REDUC-1ENF-2ADULTES-AGE-1', 'Réduction 1er enfant avec 2 adultes dans une même chambre   [1,12]', 0.000, 0.000, NULL, NULL),
(962, NULL, NULL, 469, 'PRIX-BASE', 'Prix de Base (All Inclusive, Chambre double)', 0.000, 0.000, NULL, NULL),
(963, NULL, NULL, 469, 'REDUC-1ENF-2ADULTES-AGE-1', 'Réduction 1er enfant avec 2 adultes dans une même chambre   [1,12]', 0.000, 0.000, NULL, NULL),
(964, NULL, NULL, 470, 'PRIX-BASE', 'Prix de Base (All Inclusive, Chambre double)', 0.000, 0.000, NULL, NULL),
(965, NULL, NULL, 470, 'REDUC-1ENF-2ADULTES-AGE-1', 'Réduction 1er enfant avec 2 adultes dans une même chambre   [1,12]', 0.000, 0.000, NULL, NULL),
(966, NULL, NULL, 471, 'PRIX-BASE', 'Prix de Base (All Inclusive, Chambre double)', 0.000, 0.000, NULL, NULL),
(967, NULL, NULL, 471, 'REDUC-1ENF-2ADULTES-AGE-1', 'Réduction 1er enfant avec 2 adultes dans une même chambre   [1,12]', 0.000, 0.000, NULL, NULL),
(968, NULL, NULL, 472, 'PRIX-BASE', 'Prix de Base (All Inclusive, Chambre double)', 0.000, 0.000, NULL, NULL),
(969, NULL, NULL, 472, 'REDUC-2ENF-2ADULTES-AGE-1', 'Réduction 2eme enfant ou plus avec 2 adultes dans une même chambre [1,12]', 0.000, 0.000, NULL, NULL),
(970, NULL, NULL, 473, 'PRIX-BASE', 'Prix de Base (All Inclusive, Chambre double)', 0.000, 0.000, NULL, NULL),
(971, NULL, NULL, 473, 'REDUC-2ENF-2ADULTES-AGE-1', 'Réduction 2eme enfant ou plus avec 2 adultes dans une même chambre [1,12]', 0.000, 0.000, NULL, NULL),
(972, NULL, NULL, 474, 'PRIX-BASE', 'Prix de Base (All Inclusive, Chambre double)', 0.000, 0.000, NULL, NULL),
(973, NULL, NULL, 474, 'REDUC-2ENF-2ADULTES-AGE-1', 'Réduction 2eme enfant ou plus avec 2 adultes dans une même chambre [1,12]', 0.000, 0.000, NULL, NULL),
(974, NULL, NULL, 475, 'PRIX-BASE', 'Prix de Base (All Inclusive, Chambre double)', 0.000, 0.000, NULL, NULL),
(975, NULL, NULL, 475, 'REDUC-2ENF-2ADULTES-AGE-1', 'Réduction 2eme enfant ou plus avec 2 adultes dans une même chambre [1,12]', 0.000, 0.000, NULL, NULL),
(976, NULL, NULL, 476, 'PRIX-BASE', 'Prix de Base (All Inclusive, Chambre double)', 0.000, 0.000, NULL, NULL),
(977, NULL, NULL, 476, 'REDUC-2ENF-2ADULTES-AGE-1', 'Réduction 2eme enfant ou plus avec 2 adultes dans une même chambre [1,12]', 0.000, 0.000, NULL, NULL),
(978, NULL, NULL, 477, 'PRIX-BASE', 'Prix de Base (All Inclusive, Chambre double)', 0.000, 0.000, NULL, NULL),
(979, NULL, NULL, 477, 'REDUC-2ENF-2ADULTES-AGE-1', 'Réduction 2eme enfant ou plus avec 2 adultes dans une même chambre [1,12]', 0.000, 0.000, NULL, NULL),
(980, NULL, NULL, 478, 'PRIX-BASE', 'Prix de Base (All Inclusive, Chambre double)', 0.000, 0.000, NULL, NULL),
(981, NULL, NULL, 478, 'REDUC-2ENF-2ADULTES-AGE-1', 'Réduction 2eme enfant ou plus avec 2 adultes dans une même chambre [1,12]', 0.000, 0.000, NULL, NULL),
(982, NULL, NULL, 479, 'PRIX-BASE', 'Prix de Base (All Inclusive, Chambre double)', 130.000, 162.500, NULL, NULL),
(983, NULL, NULL, 480, 'PRIX-BASE', 'Prix de Base (All Inclusive, Chambre double)', 130.000, 162.500, NULL, NULL),
(984, NULL, NULL, 481, 'PRIX-BASE', 'Prix de Base (All Inclusive, Chambre double)', 130.000, 162.500, NULL, NULL);
INSERT INTO `ost_sht_reservation_ligne` (`id`, `supplement_id`, `reduction_id`, `jour_id`, `code`, `libelle`, `achat`, `vente`, `achat_ancien`, `vente_ancien`) VALUES
(985, NULL, NULL, 482, 'PRIX-BASE', 'Prix de Base (All Inclusive, Chambre double)', 130.000, 162.500, NULL, NULL),
(986, NULL, NULL, 483, 'PRIX-BASE', 'Prix de Base (All Inclusive, Chambre double)', 130.000, 162.500, NULL, NULL),
(987, NULL, NULL, 484, 'PRIX-BASE', 'Prix de Base (All Inclusive, Chambre double)', 130.000, 162.500, NULL, NULL),
(988, NULL, NULL, 485, 'PRIX-BASE', 'Prix de Base (All Inclusive, Chambre double)', 130.000, 162.500, NULL, NULL),
(989, NULL, NULL, 486, 'PRIX-BASE', 'Prix de Base (All Inclusive, Chambre double)', 130.000, 162.500, NULL, NULL),
(990, NULL, NULL, 487, 'PRIX-BASE', 'Prix de Base (All Inclusive, Chambre double)', 130.000, 162.500, NULL, NULL),
(991, NULL, NULL, 488, 'PRIX-BASE', 'Prix de Base (All Inclusive, Chambre double)', 130.000, 162.500, NULL, NULL),
(992, NULL, NULL, 489, 'PRIX-BASE', 'Prix de Base (All Inclusive, Chambre double)', 130.000, 162.500, NULL, NULL),
(993, NULL, NULL, 490, 'PRIX-BASE', 'Prix de Base (All Inclusive, Chambre double)', 130.000, 162.500, NULL, NULL),
(994, NULL, NULL, 491, 'PRIX-BASE', 'Prix de Base (All Inclusif, Chambre double)', 130.000, 162.500, NULL, NULL),
(995, NULL, NULL, 492, 'PRIX-BASE', 'Prix de Base (All Inclusif, Chambre double)', 130.000, 162.500, NULL, NULL),
(996, NULL, NULL, 493, 'PRIX-BASE', 'Prix de Base (All Inclusif, Chambre double)', 130.000, 162.500, NULL, NULL),
(997, NULL, NULL, 493, 'REDUC-3LIT', 'Reduc ou Supp 3eme lit', -13.000, -16.250, NULL, NULL),
(998, NULL, NULL, 494, 'PRIX-BASE', 'Prix de Base (Logement Petit Déjeuner, Chambre double)', 120.000, 138.000, NULL, NULL),
(999, NULL, NULL, 494, 'ARRANGEMENT', 'Arrangement Demi Pension', 10.000, 11.500, NULL, NULL),
(1000, NULL, NULL, 495, 'PRIX-BASE', 'Prix de Base (Logement Petit Déjeuner, Chambre double)', 120.000, 138.000, NULL, NULL),
(1001, NULL, NULL, 495, 'ARRANGEMENT', 'Arrangement Demi Pension', 10.000, 11.500, NULL, NULL),
(1002, NULL, NULL, 496, 'PRIX-BASE', 'Prix de Base (Logement Petit Déjeuner, Chambre double)', 120.000, 138.000, NULL, NULL),
(1003, NULL, NULL, 496, 'ARRANGEMENT', 'Arrangement Demi Pension', 10.000, 11.500, NULL, NULL),
(1004, NULL, NULL, 497, 'PRIX-BASE', 'Prix de Base (Logement Petit Déjeuner, Chambre double)', 120.000, 138.000, NULL, NULL),
(1005, NULL, NULL, 497, 'ARRANGEMENT', 'Arrangement Demi Pension', 10.000, 11.500, NULL, NULL),
(1006, NULL, NULL, 498, 'PRIX-BASE', 'Prix de Base (Logement Petit Déjeuner, Chambre double)', 120.000, 138.000, NULL, NULL),
(1007, NULL, NULL, 498, 'ARRANGEMENT', 'Arrangement Demi Pension', 10.000, 11.500, NULL, NULL),
(1008, NULL, NULL, 499, 'PRIX-BASE', 'Prix de Base (Logement Petit Déjeuner, Chambre double)', 120.000, 138.000, NULL, NULL),
(1009, NULL, NULL, 499, 'ARRANGEMENT', 'Arrangement Demi Pension', 10.000, 11.500, NULL, NULL),
(1010, NULL, NULL, 499, 'REDUC-1ENF-1ADULTE-AGE-1', 'Réduction 1er enfant avec 1 adulte dans une même chambre  [3,11]', -26.000, -29.900, NULL, NULL),
(1011, NULL, NULL, 500, 'PRIX-BASE', 'Prix de Base (Logement Petit Déjeuner, Chambre double)', 120.000, 138.000, NULL, NULL),
(1012, NULL, NULL, 500, 'ARRANGEMENT', 'Arrangement Demi Pension', 10.000, 11.500, NULL, NULL),
(1013, NULL, NULL, 500, 'REDUC-1ENF-1ADULTE-AGE-1', 'Réduction 1er enfant avec 1 adulte dans une même chambre  [3,11]', -26.000, -29.900, NULL, NULL),
(1014, NULL, NULL, 501, 'PRIX-BASE', 'Prix de Base (Logement Petit Déjeuner, Chambre double)', 120.000, 138.000, NULL, NULL),
(1015, NULL, NULL, 501, 'ARRANGEMENT', 'Arrangement Demi Pension', 10.000, 11.500, NULL, NULL),
(1016, NULL, NULL, 501, 'REDUC-1ENF-1ADULTE-AGE-1', 'Réduction 1er enfant avec 1 adulte dans une même chambre  [3,11]', -26.000, -29.900, NULL, NULL),
(1017, NULL, NULL, 502, 'PRIX-BASE', 'Prix de Base (Logement Petit Déjeuner, Chambre double)', 120.000, 138.000, NULL, NULL),
(1018, NULL, NULL, 502, 'ARRANGEMENT', 'Arrangement Demi Pension', 10.000, 11.500, NULL, NULL),
(1019, NULL, NULL, 502, 'REDUC-1ENF-1ADULTE-AGE-1', 'Réduction 1er enfant avec 1 adulte dans une même chambre  [3,11]', -26.000, -29.900, NULL, NULL),
(1020, NULL, NULL, 503, 'PRIX-BASE', 'Prix de Base (Logement Petit Déjeuner, Chambre double)', 120.000, 138.000, NULL, NULL),
(1021, NULL, NULL, 503, 'ARRANGEMENT', 'Arrangement Demi Pension', 10.000, 11.500, NULL, NULL),
(1022, NULL, NULL, 503, 'REDUC-1ENF-1ADULTE-AGE-1', 'Réduction 1er enfant avec 1 adulte dans une même chambre  [3,11]', -26.000, -29.900, NULL, NULL),
(1023, NULL, NULL, 504, 'PRIX-BASE', 'Prix de Base (Logement Petit Déjeuner, Chambre double)', 120.000, 138.000, NULL, NULL),
(1024, NULL, NULL, 504, 'ARRANGEMENT', 'Arrangement Demi Pension', 10.000, 11.500, NULL, NULL),
(1025, NULL, NULL, 505, 'PRIX-BASE', 'Prix de Base (Logement Petit Déjeuner, Chambre double)', 120.000, 138.000, NULL, NULL),
(1026, NULL, NULL, 505, 'ARRANGEMENT', 'Arrangement Demi Pension', 10.000, 11.500, NULL, NULL),
(1027, NULL, NULL, 506, 'PRIX-BASE', 'Prix de Base (Logement Petit Déjeuner, Chambre double)', 120.000, 138.000, NULL, NULL),
(1028, NULL, NULL, 506, 'ARRANGEMENT', 'Arrangement Demi Pension', 10.000, 11.500, NULL, NULL),
(1029, NULL, NULL, 507, 'PRIX-BASE', 'Prix de Base (Logement Petit Déjeuner, Chambre double)', 120.000, 138.000, NULL, NULL),
(1030, NULL, NULL, 507, 'ARRANGEMENT', 'Arrangement Demi Pension', 10.000, 11.500, NULL, NULL),
(1031, NULL, NULL, 508, 'PRIX-BASE', 'Prix de Base (Logement Petit Déjeuner, Chambre double)', 120.000, 138.000, NULL, NULL),
(1032, NULL, NULL, 508, 'ARRANGEMENT', 'Arrangement Demi Pension', 10.000, 11.500, NULL, NULL),
(1033, NULL, NULL, 509, 'PRIX-BASE', 'Prix de Base (Logement Petit Déjeuner, Chambre double)', 120.000, 138.000, NULL, NULL),
(1034, NULL, NULL, 509, 'ARRANGEMENT', 'Arrangement Demi Pension', 10.000, 11.500, NULL, NULL),
(1035, NULL, NULL, 510, 'PRIX-BASE', 'Prix de Base (Logement Petit Déjeuner, Chambre double)', 120.000, 138.000, NULL, NULL),
(1036, NULL, NULL, 510, 'ARRANGEMENT', 'Arrangement Demi Pension', 10.000, 11.500, NULL, NULL),
(1037, NULL, NULL, 511, 'PRIX-BASE', 'Prix de Base (Logement Petit Déjeuner, Chambre double)', 120.000, 138.000, NULL, NULL),
(1038, NULL, NULL, 511, 'ARRANGEMENT', 'Arrangement Demi Pension', 10.000, 11.500, NULL, NULL),
(1039, NULL, NULL, 512, 'PRIX-BASE', 'Prix de Base (Logement Petit Déjeuner, Chambre double)', 120.000, 138.000, NULL, NULL),
(1040, NULL, NULL, 512, 'ARRANGEMENT', 'Arrangement Demi Pension', 10.000, 11.500, NULL, NULL),
(1041, NULL, NULL, 513, 'PRIX-BASE', 'Prix de Base (Logement Petit Déjeuner, Chambre double)', 120.000, 138.000, NULL, NULL),
(1042, NULL, NULL, 513, 'ARRANGEMENT', 'Arrangement Demi Pension', 10.000, 11.500, NULL, NULL),
(1043, NULL, NULL, 514, 'PRIX-BASE', 'Prix de Base (Logement Petit Déjeuner, Chambre double)', 120.000, 138.000, NULL, NULL),
(1044, NULL, NULL, 514, 'ARRANGEMENT', 'Arrangement Demi Pension', 10.000, 11.500, NULL, NULL),
(1045, NULL, NULL, 514, 'REDUC-1ENF-2ADULTES-AGE-1', 'Réduction 1er enfant avec 2 adultes dans une même chambre   [3,11]', -65.000, -74.750, NULL, NULL),
(1046, NULL, NULL, 515, 'PRIX-BASE', 'Prix de Base (Logement Petit Déjeuner, Chambre double)', 120.000, 138.000, NULL, NULL),
(1047, NULL, NULL, 515, 'ARRANGEMENT', 'Arrangement Demi Pension', 10.000, 11.500, NULL, NULL),
(1048, NULL, NULL, 515, 'REDUC-1ENF-2ADULTES-AGE-1', 'Réduction 1er enfant avec 2 adultes dans une même chambre   [3,11]', -65.000, -74.750, NULL, NULL),
(1049, NULL, NULL, 516, 'PRIX-BASE', 'Prix de Base (Logement Petit Déjeuner, Chambre double)', 120.000, 138.000, NULL, NULL),
(1050, NULL, NULL, 516, 'ARRANGEMENT', 'Arrangement Demi Pension', 10.000, 11.500, NULL, NULL),
(1051, NULL, NULL, 516, 'REDUC-1ENF-2ADULTES-AGE-1', 'Réduction 1er enfant avec 2 adultes dans une même chambre   [3,11]', -65.000, -74.750, NULL, NULL),
(1052, NULL, NULL, 517, 'PRIX-BASE', 'Prix de Base (Logement Petit Déjeuner, Chambre double)', 120.000, 138.000, NULL, NULL),
(1053, NULL, NULL, 517, 'ARRANGEMENT', 'Arrangement Demi Pension', 10.000, 11.500, NULL, NULL),
(1054, NULL, NULL, 517, 'REDUC-1ENF-2ADULTES-AGE-1', 'Réduction 1er enfant avec 2 adultes dans une même chambre   [3,11]', -65.000, -74.750, NULL, NULL),
(1055, NULL, NULL, 518, 'PRIX-BASE', 'Prix de Base (Logement Petit Déjeuner, Chambre double)', 120.000, 138.000, NULL, NULL),
(1056, NULL, NULL, 518, 'ARRANGEMENT', 'Arrangement Demi Pension', 10.000, 11.500, NULL, NULL),
(1057, NULL, NULL, 518, 'REDUC-1ENF-2ADULTES-AGE-1', 'Réduction 1er enfant avec 2 adultes dans une même chambre   [3,11]', -65.000, -74.750, NULL, NULL),
(1058, NULL, NULL, 519, 'PRIX-BASE', 'Prix de Base (Logement Petit Déjeuner, Chambre double)', 122.000, 146.400, NULL, NULL),
(1059, NULL, NULL, 519, 'ARRANGEMENT', 'Arrangement Demi Pension', 32.000, 38.400, NULL, NULL),
(1060, NULL, NULL, 519, 'SUPP-VUE', 'Supp Vue mer', 0.000, 0.000, NULL, NULL),
(1061, NULL, NULL, 520, 'PRIX-BASE', 'Prix de Base (Logement Petit Déjeuner, Chambre double)', 122.000, 146.400, NULL, NULL),
(1062, NULL, NULL, 520, 'ARRANGEMENT', 'Arrangement Demi Pension', 32.000, 38.400, NULL, NULL),
(1063, NULL, NULL, 520, 'SUPP-VUE', 'Supp Vue mer', 0.000, 0.000, NULL, NULL),
(1064, NULL, NULL, 521, 'PRIX-BASE', 'Prix de Base (Logement Petit Déjeuner, Chambre double)', 89.000, 102.350, NULL, NULL),
(1065, NULL, NULL, 521, 'ARRANGEMENT', 'Arrangement Demi Pension', 32.000, 36.800, NULL, NULL),
(1066, NULL, NULL, 521, 'SUPP-VUE', 'Supp Vue mer', 0.000, 0.000, NULL, NULL),
(1067, NULL, NULL, 522, 'PRIX-BASE', 'Prix de Base (Logement Petit Déjeuner, Chambre double)', 89.000, 102.350, NULL, NULL),
(1068, NULL, NULL, 522, 'ARRANGEMENT', 'Arrangement Demi Pension', 32.000, 36.800, NULL, NULL),
(1069, NULL, NULL, 522, 'SUPP-VUE', 'Supp Vue mer', 0.000, 0.000, NULL, NULL),
(1070, NULL, NULL, 523, 'PRIX-BASE', 'Prix de Base (Logement Petit Déjeuner, Chambre double)', 89.000, 102.350, NULL, NULL),
(1071, NULL, NULL, 523, 'ARRANGEMENT', 'Arrangement Demi Pension', 32.000, 36.800, NULL, NULL),
(1072, NULL, NULL, 523, 'SUPP-VUE', 'Supp Vue mer', 0.000, 0.000, NULL, NULL),
(1073, NULL, NULL, 524, 'PRIX-BASE', 'Prix de Base (Logement Petit Déjeuner, Chambre double)', 122.000, 146.400, NULL, NULL),
(1074, NULL, NULL, 524, 'ARRANGEMENT', 'Arrangement Demi Pension', 32.000, 38.400, NULL, NULL),
(1075, NULL, NULL, 524, 'SUPP-VUE', 'Supp Vue mer', 0.000, 0.000, NULL, NULL),
(1076, NULL, NULL, 525, 'PRIX-BASE', 'Prix de Base (Logement Petit Déjeuner, Chambre double)', 122.000, 146.400, NULL, NULL),
(1077, NULL, NULL, 525, 'ARRANGEMENT', 'Arrangement Demi Pension', 32.000, 38.400, NULL, NULL),
(1078, NULL, NULL, 525, 'SUPP-VUE', 'Supp Vue mer', 0.000, 0.000, NULL, NULL),
(1079, NULL, NULL, 526, 'PRIX-BASE', 'Prix de Base (Logement Petit Déjeuner, Chambre double)', 89.000, 102.350, NULL, NULL),
(1080, NULL, NULL, 526, 'ARRANGEMENT', 'Arrangement Demi Pension', 32.000, 36.800, NULL, NULL),
(1081, NULL, NULL, 526, 'SUPP-VUE', 'Supp Vue mer', 0.000, 0.000, NULL, NULL),
(1082, NULL, NULL, 527, 'PRIX-BASE', 'Prix de Base (Logement Petit Déjeuner, Chambre double)', 89.000, 102.350, NULL, NULL),
(1083, NULL, NULL, 527, 'ARRANGEMENT', 'Arrangement Demi Pension', 32.000, 36.800, NULL, NULL),
(1084, NULL, NULL, 527, 'SUPP-VUE', 'Supp Vue mer', 0.000, 0.000, NULL, NULL),
(1085, NULL, NULL, 528, 'PRIX-BASE', 'Prix de Base (Logement Petit Déjeuner, Chambre double)', 89.000, 102.350, NULL, NULL),
(1086, NULL, NULL, 528, 'ARRANGEMENT', 'Arrangement Demi Pension', 32.000, 36.800, NULL, NULL),
(1087, NULL, NULL, 528, 'SUPP-VUE', 'Supp Vue mer', 0.000, 0.000, NULL, NULL),
(1088, NULL, NULL, 529, 'PRIX-BASE', 'Prix de Base (Logement Petit Déjeuner, Chambre double)', 122.000, 146.400, NULL, NULL),
(1089, NULL, NULL, 529, 'ARRANGEMENT', 'Arrangement Demi Pension', 32.000, 38.400, NULL, NULL),
(1090, NULL, NULL, 529, 'REDUC-3LIT', 'Reduc ou Supp 3eme lit', -30.800, -36.960, NULL, NULL),
(1091, NULL, NULL, 529, 'SUPP-VUE', 'Supp Vue mer', 0.000, 0.000, NULL, NULL),
(1092, NULL, NULL, 530, 'PRIX-BASE', 'Prix de Base (Logement Petit Déjeuner, Chambre double)', 122.000, 146.400, NULL, NULL),
(1093, NULL, NULL, 530, 'ARRANGEMENT', 'Arrangement Demi Pension', 32.000, 38.400, NULL, NULL),
(1094, NULL, NULL, 530, 'REDUC-3LIT', 'Reduc ou Supp 3eme lit', -30.800, -36.960, NULL, NULL),
(1095, NULL, NULL, 530, 'SUPP-VUE', 'Supp Vue mer', 0.000, 0.000, NULL, NULL),
(1096, NULL, NULL, 531, 'PRIX-BASE', 'Prix de Base (Logement Petit Déjeuner, Chambre double)', 89.000, 102.350, NULL, NULL),
(1097, NULL, NULL, 531, 'ARRANGEMENT', 'Arrangement Demi Pension', 32.000, 36.800, NULL, NULL),
(1098, NULL, NULL, 531, 'REDUC-3LIT', 'Reduc ou Supp 3eme lit', -24.200, -27.830, NULL, NULL),
(1099, NULL, NULL, 531, 'SUPP-VUE', 'Supp Vue mer', 0.000, 0.000, NULL, NULL),
(1100, NULL, NULL, 532, 'PRIX-BASE', 'Prix de Base (Logement Petit Déjeuner, Chambre double)', 89.000, 102.350, NULL, NULL),
(1101, NULL, NULL, 532, 'ARRANGEMENT', 'Arrangement Demi Pension', 32.000, 36.800, NULL, NULL),
(1102, NULL, NULL, 532, 'REDUC-3LIT', 'Reduc ou Supp 3eme lit', -24.200, -27.830, NULL, NULL),
(1103, NULL, NULL, 532, 'SUPP-VUE', 'Supp Vue mer', 0.000, 0.000, NULL, NULL),
(1104, NULL, NULL, 533, 'PRIX-BASE', 'Prix de Base (Logement Petit Déjeuner, Chambre double)', 89.000, 102.350, NULL, NULL),
(1105, NULL, NULL, 533, 'ARRANGEMENT', 'Arrangement Demi Pension', 32.000, 36.800, NULL, NULL),
(1106, NULL, NULL, 533, 'REDUC-3LIT', 'Reduc ou Supp 3eme lit', -24.200, -27.830, NULL, NULL),
(1107, NULL, NULL, 533, 'SUPP-VUE', 'Supp Vue mer', 0.000, 0.000, NULL, NULL),
(1108, NULL, NULL, 534, 'PRIX-BASE', 'Prix de Base (Logement Petit Déjeuner, Chambre double)', 120.000, 138.000, NULL, NULL),
(1109, NULL, NULL, 535, 'PRIX-BASE', 'Prix de Base (Logement Petit Déjeuner, Chambre double)', 120.000, 138.000, NULL, NULL),
(1110, NULL, NULL, 536, 'PRIX-BASE', 'Prix de Base (Logement Petit Déjeuner, Chambre double)', 120.000, 138.000, NULL, NULL),
(1111, NULL, NULL, 537, 'PRIX-BASE', 'Prix de Base (Logement Petit Déjeuner, Chambre double)', 120.000, 138.000, NULL, NULL),
(1112, NULL, NULL, 538, 'PRIX-BASE', 'Prix de Base (Logement Petit Déjeuner, Chambre double)', 120.000, 138.000, NULL, NULL),
(1113, NULL, NULL, 539, 'PRIX-BASE', 'Prix de Base (Logement Petit Déjeuner, Chambre double)', 120.000, 138.000, NULL, NULL),
(1114, NULL, NULL, 540, 'PRIX-BASE', 'Prix de Base (Logement Petit Déjeuner, Chambre double)', 120.000, 138.000, NULL, NULL),
(1115, NULL, NULL, 541, 'PRIX-BASE', 'Prix de Base (Logement Petit Déjeuner, Chambre double)', 120.000, 138.000, NULL, NULL),
(1116, NULL, NULL, 542, 'PRIX-BASE', 'Prix de Base (Logement Petit Déjeuner, Chambre double)', 120.000, 138.000, NULL, NULL),
(1117, NULL, NULL, 543, 'PRIX-BASE', 'Prix de Base (Logement Petit Déjeuner, Chambre double)', 120.000, 138.000, NULL, NULL),
(1118, NULL, NULL, 544, 'PRIX-BASE', 'Prix de Base (Logement Petit Déjeuner, Chambre double)', 120.000, 138.000, NULL, NULL),
(1119, NULL, NULL, 544, 'ARRANGEMENT', 'Arrangement Demi Pension', 10.000, 11.500, NULL, NULL),
(1120, NULL, NULL, 545, 'PRIX-BASE', 'Prix de Base (Logement Petit Déjeuner, Chambre double)', 120.000, 138.000, NULL, NULL),
(1121, NULL, NULL, 545, 'ARRANGEMENT', 'Arrangement Demi Pension', 10.000, 11.500, NULL, NULL),
(1122, NULL, NULL, 546, 'PRIX-BASE', 'Prix de Base (Logement Petit Déjeuner, Chambre double)', 120.000, 138.000, NULL, NULL),
(1123, NULL, NULL, 546, 'ARRANGEMENT', 'Arrangement Demi Pension', 10.000, 11.500, NULL, NULL),
(1124, NULL, NULL, 547, 'PRIX-BASE', 'Prix de Base (Logement Petit Déjeuner, Chambre double)', 120.000, 138.000, NULL, NULL),
(1125, NULL, NULL, 547, 'ARRANGEMENT', 'Arrangement Demi Pension', 10.000, 11.500, NULL, NULL),
(1126, NULL, NULL, 548, 'PRIX-BASE', 'Prix de Base (Logement Petit Déjeuner, Chambre double)', 120.000, 138.000, NULL, NULL),
(1127, NULL, NULL, 548, 'ARRANGEMENT', 'Arrangement Demi Pension', 10.000, 11.500, NULL, NULL),
(1128, NULL, NULL, 549, 'PRIX-BASE', 'Prix de Base (Logement Petit Déjeuner, Chambre double)', 120.000, 138.000, NULL, NULL),
(1129, NULL, NULL, 549, 'ARRANGEMENT', 'Arrangement Demi Pension', 10.000, 11.500, NULL, NULL),
(1130, NULL, NULL, 550, 'PRIX-BASE', 'Prix de Base (Logement Petit Déjeuner, Chambre double)', 120.000, 138.000, NULL, NULL),
(1131, NULL, NULL, 550, 'ARRANGEMENT', 'Arrangement Demi Pension', 10.000, 11.500, NULL, NULL),
(1132, NULL, NULL, 551, 'PRIX-BASE', 'Prix de Base (Logement Petit Déjeuner, Chambre double)', 120.000, 138.000, NULL, NULL),
(1133, NULL, NULL, 551, 'ARRANGEMENT', 'Arrangement Demi Pension', 10.000, 11.500, NULL, NULL),
(1134, NULL, NULL, 552, 'PRIX-BASE', 'Prix de Base (Logement Petit Déjeuner, Chambre double)', 120.000, 138.000, NULL, NULL),
(1135, NULL, NULL, 552, 'ARRANGEMENT', 'Arrangement Demi Pension', 10.000, 11.500, NULL, NULL),
(1136, NULL, NULL, 553, 'PRIX-BASE', 'Prix de Base (Logement Petit Déjeuner, Chambre double)', 120.000, 138.000, NULL, NULL),
(1137, NULL, NULL, 553, 'ARRANGEMENT', 'Arrangement Demi Pension', 10.000, 11.500, NULL, NULL),
(1138, NULL, NULL, 554, 'PRIX-BASE', 'Prix de Base (Logement Petit Déjeuner, Chambre double)', 120.000, 138.000, NULL, NULL),
(1139, NULL, NULL, 554, 'ARRANGEMENT', 'Arrangement Demi Pension', 10.000, 11.500, NULL, NULL),
(1140, NULL, NULL, 555, 'PRIX-BASE', 'Prix de Base (Logement Petit Déjeuner, Chambre double)', 120.000, 138.000, NULL, NULL),
(1141, NULL, NULL, 555, 'ARRANGEMENT', 'Arrangement Demi Pension', 10.000, 11.500, NULL, NULL),
(1142, NULL, NULL, 556, 'PRIX-BASE', 'Prix de Base (Logement Petit Déjeuner, Chambre double)', 120.000, 138.000, NULL, NULL),
(1143, NULL, NULL, 556, 'ARRANGEMENT', 'Arrangement Demi Pension', 10.000, 11.500, NULL, NULL),
(1144, NULL, NULL, 557, 'PRIX-BASE', 'Prix de Base (Logement Petit Déjeuner, Chambre double)', 120.000, 138.000, NULL, NULL),
(1145, NULL, NULL, 557, 'ARRANGEMENT', 'Arrangement Demi Pension', 10.000, 11.500, NULL, NULL),
(1146, NULL, NULL, 558, 'PRIX-BASE', 'Prix de Base (Logement Petit Déjeuner, Chambre double)', 120.000, 138.000, NULL, NULL),
(1147, NULL, NULL, 558, 'ARRANGEMENT', 'Arrangement Demi Pension', 10.000, 11.500, NULL, NULL),
(1148, NULL, NULL, 559, 'PRIX-BASE', 'Prix de Base (Logement Petit Déjeuner, Chambre double)', 80.000, 92.000, NULL, NULL),
(1149, NULL, NULL, 559, 'ARRANGEMENT', 'Arrangement Pension Complète', 35.000, 40.250, NULL, NULL),
(1150, NULL, NULL, 560, 'PRIX-BASE', 'Prix de Base (Logement Petit Déjeuner, Chambre double)', 80.000, 92.000, NULL, NULL),
(1151, NULL, NULL, 560, 'ARRANGEMENT', 'Arrangement Pension Complète', 35.000, 40.250, NULL, NULL),
(1152, NULL, NULL, 561, 'PRIX-BASE', 'Prix de Base (Logement Petit Déjeuner, Chambre double)', 80.000, 92.000, NULL, NULL),
(1153, NULL, NULL, 561, 'ARRANGEMENT', 'Arrangement Pension Complète', 35.000, 40.250, NULL, NULL),
(1154, NULL, NULL, 562, 'PRIX-BASE', 'Prix de Base (Logement Petit Déjeuner, Chambre double)', 80.000, 92.000, NULL, NULL),
(1155, NULL, NULL, 562, 'ARRANGEMENT', 'Arrangement Pension Complète', 35.000, 40.250, NULL, NULL),
(1156, NULL, NULL, 563, 'PRIX-BASE', 'Prix de Base (Logement Petit Déjeuner, Chambre double)', 80.000, 92.000, NULL, NULL),
(1157, NULL, NULL, 563, 'ARRANGEMENT', 'Arrangement Pension Complète', 35.000, 40.250, NULL, NULL),
(1158, NULL, NULL, 564, 'PRIX-BASE', 'Prix de Base (Logement Petit Déjeuner, Chambre double)', 80.000, 92.000, NULL, NULL),
(1159, NULL, NULL, 564, 'ARRANGEMENT', 'Arrangement Pension Complète', 35.000, 40.250, NULL, NULL),
(1160, NULL, NULL, 565, 'PRIX-BASE', 'Prix de Base (Logement Petit Déjeuner, Chambre double)', 80.000, 92.000, NULL, NULL),
(1161, NULL, NULL, 565, 'ARRANGEMENT', 'Arrangement Pension Complète', 35.000, 40.250, NULL, NULL),
(1162, NULL, NULL, 566, 'PRIX-BASE', 'Prix de Base (Logement Petit Déjeuner, Chambre double)', 80.000, 92.000, NULL, NULL),
(1163, NULL, NULL, 566, 'ARRANGEMENT', 'Arrangement Pension Complète', 35.000, 40.250, NULL, NULL),
(1164, NULL, NULL, 567, 'PRIX-BASE', 'Prix de Base (Logement Petit Déjeuner, Chambre double)', 80.000, 92.000, NULL, NULL),
(1165, NULL, NULL, 567, 'ARRANGEMENT', 'Arrangement Pension Complète', 35.000, 40.250, NULL, NULL),
(1166, NULL, NULL, 568, 'PRIX-BASE', 'Prix de Base (Logement Petit Déjeuner, Chambre double)', 80.000, 92.000, NULL, NULL),
(1167, NULL, NULL, 568, 'ARRANGEMENT', 'Arrangement Pension Complète', 35.000, 40.250, NULL, NULL),
(1168, NULL, NULL, 569, 'PRIX-BASE', 'Prix de Base (Logement Petit Déjeuner, Chambre double)', 120.000, 138.000, NULL, NULL),
(1169, NULL, NULL, 569, 'ARRANGEMENT', 'Arrangement Demi Pension', 10.000, 11.500, NULL, NULL),
(1170, NULL, NULL, 569, 'SUPP-SINGLE', 'Supp single', 60.000, 72.000, NULL, NULL),
(1171, NULL, NULL, 570, 'PRIX-BASE', 'Prix de Base (Logement Petit Déjeuner, Chambre double)', 120.000, 138.000, NULL, NULL),
(1172, NULL, NULL, 570, 'ARRANGEMENT', 'Arrangement Demi Pension', 10.000, 11.500, NULL, NULL),
(1173, NULL, NULL, 570, 'SUPP-SINGLE', 'Supp single', 60.000, 72.000, NULL, NULL),
(1174, NULL, NULL, 571, 'PRIX-BASE', 'Prix de Base (Logement Petit Déjeuner, Chambre double)', 120.000, 138.000, NULL, NULL),
(1175, NULL, NULL, 571, 'ARRANGEMENT', 'Arrangement Demi Pension', 10.000, 11.500, NULL, NULL),
(1176, NULL, NULL, 571, 'SUPP-SINGLE', 'Supp single', 60.000, 72.000, NULL, NULL),
(1177, NULL, NULL, 572, 'PRIX-BASE', 'Prix de Base (Logement Petit Déjeuner, Chambre double)', 120.000, 138.000, NULL, NULL),
(1178, NULL, NULL, 572, 'ARRANGEMENT', 'Arrangement Demi Pension', 10.000, 11.500, NULL, NULL),
(1179, NULL, NULL, 572, 'SUPP-SINGLE', 'Supp single', 60.000, 72.000, NULL, NULL),
(1180, NULL, NULL, 573, 'PRIX-BASE', 'Prix de Base (Logement Petit Déjeuner, Chambre double)', 120.000, 138.000, NULL, NULL),
(1181, NULL, NULL, 573, 'ARRANGEMENT', 'Arrangement Demi Pension', 10.000, 11.500, NULL, NULL),
(1182, NULL, NULL, 573, 'SUPP-SINGLE', 'Supp single', 60.000, 72.000, NULL, NULL),
(1183, NULL, NULL, 574, 'PRIX-BASE', 'Prix de Base (Logement Petit Déjeuner, Chambre double)', 120.000, 138.000, NULL, NULL),
(1184, NULL, NULL, 574, 'ARRANGEMENT', 'Arrangement Demi Pension', 10.000, 11.500, NULL, NULL),
(1185, NULL, NULL, 575, 'PRIX-BASE', 'Prix de Base (Logement Petit Déjeuner, Chambre double)', 120.000, 138.000, NULL, NULL),
(1186, NULL, NULL, 575, 'ARRANGEMENT', 'Arrangement Demi Pension', 10.000, 11.500, NULL, NULL),
(1187, NULL, NULL, 576, 'PRIX-BASE', 'Prix de Base (Logement Petit Déjeuner, Chambre double)', 120.000, 138.000, NULL, NULL),
(1188, NULL, NULL, 576, 'ARRANGEMENT', 'Arrangement Demi Pension', 10.000, 11.500, NULL, NULL),
(1189, NULL, NULL, 577, 'PRIX-BASE', 'Prix de Base (Logement Petit Déjeuner, Chambre double)', 120.000, 138.000, NULL, NULL),
(1190, NULL, NULL, 577, 'ARRANGEMENT', 'Arrangement Demi Pension', 10.000, 11.500, NULL, NULL),
(1191, NULL, NULL, 578, 'PRIX-BASE', 'Prix de Base (Logement Petit Déjeuner, Chambre double)', 120.000, 138.000, NULL, NULL),
(1192, NULL, NULL, 578, 'ARRANGEMENT', 'Arrangement Demi Pension', 10.000, 11.500, NULL, NULL),
(1193, NULL, NULL, 579, 'PRIX-BASE', 'Prix de Base (Logement Petit Déjeuner, Chambre double)', 120.000, 138.000, NULL, NULL),
(1194, NULL, NULL, 579, 'ARRANGEMENT', 'Arrangement Demi Pension', 10.000, 11.500, NULL, NULL),
(1195, NULL, NULL, 579, 'REDUC-1ENF-1ADULTE-AGE-1', 'Réduction 1er enfant avec 1 adulte dans une même chambre  [3,11]', -26.000, -29.900, NULL, NULL),
(1196, NULL, NULL, 580, 'PRIX-BASE', 'Prix de Base (Logement Petit Déjeuner, Chambre double)', 120.000, 138.000, NULL, NULL),
(1197, NULL, NULL, 580, 'ARRANGEMENT', 'Arrangement Demi Pension', 10.000, 11.500, NULL, NULL),
(1198, NULL, NULL, 580, 'REDUC-1ENF-1ADULTE-AGE-1', 'Réduction 1er enfant avec 1 adulte dans une même chambre  [3,11]', -26.000, -29.900, NULL, NULL),
(1199, NULL, NULL, 581, 'PRIX-BASE', 'Prix de Base (Logement Petit Déjeuner, Chambre double)', 120.000, 138.000, NULL, NULL),
(1200, NULL, NULL, 581, 'ARRANGEMENT', 'Arrangement Demi Pension', 10.000, 11.500, NULL, NULL),
(1201, NULL, NULL, 581, 'REDUC-1ENF-1ADULTE-AGE-1', 'Réduction 1er enfant avec 1 adulte dans une même chambre  [3,11]', -26.000, -29.900, NULL, NULL),
(1202, NULL, NULL, 582, 'PRIX-BASE', 'Prix de Base (Logement Petit Déjeuner, Chambre double)', 120.000, 138.000, NULL, NULL),
(1203, NULL, NULL, 582, 'ARRANGEMENT', 'Arrangement Demi Pension', 10.000, 11.500, NULL, NULL),
(1204, NULL, NULL, 582, 'REDUC-1ENF-1ADULTE-AGE-1', 'Réduction 1er enfant avec 1 adulte dans une même chambre  [3,11]', -26.000, -29.900, NULL, NULL),
(1205, NULL, NULL, 583, 'PRIX-BASE', 'Prix de Base (Logement Petit Déjeuner, Chambre double)', 120.000, 138.000, NULL, NULL),
(1206, NULL, NULL, 583, 'ARRANGEMENT', 'Arrangement Demi Pension', 10.000, 11.500, NULL, NULL),
(1207, NULL, NULL, 583, 'REDUC-1ENF-1ADULTE-AGE-1', 'Réduction 1er enfant avec 1 adulte dans une même chambre  [3,11]', -26.000, -29.900, NULL, NULL),
(1208, NULL, NULL, 584, 'PRIX-BASE', 'Prix de Base (Logement Simple, Chambre double)', 0.000, 0.000, NULL, NULL),
(1209, NULL, NULL, 584, 'SUPP-AUTRE-CHAMBRE', 'Supp Appartement Supérieur', 0.000, 0.000, NULL, NULL),
(1210, NULL, NULL, 585, 'PRIX-BASE', 'Prix de Base (Logement Simple, Chambre double)', 0.000, 0.000, NULL, NULL),
(1211, NULL, NULL, 585, 'SUPP-AUTRE-CHAMBRE', 'Supp Appartement Supérieur', 0.000, 0.000, NULL, NULL),
(1212, NULL, NULL, 586, 'PRIX-BASE', 'Prix de Base (Logement Simple, Chambre double)', 0.000, 0.000, NULL, NULL),
(1213, NULL, NULL, 586, 'SUPP-AUTRE-CHAMBRE', 'Supp Appartement Supérieur', 0.000, 0.000, NULL, NULL),
(1214, NULL, NULL, 586, 'ENF-FRAIS-CHAMBRE', 'Frais FRAIS Enfant  Appartement Supérieur', 0.000, 0.000, NULL, NULL),
(1215, NULL, NULL, 587, 'PRIX-BASE', 'Prix de Base (Logement Simple, Chambre double)', 0.000, 0.000, NULL, NULL),
(1216, NULL, NULL, 587, 'SUPP-AUTRE-CHAMBRE', 'Supp Appartement Supérieur', 0.000, 0.000, NULL, NULL),
(1217, NULL, NULL, 587, 'ENF-FRAIS-CHAMBRE', 'Frais FRAIS Enfant  Appartement Supérieur', 42.500, 42.500, NULL, NULL),
(1218, 69, NULL, NULL, 'FRAIS-CHAMBRE-ADULTES', 'Frais Appartement Supérieur pour  2 adultes (x 1 nuitées)', 170.000, 170.000, NULL, NULL),
(1219, NULL, NULL, 588, 'PRIX-BASE', 'Prix de Base (Logement Simple, Chambre double)', 0.000, 0.000, NULL, NULL),
(1220, NULL, NULL, 588, 'ARRANGEMENT', 'Arrangement Pension Complète', 40.000, 40.000, NULL, NULL),
(1221, NULL, NULL, 588, 'SUPP-AUTRE-CHAMBRE', 'Supp Appartement Supérieur', 0.000, 0.000, NULL, NULL),
(1222, NULL, NULL, 589, 'PRIX-BASE', 'Prix de Base (Logement Simple, Chambre double)', 0.000, 0.000, NULL, NULL),
(1223, NULL, NULL, 589, 'ARRANGEMENT', 'Arrangement Pension Complète', 40.000, 40.000, NULL, NULL),
(1224, NULL, NULL, 589, 'SUPP-AUTRE-CHAMBRE', 'Supp Appartement Supérieur', 0.000, 0.000, NULL, NULL),
(1225, NULL, NULL, 590, 'PRIX-BASE', 'Prix de Base (Logement Simple, Chambre double)', 0.000, 0.000, NULL, NULL),
(1226, NULL, NULL, 590, 'ARRANGEMENT', 'Arrangement Pension Complète', 40.000, 40.000, NULL, NULL),
(1227, NULL, NULL, 590, 'SUPP-AUTRE-CHAMBRE', 'Supp Appartement Supérieur', 0.000, 0.000, NULL, NULL),
(1228, NULL, NULL, 591, 'PRIX-BASE', 'Prix de Base (Logement Simple, Chambre double)', 0.000, 0.000, NULL, NULL),
(1229, NULL, NULL, 591, 'ARRANGEMENT', 'Arrangement Pension Complète', 40.000, 40.000, NULL, NULL),
(1230, NULL, NULL, 591, 'SUPP-AUTRE-CHAMBRE', 'Supp Appartement Supérieur', 0.000, 0.000, NULL, NULL),
(1231, NULL, NULL, 592, 'PRIX-BASE', 'Prix de Base (Logement Simple, Chambre double)', 0.000, 0.000, NULL, NULL),
(1232, NULL, NULL, 592, 'ARRANGEMENT', 'Arrangement Pension Complète', 40.000, 40.000, NULL, NULL),
(1233, NULL, NULL, 592, 'SUPP-AUTRE-CHAMBRE', 'Supp Appartement Supérieur', 0.000, 0.000, NULL, NULL),
(1234, NULL, NULL, 593, 'PRIX-BASE', 'Prix de Base (Logement Simple, Chambre double)', 0.000, 0.000, NULL, NULL),
(1235, NULL, NULL, 593, 'ARRANGEMENT', 'Arrangement Pension Complète', 40.000, 40.000, NULL, NULL),
(1236, NULL, NULL, 593, 'SUPP-AUTRE-CHAMBRE', 'Supp Appartement Supérieur', 0.000, 0.000, NULL, NULL),
(1237, 70, NULL, NULL, 'FRAIS-CHAMBRE-ADULTES', 'Frais Appartement Supérieur pour  2 adultes (x 3 nuitées)', 510.000, 510.000, NULL, NULL),
(1238, NULL, NULL, 594, 'PRIX-BASE', 'Prix de Base (Logement Petit Déjeuner, Chambre double)', 120.000, 138.000, NULL, NULL),
(1239, NULL, NULL, 594, 'ARRANGEMENT', 'Arrangement Pension Complète', 76.000, 91.200, NULL, NULL),
(1240, NULL, NULL, 595, 'PRIX-BASE', 'Prix de Base (Logement Petit Déjeuner, Chambre double)', 120.000, 138.000, NULL, NULL),
(1241, NULL, NULL, 595, 'ARRANGEMENT', 'Arrangement Pension Complète', 76.000, 91.200, NULL, NULL),
(1242, NULL, NULL, 596, 'PRIX-BASE', 'Prix de Base (Logement Petit Déjeuner, Chambre double)', 120.000, 138.000, NULL, NULL),
(1243, NULL, NULL, 596, 'SUPP-SINGLE', 'Supp single', 67.000, 80.400, NULL, NULL),
(1244, NULL, NULL, 597, 'PRIX-BASE', 'Prix de Base (Logement Petit Déjeuner, Chambre double)', 120.000, 138.000, NULL, NULL),
(1245, NULL, NULL, 597, 'SUPP-SINGLE', 'Supp single', 67.000, 80.400, NULL, NULL),
(1246, NULL, NULL, 598, 'PRIX-BASE', 'Prix de Base (Logement Petit Déjeuner, Chambre double)', 120.000, 138.000, NULL, NULL),
(1247, NULL, NULL, 598, 'ARRANGEMENT', 'Arrangement Demi Pension', 38.000, 45.600, NULL, NULL),
(1248, NULL, NULL, 598, 'SUPP-SINGLE', 'Supp single', 67.000, 80.400, NULL, NULL),
(1249, NULL, NULL, 599, 'PRIX-BASE', 'Prix de Base (Logement Petit Déjeuner, Chambre double)', 60.000, 69.000, NULL, NULL),
(1250, NULL, NULL, 599, 'SUPP-SINGLE', 'Supp single', 12.000, 13.800, NULL, NULL),
(1251, NULL, NULL, 600, 'PRIX-BASE', 'Prix de Base (Logement Petit Déjeuner, Chambre double)', 40.000, 48.000, NULL, NULL),
(1252, NULL, NULL, 600, 'ARRANGEMENT', 'Arrangement Soft All Inclusive', 40.000, 48.000, NULL, NULL),
(1253, NULL, NULL, 600, 'SUPP-SINGLE', 'Supp single', 15.000, 18.000, NULL, NULL),
(1254, NULL, NULL, 600, 'SUPP-VUE', 'Supp Vue Mer', 10.000, 12.000, NULL, NULL),
(1255, NULL, NULL, 601, 'PRIX-BASE', 'Prix de Base (Logement Petit Déjeuner, Chambre double)', 40.000, 48.000, NULL, NULL),
(1256, NULL, NULL, 601, 'ARRANGEMENT', 'Arrangement Soft All Inclusive', 40.000, 48.000, NULL, NULL),
(1257, NULL, NULL, 601, 'SUPP-SINGLE', 'Supp single', 15.000, 18.000, NULL, NULL),
(1258, NULL, NULL, 601, 'SUPP-VUE', 'Supp Vue Mer', 10.000, 12.000, NULL, NULL),
(1259, NULL, NULL, 602, 'PRIX-BASE', 'Prix de Base (Logement Petit Déjeuner, Chambre double)', 40.000, 48.000, NULL, NULL),
(1260, NULL, NULL, 602, 'ARRANGEMENT', 'Arrangement Soft All Inclusive', 40.000, 48.000, NULL, NULL),
(1261, NULL, NULL, 602, 'SUPP-SINGLE', 'Supp single', 15.000, 18.000, NULL, NULL),
(1262, NULL, NULL, 602, 'SUPP-VUE', 'Supp Vue Mer', 10.000, 12.000, NULL, NULL),
(1263, NULL, NULL, 603, 'PRIX-BASE', 'Prix de Base (Logement Petit Déjeuner, Chambre double)', 40.000, 48.000, NULL, NULL),
(1264, NULL, NULL, 603, 'ARRANGEMENT', 'Arrangement Soft All Inclusive', 40.000, 48.000, NULL, NULL),
(1265, NULL, NULL, 603, 'SUPP-SINGLE', 'Supp single', 15.000, 18.000, NULL, NULL),
(1266, NULL, NULL, 603, 'SUPP-VUE', 'Supp Vue Mer', 10.000, 12.000, NULL, NULL),
(1267, NULL, NULL, 604, 'PRIX-BASE', 'Prix de Base (Logement Petit Déjeuner, Chambre double)', 40.000, 48.000, NULL, NULL),
(1268, NULL, NULL, 604, 'ARRANGEMENT', 'Arrangement Soft All Inclusive', 40.000, 48.000, NULL, NULL),
(1269, NULL, NULL, 604, 'SUPP-SINGLE', 'Supp single', 15.000, 18.000, NULL, NULL),
(1270, NULL, NULL, 604, 'SUPP-VUE', 'Supp Vue Mer', 10.000, 12.000, NULL, NULL),
(1271, NULL, NULL, 605, 'PRIX-BASE', 'Prix de Base (Logement Petit Déjeuner, Chambre double)', 40.000, 48.000, NULL, NULL),
(1272, NULL, NULL, 605, 'SUPP-VUE', 'Supp Vue Mer', 10.000, 12.000, NULL, NULL),
(1273, NULL, NULL, 606, 'PRIX-BASE', 'Prix de Base (Logement Petit Déjeuner, Chambre double)', 40.000, 48.000, NULL, NULL),
(1274, NULL, NULL, 606, 'SUPP-VUE', 'Supp Vue Mer', 10.000, 12.000, NULL, NULL),
(1275, NULL, NULL, 607, 'PRIX-BASE', 'Prix de Base (Logement Simple, Chambre double)', 111.000, 133.200, NULL, NULL),
(1276, NULL, NULL, 607, 'ARRANGEMENT', 'Arrangement Logement Petit Déjeuner', 25.000, 25.000, NULL, NULL),
(1277, NULL, NULL, 608, 'PRIX-BASE', 'Prix de Base (Logement Simple, Chambre double)', 111.000, 133.200, NULL, NULL),
(1278, NULL, NULL, 608, 'ARRANGEMENT', 'Arrangement Logement Petit Déjeuner', 25.000, 25.000, NULL, NULL),
(1279, NULL, NULL, 608, 'REDUC-1ENF-1ADULTE-AGE-1', 'Réduction 1er enfant avec 1 adulte dans une même chambre  [0.00,10.00]', 0.000, 0.000, NULL, NULL);

-- --------------------------------------------------------

--
-- Structure de la table `ost_sht_reservation_personne`
--

