-- http://www.phpmyadmin.net
--
-- Client: localhost
-- Généré le: Mer 13 Janvier 2016 à 09:37
-- Version du serveur: 5.5.43
-- Version de PHP: 5.6.16-2

START TRANSACTION;



--
-- Base de données: `jetkis`
--

-- --------------------------------------------------------

--
-- Structure de la table `ext_log_entries`
--

CREATE TABLE IF NOT EXISTS `ext_log_entries` (
  `id` int(11) NOT NULL AUTO_INCREMENT,
  `action` varchar(8) COLLATE utf8_unicode_ci NOT NULL,
  `logged_at` datetime NOT NULL,
  `object_id` varchar(64) COLLATE utf8_unicode_ci DEFAULT NULL,
  `object_class` varchar(255) COLLATE utf8_unicode_ci NOT NULL,
  `version` int(11) NOT NULL,
  `data` longtext COLLATE utf8_unicode_ci COMMENT '(DC2Type:array)',
  `username` varchar(255) COLLATE utf8_unicode_ci DEFAULT NULL,
  PRIMARY KEY (`id`),
  KEY `log_class_lookup_idx` (`object_class`),
  KEY `log_date_lookup_idx` (`logged_at`),
  KEY `log_user_lookup_idx` (`username`),
  KEY `log_version_lookup_idx` (`object_id`,`object_class`,`version`)
) ENGINE=InnoDB DEFAULT CHARSET=utf8 COLLATE=utf8_unicode_ci AUTO_INCREMENT=1 ;

-- --------------------------------------------------------

--
-- Structure de la table `ext_translations`
--

CREATE TABLE IF NOT EXISTS `ext_translations` (
  `id` int(11) NOT NULL AUTO_INCREMENT,
  `locale` varchar(8) COLLATE utf8_unicode_ci NOT NULL,
  `object_class` varchar(255) COLLATE utf8_unicode_ci NOT NULL,
  `field` varchar(32) COLLATE utf8_unicode_ci NOT NULL,
  `foreign_key` varchar(64) COLLATE utf8_unicode_ci NOT NULL,
  `content` longtext COLLATE utf8_unicode_ci,
  PRIMARY KEY (`id`),
  UNIQUE KEY `lookup_unique_idx` (`locale`,`object_class`,`field`,`foreign_key`),
  KEY `translations_lookup_idx` (`locale`,`object_class`,`foreign_key`)
) ENGINE=InnoDB DEFAULT CHARSET=utf8 COLLATE=utf8_unicode_ci AUTO_INCREMENT=1 ;

-- --------------------------------------------------------

--
-- Structure de la table `FooterDescription`
--

CREATE TABLE IF NOT EXISTS `FooterDescription` (
  `id` int(11) NOT NULL AUTO_INCREMENT,
  `description` longtext COLLATE utf8_unicode_ci,
  PRIMARY KEY (`id`)
) ENGINE=InnoDB  DEFAULT CHARSET=utf8 COLLATE=utf8_unicode_ci AUTO_INCREMENT=2 ;

--
-- Contenu de la table `FooterDescription`
--

INSERT INTO `FooterDescription` (`id`, `description`) VALUES
(1, 'Agence de Voyage(Lic A), Agrée par l''ONTT, Membre de la FTAV - Agent acrédité IATA. Agence de Voyage(Lic A), Agrée par l''ONTT, Membre de la FTAV - Agent acrédité IATA. Agence de Voyage(Lic A), Agrée par l''ONTT, Membre de la FTAV - Agent acrédité IATA.');

-- --------------------------------------------------------

--
-- Structure de la table `FooterSectionDeux`
--

CREATE TABLE IF NOT EXISTS `FooterSectionDeux` (
  `id` int(11) NOT NULL AUTO_INCREMENT,
  `titre` varchar(255) COLLATE utf8_unicode_ci NOT NULL,
  `libellelien1` varchar(255) COLLATE utf8_unicode_ci DEFAULT NULL,
  `libellelien2` varchar(255) COLLATE utf8_unicode_ci DEFAULT NULL,
  `libellelien3` varchar(255) COLLATE utf8_unicode_ci DEFAULT NULL,
  `libellelien4` varchar(255) COLLATE utf8_unicode_ci DEFAULT NULL,
  `libellelien5` varchar(255) COLLATE utf8_unicode_ci DEFAULT NULL,
  `libellelien6` varchar(255) COLLATE utf8_unicode_ci DEFAULT NULL,
  `libellelien7` varchar(255) COLLATE utf8_unicode_ci DEFAULT NULL,
  `url1` varchar(255) COLLATE utf8_unicode_ci DEFAULT NULL,
  `url2` varchar(255) COLLATE utf8_unicode_ci DEFAULT NULL,
  `url3` varchar(255) COLLATE utf8_unicode_ci DEFAULT NULL,
  `url4` varchar(255) COLLATE utf8_unicode_ci DEFAULT NULL,
  `url5` varchar(255) COLLATE utf8_unicode_ci DEFAULT NULL,
  `url6` varchar(255) COLLATE utf8_unicode_ci DEFAULT NULL,
  `url7` varchar(255) COLLATE utf8_unicode_ci DEFAULT NULL,
  PRIMARY KEY (`id`)
) ENGINE=InnoDB  DEFAULT CHARSET=utf8 COLLATE=utf8_unicode_ci AUTO_INCREMENT=2 ;

--
-- Contenu de la table `FooterSectionDeux`
--

INSERT INTO `FooterSectionDeux` (`id`, `titre`, `libellelien1`, `libellelien2`, `libellelien3`, `libellelien4`, `libellelien5`, `libellelien6`, `libellelien7`, `url1`, `url2`, `url3`, `url4`, `url5`, `url6`, `url7`) VALUES
(1, 'Infos pratiques', 'Contrat d''assurance', 'Conditions générales de vente', 'Mentions légales', 'Plan du site', 'Nos partenaires', NULL, NULL, 'http://jektis.octasoft.tn/', 'http://jektis.octasoft.tn/', 'http://jektis.octasoft.tn/', 'http://jektis.octasoft.tn/', 'http://jektis.octasoft.tn/', NULL, NULL);

-- --------------------------------------------------------

--
-- Structure de la table `FooterSectionTrois`
--

CREATE TABLE IF NOT EXISTS `FooterSectionTrois` (
  `id` int(11) NOT NULL AUTO_INCREMENT,
  `titre` varchar(255) COLLATE utf8_unicode_ci NOT NULL,
  `libellelien1` varchar(255) COLLATE utf8_unicode_ci DEFAULT NULL,
  `libellelien2` varchar(255) COLLATE utf8_unicode_ci DEFAULT NULL,
  `libellelien3` varchar(255) COLLATE utf8_unicode_ci DEFAULT NULL,
  `libellelien4` varchar(255) COLLATE utf8_unicode_ci DEFAULT NULL,
  `libellelien5` varchar(255) COLLATE utf8_unicode_ci DEFAULT NULL,
  `libellelien6` varchar(255) COLLATE utf8_unicode_ci DEFAULT NULL,
  `libellelien7` varchar(255) COLLATE utf8_unicode_ci DEFAULT NULL,
  `url1` varchar(255) COLLATE utf8_unicode_ci DEFAULT NULL,
  `url2` varchar(255) COLLATE utf8_unicode_ci DEFAULT NULL,
  `url3` varchar(255) COLLATE utf8_unicode_ci DEFAULT NULL,
  `url4` varchar(255) COLLATE utf8_unicode_ci DEFAULT NULL,
  `url5` varchar(255) COLLATE utf8_unicode_ci DEFAULT NULL,
  `url6` varchar(255) COLLATE utf8_unicode_ci DEFAULT NULL,
  `url7` varchar(255) COLLATE utf8_unicode_ci DEFAULT NULL,
  PRIMARY KEY (`id`)
) ENGINE=InnoDB  DEFAULT CHARSET=utf8 COLLATE=utf8_unicode_ci AUTO_INCREMENT=2 ;

--
-- Contenu de la table `FooterSectionTrois`
--

INSERT INTO `FooterSectionTrois` (`id`, `titre`, `libellelien1`, `libellelien2`, `libellelien3`, `libellelien4`, `libellelien5`, `libellelien6`, `libellelien7`, `url1`, `url2`, `url3`, `url4`, `url5`, `url6`, `url7`) VALUES
(1, 'Services clients', 'Nous contacter', 'Nos agences', 'Suivi de votre commande', 'Foire aux questions', 'Procédure de réservation', 'Sécurité de paiement', 'Navette aéroport départ Paris', 'http://jektis.octasoft.tn/', 'http://jektis.octasoft.tn/', 'http://jektis.octasoft.tn/', 'http://jektis.octasoft.tn/', 'http://jektis.octasoft.tn/', 'http://jektis.octasoft.tn/', 'http://jektis.octasoft.tn/');

-- --------------------------------------------------------

--
-- Structure de la table `FooterSectionUn`
--

CREATE TABLE IF NOT EXISTS `FooterSectionUn` (
  `id` int(11) NOT NULL AUTO_INCREMENT,
  `titre` varchar(255) COLLATE utf8_unicode_ci NOT NULL,
  `libellelien1` varchar(255) COLLATE utf8_unicode_ci DEFAULT NULL,
  `libellelien2` varchar(255) COLLATE utf8_unicode_ci DEFAULT NULL,
  `libellelien3` varchar(255) COLLATE utf8_unicode_ci DEFAULT NULL,
  `libellelien4` varchar(255) COLLATE utf8_unicode_ci DEFAULT NULL,
  `libellelien5` varchar(255) COLLATE utf8_unicode_ci DEFAULT NULL,
  `libellelien6` varchar(255) COLLATE utf8_unicode_ci DEFAULT NULL,
  `libellelien7` varchar(255) COLLATE utf8_unicode_ci DEFAULT NULL,
  `url1` varchar(255) COLLATE utf8_unicode_ci DEFAULT NULL,
  `url2` varchar(255) COLLATE utf8_unicode_ci DEFAULT NULL,
  `url3` varchar(255) COLLATE utf8_unicode_ci DEFAULT NULL,
  `url4` varchar(255) COLLATE utf8_unicode_ci DEFAULT NULL,
  `url5` varchar(255) COLLATE utf8_unicode_ci DEFAULT NULL,
  `url6` varchar(255) COLLATE utf8_unicode_ci DEFAULT NULL,
  `url7` varchar(255) COLLATE utf8_unicode_ci DEFAULT NULL,
  PRIMARY KEY (`id`)
) ENGINE=InnoDB  DEFAULT CHARSET=utf8 COLLATE=utf8_unicode_ci AUTO_INCREMENT=2 ;

--
-- Contenu de la table `FooterSectionUn`
--

INSERT INTO `FooterSectionUn` (`id`, `titre`, `libellelien1`, `libellelien2`, `libellelien3`, `libellelien4`, `libellelien5`, `libellelien6`, `libellelien7`, `url1`, `url2`, `url3`, `url4`, `url5`, `url6`, `url7`) VALUES
(1, 'Mieux nous connaître', 'Qui sommes-nous?', 'Promovacances recrute', 'Affiliation', 'Presse', 'Protection de la vie privée', 'Vu à la TV', NULL, 'http://jektis.octasoft.tn/', 'http://jektis.octasoft.tn/', 'http://jektis.octasoft.tn/', 'http://jektis.octasoft.tn/', 'http://jektis.octasoft.tn/', 'http://jektis.octasoft.tn/', NULL);

-- --------------------------------------------------------

--
-- Structure de la table `FooterSocial`
--

CREATE TABLE IF NOT EXISTS `FooterSocial` (
  `id` int(11) NOT NULL AUTO_INCREMENT,
  `titre` varchar(255) COLLATE utf8_unicode_ci NOT NULL,
  `facebook` varchar(255) COLLATE utf8_unicode_ci DEFAULT NULL,
  `twitter` varchar(255) COLLATE utf8_unicode_ci DEFAULT NULL,
  `google` varchar(255) COLLATE utf8_unicode_ci DEFAULT NULL,
  `youtube` varchar(255) COLLATE utf8_unicode_ci DEFAULT NULL,
  PRIMARY KEY (`id`)
) ENGINE=InnoDB  DEFAULT CHARSET=utf8 COLLATE=utf8_unicode_ci AUTO_INCREMENT=2 ;

--
-- Contenu de la table `FooterSocial`
--

INSERT INTO `FooterSocial` (`id`, `titre`, `facebook`, `twitter`, `google`, `youtube`) VALUES
(1, 'Suivez Nous', 'http://facebook.com', 'http://twitter.com', 'http://google.com', 'http://youtube.com');

-- --------------------------------------------------------

--
-- Structure de la table `ost_agence`
--

CREATE TABLE IF NOT EXISTS `ost_agence` (
  `id` int(11) NOT NULL AUTO_INCREMENT,
  `nom` varchar(255) COLLATE utf8_unicode_ci NOT NULL,
  `adresse` longtext COLLATE utf8_unicode_ci NOT NULL,
  `tel1` varchar(255) COLLATE utf8_unicode_ci NOT NULL,
  `tel2` varchar(255) COLLATE utf8_unicode_ci DEFAULT NULL,
  `fax` varchar(255) COLLATE utf8_unicode_ci DEFAULT NULL,
  `contactEmail` varchar(255) COLLATE utf8_unicode_ci NOT NULL,
  `site` varchar(255) COLLATE utf8_unicode_ci NOT NULL,
  `updated_at` datetime DEFAULT NULL,
  `path` varchar(255) COLLATE utf8_unicode_ci DEFAULT NULL,
  PRIMARY KEY (`id`)
) ENGINE=InnoDB  DEFAULT CHARSET=utf8 COLLATE=utf8_unicode_ci AUTO_INCREMENT=2 ;

--
-- Contenu de la table `ost_agence`
--

INSERT INTO `ost_agence` (`id`, `nom`, `adresse`, `tel1`, `tel2`, `fax`, `contactEmail`, `site`, `updated_at`, `path`) VALUES
(1, 'Jektis Travel', '89 Av Hbib Bourguiba Appt 2.5, 2080 Ariana - Tunisie', '71 70 69 00', '98 53 80 70', '71 719 688', 'sales@jektis.com', 'http://jektis.octasoft.tn/', '2015-11-19 16:37:02', 'c887b8c307da42bd92b6853af896916a0c820653.png');

-- --------------------------------------------------------

--
-- Structure de la table `ost_amicale`
--

CREATE TABLE IF NOT EXISTS `ost_amicale` (
  `id` int(11) NOT NULL AUTO_INCREMENT,
  `libelle` varchar(255) COLLATE utf8_unicode_ci NOT NULL,
  `adresse` longtext COLLATE utf8_unicode_ci NOT NULL,
  `tel` varchar(255) COLLATE utf8_unicode_ci NOT NULL,
  `fax` varchar(255) COLLATE utf8_unicode_ci NOT NULL,
  `plafond` decimal(11,3) NOT NULL,
  `montant` decimal(11,3) NOT NULL,
  `slug` varchar(128) COLLATE utf8_unicode_ci NOT NULL,
  `created` datetime NOT NULL,
  `updated` datetime NOT NULL,
  `type` varchar(255) COLLATE utf8_unicode_ci NOT NULL,
  `remise_vo` decimal(11,3) NOT NULL,
  `pour_vo` tinyint(1) DEFAULT NULL,
  `remise_pr` decimal(11,3) NOT NULL,
  `pour_pr` tinyint(1) DEFAULT NULL,
  `remise_be` decimal(11,3) NOT NULL,
  `pour_be` tinyint(1) DEFAULT NULL,
  `remise_b` decimal(11,3) NOT NULL,
  `pour_b` tinyint(1) DEFAULT NULL,
  `remise_m` decimal(11,3) NOT NULL,
  `pour_m` tinyint(1) DEFAULT NULL,
  `remise_rb` decimal(11,3) NOT NULL,
  `pour_rb` tinyint(1) DEFAULT NULL,
  `remise_t` decimal(11,3) NOT NULL,
  `pour_t` tinyint(1) DEFAULT NULL,
  PRIMARY KEY (`id`),
  UNIQUE KEY `UNIQ_D039855989D9B62` (`slug`)
) ENGINE=InnoDB  DEFAULT CHARSET=utf8 COLLATE=utf8_unicode_ci AUTO_INCREMENT=11 ;

--
-- Contenu de la table `ost_amicale`
--

INSERT INTO `ost_amicale` (`id`, `libelle`, `adresse`, `tel`, `fax`, `plafond`, `montant`, `slug`, `created`, `updated`, `type`, `remise_vo`, `pour_vo`, `remise_pr`, `pour_pr`, `remise_be`, `pour_be`, `remise_b`, `pour_b`, `remise_m`, `pour_m`, `remise_rb`, `pour_rb`, `remise_t`, `pour_t`) VALUES
(4, 'Zen Solutions', 'Technopole Mannouba', '70 526 322', '70 526 322', 3433.350, -467.416, 'zen-solutions', '2015-05-21 13:37:19', '2015-10-05 16:10:32', '5', 0.000, NULL, 0.000, NULL, 0.000, NULL, 0.000, NULL, 0.000, NULL, 0.000, NULL, 0.000, NULL),
(5, 'Amicale du Personnel de La BTK', '10 Bis Avenue Mohamed V - 1001 - Tunis', '71 204 000', '71 343 106', -921.000, -4680.940, 'amicale-du-personnel-de-la-btk', '2015-05-21 13:37:19', '2015-10-05 16:11:48', '1', 0.000, NULL, 0.000, NULL, 0.000, NULL, 0.000, NULL, 0.000, NULL, 0.000, NULL, 0.000, NULL),
(6, 'Mutuelles des agents des Douanes', 'cite el khadhra tunis', '98819632', '71770922', -94051.772, -96549.633, 'mutuelles-des-agents-des-douanes', '2015-05-21 13:37:19', '2015-05-21 13:37:19', '', 0.000, NULL, 0.000, NULL, 0.000, NULL, 0.000, NULL, 0.000, NULL, 0.000, NULL, 0.000, NULL),
(7, 'Banque de Tunisie', 'Rue de Turquie, Tunis', '52 557 390', '52 557 390', -33604.784, -37267.587, 'banque-de-tunisie', '2015-05-21 13:37:19', '2015-09-23 12:22:48', '', 0.000, NULL, 0.000, NULL, 0.000, NULL, 0.000, NULL, 0.000, NULL, 0.000, NULL, 0.000, NULL),
(8, 'Huawei Technologies Tunis', 'Tunisie', '71 111 222', '71 111 222', -1099.420, -1542.873, 'huawei-technologies-tunis', '2015-05-21 13:37:19', '2015-05-21 13:37:19', '', 0.000, NULL, 0.000, NULL, 0.000, NULL, 0.000, NULL, 0.000, NULL, 0.000, NULL, 0.000, NULL),
(9, 'Samsung Electronics Tunisia', 'Immeuble Adonis 2eme étage , rue du Lac 1053 Tunis', '71 161 200', '71 860 285', 5000.000, 0.000, 'samsung-electronics-tunisia', '2015-05-21 13:37:19', '2015-05-21 13:37:19', '', 0.000, NULL, 0.000, NULL, 0.000, NULL, 0.000, NULL, 0.000, NULL, 0.000, NULL, 0.000, NULL),
(10, 'Le Fond Social d''Assurances Biat', 'Imm Assurance BIAT-1053 LE Berges du LAC-TUNIS', '71197820', '71197810', 4902.000, -0.710, 'le-fond-social-d-assurances-biat', '2015-05-21 13:37:19', '2015-05-21 13:37:19', '', 0.000, NULL, 0.000, NULL, 0.000, NULL, 0.000, NULL, 0.000, NULL, 0.000, NULL, 0.000, NULL);

-- --------------------------------------------------------

--
-- Structure de la table `ost_amicale_convention`
--

CREATE TABLE IF NOT EXISTS `ost_amicale_convention` (
  `id` int(11) NOT NULL AUTO_INCREMENT,
  `amicale_id` int(11) DEFAULT NULL,
  `dateDebut` date NOT NULL,
  `dateFin` date NOT NULL,
  `remise` int(11) NOT NULL,
  `typeRemise` int(11) NOT NULL,
  `created` datetime NOT NULL,
  `updated` datetime NOT NULL,
  `deletedAt` datetime DEFAULT NULL,
  `type` int(11) DEFAULT NULL,
  PRIMARY KEY (`id`),
  KEY `IDX_9F000569FEBD183` (`amicale_id`)
) ENGINE=InnoDB  DEFAULT CHARSET=utf8 COLLATE=utf8_unicode_ci AUTO_INCREMENT=15 ;

--
-- Contenu de la table `ost_amicale_convention`
--

INSERT INTO `ost_amicale_convention` (`id`, `amicale_id`, `dateDebut`, `dateFin`, `remise`, `typeRemise`, `created`, `updated`, `deletedAt`, `type`) VALUES
(7, 6, '2015-02-01', '2015-08-31', 6, 1, '2015-05-21 14:09:41', '2015-05-21 14:09:41', NULL, NULL),
(9, 5, '2014-01-01', '2015-01-01', 0, 1, '2015-05-21 14:09:41', '2015-05-21 14:09:41', NULL, NULL),
(10, 4, '2014-06-16', '2014-06-20', 10, 1, '2015-05-21 14:09:41', '2015-05-21 14:09:41', NULL, NULL),
(11, 7, '2014-12-12', '2015-06-30', 6, 1, '2015-05-21 14:09:41', '2015-05-21 14:09:41', NULL, NULL),
(12, 8, '2014-12-15', '2015-12-31', 5, 1, '2015-05-21 14:09:41', '2015-05-21 14:09:41', NULL, NULL),
(13, 9, '2015-02-03', '2015-08-31', 5, 1, '2015-05-21 14:09:41', '2015-05-21 14:09:41', NULL, NULL),
(14, 10, '2015-04-01', '2015-06-30', 6, 1, '2015-05-21 14:09:41', '2015-05-21 14:09:41', NULL, NULL);

-- --------------------------------------------------------

--
-- Structure de la table `ost_amicale_hotel`
--

CREATE TABLE IF NOT EXISTS `ost_amicale_hotel` (
  `id_amicale` int(11) NOT NULL,
  `id_hotel` int(11) NOT NULL,
  PRIMARY KEY (`id_amicale`,`id_hotel`),
  KEY `IDX_2E337B6DDA6E7061` (`id_amicale`),
  KEY `IDX_2E337B6DEDD61FE9` (`id_hotel`)
) ENGINE=InnoDB DEFAULT CHARSET=utf8 COLLATE=utf8_unicode_ci;

-- --------------------------------------------------------

--
-- Structure de la table `ost_amicale_produit`
--

CREATE TABLE IF NOT EXISTS `ost_amicale_produit` (
  `id_amicale` int(11) NOT NULL,
  `id_produit` int(11) NOT NULL,
  PRIMARY KEY (`id_amicale`,`id_produit`),
  KEY `IDX_E2087EBCDA6E7061` (`id_amicale`),
  KEY `IDX_E2087EBCF7384557` (`id_produit`)
) ENGINE=InnoDB DEFAULT CHARSET=utf8 COLLATE=utf8_unicode_ci;

--
-- Contenu de la table `ost_amicale_produit`
--

INSERT INTO `ost_amicale_produit` (`id_amicale`, `id_produit`) VALUES
(4, 1);

-- --------------------------------------------------------

--
-- Structure de la table `ost_be_centre`
--

CREATE TABLE IF NOT EXISTS `ost_be_centre` (
  `id` int(11) NOT NULL AUTO_INCREMENT,
  `hotel_id` int(11) DEFAULT NULL,
  `ville_id` int(11) DEFAULT NULL,
  `libelle` varchar(255) COLLATE utf8_unicode_ci NOT NULL,
  `description` longtext COLLATE utf8_unicode_ci,
  `created` datetime NOT NULL,
  `updated` datetime NOT NULL,
  `slug` varchar(128) COLLATE utf8_unicode_ci NOT NULL,
  PRIMARY KEY (`id`),
  UNIQUE KEY `UNIQ_3BA6332C989D9B62` (`slug`),
  KEY `IDX_3BA6332C3243BB18` (`hotel_id`),
  KEY `IDX_3BA6332CA73F0036` (`ville_id`)
) ENGINE=InnoDB  DEFAULT CHARSET=utf8 COLLATE=utf8_unicode_ci AUTO_INCREMENT=7 ;

--
-- Contenu de la table `ost_be_centre`
--

INSERT INTO `ost_be_centre` (`id`, `hotel_id`, `ville_id`, `libelle`, `description`, `created`, `updated`, `slug`) VALUES
(1, 6, 48, 'Centre 1', 'Description du centre 1', '2015-10-02 09:17:36', '2015-10-02 09:17:36', 'centre-1'),
(2, 33, 31, 'El Mouradi Hammam Bourguiba', 'Centre pour cures thermales.', '2015-11-03 10:19:16', '2015-11-03 10:19:16', 'el-mouradi-hammam-bourguiba'),
(3, 291, 10, 'Centre des Hasdrubal Thalassa & Spa de Yasmine Hammamet', 'L’examen médical est obligatoire.\r\nLe libre accès pendant  la ½ journée est  prévu à :\r\n- 	l’espace forme    : hammam, sauna, fitness, cardiotraining.\r\n-	l’espace détente : tisanerie, salle d’aromathérapie, salle de  repos.', '2015-11-04 02:35:29', '2015-11-04 03:12:47', 'centre-des-hasdrubal-thalassa-spa-de-yasmine-hammamet'),
(4, 142, 34, 'Centre des Hasdrubal Thalassa & Spa Port El Kantaoui', 'L’examen médical est obligatoire.\r\nLe libre accès pendant  la ½ journée est  prévu à :\r\n- 	l’espace forme    : hammam, sauna, fitness, cardiotraining.\r\n-	l’espace détente : tisanerie, salle d’aromathérapie, salle de  repos.', '2015-11-04 02:36:56', '2015-11-04 03:13:10', 'centre-des-hasdrubal-thalassa-spa-port-el-kantaoui'),
(5, 139, 18, 'Centres des Hasdrubal Thalassa & Spa Djerba', NULL, '2015-11-04 02:38:04', '2015-11-07 14:20:19', 'centres-des-hasdrubal-thalassa-spa-djerba'),
(6, 67, 10, 'THE RUSSELIOR SPA', '« The Russelior Spa » privilégie une approche holistique associant bien-être spirituel et physique. Inspiré par les philosophies médicinales traditionnelles de la Caraïbe, le principe de base de nos soins consiste à rétablir équilibre\r\net harmonie entre le corps et l’esprit.\r\n« The Russelior Spa » dispose des infrastructures les plus luxueuses d’Hammamet, offrant un extraordinaire espace\r\nbalnéo alliant luxe et sobriété.\r\nUne véritable parenthèse pour vous lover paix et sérénité qui seront dédiées au plaisir des sens où tout fait\r\nressourcer votre corps et votre esprit.\r\nProfitez du savoir-faire de nos thérapeutes et laissez-vous séduire par nos huiles exotiques, lotions parfumées et essences tropicales.\r\nOuvert tous les jours de 09h00 à 19h00\r\nTel: +216 72 245 111', '2015-11-04 03:38:28', '2015-11-04 03:38:28', 'the-russelior-spa');

-- --------------------------------------------------------

--
-- Structure de la table `ost_be_pack`
--

CREATE TABLE IF NOT EXISTS `ost_be_pack` (
  `id` int(11) NOT NULL AUTO_INCREMENT,
  `centre_id` int(11) DEFAULT NULL,
  `libelle` varchar(255) COLLATE utf8_unicode_ci NOT NULL,
  `description` longtext COLLATE utf8_unicode_ci NOT NULL,
  `created` datetime NOT NULL,
  `updated` datetime NOT NULL,
  PRIMARY KEY (`id`),
  KEY `IDX_DC55843A463CD7C3` (`centre_id`)
) ENGINE=InnoDB DEFAULT CHARSET=utf8 COLLATE=utf8_unicode_ci AUTO_INCREMENT=1 ;

-- --------------------------------------------------------

--
-- Structure de la table `ost_be_pack_cure`
--

CREATE TABLE IF NOT EXISTS `ost_be_pack_cure` (
  `id_pack` int(11) NOT NULL,
  `id_cure` int(11) NOT NULL,
  PRIMARY KEY (`id_pack`,`id_cure`),
  KEY `IDX_E94934F11CFE4221` (`id_pack`),
  KEY `IDX_E94934F1F11CBFEB` (`id_cure`)
) ENGINE=InnoDB DEFAULT CHARSET=utf8 COLLATE=utf8_unicode_ci;

-- --------------------------------------------------------

--
-- Structure de la table `ost_be_pack_soin`
--

CREATE TABLE IF NOT EXISTS `ost_be_pack_soin` (
  `id_pack` int(11) NOT NULL,
  `id_soin` int(11) NOT NULL,
  PRIMARY KEY (`id_pack`,`id_soin`),
  KEY `IDX_960557DA1CFE4221` (`id_pack`),
  KEY `IDX_960557DA8E50DCC0` (`id_soin`)
) ENGINE=InnoDB DEFAULT CHARSET=utf8 COLLATE=utf8_unicode_ci;

-- --------------------------------------------------------

--
-- Structure de la table `ost_be_photo`
--

CREATE TABLE IF NOT EXISTS `ost_be_photo` (
  `id` int(11) NOT NULL AUTO_INCREMENT,
  `id_centre` int(11) DEFAULT NULL,
  `produit_id` int(11) DEFAULT NULL,
  `url` longtext COLLATE utf8_unicode_ci NOT NULL,
  `type` int(11) NOT NULL,
  `ordre` int(11) NOT NULL,
  `visible` tinyint(1) NOT NULL,
  PRIMARY KEY (`id`),
  KEY `IDX_7097A702E0975F98` (`id_centre`),
  KEY `IDX_7097A702F347EFB` (`produit_id`)
) ENGINE=InnoDB  DEFAULT CHARSET=utf8 COLLATE=utf8_unicode_ci AUTO_INCREMENT=2 ;

--
-- Contenu de la table `ost_be_photo`
--

INSERT INTO `ost_be_photo` (`id`, `id_centre`, `produit_id`, `url`, `type`, `ordre`, `visible`) VALUES
(1, NULL, 1, 'f7de63819e57acd8d0d4ff5a43d0213c7c64459b.jpeg', 1, 1, 1);

-- --------------------------------------------------------

--
-- Structure de la table `ost_be_photos`
--

CREATE TABLE IF NOT EXISTS `ost_be_photos` (
  `id` int(11) NOT NULL AUTO_INCREMENT,
  `id_centre` int(11) DEFAULT NULL,
  `id_soin` int(11) DEFAULT NULL,
  `id_cure` int(11) DEFAULT NULL,
  `id_pack` int(11) DEFAULT NULL,
  `url` longtext COLLATE utf8_unicode_ci NOT NULL,
  `type` int(11) NOT NULL,
  `ordre` int(11) NOT NULL,
  `visible` tinyint(1) NOT NULL,
  PRIMARY KEY (`id`),
  KEY `IDX_F5703980E0975F98` (`id_centre`),
  KEY `IDX_F57039808E50DCC0` (`id_soin`),
  KEY `IDX_F5703980F11CBFEB` (`id_cure`),
  KEY `IDX_F57039801CFE4221` (`id_pack`)
) ENGINE=InnoDB DEFAULT CHARSET=utf8 COLLATE=utf8_unicode_ci AUTO_INCREMENT=1 ;

-- --------------------------------------------------------

--
-- Structure de la table `ost_be_produit`
--

CREATE TABLE IF NOT EXISTS `ost_be_produit` (
  `id` int(11) NOT NULL AUTO_INCREMENT,
  `libelle` varchar(255) COLLATE utf8_unicode_ci NOT NULL,
  `type` int(11) NOT NULL,
  `descriptionCourte` longtext COLLATE utf8_unicode_ci,
  `descriptionLongue` longtext COLLATE utf8_unicode_ci,
  `created` datetime NOT NULL,
  `updated` datetime NOT NULL,
  `slug` varchar(128) COLLATE utf8_unicode_ci NOT NULL,
  `etat` tinyint(1) NOT NULL,
  PRIMARY KEY (`id`),
  UNIQUE KEY `UNIQ_3BEF03AE989D9B62` (`slug`)
) ENGINE=InnoDB  DEFAULT CHARSET=utf8 COLLATE=utf8_unicode_ci AUTO_INCREMENT=51 ;

--
-- Contenu de la table `ost_be_produit`
--

INSERT INTO `ost_be_produit` (`id`, `libelle`, `type`, `descriptionCourte`, `descriptionLongue`, `created`, `updated`, `slug`, `etat`) VALUES
(1, 'Pack 1', 1, 'Description courte du Pack 1', '<p>Description longue&nbsp;du Pack 1</p>', '2015-10-02 09:18:22', '2015-10-02 09:18:22', 'pack-1', 0),
(12, 'Forfaits esthétiques', 1, '', '', '2015-11-03 11:17:09', '2015-11-03 11:17:21', 'forfaits-esthetiques', 0),
(13, '04 soins par jour', 3, 'La cure Bien-être comprend 2 soins d’hydrothérapie, 01 enveloppement et un massage relaxant ou tonique.', '<p>La cure<em>&nbsp;</em><strong>Bien-&ecirc;tre&nbsp;</strong>comprend 2 soins d&rsquo;hydroth&eacute;rapie, 01 enveloppement et un massage relaxant ou tonique.</p>\r\n\r\n<p>-&nbsp;L&rsquo;examen m&eacute;dical est obligatoire.</p>\r\n\r\n<p>- Le libre acc&egrave;s pendant &nbsp;la &frac12; journ&eacute;e est &nbsp;pr&eacute;vu &agrave;</p>\r\n\r\n<ul>\r\n	<li>l&rsquo;espace forme&nbsp;: hammam, sauna, fitness, cardiotraining.</li>\r\n	<li>l&rsquo;espace d&eacute;tente : tisanerie, salle d&rsquo;aromath&eacute;rapie, salle de &nbsp;repos.</li>\r\n</ul>', '2015-11-04 02:41:37', '2015-11-07 14:18:27', '04-soins-par-jour', 0),
(14, 'Cure Spécifique (4 soins/jour)', 3, '« Bien-être articulaire »\r\n« jambes légères »\r\n« Bien-être du dos »', '<ul>\r\n	<li><em>La cure &laquo;&nbsp;A</em><strong><em>rticulaire</em></strong><em>&nbsp;&nbsp;&raquo; comprend 01 soin d&rsquo;hydroth&eacute;rapie, 01 enveloppement ,01 s&eacute;ance</em></li>\r\n</ul>\r\n\r\n<p><em>&nbsp;&nbsp;&nbsp;&nbsp;&nbsp;&nbsp;&nbsp;&nbsp;&nbsp;&nbsp;&nbsp;&nbsp;&nbsp; Aux Ultrasons et 01 Massage &agrave; l&rsquo;huile chaude d&rsquo;Eucalyptus altern&eacute; avec 01 Massage&nbsp; &agrave; l&rsquo;Huile chaude de Romarin.</em>&nbsp;&nbsp;&nbsp;&nbsp;&nbsp;&nbsp;&nbsp;</p>\r\n\r\n<ul>\r\n	<li><em>La cure&nbsp;</em><strong><em>&laquo;Jambes L&eacute;g&egrave;res</em></strong><em>&nbsp;&raquo;comprend 01 soin d&rsquo;hydroth&eacute;rapie, 01 massage circulatoire &laquo;&nbsp;jambes lourdes&nbsp;&raquo; altern&eacute; avec 01 drainage lymphatique jambes, 01 soin cryoth&eacute;rapie</em></li>\r\n</ul>\r\n\r\n<p><em>&nbsp;&nbsp;&nbsp;&nbsp;&nbsp;&nbsp;&nbsp;&nbsp;&nbsp;&nbsp;&nbsp;&nbsp;&nbsp;&nbsp;&nbsp;&nbsp; Altern&eacute; avec 01 Presso th&eacute;rapie et 01 massage Relaxant</em></p>\r\n\r\n<ul>\r\n	<li>La&nbsp; cure <strong>du dos </strong>&nbsp;comprend&nbsp; 1 soin hydro, 1 enveloppement, 1 s&eacute;ance de r&eacute;&eacute;ducation du dos et</li>\r\n</ul>\r\n\r\n<p>1 massage sp&eacute;cifique du dos</p>\r\n\r\n<p>&nbsp;</p>\r\n\r\n<table align="center" cellpadding="0" cellspacing="0">\r\n	<tbody>\r\n		<tr>\r\n			<td>&nbsp;</td>\r\n		</tr>\r\n	</tbody>\r\n</table>', '2015-11-04 02:51:01', '2015-11-16 05:26:52', 'cure-specifique-4-soins-jour', 0),
(15, 'Cures Prestiges Minceur Marine', 3, '05 soins/jour + gommage en début de cure', '<p>La cure <strong>&lsquo;Minceur &nbsp;Marine&rsquo; </strong>comprend 1 s&eacute;ance de coaching, 1 soin hydro, 1 enveloppement amincissant, 1 s&eacute;ance de body sculpteur et 1 massage sp&eacute;cifique Minceur.</p>', '2015-11-04 02:54:21', '2015-11-16 05:37:02', 'cures-prestiges-minceur-marine', 0),
(16, 'Cures Prestiges Mandara', 3, '04 soins/jour + Gommage en début de cure', '<p>La&nbsp;cure&nbsp; &lsquo;<strong>Mandara</strong>&rsquo; comprend 2 soins d&rsquo;hydroth&eacute;rapie, 1 soin &laquo;&nbsp;flash beaut&eacute;&nbsp;&raquo;et 01 massage sp&eacute;cifique en alternance (Mandara, Californien ou Abhyanga et mille et une nuits).</p>', '2015-11-04 03:08:16', '2015-11-16 05:36:36', 'cures-prestiges-mandara', 0),
(18, 'Gommages du corps', 2, 'Les gommages: ST BARTH Softness, Gommage traditionnel au Miel & Sésame, Massage Hammam au savon.', '<ul>\r\n	<li>ST BARTH Softness</li>\r\n</ul>\r\n\r\n<p>MASSAGE GOMMANT CORPOREL &Agrave; L&rsquo;HUILE DE COCO ET &Agrave; LA PAPAYE.<br />\r\nMassage gommant relaxant pour une peau douce, soyeuse et uniforme. Les enzymes de fruits de la papaye&nbsp;fra&icirc;che et le sable de mer purifient votre peau et la lib&egrave;rent des&nbsp;cellules mortes. L&rsquo;huile de coco pure l&rsquo;entretient&nbsp;et la nourrit durablement en &eacute;l&eacute;ments bienfaisants. La pr&eacute;paration id&eacute;ale pour un bronzage particuli&egrave;rement&nbsp;harmonieux que vous conserverez longtemps.&nbsp;45 minutes.</p>\r\n\r\n<ul>\r\n	<li>Gommage traditionnel au Miel &amp; S&eacute;same</li>\r\n</ul>\r\n\r\n<p>Reconnus pour leurs propri&eacute;t&eacute;s hydratantes et leur action purifiante, le miel et les grains de s&eacute;same font de ce&nbsp;gommage un soin rafra&icirc;chissant adapt&eacute; &agrave; tous les types de peaux.&nbsp;45 minutes.</p>\r\n\r\n<ul>\r\n	<li>Massage Hammam au savon</li>\r\n</ul>\r\n\r\n<p>Evadez-vous gr&acirc;ce &agrave; l&rsquo;exp&eacute;rience unique de cette c&eacute;r&eacute;monie traditionnelle qui laissera votre peau nettoy&eacute;e en&nbsp;profondeur.&nbsp;Le luxueux m&eacute;lange &agrave; base de savons&nbsp;s&eacute;lectionn&eacute;s, exfolie en douceur et purifie votre peau tandis que le massage&nbsp;d&eacute;noue les tensions musculaires et stimule la circulation sanguine.&nbsp;30 minutes.</p>\r\n\r\n<p>Nos gommages sont la pr&eacute;paration id&eacute;ale pour recevoir nos enveloppements et nos massages corporels.</p>', '2015-11-04 03:43:09', '2015-11-04 04:05:31', 'gommages-du-corps', 0),
(19, 'Soins du corps', 2, 'Les soins: ST BARTH Elasticity, ST BARTH Elasticity « in Balance », Le soin traditionnel du corps, Enveloppent aux actifs essentiels marins, ST BARTH Sensation.', '<ul>\r\n	<li>ST BARTH Elasticity</li>\r\n</ul>\r\n\r\n<p>ENVELOPPEMENT CORPOREL &Agrave; BASE D&rsquo;ARGILE ET DE CONCOMBRE<br />\r\nSoin corporel intense, am&eacute;liorant l&rsquo;aspect de la peau gr&acirc;ce aux pr&eacute;cieux min&eacute;raux et vitamines naturels contenus&nbsp;dans l&rsquo;argile et le concombre. Le lierre, le menthol et le&nbsp;camphre activent et purifient l&rsquo;&eacute;piderme; l&rsquo;huile d&rsquo;avocat,&nbsp;de premi&egrave;re pression &agrave; froid, le nourrit en profondeur. R&eacute;sultat : une peau plus ferme.&nbsp;Optez pour un massage de la t&ecirc;te ou des pieds durant cet enveloppement.&nbsp;45 minutes.</p>\r\n\r\n<ul>\r\n	<li>Exclusif le &laquo; Free Floating &raquo; - Sensation de d&eacute;tente &laquo; in balance &raquo;!</li>\r\n</ul>\r\n\r\n<p>Appr&eacute;ciez cette nouvelle exp&eacute;rience de relaxation totale. Laissez votre corps flotter sur une eau agr&eacute;ablement&nbsp;temp&eacute;r&eacute;e sans pour autant &ecirc;tre mouill&eacute;. Le corps entier est&nbsp;d&eacute;licatement envelopp&eacute; dans un doux tissu.<br />\r\nS&eacute;lectionnez votre formule pr&eacute;f&eacute;r&eacute;e:</p>\r\n\r\n<ul>\r\n	<li>ST BARTH Elasticity &laquo; in Balance &raquo;</li>\r\n</ul>\r\n\r\n<p>Enveloppement corporel &agrave; base d&rsquo;argile et de mousse de concombre.&nbsp;45 minutes.</p>\r\n\r\n<ul>\r\n	<li>Le soin traditionnel du corps</li>\r\n</ul>\r\n\r\n<p>Depuis des centaines d&rsquo;ann&eacute;es, les boues de Rassoul&nbsp;et de Tfal, riches en min&eacute;raux jouent un r&ocirc;le important pour&nbsp;la beaut&eacute; naturelle. Un enveloppement &agrave; la boue procure&nbsp;une hydratation intense, resserre les pores et nettoie&nbsp;en profondeur.&nbsp;Gr&acirc;ce &agrave; ses propri&eacute;t&eacute;s anti-inflammatoires, cet enveloppement soulage les tensions musculaires et articulaires.&nbsp;30 minutes.</p>\r\n\r\n<ul>\r\n	<li>Enveloppent aux actifs essentiels marins</li>\r\n</ul>\r\n\r\n<p>Cet enveloppement d&eacute;toxifiant procure de nombreux bienfaits.&nbsp;Un m&eacute;lange d&rsquo;algues traditionnelles purifie et&nbsp;affine la peau, am&eacute;liore la circulation et facilite l&rsquo;&eacute;limination des&nbsp;toxines.&nbsp;30 minutes.</p>\r\n\r\n<ul>\r\n	<li>ST BARTH Sensation</li>\r\n</ul>\r\n\r\n<p>PRESTIGIEUX ENVELOPPEMENT CORPOREL AVEC MASSAGE RELAXANT AUX HUILES TROPICALES<br />\r\nCet enveloppement corporel unique offre une hydratation profonde et constitue un v&eacute;ritable plaisir des sens.&nbsp;Choisissez votre parfum pr&eacute;f&eacute;r&eacute; : vanille bourbon, exquise fleur&nbsp;de tiar&eacute; ou raffinement du lys. Votre corps est&nbsp;alors d&eacute;licatement envelopp&eacute; d&rsquo;une cr&egrave;me soyeuse, lui apportant un concentr&eacute; d&rsquo;&eacute;l&eacute;ments nourrissants et de&nbsp;lipides&nbsp;tissus d&rsquo;huiles v&eacute;g&eacute;tales prestigieuses. Apr&egrave;s le soin, vous vous d&eacute;tendez compl&egrave;tement gr&acirc;ce &agrave; notre&nbsp;massage &agrave; l&rsquo;ar&ocirc;me d&eacute;licieux (environ 25 minutes). Votre&nbsp;peau est visiblement affin&eacute;e et tout votre corps est&nbsp;soyeux, doux et velout&eacute;.&nbsp;60 minutes.</p>\r\n\r\n<p>Nous recommandons de faire pr&eacute;c&eacute;der nos soins du corps par un gommage ou de les compl&eacute;ter ensuite par un&nbsp;soin hydratant afin d&rsquo;obtenir un r&eacute;sultat maximum.</p>', '2015-11-04 03:59:13', '2015-11-04 04:04:48', 'soins-du-corps', 0),
(20, 'Massages & Signature', 2, '', '<ul>\r\n	<li>ST BARTH Harmony</li>\r\n</ul>\r\n\r\n<p>MASSAGE CORPOREL DE BIEN-&Ecirc;TRE<br />\r\nGr&acirc;ce &agrave; nos produits soigneusement &eacute;labor&eacute;s, offrez vous ce doux massage relaxant, adapt&eacute; &agrave; vos besoins et&nbsp;votre plaisir. A vous de choisir entre l&rsquo;huile de coco&nbsp;pure&nbsp;l&eacute;g&egrave;rement atti&eacute;die pour une hydratation profonde de la&nbsp;peau s&egrave;che, l&rsquo;huile d&rsquo;avocat de premi&egrave;re pression &agrave; froid pour renforcer les peaux fines ou gel&nbsp;raffermissant au&nbsp;lierre et l&rsquo;huile menthol&eacute;e camphr&eacute;e pour raffermir le tissu adipeux et l&rsquo;&eacute;piderme.&nbsp;Pour finir en beaut&eacute;, s&eacute;lectionnez vous-m&ecirc;me votre lotion corporelle pour une derni&egrave;re&nbsp;touche cara&iuml;be: huile&nbsp;d&rsquo;avocat de premi&egrave;re pression &agrave; froid et senteur de vanille bourbon, de fleur de tiar&eacute; tropicale ou de lys d&eacute;licat. 75 minutes.</p>\r\n\r\n<ul>\r\n	<li>Stone Infinity</li>\r\n</ul>\r\n\r\n<p>Le massage Stone Infinity est un massage tr&egrave;s &eacute;labor&eacute; qui combine de mani&egrave;re fascinante le&nbsp;des &eacute;nergies et l&rsquo;effet apaisant des pierres chaudes de basalte.&nbsp;Vous vous&nbsp;sentez aussit&ocirc;t relax&eacute;, apais&eacute; et revitalis&eacute;. Ce massage &eacute;nerg&eacute;tique assouplit et d&eacute;tend les muscles, les&nbsp;d&eacute;fenses naturelles de l&rsquo;organisme sont stimul&eacute;es en&nbsp;profondeur.&nbsp;Choisissez de vivre un v&eacute;ritable moment de relaxation aussi bien physique que mental!&nbsp;90 minutes.</p>\r\n\r\n<ul>\r\n	<li>Soins Ayurv&eacute;diques</li>\r\n</ul>\r\n\r\n<p>Bas&eacute; selon des th&eacute;rapies utilis&eacute;es depuis des si&egrave;cles et qui leurs origines en Inde, l&rsquo;Ayurveda est une science&nbsp;ancestrale qui s&rsquo;attache &agrave; &eacute;tablir et maintenir l&rsquo;&eacute;quilibre des &eacute;nergies dans le corps. Utilisant les meilleures huiles&nbsp;et plantes ayurv&eacute;diques, ces soins revigorent l&rsquo;esprit, &eacute;liminent les toxines et vous donnent la sensation d&rsquo;une&nbsp;jeunesse retrouv&eacute;e!</p>\r\n\r\n<ul>\r\n	<li>Ayruvedic Touch</li>\r\n</ul>\r\n\r\n<p>Massage r&eacute;g&eacute;n&eacute;rant de tout le corps, parfait pour chasser la fatigue.&nbsp;Un bain exquis &agrave; la vapeur de 10 minutes est inclus dans ce soin. 60 minutes.</p>\r\n\r\n<ul>\r\n	<li>Massage Ayurv&eacute;dique, relaxation &agrave; 4 mains</li>\r\n</ul>\r\n\r\n<p>Laissez-vous emporter par cette v&eacute;ritable symphonie &agrave; quatre mains au cours de laquelle les mouvements&nbsp;synchronis&eacute;s de vos deux th&eacute;rapeutes travaillant &agrave; l&rsquo;unisson vous apporteront pl&eacute;nitude et sensation de&nbsp;bien-&ecirc;tre.&nbsp;Vous ressortirez radieux et pleinement ressourc&eacute; de cette exp&eacute;rience unique.&nbsp;60 minutes.</p>\r\n\r\n<ul>\r\n	<li>Shirodara &ndash; Ouverture de l&rsquo;esprit</li>\r\n</ul>\r\n\r\n<p>Le Shirodara est un soin issu de la m&eacute;decine ayurv&eacute;dique indienne, au cours duquel le front est balay&eacute; par un filet&nbsp;d&rsquo;huile aux herbes selon un trajet bien pr&eacute;cis. Gr&acirc;ce &agrave; un&nbsp;massage du cuir chevelu, cette th&eacute;rapie relaxante aide &agrave;&nbsp;soulager les maux de t&ecirc;te ainsi que la migraine, diminue la pression art&eacute;rielle, aide &agrave; lutter contre l&rsquo;insomnie et&nbsp;permet de retrouver la paix int&eacute;rieure en unifiant corps, esprit et &acirc;me.&nbsp;45 minutes.</p>\r\n\r\n<ul>\r\n	<li>Shirogriva &ndash; Effacer les tensions t&ecirc;te-cou &amp; &eacute;paules</li>\r\n</ul>\r\n\r\n<p>Ce massage a un effet apaisant, soulageant les maux d t&ecirc;te, migraines et dissipant les effets n&eacute;fastes du stress et&nbsp;de la fatigue nerveuse sur les organes profonds, en r&eacute;&eacute;quilibrant l&rsquo;&eacute;nergie dans le corps.&nbsp;60 minutes.</p>\r\n\r\n<ul>\r\n	<li>Massage Thai Classique</li>\r\n</ul>\r\n\r\n<p>Ce massage allie des doux balacements du crops&nbsp;&agrave; des mouvements d&rsquo;&eacute;tirements qui sont compl&eacute;t&eacute;s par des&nbsp;pressions stimulant les flux d&rsquo;&eacute;nergie. Prodigu&eacute; sur un matelas&nbsp;Thai traditionnel, ce soin favorise la relaxation tout&nbsp;en am&eacute;liorant la souplesse. Nous recommandons de porter&nbsp;unT-shirt et un pantalon confortable au cours de&nbsp;ce&nbsp;massage.&nbsp;90 minutes.</p>\r\n\r\n<ul>\r\n	<li>L&rsquo;esprit de Shiatsu</li>\r\n</ul>\r\n\r\n<p>Une combinaison unique de plusieurs techniques asiatiques qui &eacute;quilibreront votre flux d&rsquo;&eacute;nergie (Chi).&nbsp;Les techniques utilis&eacute;es associent une acupressure profonde et&nbsp;massage revigorant pour stimuler le yang et&nbsp;massage relaxant pour apaiser le yin.&nbsp;60 minutes.</p>\r\n\r\n<ul>\r\n	<li>Massage purement &eacute;nergitique</li>\r\n</ul>\r\n\r\n<p>Ce soin combine massage palmaire et application de pochons d&rsquo;herbes ou de fruits imbib&eacute;s d&rsquo;huile ti&egrave;de. Gr&acirc;ce &agrave;&nbsp;leurs propri&eacute;t&eacute;s hydratantes et apaisantes, votre peau est&nbsp;nourrie en profondeur.&nbsp;Cette technique de massage sp&eacute;ciale associ&eacute;es &agrave; la chaleur lib&egrave;re les tensions, stimules votre m&eacute;tabolisme et&nbsp;renforce les &eacute;nergies vitales de&nbsp;votre corps, votre esprit est d&eacute;tendu.&nbsp;&nbsp;60 minutes.</p>\r\n\r\n<ul>\r\n	<li>ST BARTH Slimness</li>\r\n</ul>\r\n\r\n<p>MASSAGE DES JAMBES BIENFAISANT ET DECONGESTIONNANT<br />\r\nPour une d&eacute;tente compl&egrave;te et rapide en cas de jambes lourdes ou apr&egrave;s une position assise prolong&eacute;e, suite &agrave; un&nbsp;vol longue dur&eacute;e ou tout simplement pour avoir de belles&nbsp;jambes &eacute;lanc&eacute;es. Notre gel raffermissant au lierre&nbsp;d&eacute;congestionne et draine, renforce les veines et stimule le syst&egrave;me lymphatique. Le menthol et le camphre&nbsp;favorisent la circulation, rafra&icirc;chissent et dynamisent. Pour finir en beaut&eacute;, vous choisissez votre lotion corporelle&nbsp;favorite pour offrir &agrave; vos jambes une touche toute&nbsp;particuli&egrave;re: huile d&rsquo;avocat de premi&egrave;re pression &agrave; froid et&nbsp;senteur de vanille bourbon, de fleur de tiar&eacute; tropicale ou de lys d&eacute;licat.&nbsp;30 minutes.</p>\r\n\r\n<ul>\r\n	<li>Massage intense du dos</li>\r\n</ul>\r\n\r\n<p>Ce massage aux huiles venues des Cara&iuml;bes agit sur la musculature profonde. Tout en am&eacute;liorant la circulation, il&nbsp;lib&egrave;re les tensions musculaires au moyen de pressions&nbsp;fermes mais douces. Vous serez plong&eacute; dans un &eacute;tat de&nbsp;relaxation profond.&nbsp;30 minutes.</p>\r\n\r\n<ul>\r\n	<li>R&eacute;flexologie</li>\r\n</ul>\r\n\r\n<p>Massage de plante des pieds agissant sur certaines organes interne par voie reflexe et procurant une d&eacute;tente et&nbsp;un rel&acirc;chement g&eacute;n&eacute;ral.&nbsp;La r&eacute;flexologie r&eacute;duit les tensions, active la circulation sanguine et lymphatique, l&rsquo;influx nerveux et favorise&nbsp;l&rsquo;&eacute;quilibre physiologique.&nbsp;Faites-vous plaisir en vous offrant ce soin signature o&ugrave; serviettes et galets&nbsp;chauds sont au rendez-vous. 60 minutes.</p>\r\n\r\n<ul>\r\n	<li>Bougies Hopi, la relaxation par les oreilles</li>\r\n</ul>\r\n\r\n<p>L&rsquo;application des bougies d&rsquo;oreilles Hopi, aussi connue sous le nom &quot;d&rsquo;ototh&eacute;rapie&quot;&nbsp;est un soin tr&egrave;s relaxant et&nbsp;bienfaisant qui peut apporter un soulagement &agrave; de nombreux probl&egrave;mes li&eacute;s &agrave; la sph&egrave;re ORL. Les&nbsp;bougies&nbsp;d&rsquo;oreilles se pr&eacute;sentent sous forme de tubes creux faits de coton et de cires s&eacute;lectionn&eacute;s. A l&rsquo;aide d&rsquo;une huile&nbsp;essentielle choisie, elles nettoient et harmonisent&nbsp;le syst&egrave;me &eacute;nerg&eacute;tique. L&rsquo;agr&eacute;able chaleur qui se d&eacute;gage lors de&nbsp;l&rsquo;application de la bougie aide &agrave; soulager douleurs et d&eacute;sagr&eacute;ments situ&eacute;s dans toute la zone&nbsp;de la t&ecirc;te.&nbsp;30 minutes.</p>', '2015-11-04 04:32:19', '2015-11-04 04:32:34', 'massages-signature', 0),
(21, 'L’expérience Balnéo', 2, 'ST BARTH Dream, Bain traditionnel lacté à la verveine, Bain aux actifs marins.', '<ul>\r\n	<li>ST BARTH Dream</li>\r\n</ul>\r\n\r\n<p>BAIN EXOTIQUE DE BEAUTE<br />\r\nNos bains relaxants, soins intenses &agrave; base de gel douche extra doux, r&eacute;v&egrave;lent votre beaut&eacute; gr&acirc;ce aux agr&eacute;ables&nbsp;combinaisons vanille/coco/lys; vous pouvez &eacute;galement&nbsp;cr&eacute;er vous-m&ecirc;me votre propre m&eacute;lange d&rsquo;huiles et de&nbsp;lotions. Laissez-vous aller &agrave; une exp&eacute;rience de senteur cara&iuml;be unique, tandis que votre peau profite des&nbsp;bienfaits&nbsp;durables des vitamines et min&eacute;raux naturels. Ce bain de beaut&eacute; procure &agrave; votre peau un magnifique reflet soyeux qui se&nbsp;maintiendra longtemps apr&egrave;s le soin.&nbsp;20 minutes.</p>\r\n\r\n<ul>\r\n	<li>Bain traditionnel lact&eacute; &agrave; la verveine</li>\r\n</ul>\r\n\r\n<p>Votre corps et votre esprit se laisse aller dans l&rsquo;univers luxueux d&rsquo;un m&eacute;lange aromatique. L&rsquo;essence de verveine,&nbsp;riche en agents hydratants, vous redonne une peau douce&nbsp;et soyeuse.&nbsp;20 minutes.</p>\r\n\r\n<ul>\r\n	<li>Bain aux actifs marins</li>\r\n</ul>\r\n\r\n<p>Revigorez et purifiez votre corps dans ce doux m&eacute;lange d&rsquo;algues et d&rsquo;huiles essentielles, riches en min&eacute;raux et vitamines.&nbsp;20 minutes.</p>', '2015-11-04 04:45:13', '2015-11-04 04:45:13', 'l-experience-balneo', 0),
(22, 'L’expérience Balnéo: Massage luxueux – douche Vichy', 2, '', '<p>Profitez d&rsquo;un massage l&eacute;ger sous une pluie chaude, choisissez &agrave; la carte l&rsquo;hydroth&eacute;rapie qui vous convient.</p>\r\n\r\n<ul>\r\n	<li>Relaxante. 30 minutes</li>\r\n	<li>D&eacute;tox. 30 minutes</li>\r\n	<li>Tonifiante &amp; raffermissante. 30 minutes</li>\r\n	<li>Signature Deluxe &agrave; 4 mains. 30 minutes</li>\r\n</ul>', '2015-11-04 04:48:31', '2015-11-04 04:53:51', 'l-experience-balneo-massage-luxueux-douche-vichy', 0),
(23, 'Rituels du visage', 2, '', '<ul>\r\n	<li>ST BARTH Pureness</li>\r\n</ul>\r\n\r\n<p>Dans cet univers d&eacute;di&eacute; au bien &ecirc;tre, profitez d&rsquo;un moment pour soi en faisant un soin particuli&egrave;rement doux et agr&eacute;able pour&nbsp;votre visage. R&eacute;galez-vous des senteurs fra&icirc;ches&nbsp;de nos essences naturelles, qui rappellent une corbeille de fruits exotiques.&nbsp;Le d&eacute;roulement paisible et soyeux du soin favorise en douceur votre relaxation. Nos&nbsp;produits haut de gamme, &agrave; base de&nbsp;plantes, stimulent naturellement l&rsquo;activit&eacute; de la peau et la purifient en lui apportant vitamines et min&eacute;raux essentiels. Votre&nbsp;peau est clarifi&eacute;e, uniforme et fra&icirc;che. Un agr&eacute;able massage des mains vous offre une derni&egrave;re touche de d&eacute;tente.&nbsp;60 minutes.</p>\r\n\r\n<ul>\r\n	<li>ST BARTH Freshness</li>\r\n</ul>\r\n\r\n<p>SOIN VISAGE ET DECOLLETE A LA MOUSSE FRAICHE DE PAPAYE &amp; DE CONCOMBRE<br />\r\nLaissez vous emporter par une vague de qui&eacute;tude en appr&eacute;ciant ce soin bienfaisant et relaxant pour votre visage. L&rsquo;action des&nbsp;vitamines et min&eacute;raux naturels de nos&nbsp;d&eacute;licats produits &agrave; base de plantes est renforc&eacute;e par celle des fruits frais. Cette douce&nbsp;sensation de fra&icirc;cheur sur votre peau, alli&eacute;e au d&eacute;licieux parfum des Cara&iuml;bes.&nbsp;Votre peau est nette et visiblement plus&nbsp;uniforme, votre teint est radieux. Choisissez entre un agr&eacute;able massage des mains, des pieds ou de la t&ecirc;te pour finir de&nbsp;parfaire&nbsp;ce pur moment de bien-&ecirc;tre. 90 minutes.</p>\r\n\r\n<ul>\r\n	<li>Soin du visage purifiant</li>\r\n</ul>\r\n\r\n<p>Offrez-vous ce soin du visage purifiant. Gr&acirc;ce &agrave; son action&nbsp;&eacute;quilibrante, il aide &agrave; r&eacute;guler la production de s&eacute;bum. Ce masque&nbsp;extraordinaire purifie et redonne &eacute;clat &agrave; votre teint qui&nbsp;redevient frais et lumineux. Adapt&eacute; aux peaux &agrave; tendance grasse.&nbsp;50 minutes.</p>\r\n\r\n<ul>\r\n	<li>Soin intense du visage</li>\r\n</ul>\r\n\r\n<p>Coup d&rsquo;&eacute;clat pour un r&eacute;sultat imm&eacute;diat : ce soin redonne&nbsp;aux peaux fatigu&eacute;es un teint lumineux. Gr&acirc;ce au masque&nbsp;r&eacute;parateur, la respiration cellulaire est am&eacute;lior&eacute;e&nbsp;et les d&eacute;fenses naturelles renforc&eacute;es.&nbsp;45 minutes.</p>\r\n\r\n<ul>\r\n	<li>Soin luxueux du contour des yeux</li>\r\n</ul>\r\n\r\n<p>Le contour des yeux est une zone particuli&egrave;rement sensible, facilement marqu&eacute;e par les stigmates de la fatigue ou de&nbsp;l&rsquo;&acirc;ge. Optez pour nos nouvelles textures naturelles et vous serez &eacute;tonn&eacute;s du r&eacute;sultat.&nbsp;45 minutes.</p>\r\n\r\n<ul>\r\n	<li>Soin purifiant aux herbes</li>\r\n</ul>\r\n\r\n<p>Avant le d&eacute;but du soin, vous entamez d&eacute;j&agrave; un v&eacute;ritable voyage des sens. Laissez-vous envo&ucirc;ter par le d&eacute;licieux parfum&nbsp;que d&eacute;gagent les pochons aux herbes. Leur secret r&eacute;side dans le subtil m&eacute;lange d&rsquo;herbes&nbsp;s&eacute;lectionn&eacute;es, de racines&nbsp;rares et de fleurs pr&eacute;cieuses. Un nettoyage doux de la peau sera suivi d&rsquo;un soin hydratant, puis des huiles&nbsp;ti&egrave;des seront&nbsp;appliqu&eacute;es en massage sur tout le visage &agrave; l&rsquo;aide de deux pochons.&nbsp;Un pur moment de douceur et de relaxation profonde.&nbsp;60 minutes.</p>', '2015-11-04 05:01:02', '2015-11-04 05:01:26', 'rituels-du-visage', 0),
(24, 'Les soins de beauté', 2, 'Beauté des mains, Beauté des mains « Deluxe », Beauté des pieds, Beauté des pieds « Deluxe », Pose de vernis, Body Coach.', '<ul>\r\n	<li>Beaut&eacute; des mains</li>\r\n</ul>\r\n\r\n<p>Ayez des mains et des ongles impeccables! Vos ongles sont nettoy&eacute;s, coup&eacute;s et lim&eacute;s selon vos souhaits, tandis que&nbsp;vos mains sont exfoli&eacute;es puis hydrat&eacute;es en profondeur. Un massage relaxant des mains vient compl&eacute;ter ce soin. 45 minutes.</p>\r\n\r\n<ul>\r\n	<li>Beaut&eacute; des mains &laquo; Deluxe &raquo;</li>\r\n</ul>\r\n\r\n<p>Offrez-vous le plaisir d&rsquo;un soin manucure intense.&nbsp;Tandis qu&rsquo;un massage enrichi en vitamines redonne souplesse et&nbsp;hydratation &agrave; votre peau, un massage des &eacute;paules&nbsp;et du cr&acirc;ne vient couronner ce moment de d&eacute;tente..&nbsp;75 minutes.</p>\r\n\r\n<ul>\r\n	<li>Beaut&eacute; des pieds</li>\r\n</ul>\r\n\r\n<p>Accordez &agrave; vos pieds l&rsquo;attention qu&rsquo;ils m&eacute;ritent! Vos&nbsp;pieds sont d&rsquo;abord plong&eacute;s dans un luxueux bain qui nettoie et&nbsp;adoucit la peau avant que les peaux mortes ne soient&nbsp;enlev&eacute;es. Apr&egrave;s un gommage des pieds, les ongles sont coup&eacute;s et&nbsp;lim&eacute;s selon votre souhait.&nbsp;Un massage relaxant des pieds vient compl&eacute;ter ce sion. 45 minutes.</p>\r\n\r\n<ul>\r\n	<li>Beaut&eacute; des pieds &laquo; Deluxe &raquo;</li>\r\n</ul>\r\n\r\n<p>Ce soin p&eacute;dicure intense, sp&eacute;cial peau s&egrave;che ou peau&nbsp;craquel&eacute;e, fait appel aux vertus d&rsquo;un pr&eacute;cieux masque chaud.&nbsp;Le massage du cr&acirc;ne et des &eacute;paules prolongera votre&nbsp;relaxation, vous laissant repartir avec les ongles des pieds&nbsp;parfaitement vernis. 75 minutes.</p>\r\n\r\n<ul>\r\n	<li>Pose de vernis: 15 minutes</li>\r\n	<li>Body Coach</li>\r\n</ul>\r\n\r\n<p>Le &laquo; Body Coach &raquo; est une plateforme vibrante permettant de r&eacute;aliser une vari&eacute;t&eacute; d&rsquo;exercices. Avec votre instructeur&nbsp;personnel, vous pouvez travailler individuellement toutes les parties du corps. 30 minutes.</p>', '2015-11-04 05:14:41', '2015-11-04 05:14:41', 'les-soins-de-beaute', 0),
(25, 'Epilations et colorations', 2, '', '<ul>\r\n	<li>L&egrave;vres:&nbsp;15 minutes</li>\r\n	<li>Sourcils:&nbsp;15 minutes</li>\r\n	<li>Visage: 30 minutes</li>\r\n	<li>Maillot: 30 minutes</li>\r\n	<li>Aisselles:&nbsp;15 minutes</li>\r\n	<li>Demi-jambes:&nbsp;30 minutes</li>\r\n	<li>Jambes enti&egrave;res:&nbsp;60 minutes</li>\r\n	<li>Bras entiers:&nbsp;20 minutes</li>\r\n	<li>Dos ou poitrine:&nbsp;45 minutes</li>\r\n	<li>Coloration des cils:&nbsp;30 minutes</li>\r\n	<li>Coloration des sourcils:&nbsp;30 minutes</li>\r\n</ul>', '2015-11-04 05:21:12', '2015-11-04 05:25:55', 'epilations-et-colorations', 0),
(26, 'Voyages SPA', 2, '', '<p><strong>S&eacute;r&eacute;nit&eacute; tropicale:&nbsp;2,5 hrs session:&nbsp;</strong>2,5 hrs session</p>\r\n\r\n<ul>\r\n	<li>ST BARTH Softness</li>\r\n	<li>ST BARTH Sensation</li>\r\n	<li>ST BARTH Pureness</li>\r\n</ul>\r\n\r\n<p><strong>Moment de relaxation:&nbsp;</strong>2&nbsp;hrs session</p>\r\n\r\n<ul>\r\n	<li>ST BARTH Softness</li>\r\n	<li>ST BARTH Harmony</li>\r\n</ul>\r\n\r\n<p><strong>Evasion aux Cara&icirc;bes:&nbsp;</strong>2&nbsp;hrs session</p>\r\n\r\n<ul>\r\n	<li>ST BARTH Elasticity</li>\r\n	<li>ST BARTH Freshness</li>\r\n</ul>\r\n\r\n<p><strong>Soin du dos revitalisant:&nbsp;</strong>1&nbsp;hrs session<br />\r\nProfitez d&rsquo;un doux gommage et d&rsquo;un masque nettoyant en profondeur sur cette partie du corps difficile &agrave; atteindre.&nbsp;Apr&egrave;s ce massage intense, votre peau sera totalement purifi&eacute;e et retrouvera sa douceur.</p>\r\n\r\n<p><strong>Rituel D&eacute;tox:&nbsp;</strong>2&nbsp;hrs session</p>\r\n\r\n<ul>\r\n	<li>Massage luxueux &ndash; douche Vichy</li>\r\n	<li>Soin Lipomassage CelluM6</li>\r\n	<li>Massage lymphatique du corps entier avec le gel au lierre</li>\r\n</ul>\r\n\r\n<p><strong>Anti-stress:&nbsp;</strong>2&nbsp;hrs session</p>\r\n\r\n<ul>\r\n	<li>ST BARTH Elasticity en apesanteur</li>\r\n	<li>Massage lymphatique du corps entier avec le gel au lierre</li>\r\n</ul>\r\n\r\n<p><strong>Equilibre indien:&nbsp;</strong>2&nbsp;hrs session</p>\r\n\r\n<ul>\r\n	<li>Ayurvedic touch</li>\r\n	<li>Shirodara</li>\r\n	<li>Bain vapeur aromatique</li>\r\n</ul>\r\n\r\n<p><strong>Rituel beaut&eacute; du Russelior Spa:&nbsp;</strong>1,5 hrs session</p>\r\n\r\n<ul>\r\n	<li>Bain traditionnel</li>\r\n	<li>Massage du corps relaxant aux huiles traditionnelles</li>\r\n</ul>\r\n\r\n<p><strong>Esprit de romance&ndash;D&eacute;tendez-vous &agrave; deux!:&nbsp;</strong>2,5 hrs session</p>\r\n\r\n<p>Ce rituel a &eacute;t&eacute; pour les couples afin d&rsquo;harmoniser la relation entre deux personnes.&nbsp;Vous recevrez le soin dans une suite con&ccedil;ue sp&eacute;cialement pour vous, afin de profiter du sentiment de luxe et&nbsp;d&rsquo;harmonie pour un plaisir partag&eacute; &agrave; deux.&nbsp;Deux th&eacute;rapeutes coordonneront leurs mouvements pour lib&eacute;rer les tensions et restaurer paix et harmonie.&nbsp;Apr&egrave;s un bain de pieds traditionnel, vous commencerez par le gommage ST BARTH&nbsp;Softness pour pr&eacute;parer votre&nbsp;corps &agrave; recevoir le ST BARTH Sensation, enveloppement corporel luxueux et massage relaxant.</p>\r\n\r\n<p>Les r&eacute;ceptionnistes du SPA se feront un plaisir de&nbsp;vous guider dans le choix de votre programme personnalis&eacute; en&nbsp;couple.</p>', '2015-11-04 05:38:30', '2015-11-04 05:56:17', 'voyages-spa', 0),
(27, 'Cure thérapeutique: ORL', 3, NULL, NULL, '2015-11-05 06:39:19', '2015-11-09 02:31:02', 'cure-therapeutique-orl', 0),
(28, 'Cure thérapeutique: Rhumatologie', 3, NULL, NULL, '2015-11-05 06:42:24', '2015-11-09 02:32:05', 'cure-therapeutique-rhumatologie', 0),
(29, 'Cure thérapeutique: Cure de sevrage tabagique', 3, 'x', '<p>x</p>', '2015-11-05 06:43:14', '2015-11-09 02:32:33', 'cure-therapeutique-cure-de-sevrage-tabagique', 0),
(30, 'Cure classique: Bien-être', 3, NULL, NULL, '2015-11-05 07:09:49', '2015-11-09 02:34:03', 'cure-classique-bien-etre', 0),
(31, 'Cure classique: Cure Aqua relax', 3, NULL, NULL, '2015-11-05 07:09:58', '2015-11-09 02:34:16', 'cure-classique-cure-aqua-relax', 0),
(32, 'Cure spéciale: Cure Remise en forme', 3, NULL, NULL, '2015-11-05 07:15:05', '2015-11-09 02:36:56', 'cure-speciale-cure-remise-en-forme', 0),
(33, 'Cure spéciale: Anti-Stress', 3, NULL, NULL, '2015-11-05 07:16:17', '2015-11-09 02:38:09', 'cure-speciale-anti-stress', 0),
(34, 'Cure spéciale: Spéciale dos', 3, NULL, NULL, '2015-11-05 07:16:35', '2015-11-09 02:38:53', 'cure-speciale-speciale-dos', 0),
(35, 'Cure spéciale: Jambes légères', 3, NULL, NULL, '2015-11-05 07:16:56', '2015-11-09 02:40:22', 'cure-speciale-jambes-legeres', 0),
(36, 'Cure spéciale: Post Natale', 3, NULL, NULL, '2015-11-05 07:17:10', '2015-11-09 02:41:35', 'cure-speciale-post-natale', 0),
(37, 'Cure spéciale: Cure anticellulite', 3, NULL, NULL, '2015-11-05 07:17:23', '2015-11-09 02:42:22', 'cure-speciale-cure-anticellulite', 0),
(38, 'Invasion thermale: Forfait 1 jour 4 soins', 2, NULL, NULL, '2015-11-16 04:05:53', '2015-11-16 04:05:53', 'invasion-thermale-forfait-1-jour-4-soins', 0),
(39, 'Relaxation: Forfait 1 jour 4 soins', 2, NULL, NULL, '2015-11-16 04:05:59', '2015-11-16 04:05:59', 'relaxation-forfait-1-jour-4-soins', 0),
(40, 'Jambes légères: Forfait 1 jour 4 soins', 2, NULL, NULL, '2015-11-16 04:06:11', '2015-11-16 04:06:11', 'jambes-legeres-forfait-1-jour-4-soins', 0),
(41, 'Spécial dos: Forfait 1 jour 4 soins', 2, NULL, NULL, '2015-11-16 04:06:17', '2015-11-16 04:06:17', 'special-dos-forfait-1-jour-4-soins', 0),
(42, 'Aqua douceur: Forfait 1 jour 4 soins', 2, NULL, NULL, '2015-11-16 04:06:21', '2015-11-16 04:06:21', 'aqua-douceur-forfait-1-jour-4-soins', 0),
(43, 'Aqua beauté: Forfait 1 jour 4 soins', 2, NULL, NULL, '2015-11-16 04:06:28', '2015-11-16 04:06:28', 'aqua-beaute-forfait-1-jour-4-soins', 0),
(44, 'Invasion thermale: Forfait 2 jours 3 soins', 2, NULL, NULL, '2015-11-16 04:18:14', '2015-11-16 04:18:14', 'invasion-thermale-forfait-2-jours-3-soins', 0),
(45, 'Relaxation: Forfait 2 jours 3 soins', 2, NULL, NULL, '2015-11-16 04:18:21', '2015-11-16 04:18:21', 'relaxation-forfait-2-jours-3-soins', 0),
(46, 'Beauté thermale: Forfait 2 jours 4 soins', 2, NULL, NULL, '2015-11-16 04:20:47', '2015-11-16 04:20:47', 'beaute-thermale-forfait-2-jours-4-soins', 0),
(47, 'Forfait mariage', 1, NULL, NULL, '2015-11-16 04:24:00', '2015-11-16 04:24:00', 'forfait-mariage', 0),
(48, 'Forfait Eclat intense', 1, NULL, NULL, '2015-11-16 04:25:14', '2015-11-16 04:25:14', 'forfait-eclat-intense', 0),
(49, 'Forfait Beauté', 1, NULL, NULL, '2015-11-16 04:26:14', '2015-11-16 04:26:14', 'forfait-beaute', 0),
(50, 'Forfait Spécial homme', 1, NULL, NULL, '2015-11-16 04:27:47', '2015-11-16 04:27:47', 'forfait-special-homme', 0);

-- --------------------------------------------------------

--
-- Structure de la table `ost_be_produit_centre`
--

CREATE TABLE IF NOT EXISTS `ost_be_produit_centre` (
  `produit_id` int(11) NOT NULL,
  `centre_id` int(11) NOT NULL,
  PRIMARY KEY (`produit_id`,`centre_id`),
  KEY `IDX_233DF8C5F347EFB` (`produit_id`),
  KEY `IDX_233DF8C5463CD7C3` (`centre_id`)
) ENGINE=InnoDB DEFAULT CHARSET=utf8 COLLATE=utf8_unicode_ci;

--
-- Contenu de la table `ost_be_produit_centre`
--

INSERT INTO `ost_be_produit_centre` (`produit_id`, `centre_id`) VALUES
(13, 3),
(13, 4),
(13, 5),
(14, 3),
(14, 4),
(14, 5),
(15, 3),
(15, 4),
(15, 5),
(16, 3),
(16, 4),
(16, 5),
(27, 2),
(28, 2),
(29, 2),
(30, 2),
(31, 2),
(32, 2),
(33, 2),
(34, 2),
(35, 2),
(36, 2),
(37, 2),
(38, 2),
(39, 2),
(40, 2),
(41, 2),
(42, 2),
(43, 2),
(44, 2),
(45, 2),
(46, 2),
(47, 2),
(48, 2),
(49, 2),
(50, 2);

-- --------------------------------------------------------

--
-- Structure de la table `ost_be_reservations`
--

CREATE TABLE IF NOT EXISTS `ost_be_reservations` (
  `id` int(11) NOT NULL AUTO_INCREMENT,
  `responsable_id` int(11) DEFAULT NULL,
  `produit_id` int(11) DEFAULT NULL,
  `tarif_id` int(11) DEFAULT NULL,
  `client_id` int(11) DEFAULT NULL,
  `code` varchar(255) COLLATE utf8_unicode_ci DEFAULT NULL,
  `etat` int(11) NOT NULL,
  `frontOffice` tinyint(1) NOT NULL,
  `commentaire` longtext COLLATE utf8_unicode_ci,
  `validated` datetime DEFAULT NULL,
  `created` datetime NOT NULL,
  `updated` datetime NOT NULL,
  `timbre` decimal(11,3) NOT NULL,
  `remise` decimal(11,3) NOT NULL,
  `nombre_personne` int(11) NOT NULL,
  `nomPrenom` varchar(255) COLLATE utf8_unicode_ci NOT NULL,
  `email` varchar(255) COLLATE utf8_unicode_ci NOT NULL,
  `tel` varchar(255) COLLATE utf8_unicode_ci NOT NULL,
  `date_debut` date NOT NULL,
  `centre_id` int(11) DEFAULT NULL,
  `amicale_id` int(11) DEFAULT NULL,
  `validated_amicale` datetime DEFAULT NULL,
  `frais_dossier` decimal(11,3) NOT NULL,
  `remise_internet` decimal(11,3) NOT NULL,
  `observation` longtext COLLATE utf8_unicode_ci,
  `type_payement` int(11) DEFAULT NULL,
  `montant_payement_electronique` decimal(11,3) DEFAULT NULL,
  `status_payement` varchar(255) COLLATE utf8_unicode_ci DEFAULT NULL,
  `responsableAmicale_id` int(11) DEFAULT NULL,
  `devis` tinyint(1) NOT NULL,
  `clientArray` longtext COLLATE utf8_unicode_ci NOT NULL COMMENT '(DC2Type:array)',
  PRIMARY KEY (`id`),
  KEY `IDX_375E597153C59D72` (`responsable_id`),
  KEY `IDX_375E5971F347EFB` (`produit_id`),
  KEY `IDX_375E5971357C0A59` (`tarif_id`),
  KEY `IDX_375E597119EB6921` (`client_id`),
  KEY `IDX_375E5971463CD7C3` (`centre_id`),
  KEY `IDX_375E5971FEBD183` (`amicale_id`),
  KEY `IDX_375E5971F06C2258` (`responsableAmicale_id`)
) ENGINE=InnoDB  DEFAULT CHARSET=utf8 COLLATE=utf8_unicode_ci AUTO_INCREMENT=3 ;

--
-- Contenu de la table `ost_be_reservations`
--

INSERT INTO `ost_be_reservations` (`id`, `responsable_id`, `produit_id`, `tarif_id`, `client_id`, `code`, `etat`, `frontOffice`, `commentaire`, `validated`, `created`, `updated`, `timbre`, `remise`, `nombre_personne`, `nomPrenom`, `email`, `tel`, `date_debut`, `centre_id`, `amicale_id`, `validated_amicale`, `frais_dossier`, `remise_internet`, `observation`, `type_payement`, `montant_payement_electronique`, `status_payement`, `responsableAmicale_id`, `devis`, `clientArray`) VALUES
(1, 4, 1, 1, 2, NULL, 2, 1, 'RAS', '2015-11-03 10:38:27', '2015-10-02 14:50:22', '2015-11-03 10:38:27', 0.000, 0.000, 2, 'Foulen ben foulen', 'teste@gmail.com', '71 359 520', '2015-10-03', NULL, NULL, NULL, 0.000, 0.000, NULL, 0, NULL, NULL, NULL, 0, 'a:0:{}'),
(2, NULL, 1, 1, 4, NULL, 1, 1, 'aaaaaaaaaaaa', NULL, '2015-10-17 00:09:13', '2015-10-17 00:09:13', 0.000, 0.000, 2, 'test', 'test2@test.test', '50 500 500', '2015-10-21', NULL, NULL, NULL, 0.000, 0.000, NULL, 0, NULL, NULL, NULL, 0, 'a:0:{}');

-- --------------------------------------------------------

--
-- Structure de la table `ost_be_soin`
--

CREATE TABLE IF NOT EXISTS `ost_be_soin` (
  `id` int(11) NOT NULL AUTO_INCREMENT,
  `centre_id` int(11) DEFAULT NULL,
  `libelle` varchar(255) COLLATE utf8_unicode_ci NOT NULL,
  `description` longtext COLLATE utf8_unicode_ci NOT NULL,
  `slug` varchar(128) COLLATE utf8_unicode_ci NOT NULL,
  `created` datetime NOT NULL,
  `updated` datetime NOT NULL,
  PRIMARY KEY (`id`),
  UNIQUE KEY `UNIQ_4EFB1ADB989D9B62` (`slug`),
  KEY `IDX_4EFB1ADB463CD7C3` (`centre_id`)
) ENGINE=InnoDB DEFAULT CHARSET=utf8 COLLATE=utf8_unicode_ci AUTO_INCREMENT=1 ;

-- --------------------------------------------------------

--
-- Structure de la table `ost_be_tarif`
--

CREATE TABLE IF NOT EXISTS `ost_be_tarif` (
  `id` int(11) NOT NULL AUTO_INCREMENT,
  `prixAchat` decimal(11,3) NOT NULL,
  `prixVente` decimal(11,3) NOT NULL,
  `dateDeb` date NOT NULL,
  `dateFin` date NOT NULL,
  `libelle` varchar(255) COLLATE utf8_unicode_ci DEFAULT NULL,
  `promotion` tinyint(1) DEFAULT NULL,
  `produit_id` int(11) DEFAULT NULL,
  `duree` varchar(255) COLLATE utf8_unicode_ci DEFAULT NULL,
  PRIMARY KEY (`id`),
  KEY `IDX_6A51AAD3F347EFB` (`produit_id`)
) ENGINE=InnoDB  DEFAULT CHARSET=utf8 COLLATE=utf8_unicode_ci AUTO_INCREMENT=142 ;

--
-- Contenu de la table `ost_be_tarif`
--

INSERT INTO `ost_be_tarif` (`id`, `prixAchat`, `prixVente`, `dateDeb`, `dateFin`, `libelle`, `promotion`, `produit_id`, `duree`) VALUES
(1, 300.000, 400.000, '2015-10-02', '2015-10-24', 'Tarif pack 1', 1, 1, NULL),
(25, 140.000, 168.000, '2015-11-01', '2016-10-31', 'Forfait mariage', 0, 12, NULL),
(26, 120.000, 144.000, '2015-11-01', '2016-10-31', 'Forfait Eclat intense (3 jours)', 0, 12, NULL),
(27, 160.000, 192.000, '2015-11-01', '2016-10-31', 'Forfait Beauté (5 jours)', 0, 12, NULL),
(28, 110.000, 132.000, '2015-11-01', '2016-10-31', 'Forfait Spécial homme (3 jours)', 0, 12, NULL),
(29, 30.000, 36.000, '2015-11-01', '2016-10-31', 'Visite Médicale', 0, 12, NULL),
(30, 35.000, 42.000, '2015-11-01', '2016-10-31', 'Visite Médicale de nuit', 0, 12, NULL),
(45, 765.000, 918.000, '2015-11-01', '2016-10-31', NULL, 0, 13, '4 jours'),
(46, 1105.000, 1326.000, '2015-11-01', '2016-10-31', NULL, 0, 13, '6 jours'),
(47, 1510.000, 1812.000, '2015-11-01', '2016-10-31', NULL, 0, 13, '9 jours'),
(48, 985.000, 1182.000, '2015-11-01', '2016-10-31', NULL, 0, 14, '4 jours'),
(49, 1425.000, 1710.000, '2015-11-01', '2016-10-31', NULL, 0, 14, '6 jours'),
(50, 1905.000, 2286.000, '2015-11-01', '2016-10-31', NULL, 0, 14, '9 jours'),
(51, 1080.000, 1296.000, '2015-11-01', '2016-10-31', NULL, 0, 15, '4 jours'),
(52, 1575.000, 1890.000, '2015-11-01', '2016-10-31', NULL, 0, 15, '6 jours'),
(53, 2200.000, 2640.000, '2015-11-01', '2016-10-31', NULL, 0, 15, '9 jours'),
(54, 1000.000, 1200.000, '2015-11-01', '2016-10-31', NULL, 0, 16, '4 jours'),
(55, 1460.000, 1752.000, '2015-11-01', '2016-10-31', NULL, 0, 16, '6 jours'),
(56, 1950.000, 2340.000, '2015-11-01', '2016-12-31', NULL, 0, 16, '9 jours'),
(57, 50.000, 55.000, '2015-11-01', '2016-10-31', 'ST BARTH Softness', 0, 18, NULL),
(58, 35.000, 38.500, '2015-11-01', '2016-10-31', 'Gommage traditionnel au Miel & Sésame', 0, 18, NULL),
(59, 40.000, 44.000, '2015-11-01', '2016-10-31', 'Massage Hammam au savon', 0, 18, NULL),
(60, 60.000, 66.000, '2015-11-01', '2016-10-31', 'ST BARTH Elasticity', 0, 19, NULL),
(61, 70.000, 77.000, '2015-11-01', '2016-10-31', 'ST BARTH Elasticity « in Balance »', 0, 19, NULL),
(62, 50.000, 55.000, '2015-11-01', '2016-10-31', 'Le soin traditionnel du corps', 0, 19, NULL),
(63, 50.000, 55.000, '2015-11-01', '2016-10-31', 'Enveloppent aux actifs essentiels marins', 0, 19, NULL),
(64, 105.000, 115.500, '2015-11-01', '2016-10-31', 'ST BARTH Sensation', 0, 19, NULL),
(65, 120.000, 132.000, '2015-11-01', '2016-10-31', 'ST BARTH Harmony', 0, 20, NULL),
(66, 140.000, 154.000, '2015-11-01', '2016-10-31', 'Stone Infinity', 0, 20, NULL),
(67, 85.000, 93.500, '2015-11-01', '2016-10-31', 'Ayruvedic Touch', 0, 20, NULL),
(68, 120.000, 132.000, '2015-11-01', '2016-10-31', 'Massage Ayurvédique, relaxation à 4 mains', 0, 20, NULL),
(69, 65.000, 71.500, '2015-11-01', '2016-10-31', 'Shirodara – Ouverture de l’esprit', 0, 20, NULL),
(70, 90.000, 99.000, '2015-11-01', '2016-10-31', 'Shirogriva – Effacer les tensions tête-cou & épaules', 0, 20, NULL),
(71, 100.000, 110.000, '2015-11-01', '2016-10-31', 'Massage Thai Classique', 0, 20, NULL),
(72, 85.000, 93.500, '2015-11-01', '2016-10-31', 'L’esprit de Shiatsu', 0, 20, NULL),
(73, 100.000, 110.000, '2015-11-01', '2016-10-31', 'Massage purement énergitique', 0, 20, NULL),
(74, 100.000, 110.000, '2015-11-01', '2016-10-31', 'Massage purement énergitique', 0, 20, NULL),
(75, 55.000, 60.500, '2015-11-01', '2016-10-31', 'ST BARTH Slimness', 0, 20, NULL),
(76, 65.000, 71.500, '2015-11-01', '2016-10-31', 'Massage intense du dos', 0, 20, NULL),
(77, 85.000, 93.500, '2015-11-01', '2016-10-31', 'Réflexologie', 0, 20, NULL),
(78, 55.000, 60.500, '2015-11-01', '2016-10-31', 'Bougies Hopi, la relaxation par les oreilles', 0, 20, NULL),
(79, 50.000, 55.000, '2015-11-01', '2016-10-31', 'ST BARTH Dream', 0, 21, NULL),
(80, 40.000, 44.000, '2015-11-01', '2016-10-31', 'Bain traditionnel lacté à la verveine', 0, 21, NULL),
(81, 40.000, 44.000, '2015-11-01', '2016-10-31', 'Bain aux actifs marins', 0, 21, NULL),
(82, 50.000, 55.000, '2015-11-01', '2016-10-31', 'Relaxante', 0, 22, NULL),
(83, 50.000, 55.000, '2015-11-01', '2016-10-31', 'Détox', 0, 22, NULL),
(84, 50.000, 55.000, '2015-11-01', '2016-10-31', 'Tonifiante & raffermissante', 0, 22, NULL),
(85, 65.000, 71.500, '2015-11-01', '2016-10-31', 'Signature Deluxe à 4 mains', 0, 22, NULL),
(86, 75.000, 82.500, '2015-11-01', '2016-10-31', 'ST BARTH Pureness', 0, 23, NULL),
(87, 100.000, 110.000, '2015-11-01', '2016-10-01', 'ST BARTH Freshness', 0, 23, NULL),
(88, 65.000, 71.500, '2015-11-01', '2016-10-31', 'Soin du visage purifiant', 0, 23, NULL),
(89, 65.000, 71.500, '2015-11-01', '2016-10-31', 'Soin intense du visage', 0, 23, NULL),
(90, 65.000, 71.500, '2015-11-01', '2016-10-31', 'Soin luxueux du contour des yeux', 0, 23, NULL),
(91, 75.000, 82.500, '2015-11-01', '2016-10-31', 'Soin purifiant aux herbes', 0, 23, NULL),
(92, 40.000, 44.000, '2015-11-01', '2016-10-31', 'Beauté des mains', 0, 24, NULL),
(93, 50.000, 55.000, '2015-11-01', '2016-10-31', 'Beauté des mains « Deluxe »', 0, 24, NULL),
(94, 45.000, 49.500, '2015-11-01', '2016-10-31', 'Beauté des pieds', 0, 24, NULL),
(95, 55.000, 60.500, '2015-11-01', '2016-10-31', 'Beauté des pieds « Deluxe »', 0, 24, NULL),
(96, 15.000, 16.500, '2015-11-01', '2016-10-31', 'Pose de vernis', 0, 24, NULL),
(97, 50.000, 55.000, '2015-11-01', '2016-10-31', 'Body Coach', 0, 24, NULL),
(98, 10.000, 11.000, '2015-11-01', '2016-10-31', 'Lèvres', 0, 25, NULL),
(99, 15.000, 16.500, '2015-11-01', '2016-10-31', 'Sourcils', 0, 25, NULL),
(100, 50.000, 55.000, '2015-11-01', '2016-10-31', 'Visage', 0, 25, NULL),
(101, 20.000, 22.000, '2015-11-01', '2016-10-31', 'Maillot', 0, 25, NULL),
(102, 15.000, 16.500, '2015-11-01', '2016-10-31', 'Aisselles', 0, 25, NULL),
(103, 30.000, 33.000, '2015-11-01', '2016-10-31', 'Demi-jambes', 0, 25, NULL),
(104, 45.000, 49.500, '2015-11-01', '2016-10-31', 'Jambes entières', 0, 25, NULL),
(105, 30.000, 33.000, '2015-11-01', '2016-10-31', 'Bras entiers', 0, 25, NULL),
(106, 50.000, 55.000, '2015-11-01', '2016-10-31', 'Dos ou poitrine', 0, 25, NULL),
(107, 20.000, 22.000, '2015-11-01', '2016-10-31', 'Coloration des cils', 0, 25, NULL),
(108, 20.000, 22.000, '2015-11-01', '2016-10-31', 'Coloration des sourcils', 0, 25, NULL),
(109, 300.000, 330.000, '2015-11-01', '2016-10-31', 'Sérénité tropicale', 0, 26, NULL),
(110, 220.000, 232.000, '2015-11-01', '2015-10-31', 'Moment de relaxation', 0, 26, NULL),
(111, 200.000, 220.000, '2015-11-01', '2016-10-31', 'Evasion aux Caraîbes', 0, 26, NULL),
(112, 130.000, 143.000, '2015-11-01', '2016-10-31', 'Soin du dos revitalisant', 0, 26, NULL),
(113, 230.000, 243.000, '2015-11-01', '2016-10-31', 'Rituel Détox', 0, 26, NULL),
(114, 190.000, 209.000, '2015-11-01', '2016-10-31', 'Anti-stress', 0, 26, NULL),
(115, 200.000, 220.000, '2015-11-01', '2016-10-31', 'Equilibre indien', 0, 26, NULL),
(116, 200.000, 220.000, '2015-11-01', '2016-10-31', 'Rituel beauté du Russelior Spa', 0, 26, NULL),
(117, 420.000, 462.000, '2015-11-01', '2016-10-31', 'Esprit de romance–Détendez-vous à deux!', 0, 26, NULL),
(118, 30.000, 36.000, '2015-11-01', '2016-10-31', NULL, 0, 27, '1 jour'),
(119, 50.000, 60.000, '2015-11-01', '2016-10-31', NULL, 0, 29, '1 jour'),
(120, 100.000, 120.000, '2015-11-01', '2016-10-31', NULL, 0, 28, '1 jour'),
(121, 120.000, 164.000, '2015-11-01', '2016-10-31', NULL, 0, 30, '1 jour'),
(122, 125.000, 150.000, '2015-11-01', '2016-10-31', NULL, 0, 31, '1 jour'),
(123, 320.000, 384.000, '2015-11-01', '2016-10-31', NULL, 0, 32, '3 jours'),
(124, 300.000, 360.000, '2015-11-01', '2016-10-31', NULL, 0, 33, '3 jours'),
(125, 280.000, 336.000, '2015-11-01', '2016-10-31', NULL, 0, 34, '4 jours'),
(126, 350.000, 420.000, '2015-11-01', '2016-10-31', NULL, 0, 35, '4 jours'),
(127, 350.000, 420.000, '2015-11-01', '2016-12-31', NULL, 0, 36, '4 jours'),
(128, 140.000, 168.000, '2015-11-01', '2016-10-31', NULL, 0, 37, '1 jour'),
(129, 90.000, 108.000, '2015-11-01', '2016-10-31', NULL, 0, 38, '1 jour'),
(130, 110.000, 132.000, '2015-11-01', '2016-10-31', NULL, 0, 39, '1 jour'),
(131, 110.000, 132.000, '2015-11-01', '2016-10-31', NULL, 0, 40, '1 jour'),
(132, 115.000, 138.000, '2015-11-01', '2016-10-31', NULL, 0, 41, '1 jour'),
(133, 115.000, 138.000, '2015-11-01', '2016-10-31', NULL, 0, 43, '1 jour'),
(134, 115.000, 138.000, '2015-11-01', '2016-10-31', NULL, 0, 42, '1 jour'),
(135, 150.000, 180.000, '2015-11-01', '2016-10-31', NULL, 0, 44, '2 jours'),
(136, 190.000, 228.000, '2015-11-01', '2015-10-31', NULL, 0, 44, '2 jours'),
(137, 240.000, 288.000, '2015-11-01', '2016-10-31', NULL, 0, 46, '2 jours'),
(138, 140.000, 168.000, '2015-11-01', '2016-10-31', NULL, 0, 47, NULL),
(139, 120.000, 144.000, '2015-11-01', '2016-10-31', NULL, 0, 48, '3 jours'),
(140, 160.000, 192.000, '2015-11-01', '2016-10-31', NULL, 0, 49, '5 jours'),
(141, 110.000, 132.000, '2015-11-01', '2016-10-31', NULL, 0, 50, '3 jours');

-- --------------------------------------------------------

--
-- Structure de la table `ost_billetterie_reservation`
--

CREATE TABLE IF NOT EXISTS `ost_billetterie_reservation` (
  `id` int(11) NOT NULL AUTO_INCREMENT,
  `responsable_id` int(11) DEFAULT NULL,
  `client_id` int(11) DEFAULT NULL,
  `etat` int(11) NOT NULL,
  `frontOffice` tinyint(1) NOT NULL,
  `commentaire` longtext COLLATE utf8_unicode_ci,
  `validated` datetime DEFAULT NULL,
  `typeVol` int(11) NOT NULL,
  `nomPrenom` varchar(255) COLLATE utf8_unicode_ci NOT NULL,
  `email` varchar(255) COLLATE utf8_unicode_ci NOT NULL,
  `cin` varchar(255) COLLATE utf8_unicode_ci NOT NULL,
  `tel` varchar(255) COLLATE utf8_unicode_ci NOT NULL,
  `codePostal` varchar(255) COLLATE utf8_unicode_ci NOT NULL,
  `ville` varchar(255) COLLATE utf8_unicode_ci NOT NULL,
  `company` varchar(255) COLLATE utf8_unicode_ci NOT NULL,
  `classe` int(11) NOT NULL,
  `lieuDepart` varchar(255) COLLATE utf8_unicode_ci NOT NULL,
  `lieuArriver` varchar(255) COLLATE utf8_unicode_ci NOT NULL,
  `dateDepart` date NOT NULL,
  `dateArriver` date NOT NULL,
  `created` datetime NOT NULL,
  `updated` datetime NOT NULL,
  `timbre` decimal(11,3) NOT NULL,
  `remise` decimal(11,3) NOT NULL,
  `total_achat` decimal(11,3) DEFAULT NULL,
  `total_vente` decimal(11,3) DEFAULT NULL,
  `amicale_id` int(11) DEFAULT NULL,
  `code` varchar(255) COLLATE utf8_unicode_ci DEFAULT NULL,
  `validated_amicale` datetime DEFAULT NULL,
  `frais_dossier` decimal(11,3) NOT NULL,
  `remise_internet` decimal(11,3) NOT NULL,
  `observation` longtext COLLATE utf8_unicode_ci,
  `type_payement` int(11) DEFAULT NULL,
  `montant_payement_electronique` decimal(11,3) DEFAULT NULL,
  `status_payement` varchar(255) COLLATE utf8_unicode_ci DEFAULT NULL,
  `responsableAmicale_id` int(11) DEFAULT NULL,
  `devis` tinyint(1) NOT NULL,
  `clientArray` longtext COLLATE utf8_unicode_ci NOT NULL COMMENT '(DC2Type:array)',
  PRIMARY KEY (`id`),
  KEY `IDX_803A574C53C59D72` (`responsable_id`),
  KEY `IDX_803A574C19EB6921` (`client_id`),
  KEY `IDX_803A574CFEBD183` (`amicale_id`),
  KEY `IDX_803A574CF06C2258` (`responsableAmicale_id`)
) ENGINE=InnoDB  DEFAULT CHARSET=utf8 COLLATE=utf8_unicode_ci AUTO_INCREMENT=2 ;

--
-- Contenu de la table `ost_billetterie_reservation`
--

INSERT INTO `ost_billetterie_reservation` (`id`, `responsable_id`, `client_id`, `etat`, `frontOffice`, `commentaire`, `validated`, `typeVol`, `nomPrenom`, `email`, `cin`, `tel`, `codePostal`, `ville`, `company`, `classe`, `lieuDepart`, `lieuArriver`, `dateDepart`, `dateArriver`, `created`, `updated`, `timbre`, `remise`, `total_achat`, `total_vente`, `amicale_id`, `code`, `validated_amicale`, `frais_dossier`, `remise_internet`, `observation`, `type_payement`, `montant_payement_electronique`, `status_payement`, `responsableAmicale_id`, `devis`, `clientArray`) VALUES
(1, 4, 2, 1, 1, 'qsd', NULL, 1, 'Foulen ben foulen', 'teste@gmail.com', 'qsd', '71 359 520', 'qsd', 'dsqd', 'qsd', 2, 'qsd', 'qsd', '2015-09-11', '2015-09-25', '0000-00-00 00:00:00', '2015-10-04 16:53:52', 0.000, 0.000, NULL, NULL, NULL, NULL, NULL, 0.000, 0.000, NULL, 0, NULL, NULL, NULL, 0, 'a:0:{}');

-- --------------------------------------------------------

--
-- Structure de la table `ost_billetterie_reservation_ligne`
--

CREATE TABLE IF NOT EXISTS `ost_billetterie_reservation_ligne` (
  `id` int(11) NOT NULL AUTO_INCREMENT,
  `reservation_id` int(11) DEFAULT NULL,
  `type` int(11) NOT NULL,
  `nomPrenom` varchar(255) COLLATE utf8_unicode_ci NOT NULL,
  `naissance` date NOT NULL,
  `passport` varchar(255) COLLATE utf8_unicode_ci NOT NULL,
  PRIMARY KEY (`id`),
  KEY `IDX_51C2ED96B83297E7` (`reservation_id`)
) ENGINE=InnoDB  DEFAULT CHARSET=utf8 COLLATE=utf8_unicode_ci AUTO_INCREMENT=3 ;

--
-- Contenu de la table `ost_billetterie_reservation_ligne`
--

INSERT INTO `ost_billetterie_reservation_ligne` (`id`, `reservation_id`, `type`, `nomPrenom`, `naissance`, `passport`) VALUES
(1, 1, 1, 'qsdsq', '2015-09-30', 'dsqd'),
(2, 1, 2, 'qsd', '2015-09-26', 'qsd');

-- --------------------------------------------------------

--
-- Structure de la table `ost_client`
--

CREATE TABLE IF NOT EXISTS `ost_client` (
  `id` int(11) NOT NULL AUTO_INCREMENT,
  `amicale_id` int(11) DEFAULT NULL,
  `nomPrenom` varchar(255) COLLATE utf8_unicode_ci DEFAULT NULL,
  `tel1` varchar(255) COLLATE utf8_unicode_ci DEFAULT NULL,
  `tel2` varchar(255) COLLATE utf8_unicode_ci DEFAULT NULL,
  `adresse` varchar(255) COLLATE utf8_unicode_ci DEFAULT NULL,
  `matriculeFiscale` varchar(255) COLLATE utf8_unicode_ci DEFAULT NULL,
  `registreCommercie` varchar(255) COLLATE utf8_unicode_ci DEFAULT NULL,
  `commentaire` longtext COLLATE utf8_unicode_ci,
  `created` datetime NOT NULL,
  `updated` datetime NOT NULL,
  `responsable` tinyint(1) DEFAULT NULL,
  `passager` tinyint(1) DEFAULT NULL,
  `type` int(11) DEFAULT NULL,
  `nomAltervatif` varchar(255) COLLATE utf8_unicode_ci DEFAULT NULL,
  `fax` varchar(255) COLLATE utf8_unicode_ci DEFAULT NULL,
  `email` varchar(255) COLLATE utf8_unicode_ci DEFAULT NULL,
  `siteWeb` varchar(255) COLLATE utf8_unicode_ci DEFAULT NULL,
  `codePostal` int(11) DEFAULT NULL,
  `ville` varchar(255) COLLATE utf8_unicode_ci DEFAULT NULL,
  `gouvernorat` varchar(255) COLLATE utf8_unicode_ci DEFAULT NULL,
  `codeDouane` varchar(255) COLLATE utf8_unicode_ci DEFAULT NULL,
  `tva` tinyint(1) DEFAULT NULL,
  `formeJuridique` int(11) DEFAULT NULL,
  `url` longtext COLLATE utf8_unicode_ci,
  `pays_id` int(11) DEFAULT NULL,
  PRIMARY KEY (`id`),
  KEY `IDX_81496B59FEBD183` (`amicale_id`),
  KEY `IDX_81496B59A6E44244` (`pays_id`)
) ENGINE=InnoDB  DEFAULT CHARSET=utf8 COLLATE=utf8_unicode_ci AUTO_INCREMENT=9 ;

--
-- Contenu de la table `ost_client`
--

INSERT INTO `ost_client` (`id`, `amicale_id`, `nomPrenom`, `tel1`, `tel2`, `adresse`, `matriculeFiscale`, `registreCommercie`, `commentaire`, `created`, `updated`, `responsable`, `passager`, `type`, `nomAltervatif`, `fax`, `email`, `siteWeb`, `codePostal`, `ville`, `gouvernorat`, `codeDouane`, `tva`, `formeJuridique`, `url`, `pays_id`) VALUES
(1, NULL, 'Zied Kharraz', '53 980 209', NULL, 'Tunis centre ville', NULL, NULL, NULL, '2015-06-09 05:46:33', '2015-10-09 15:21:41', 0, NULL, NULL, NULL, NULL, NULL, NULL, NULL, NULL, NULL, NULL, NULL, NULL, NULL, NULL),
(2, NULL, 'Foulen ben foulen', '71 359 520', NULL, 'Nabeul , rue foulen ben foulen  8000', NULL, NULL, NULL, '2015-06-12 03:09:08', '2015-06-12 11:30:17', 0, NULL, NULL, NULL, NULL, NULL, NULL, NULL, NULL, NULL, NULL, NULL, NULL, NULL, NULL),
(4, NULL, 'Passager', 'No Tel', 'No tel', 'No Address', NULL, NULL, NULL, '2015-07-19 17:32:53', '2016-01-13 15:18:45', 0, 1, 2, NULL, NULL, '', NULL, NULL, NULL, NULL, NULL, 0, NULL, NULL, NULL),
(5, NULL, 'Fradj fadhloun', '53 980 209', NULL, 'Tunis carthafe', NULL, NULL, NULL, '2015-09-07 19:59:33', '2016-01-08 16:55:22', 0, 0, NULL, NULL, NULL, NULL, NULL, NULL, NULL, NULL, NULL, NULL, NULL, NULL, NULL),
(6, NULL, 'Maâcha Arbi', '52 557 390', '52 557 390', 'Mannouba', NULL, NULL, NULL, '2015-09-08 09:05:58', '2016-01-12 14:25:47', 0, 0, NULL, NULL, NULL, NULL, NULL, NULL, NULL, NULL, NULL, NULL, NULL, NULL, NULL),
(7, 4, 'Maâcha Arbi', '71 123 456', '52 557 390', NULL, NULL, NULL, NULL, '2015-10-05 16:11:27', '2015-10-08 10:02:42', 1, 0, 2, NULL, NULL, 'm.arbi.maacha@gmail.com', 'www.octasoft.com.tn', 2010, 'Mannouba', 'Mannouba', NULL, 1, 1, '9441668674bfb954508cf3658c512122fdac2270.png', 219),
(8, NULL, 'Maâcha Arbi passager', '52 557 390', NULL, NULL, NULL, NULL, NULL, '2015-11-05 16:18:50', '2015-11-05 16:38:28', 0, 0, 2, NULL, NULL, NULL, NULL, NULL, NULL, NULL, NULL, 0, NULL, NULL, NULL);

-- --------------------------------------------------------

--
-- Structure de la table `ost_com_contact`
--

CREATE TABLE IF NOT EXISTS `ost_com_contact` (
  `id` int(11) NOT NULL AUTO_INCREMENT,
  `fournisseur_id` int(11) DEFAULT NULL,
  `nomPrenom` varchar(255) COLLATE utf8_unicode_ci NOT NULL,
  `fonction` varchar(255) COLLATE utf8_unicode_ci NOT NULL,
  `email` varchar(255) COLLATE utf8_unicode_ci NOT NULL,
  `tel1` varchar(255) COLLATE utf8_unicode_ci DEFAULT NULL,
  `tel2` varchar(255) COLLATE utf8_unicode_ci DEFAULT NULL,
  `fax` varchar(255) COLLATE utf8_unicode_ci DEFAULT NULL,
  PRIMARY KEY (`id`),
  KEY `IDX_7A37D173670C757F` (`fournisseur_id`)
) ENGINE=InnoDB DEFAULT CHARSET=utf8 COLLATE=utf8_unicode_ci AUTO_INCREMENT=1 ;

-- --------------------------------------------------------

--
-- Structure de la table `ost_com_facture`
--

CREATE TABLE IF NOT EXISTS `ost_com_facture` (
  `id` int(11) NOT NULL AUTO_INCREMENT,
  `client_id` int(11) DEFAULT NULL,
  `amicale_id` int(11) DEFAULT NULL,
  `etat` int(11) NOT NULL,
  `validated` datetime DEFAULT NULL,
  `total_achat` decimal(11,3) NOT NULL,
  `total_vente` decimal(11,3) NOT NULL,
  `created` datetime NOT NULL,
  `updated` datetime NOT NULL,
  `responsable_id` int(11) DEFAULT NULL,
  `type` varchar(255) COLLATE utf8_unicode_ci NOT NULL,
  `code` varchar(255) COLLATE utf8_unicode_ci DEFAULT NULL,
  `total_tva` decimal(11,3) NOT NULL,
  `clientArray` longtext COLLATE utf8_unicode_ci NOT NULL COMMENT '(DC2Type:array)',
  `validatedPar_id` int(11) DEFAULT NULL,
  PRIMARY KEY (`id`),
  KEY `IDX_C8D3535B19EB6921` (`client_id`),
  KEY `IDX_C8D3535BFEBD183` (`amicale_id`),
  KEY `IDX_C8D3535B53C59D72` (`responsable_id`),
  KEY `IDX_C8D3535BA76AAAE1` (`validatedPar_id`)
) ENGINE=InnoDB DEFAULT CHARSET=utf8 COLLATE=utf8_unicode_ci AUTO_INCREMENT=1 ;

-- --------------------------------------------------------

--
-- Structure de la table `ost_com_facture_ligne`
--

CREATE TABLE IF NOT EXISTS `ost_com_facture_ligne` (
  `id` int(11) NOT NULL AUTO_INCREMENT,
  `facture_id` int(11) DEFAULT NULL,
  `total_achat` decimal(11,3) NOT NULL,
  `total_vente` decimal(11,3) NOT NULL,
  `objectReservation` longtext COLLATE utf8_unicode_ci NOT NULL COMMENT '(DC2Type:object)',
  `reservationVO_id` int(11) DEFAULT NULL,
  `reservationPR_id` int(11) DEFAULT NULL,
  `reservationBE_id` int(11) DEFAULT NULL,
  `reservationT_id` int(11) DEFAULT NULL,
  `reservationRB_id` int(11) DEFAULT NULL,
  `tva` decimal(11,3) NOT NULL,
  `reservationSHT_id` int(11) DEFAULT NULL,
  `reservationsB_id` int(11) DEFAULT NULL,
  `reservationM_id` int(11) DEFAULT NULL,
  `avoir_id` int(11) DEFAULT NULL,
  `reservationDIV_id` int(11) DEFAULT NULL,
  PRIMARY KEY (`id`),
  KEY `IDX_6F6FABBF7F2DEE08` (`facture_id`),
  KEY `IDX_6F6FABBF601A244C` (`reservationVO_id`),
  KEY `IDX_6F6FABBF4D295EAE` (`reservationPR_id`),
  KEY `IDX_6F6FABBF9AC7F56A` (`reservationBE_id`),
  KEY `IDX_6F6FABBFE4426FEE` (`reservationT_id`),
  KEY `IDX_6F6FABBF67F05A51` (`reservationRB_id`),
  KEY `IDX_6F6FABBF4773709E` (`reservationSHT_id`),
  KEY `IDX_6F6FABBF9B515CE5` (`reservationsB_id`),
  KEY `IDX_6F6FABBFC95377FB` (`reservationM_id`),
  KEY `IDX_6F6FABBFC36D46DB` (`avoir_id`),
  KEY `IDX_6F6FABBFCEC9A386` (`reservationDIV_id`)
) ENGINE=InnoDB DEFAULT CHARSET=utf8 COLLATE=utf8_unicode_ci AUTO_INCREMENT=1 ;

-- --------------------------------------------------------

--
-- Structure de la table `ost_com_fournisseur`
--

CREATE TABLE IF NOT EXISTS `ost_com_fournisseur` (
  `id` int(11) NOT NULL AUTO_INCREMENT,
  `nomPrenom` varchar(255) COLLATE utf8_unicode_ci NOT NULL,
  `type` int(11) DEFAULT NULL,
  `nomAltervatif` varchar(255) COLLATE utf8_unicode_ci DEFAULT NULL,
  `tel1` varchar(255) COLLATE utf8_unicode_ci DEFAULT NULL,
  `tel2` varchar(255) COLLATE utf8_unicode_ci DEFAULT NULL,
  `fax` varchar(255) COLLATE utf8_unicode_ci DEFAULT NULL,
  `email` varchar(255) COLLATE utf8_unicode_ci DEFAULT NULL,
  `siteWeb` varchar(255) COLLATE utf8_unicode_ci DEFAULT NULL,
  `adresse` varchar(255) COLLATE utf8_unicode_ci DEFAULT NULL,
  `codePostal` int(11) DEFAULT NULL,
  `ville` varchar(255) COLLATE utf8_unicode_ci DEFAULT NULL,
  `gouvernorat` varchar(255) COLLATE utf8_unicode_ci DEFAULT NULL,
  `matriculeFiscale` varchar(255) COLLATE utf8_unicode_ci DEFAULT NULL,
  `registreCommercie` varchar(255) COLLATE utf8_unicode_ci DEFAULT NULL,
  `codeDouane` varchar(255) COLLATE utf8_unicode_ci DEFAULT NULL,
  `tva` tinyint(1) DEFAULT NULL,
  `formeJuridique` int(11) DEFAULT NULL,
  `created` datetime NOT NULL,
  `updated` datetime NOT NULL,
  `url` longtext COLLATE utf8_unicode_ci,
  `pays_id` int(11) DEFAULT NULL,
  PRIMARY KEY (`id`),
  KEY `IDX_53D9DA93A6E44244` (`pays_id`)
) ENGINE=InnoDB  DEFAULT CHARSET=utf8 COLLATE=utf8_unicode_ci AUTO_INCREMENT=267 ;

--
-- Contenu de la table `ost_com_fournisseur`
--

INSERT INTO `ost_com_fournisseur` (`id`, `nomPrenom`, `type`, `nomAltervatif`, `tel1`, `tel2`, `fax`, `email`, `siteWeb`, `adresse`, `codePostal`, `ville`, `gouvernorat`, `matriculeFiscale`, `registreCommercie`, `codeDouane`, `tva`, `formeJuridique`, `created`, `updated`, `url`, `pays_id`) VALUES
(2, 'Zen Solutions', NULL, NULL, NULL, NULL, NULL, NULL, NULL, NULL, NULL, NULL, NULL, NULL, NULL, NULL, NULL, NULL, '0000-00-00 00:00:00', '0000-00-00 00:00:00', NULL, NULL),
(4, 'Booking Travel Agency', NULL, NULL, NULL, NULL, NULL, NULL, NULL, NULL, NULL, NULL, NULL, NULL, NULL, NULL, NULL, NULL, '0000-00-00 00:00:00', '0000-00-00 00:00:00', NULL, NULL),
(5, 'Vincci Lella Baya', NULL, NULL, NULL, NULL, NULL, NULL, NULL, NULL, NULL, NULL, NULL, NULL, NULL, NULL, NULL, NULL, '0000-00-00 00:00:00', '2016-01-13 14:32:50', NULL, NULL),
(6, 'Vincci Flora Park', NULL, NULL, NULL, NULL, NULL, NULL, NULL, NULL, NULL, NULL, NULL, NULL, NULL, NULL, NULL, NULL, '0000-00-00 00:00:00', '2016-01-13 14:32:50', NULL, NULL),
(7, 'Paradis Palace', NULL, NULL, NULL, NULL, NULL, NULL, NULL, NULL, NULL, NULL, NULL, NULL, NULL, NULL, NULL, NULL, '0000-00-00 00:00:00', '2016-01-13 15:02:50', NULL, NULL),
(8, 'Le Sultan', NULL, NULL, NULL, NULL, NULL, NULL, NULL, NULL, NULL, NULL, NULL, NULL, NULL, NULL, NULL, NULL, '0000-00-00 00:00:00', '0000-00-00 00:00:00', NULL, NULL),
(9, 'Paris Palace', NULL, NULL, NULL, NULL, NULL, NULL, NULL, NULL, NULL, NULL, NULL, NULL, NULL, NULL, NULL, NULL, '0000-00-00 00:00:00', '0000-00-00 00:00:00', NULL, NULL),
(10, 'Diar Lemdina', NULL, NULL, NULL, NULL, NULL, NULL, NULL, NULL, NULL, NULL, NULL, NULL, NULL, NULL, NULL, NULL, '0000-00-00 00:00:00', '0000-00-00 00:00:00', NULL, NULL),
(11, 'Thalassa Mahdia', NULL, NULL, NULL, NULL, NULL, NULL, NULL, NULL, NULL, NULL, NULL, NULL, NULL, NULL, NULL, NULL, '0000-00-00 00:00:00', '0000-00-00 00:00:00', NULL, NULL),
(12, 'Topkapi Beach', NULL, NULL, NULL, NULL, NULL, NULL, NULL, NULL, NULL, NULL, NULL, NULL, NULL, NULL, NULL, NULL, '0000-00-00 00:00:00', '0000-00-00 00:00:00', NULL, NULL),
(13, 'Caribbean World Venus Beach', NULL, NULL, NULL, NULL, NULL, NULL, NULL, NULL, NULL, NULL, NULL, NULL, NULL, NULL, NULL, NULL, '0000-00-00 00:00:00', '0000-00-00 00:00:00', NULL, NULL),
(14, 'Les Berges du Lac', NULL, NULL, NULL, NULL, NULL, NULL, NULL, NULL, NULL, NULL, NULL, NULL, NULL, NULL, NULL, NULL, '0000-00-00 00:00:00', '0000-00-00 00:00:00', NULL, NULL),
(15, 'Eden Village Yadis Hammamet ', NULL, NULL, NULL, NULL, NULL, NULL, NULL, NULL, NULL, NULL, NULL, NULL, NULL, NULL, NULL, NULL, '0000-00-00 00:00:00', '0000-00-00 00:00:00', NULL, NULL),
(16, 'Palm Beach Club Hammamet', NULL, NULL, NULL, NULL, NULL, NULL, NULL, NULL, NULL, NULL, NULL, NULL, NULL, NULL, NULL, NULL, '0000-00-00 00:00:00', '0000-00-00 00:00:00', NULL, NULL),
(17, 'Le Palace', NULL, NULL, NULL, NULL, NULL, NULL, NULL, NULL, NULL, NULL, NULL, NULL, NULL, NULL, NULL, NULL, '0000-00-00 00:00:00', '0000-00-00 00:00:00', NULL, NULL),
(18, 'Sheraton', NULL, NULL, NULL, NULL, NULL, NULL, NULL, NULL, NULL, NULL, NULL, NULL, NULL, NULL, NULL, NULL, '0000-00-00 00:00:00', '0000-00-00 00:00:00', NULL, NULL),
(19, 'Africa', NULL, NULL, NULL, NULL, NULL, NULL, NULL, NULL, NULL, NULL, NULL, NULL, NULL, NULL, NULL, NULL, '0000-00-00 00:00:00', '2016-01-11 16:28:20', NULL, NULL),
(20, 'RIU Palace Hammamet Marhaba', NULL, NULL, NULL, NULL, NULL, NULL, NULL, NULL, NULL, NULL, NULL, NULL, NULL, NULL, NULL, NULL, '0000-00-00 00:00:00', '0000-00-00 00:00:00', NULL, NULL),
(21, 'Carthage Thalasso Résort', NULL, NULL, NULL, NULL, NULL, NULL, NULL, NULL, NULL, NULL, NULL, NULL, NULL, NULL, NULL, NULL, '0000-00-00 00:00:00', '0000-00-00 00:00:00', NULL, NULL),
(22, 'Sentido Phenicia', NULL, NULL, NULL, NULL, NULL, NULL, NULL, NULL, NULL, NULL, NULL, NULL, NULL, NULL, NULL, NULL, '0000-00-00 00:00:00', '2015-11-05 16:56:29', NULL, NULL),
(23, 'Nahrawess Hotel & Spa Resort', NULL, NULL, NULL, NULL, NULL, NULL, NULL, NULL, NULL, NULL, NULL, NULL, NULL, NULL, NULL, NULL, '0000-00-00 00:00:00', '2015-11-05 16:56:29', NULL, NULL),
(24, 'Vincci Taj Sultan', NULL, NULL, NULL, NULL, NULL, NULL, NULL, NULL, NULL, NULL, NULL, NULL, NULL, NULL, NULL, NULL, '0000-00-00 00:00:00', '2015-11-05 16:56:29', NULL, NULL),
(25, 'Africa Jade Thalasso', NULL, NULL, NULL, NULL, NULL, NULL, NULL, NULL, NULL, NULL, NULL, NULL, NULL, NULL, NULL, NULL, '0000-00-00 00:00:00', '0000-00-00 00:00:00', NULL, NULL),
(26, 'El Mouradi Hammam Bourguiba', NULL, NULL, NULL, NULL, NULL, NULL, NULL, NULL, NULL, NULL, NULL, NULL, NULL, NULL, NULL, NULL, '0000-00-00 00:00:00', '0000-00-00 00:00:00', NULL, NULL),
(27, 'African Queen', NULL, NULL, NULL, NULL, NULL, NULL, NULL, NULL, NULL, NULL, NULL, NULL, NULL, NULL, NULL, NULL, '0000-00-00 00:00:00', '0000-00-00 00:00:00', NULL, NULL),
(28, 'Yadis Ibn Khaldoun', NULL, NULL, NULL, NULL, NULL, NULL, NULL, NULL, NULL, NULL, NULL, NULL, NULL, NULL, NULL, NULL, '0000-00-00 00:00:00', '2016-01-11 16:28:20', NULL, NULL),
(29, 'Menara', NULL, NULL, NULL, NULL, NULL, NULL, NULL, NULL, NULL, NULL, NULL, NULL, NULL, NULL, NULL, NULL, '0000-00-00 00:00:00', '0000-00-00 00:00:00', NULL, NULL),
(30, 'Caribbean World Zenith (sunny hôtels )', NULL, NULL, NULL, NULL, NULL, NULL, NULL, NULL, NULL, NULL, NULL, NULL, NULL, NULL, NULL, NULL, '0000-00-00 00:00:00', '0000-00-00 00:00:00', NULL, NULL),
(31, 'Bélisaire & Thalasso', NULL, NULL, NULL, NULL, NULL, NULL, NULL, NULL, NULL, NULL, NULL, NULL, NULL, NULL, NULL, NULL, '0000-00-00 00:00:00', '0000-00-00 00:00:00', NULL, NULL),
(32, 'RIU Marco Polo', NULL, NULL, NULL, NULL, NULL, NULL, NULL, NULL, NULL, NULL, NULL, NULL, NULL, NULL, NULL, NULL, '0000-00-00 00:00:00', '0000-00-00 00:00:00', NULL, NULL),
(33, 'Marina Palace', NULL, NULL, NULL, NULL, NULL, NULL, NULL, NULL, NULL, NULL, NULL, NULL, NULL, NULL, NULL, NULL, '0000-00-00 00:00:00', '0000-00-00 00:00:00', NULL, NULL),
(34, 'Eden Yasmine', NULL, NULL, NULL, NULL, NULL, NULL, NULL, NULL, NULL, NULL, NULL, NULL, NULL, NULL, NULL, NULL, '0000-00-00 00:00:00', '0000-00-00 00:00:00', NULL, NULL),
(35, 'Itropika', NULL, NULL, NULL, NULL, NULL, NULL, NULL, NULL, NULL, NULL, NULL, NULL, NULL, NULL, NULL, NULL, '0000-00-00 00:00:00', '0000-00-00 00:00:00', NULL, NULL),
(36, 'Seabel Alhambra', NULL, NULL, NULL, NULL, NULL, NULL, NULL, NULL, NULL, NULL, NULL, NULL, NULL, NULL, NULL, NULL, '0000-00-00 00:00:00', '2016-01-13 13:03:54', NULL, NULL),
(37, 'LTI El Ksar Resort & Thalasso', NULL, NULL, NULL, NULL, NULL, NULL, NULL, NULL, NULL, NULL, NULL, NULL, NULL, NULL, NULL, NULL, '0000-00-00 00:00:00', '0000-00-00 00:00:00', NULL, NULL),
(38, 'Radisson Blu Resort & Thalasso Hammamet', NULL, NULL, NULL, NULL, NULL, NULL, NULL, NULL, NULL, NULL, NULL, NULL, NULL, NULL, NULL, NULL, '0000-00-00 00:00:00', '0000-00-00 00:00:00', NULL, NULL),
(39, 'Sahara Beach', NULL, NULL, NULL, NULL, NULL, NULL, NULL, NULL, NULL, NULL, NULL, NULL, NULL, NULL, NULL, NULL, '0000-00-00 00:00:00', '0000-00-00 00:00:00', NULL, NULL),
(40, 'RIU Bellevue Park', NULL, NULL, NULL, NULL, NULL, NULL, NULL, NULL, NULL, NULL, NULL, NULL, NULL, NULL, NULL, NULL, '0000-00-00 00:00:00', '0000-00-00 00:00:00', NULL, NULL),
(41, 'Dar Ismail Nour El Ain', NULL, NULL, NULL, NULL, NULL, NULL, NULL, NULL, NULL, NULL, NULL, NULL, NULL, NULL, NULL, NULL, '0000-00-00 00:00:00', '0000-00-00 00:00:00', NULL, NULL),
(42, 'Soviva Resort', NULL, NULL, NULL, NULL, NULL, NULL, NULL, NULL, NULL, NULL, NULL, NULL, NULL, NULL, NULL, NULL, '0000-00-00 00:00:00', '0000-00-00 00:00:00', NULL, NULL),
(43, 'RIU El Mansour', NULL, NULL, NULL, NULL, NULL, NULL, NULL, NULL, NULL, NULL, NULL, NULL, NULL, NULL, NULL, NULL, '0000-00-00 00:00:00', '2015-11-05 16:56:29', NULL, NULL),
(44, 'Mahdia Palace Thalasso', NULL, NULL, NULL, NULL, NULL, NULL, NULL, NULL, NULL, NULL, NULL, NULL, NULL, NULL, NULL, NULL, '0000-00-00 00:00:00', '2015-11-05 16:56:29', NULL, NULL),
(45, 'Riu Palm Azur', NULL, NULL, NULL, NULL, NULL, NULL, NULL, NULL, NULL, NULL, NULL, NULL, NULL, NULL, NULL, NULL, '0000-00-00 00:00:00', '0000-00-00 00:00:00', NULL, NULL),
(46, 'Marhaba Royal Salem', NULL, NULL, NULL, NULL, NULL, NULL, NULL, NULL, NULL, NULL, NULL, NULL, NULL, NULL, NULL, NULL, '0000-00-00 00:00:00', '0000-00-00 00:00:00', NULL, NULL),
(47, 'Iberostar Royal El Mansour', NULL, NULL, NULL, NULL, NULL, NULL, NULL, NULL, NULL, NULL, NULL, NULL, NULL, NULL, NULL, NULL, '0000-00-00 00:00:00', '2015-11-05 16:56:29', NULL, NULL),
(48, 'Nour Palace Resort & Thalasso', NULL, NULL, NULL, NULL, NULL, NULL, NULL, NULL, NULL, NULL, NULL, NULL, NULL, NULL, NULL, NULL, '0000-00-00 00:00:00', '0000-00-00 00:00:00', NULL, NULL),
(49, 'Skanes Sérail', NULL, NULL, NULL, NULL, NULL, NULL, NULL, NULL, NULL, NULL, NULL, NULL, NULL, NULL, NULL, NULL, '0000-00-00 00:00:00', '0000-00-00 00:00:00', NULL, NULL),
(50, 'Royal Thalassa Monastir', NULL, NULL, NULL, NULL, NULL, NULL, NULL, NULL, NULL, NULL, NULL, NULL, NULL, NULL, NULL, NULL, '0000-00-00 00:00:00', '0000-00-00 00:00:00', NULL, NULL),
(51, 'Mövenpick Resort & Marine Spa', NULL, NULL, NULL, NULL, NULL, NULL, NULL, NULL, NULL, NULL, NULL, NULL, NULL, NULL, NULL, NULL, '0000-00-00 00:00:00', '0000-00-00 00:00:00', NULL, NULL),
(52, 'RIU Impérial Marhaba', NULL, NULL, NULL, NULL, NULL, NULL, NULL, NULL, NULL, NULL, NULL, NULL, NULL, NULL, NULL, NULL, '0000-00-00 00:00:00', '0000-00-00 00:00:00', NULL, NULL),
(53, 'Marhaba Beach', NULL, NULL, NULL, NULL, NULL, NULL, NULL, NULL, NULL, NULL, NULL, NULL, NULL, NULL, NULL, NULL, '0000-00-00 00:00:00', '0000-00-00 00:00:00', NULL, NULL),
(54, 'Donia', NULL, NULL, NULL, NULL, NULL, NULL, NULL, NULL, NULL, NULL, NULL, NULL, NULL, NULL, NULL, NULL, '0000-00-00 00:00:00', '0000-00-00 00:00:00', NULL, NULL),
(55, 'Royal Rihana Hotel', NULL, NULL, NULL, NULL, NULL, NULL, NULL, NULL, NULL, NULL, NULL, NULL, NULL, NULL, NULL, NULL, '0000-00-00 00:00:00', '0000-00-00 00:00:00', NULL, NULL),
(56, 'Zodiac', NULL, NULL, NULL, NULL, NULL, NULL, NULL, NULL, NULL, NULL, NULL, NULL, NULL, NULL, NULL, NULL, '0000-00-00 00:00:00', '2016-01-13 13:03:21', NULL, NULL),
(57, 'The Russelior', NULL, NULL, NULL, NULL, NULL, NULL, NULL, NULL, NULL, NULL, NULL, NULL, NULL, NULL, NULL, NULL, '0000-00-00 00:00:00', '0000-00-00 00:00:00', NULL, NULL),
(58, 'Golden Yasmine Mehari', NULL, NULL, NULL, NULL, NULL, NULL, NULL, NULL, NULL, NULL, NULL, NULL, NULL, NULL, NULL, NULL, '0000-00-00 00:00:00', '0000-00-00 00:00:00', NULL, NULL),
(59, 'Hammamet Garden Resort & Spa', NULL, NULL, NULL, NULL, NULL, NULL, NULL, NULL, NULL, NULL, NULL, NULL, NULL, NULL, NULL, NULL, '0000-00-00 00:00:00', '0000-00-00 00:00:00', NULL, NULL),
(60, 'El Mouradi Palm Marina', NULL, NULL, NULL, NULL, NULL, NULL, NULL, NULL, NULL, NULL, NULL, NULL, NULL, NULL, NULL, NULL, '0000-00-00 00:00:00', '0000-00-00 00:00:00', NULL, NULL),
(61, 'Bel Air', NULL, NULL, NULL, NULL, NULL, NULL, NULL, NULL, NULL, NULL, NULL, NULL, NULL, NULL, NULL, NULL, '0000-00-00 00:00:00', '0000-00-00 00:00:00', NULL, NULL),
(62, 'Galaxy', NULL, NULL, NULL, NULL, NULL, NULL, NULL, NULL, NULL, NULL, NULL, NULL, NULL, NULL, NULL, NULL, '0000-00-00 00:00:00', '0000-00-00 00:00:00', NULL, NULL),
(63, 'Hôtel Burj Al Arab', NULL, NULL, NULL, NULL, NULL, NULL, NULL, NULL, NULL, NULL, NULL, NULL, NULL, NULL, NULL, NULL, '0000-00-00 00:00:00', '0000-00-00 00:00:00', NULL, NULL),
(64, 'Titanic City Taksim', NULL, NULL, NULL, NULL, NULL, NULL, NULL, NULL, NULL, NULL, NULL, NULL, NULL, NULL, NULL, NULL, '0000-00-00 00:00:00', '0000-00-00 00:00:00', NULL, NULL),
(65, 'Crowne Plaza', NULL, NULL, NULL, NULL, NULL, NULL, NULL, NULL, NULL, NULL, NULL, NULL, NULL, NULL, NULL, NULL, '0000-00-00 00:00:00', '0000-00-00 00:00:00', NULL, NULL),
(66, 'El Mouradi Beach', NULL, NULL, NULL, NULL, NULL, NULL, NULL, NULL, NULL, NULL, NULL, NULL, NULL, NULL, NULL, NULL, '0000-00-00 00:00:00', '0000-00-00 00:00:00', NULL, NULL),
(67, 'El Mouradi Gammarth', NULL, NULL, NULL, NULL, NULL, NULL, NULL, NULL, NULL, NULL, NULL, NULL, NULL, NULL, NULL, NULL, '0000-00-00 00:00:00', '0000-00-00 00:00:00', NULL, NULL),
(68, 'Mövenpick Gammarth', NULL, NULL, NULL, NULL, NULL, NULL, NULL, NULL, NULL, NULL, NULL, NULL, NULL, NULL, NULL, NULL, '0000-00-00 00:00:00', '2016-01-13 13:03:34', NULL, NULL),
(69, 'El Mouradi Mahdia', NULL, NULL, NULL, NULL, NULL, NULL, NULL, NULL, NULL, NULL, NULL, NULL, NULL, NULL, NULL, NULL, '0000-00-00 00:00:00', '0000-00-00 00:00:00', NULL, NULL),
(70, 'El Mouradi El Menzeh', NULL, NULL, NULL, NULL, NULL, NULL, NULL, NULL, NULL, NULL, NULL, NULL, NULL, NULL, NULL, NULL, '0000-00-00 00:00:00', '2015-11-05 16:56:29', NULL, NULL),
(71, 'Iberostar Diar El Andalous', NULL, NULL, NULL, NULL, NULL, NULL, NULL, NULL, NULL, NULL, NULL, NULL, NULL, NULL, NULL, NULL, '0000-00-00 00:00:00', '0000-00-00 00:00:00', NULL, NULL),
(72, 'Vincci Helios Beach', NULL, NULL, NULL, NULL, NULL, NULL, NULL, NULL, NULL, NULL, NULL, NULL, NULL, NULL, NULL, NULL, '0000-00-00 00:00:00', '2016-01-09 04:22:35', NULL, NULL),
(73, 'Vincci Djerba Resort', NULL, NULL, NULL, NULL, NULL, NULL, NULL, NULL, NULL, NULL, NULL, NULL, NULL, NULL, NULL, NULL, '0000-00-00 00:00:00', '2016-01-09 04:22:35', NULL, NULL),
(74, 'El Mouradi Club Kantaoui', NULL, NULL, NULL, NULL, NULL, NULL, NULL, NULL, NULL, NULL, NULL, NULL, NULL, NULL, NULL, NULL, '0000-00-00 00:00:00', '0000-00-00 00:00:00', NULL, NULL),
(75, 'Sentido Djerba Beach', NULL, NULL, NULL, NULL, NULL, NULL, NULL, NULL, NULL, NULL, NULL, NULL, NULL, NULL, NULL, NULL, '0000-00-00 00:00:00', '0000-00-00 00:00:00', NULL, NULL),
(76, 'Alahan', NULL, NULL, NULL, NULL, NULL, NULL, NULL, NULL, NULL, NULL, NULL, NULL, NULL, NULL, NULL, NULL, '0000-00-00 00:00:00', '0000-00-00 00:00:00', NULL, NULL),
(77, 'Iberostar Mehari Djerba', NULL, NULL, NULL, NULL, NULL, NULL, NULL, NULL, NULL, NULL, NULL, NULL, NULL, NULL, NULL, NULL, '0000-00-00 00:00:00', '2016-01-09 04:22:35', NULL, NULL),
(78, 'Ramada Liberty Resort', NULL, NULL, NULL, NULL, NULL, NULL, NULL, NULL, NULL, NULL, NULL, NULL, NULL, NULL, NULL, NULL, '0000-00-00 00:00:00', '0000-00-00 00:00:00', NULL, NULL),
(79, 'El Mouradi Palace', NULL, NULL, NULL, NULL, NULL, NULL, NULL, NULL, NULL, NULL, NULL, NULL, NULL, NULL, NULL, NULL, '0000-00-00 00:00:00', '2015-11-05 16:56:29', NULL, NULL),
(80, 'El Mouradi Port El Kantaoui', NULL, NULL, NULL, NULL, NULL, NULL, NULL, NULL, NULL, NULL, NULL, NULL, NULL, NULL, NULL, NULL, '0000-00-00 00:00:00', '0000-00-00 00:00:00', NULL, NULL),
(81, 'El Mouradi Djerba Menzel', NULL, NULL, NULL, NULL, NULL, NULL, NULL, NULL, NULL, NULL, NULL, NULL, NULL, NULL, NULL, NULL, '0000-00-00 00:00:00', '0000-00-00 00:00:00', NULL, NULL),
(82, 'El Mouradi Skanes', NULL, NULL, NULL, NULL, NULL, NULL, NULL, NULL, NULL, NULL, NULL, NULL, NULL, NULL, NULL, NULL, '0000-00-00 00:00:00', '0000-00-00 00:00:00', NULL, NULL),
(83, 'El Mouradi Club Selima', NULL, NULL, NULL, NULL, NULL, NULL, NULL, NULL, NULL, NULL, NULL, NULL, NULL, NULL, NULL, NULL, '0000-00-00 00:00:00', '0000-00-00 00:00:00', NULL, NULL),
(84, 'Yadis Oasis Tozeur', NULL, NULL, NULL, NULL, NULL, NULL, NULL, NULL, NULL, NULL, NULL, NULL, NULL, NULL, NULL, NULL, '0000-00-00 00:00:00', '0000-00-00 00:00:00', NULL, NULL),
(85, 'Sahara Douz', NULL, NULL, NULL, NULL, NULL, NULL, NULL, NULL, NULL, NULL, NULL, NULL, NULL, NULL, NULL, NULL, '0000-00-00 00:00:00', '0000-00-00 00:00:00', NULL, NULL),
(86, 'Palm Beach Palace', NULL, NULL, NULL, NULL, NULL, NULL, NULL, NULL, NULL, NULL, NULL, NULL, NULL, NULL, NULL, NULL, '0000-00-00 00:00:00', '0000-00-00 00:00:00', NULL, NULL),
(87, 'Ksar Rouge', NULL, NULL, NULL, NULL, NULL, NULL, NULL, NULL, NULL, NULL, NULL, NULL, NULL, NULL, NULL, NULL, '0000-00-00 00:00:00', '0000-00-00 00:00:00', NULL, NULL),
(88, 'Golden Yasmine Ras El Ain', NULL, NULL, NULL, NULL, NULL, NULL, NULL, NULL, NULL, NULL, NULL, NULL, NULL, NULL, NULL, NULL, '0000-00-00 00:00:00', '0000-00-00 00:00:00', NULL, NULL),
(89, 'El Mouradi Tozeur', NULL, NULL, NULL, NULL, NULL, NULL, NULL, NULL, NULL, NULL, NULL, NULL, NULL, NULL, NULL, NULL, '0000-00-00 00:00:00', '0000-00-00 00:00:00', NULL, NULL),
(90, 'El Mouradi Douz', NULL, NULL, NULL, NULL, NULL, NULL, NULL, NULL, NULL, NULL, NULL, NULL, NULL, NULL, NULL, NULL, '0000-00-00 00:00:00', '0000-00-00 00:00:00', NULL, NULL),
(91, 'Sheraton', NULL, NULL, NULL, NULL, NULL, NULL, NULL, NULL, NULL, NULL, NULL, NULL, NULL, NULL, NULL, NULL, '0000-00-00 00:00:00', '0000-00-00 00:00:00', NULL, NULL),
(92, 'Le Palace', NULL, NULL, NULL, NULL, NULL, NULL, NULL, NULL, NULL, NULL, NULL, NULL, NULL, NULL, NULL, NULL, '0000-00-00 00:00:00', '0000-00-00 00:00:00', NULL, NULL),
(93, 'Le Pacha', NULL, NULL, NULL, NULL, NULL, NULL, NULL, NULL, NULL, NULL, NULL, NULL, NULL, NULL, NULL, NULL, '0000-00-00 00:00:00', '0000-00-00 00:00:00', NULL, NULL),
(94, 'Bel Azur Thalassa', NULL, NULL, NULL, NULL, NULL, NULL, NULL, NULL, NULL, NULL, NULL, NULL, NULL, NULL, NULL, NULL, '0000-00-00 00:00:00', '0000-00-00 00:00:00', NULL, NULL),
(95, 'Sol Azur Beach Congres', NULL, NULL, NULL, NULL, NULL, NULL, NULL, NULL, NULL, NULL, NULL, NULL, NULL, NULL, NULL, NULL, '0000-00-00 00:00:00', '0000-00-00 00:00:00', NULL, NULL),
(96, 'Royal Azur Thalasso Golf', NULL, NULL, NULL, NULL, NULL, NULL, NULL, NULL, NULL, NULL, NULL, NULL, NULL, NULL, NULL, NULL, '0000-00-00 00:00:00', '0000-00-00 00:00:00', NULL, NULL),
(97, 'Houda Golf & Beach Club', NULL, NULL, NULL, NULL, NULL, NULL, NULL, NULL, NULL, NULL, NULL, NULL, NULL, NULL, NULL, NULL, '0000-00-00 00:00:00', '0000-00-00 00:00:00', NULL, NULL),
(98, 'Yadis Morjane Tabarka', NULL, NULL, NULL, NULL, NULL, NULL, NULL, NULL, NULL, NULL, NULL, NULL, NULL, NULL, NULL, NULL, '0000-00-00 00:00:00', '0000-00-00 00:00:00', NULL, NULL),
(99, 'Green Palm', NULL, NULL, NULL, NULL, NULL, NULL, NULL, NULL, NULL, NULL, NULL, NULL, NULL, NULL, NULL, NULL, '0000-00-00 00:00:00', '0000-00-00 00:00:00', NULL, NULL),
(100, 'Dar Ismail Tabarka', NULL, NULL, NULL, NULL, NULL, NULL, NULL, NULL, NULL, NULL, NULL, NULL, NULL, NULL, NULL, NULL, '0000-00-00 00:00:00', '0000-00-00 00:00:00', NULL, NULL),
(101, 'Yadis Oasis Kébili', NULL, NULL, NULL, NULL, NULL, NULL, NULL, NULL, NULL, NULL, NULL, NULL, NULL, NULL, NULL, NULL, '0000-00-00 00:00:00', '0000-00-00 00:00:00', NULL, NULL),
(102, 'Seabel Aladin', NULL, NULL, NULL, NULL, NULL, NULL, NULL, NULL, NULL, NULL, NULL, NULL, NULL, NULL, NULL, NULL, '0000-00-00 00:00:00', '0000-00-00 00:00:00', NULL, NULL),
(103, 'Ramada Plaza', NULL, NULL, NULL, NULL, NULL, NULL, NULL, NULL, NULL, NULL, NULL, NULL, NULL, NULL, NULL, NULL, '0000-00-00 00:00:00', '0000-00-00 00:00:00', NULL, NULL),
(104, 'Bizerta Resort', NULL, NULL, NULL, NULL, NULL, NULL, NULL, NULL, NULL, NULL, NULL, NULL, NULL, NULL, NULL, NULL, '0000-00-00 00:00:00', '0000-00-00 00:00:00', NULL, NULL),
(105, 'Carlton', NULL, NULL, NULL, NULL, NULL, NULL, NULL, NULL, NULL, NULL, NULL, NULL, NULL, NULL, NULL, NULL, '0000-00-00 00:00:00', '0000-00-00 00:00:00', NULL, NULL),
(106, 'Houria Palace', NULL, NULL, NULL, NULL, NULL, NULL, NULL, NULL, NULL, NULL, NULL, NULL, NULL, NULL, NULL, NULL, '0000-00-00 00:00:00', '2015-11-05 16:56:29', NULL, NULL),
(107, 'Campement Yadis Ksar Ghilane', NULL, NULL, NULL, NULL, NULL, NULL, NULL, NULL, NULL, NULL, NULL, NULL, NULL, NULL, NULL, NULL, '0000-00-00 00:00:00', '0000-00-00 00:00:00', NULL, NULL),
(108, 'Campement Mehari Zaafrane Douz', NULL, NULL, NULL, NULL, NULL, NULL, NULL, NULL, NULL, NULL, NULL, NULL, NULL, NULL, NULL, NULL, '0000-00-00 00:00:00', '0000-00-00 00:00:00', NULL, NULL),
(109, 'Vincci Nozha Beach', NULL, NULL, NULL, NULL, NULL, NULL, NULL, NULL, NULL, NULL, NULL, NULL, NULL, NULL, NULL, NULL, '0000-00-00 00:00:00', '2016-01-13 10:53:44', NULL, NULL),
(110, 'Mahdia Beach', NULL, NULL, NULL, NULL, NULL, NULL, NULL, NULL, NULL, NULL, NULL, NULL, NULL, NULL, NULL, NULL, '0000-00-00 00:00:00', '0000-00-00 00:00:00', NULL, NULL),
(111, 'Caribbean World Hammamet Garden', NULL, NULL, NULL, NULL, NULL, NULL, NULL, NULL, NULL, NULL, NULL, NULL, NULL, NULL, NULL, NULL, '0000-00-00 00:00:00', '0000-00-00 00:00:00', NULL, NULL),
(112, 'Caribbean World Hammamet Village', NULL, NULL, NULL, NULL, NULL, NULL, NULL, NULL, NULL, NULL, NULL, NULL, NULL, NULL, NULL, NULL, '0000-00-00 00:00:00', '0000-00-00 00:00:00', NULL, NULL),
(113, 'Bousten Long Beach Club', NULL, NULL, NULL, NULL, NULL, NULL, NULL, NULL, NULL, NULL, NULL, NULL, NULL, NULL, NULL, NULL, '0000-00-00 00:00:00', '0000-00-00 00:00:00', NULL, NULL),
(114, 'Golden Tulip El Mechtel', NULL, NULL, NULL, NULL, NULL, NULL, NULL, NULL, NULL, NULL, NULL, NULL, NULL, NULL, NULL, NULL, '0000-00-00 00:00:00', '2015-11-05 16:56:29', NULL, NULL),
(115, 'Caribbean World Nabeul', NULL, NULL, NULL, NULL, NULL, NULL, NULL, NULL, NULL, NULL, NULL, NULL, NULL, NULL, NULL, NULL, '0000-00-00 00:00:00', '0000-00-00 00:00:00', NULL, NULL),
(116, 'Caribbean World Mahdia', NULL, NULL, NULL, NULL, NULL, NULL, NULL, NULL, NULL, NULL, NULL, NULL, NULL, NULL, NULL, NULL, '0000-00-00 00:00:00', '0000-00-00 00:00:00', NULL, NULL),
(117, 'Radisson Blu Palace Resort & Thalasso Djerba', NULL, NULL, NULL, NULL, NULL, NULL, NULL, NULL, NULL, NULL, NULL, NULL, NULL, NULL, NULL, NULL, '0000-00-00 00:00:00', '0000-00-00 00:00:00', NULL, NULL),
(118, 'Marabout', NULL, NULL, NULL, NULL, NULL, NULL, NULL, NULL, NULL, NULL, NULL, NULL, NULL, NULL, NULL, NULL, '0000-00-00 00:00:00', '0000-00-00 00:00:00', NULL, NULL),
(119, 'Avlonya Hotel', NULL, NULL, NULL, NULL, NULL, NULL, NULL, NULL, NULL, NULL, NULL, NULL, NULL, NULL, NULL, NULL, '0000-00-00 00:00:00', '0000-00-00 00:00:00', NULL, NULL),
(120, 'Avlonya Hotel ', NULL, NULL, NULL, NULL, NULL, NULL, NULL, NULL, NULL, NULL, NULL, NULL, NULL, NULL, NULL, NULL, '0000-00-00 00:00:00', '0000-00-00 00:00:00', NULL, NULL),
(121, 'Klas Hotel', NULL, NULL, NULL, NULL, NULL, NULL, NULL, NULL, NULL, NULL, NULL, NULL, NULL, NULL, NULL, NULL, '0000-00-00 00:00:00', '0000-00-00 00:00:00', NULL, NULL),
(122, 'Méditerranée Thalasso Golf', NULL, NULL, NULL, NULL, NULL, NULL, NULL, NULL, NULL, NULL, NULL, NULL, NULL, NULL, NULL, NULL, '0000-00-00 00:00:00', '0000-00-00 00:00:00', NULL, NULL),
(123, 'Djerba Plaza', NULL, NULL, NULL, NULL, NULL, NULL, NULL, NULL, NULL, NULL, NULL, NULL, NULL, NULL, NULL, NULL, '0000-00-00 00:00:00', '0000-00-00 00:00:00', NULL, NULL),
(124, 'Magic life Royal Kenz Thalasso & Spa', NULL, NULL, NULL, NULL, NULL, NULL, NULL, NULL, NULL, NULL, NULL, NULL, NULL, NULL, NULL, NULL, '0000-00-00 00:00:00', '0000-00-00 00:00:00', NULL, NULL),
(125, 'Hasdrubal Thalassa & Spa Djerba', NULL, NULL, NULL, NULL, NULL, NULL, NULL, NULL, NULL, NULL, NULL, NULL, NULL, NULL, NULL, NULL, '0000-00-00 00:00:00', '0000-00-00 00:00:00', NULL, NULL),
(126, 'Seabel Rym Beach', NULL, NULL, NULL, NULL, NULL, NULL, NULL, NULL, NULL, NULL, NULL, NULL, NULL, NULL, NULL, NULL, '0000-00-00 00:00:00', '0000-00-00 00:00:00', NULL, NULL),
(127, 'Samira Club', NULL, NULL, NULL, NULL, NULL, NULL, NULL, NULL, NULL, NULL, NULL, NULL, NULL, NULL, NULL, NULL, '0000-00-00 00:00:00', '2015-11-05 16:56:29', NULL, NULL),
(128, 'Hasdrubal Thalassa & Spa Port El Kantaoui', NULL, NULL, NULL, NULL, NULL, NULL, NULL, NULL, NULL, NULL, NULL, NULL, NULL, NULL, NULL, NULL, '0000-00-00 00:00:00', '0000-00-00 00:00:00', NULL, NULL),
(129, 'Thalassa Sousse', NULL, NULL, NULL, NULL, NULL, NULL, NULL, NULL, NULL, NULL, NULL, NULL, NULL, NULL, NULL, NULL, '0000-00-00 00:00:00', '2015-11-05 16:56:29', NULL, NULL),
(130, 'Majesty Golf', NULL, NULL, NULL, NULL, NULL, NULL, NULL, NULL, NULL, NULL, NULL, NULL, NULL, NULL, NULL, NULL, '0000-00-00 00:00:00', '0000-00-00 00:00:00', NULL, NULL),
(131, 'El Mouradi Cap Mahdia', NULL, NULL, NULL, NULL, NULL, NULL, NULL, NULL, NULL, NULL, NULL, NULL, NULL, NULL, NULL, NULL, '0000-00-00 00:00:00', '0000-00-00 00:00:00', NULL, NULL),
(132, 'El Hana Hannibal Palace', NULL, NULL, NULL, NULL, NULL, NULL, NULL, NULL, NULL, NULL, NULL, NULL, NULL, NULL, NULL, NULL, '0000-00-00 00:00:00', '0000-00-00 00:00:00', NULL, NULL),
(133, 'Dessole Abou Sofiane', NULL, NULL, NULL, NULL, NULL, NULL, NULL, NULL, NULL, NULL, NULL, NULL, NULL, NULL, NULL, NULL, '0000-00-00 00:00:00', '2015-11-05 16:56:29', NULL, NULL),
(134, 'Caribbean World Hammamet Beach', NULL, NULL, NULL, NULL, NULL, NULL, NULL, NULL, NULL, NULL, NULL, NULL, NULL, NULL, NULL, NULL, '0000-00-00 00:00:00', '0000-00-00 00:00:00', NULL, NULL),
(135, 'Caribbean World Monastir', NULL, NULL, NULL, NULL, NULL, NULL, NULL, NULL, NULL, NULL, NULL, NULL, NULL, NULL, NULL, NULL, '0000-00-00 00:00:00', '0000-00-00 00:00:00', NULL, NULL),
(136, 'Caribbean World Thalasso Djerba', NULL, NULL, NULL, NULL, NULL, NULL, NULL, NULL, NULL, NULL, NULL, NULL, NULL, NULL, NULL, NULL, '0000-00-00 00:00:00', '0000-00-00 00:00:00', NULL, NULL),
(137, 'Cedriana Djerba', NULL, NULL, NULL, NULL, NULL, NULL, NULL, NULL, NULL, NULL, NULL, NULL, NULL, NULL, NULL, NULL, '0000-00-00 00:00:00', '0000-00-00 00:00:00', NULL, NULL),
(138, 'Kheops Hotel', NULL, NULL, NULL, NULL, NULL, NULL, NULL, NULL, NULL, NULL, NULL, NULL, NULL, NULL, NULL, NULL, '0000-00-00 00:00:00', '0000-00-00 00:00:00', NULL, NULL),
(139, 'Dessole Le Hammamet', NULL, NULL, NULL, NULL, NULL, NULL, NULL, NULL, NULL, NULL, NULL, NULL, NULL, NULL, NULL, NULL, '0000-00-00 00:00:00', '2015-11-05 16:56:29', NULL, NULL),
(140, 'Dessole Riviera Resort', NULL, NULL, NULL, NULL, NULL, NULL, NULL, NULL, NULL, NULL, NULL, NULL, NULL, NULL, NULL, NULL, '0000-00-00 00:00:00', '2015-11-05 16:56:29', NULL, NULL),
(141, 'Dessole Royal Lido Resort & Spa', NULL, NULL, NULL, NULL, NULL, NULL, NULL, NULL, NULL, NULL, NULL, NULL, NULL, NULL, NULL, NULL, '0000-00-00 00:00:00', '0000-00-00 00:00:00', NULL, NULL),
(142, 'Dessole Bella Vista Resort', NULL, NULL, NULL, NULL, NULL, NULL, NULL, NULL, NULL, NULL, NULL, NULL, NULL, NULL, NULL, NULL, '0000-00-00 00:00:00', '2015-11-05 16:56:29', NULL, NULL),
(143, 'Dessole Ruspina', NULL, NULL, NULL, NULL, NULL, NULL, NULL, NULL, NULL, NULL, NULL, NULL, NULL, NULL, NULL, NULL, '0000-00-00 00:00:00', '0000-00-00 00:00:00', NULL, NULL),
(144, 'Dessole Saadia Resort Skanes', NULL, NULL, NULL, NULL, NULL, NULL, NULL, NULL, NULL, NULL, NULL, NULL, NULL, NULL, NULL, NULL, '0000-00-00 00:00:00', '0000-00-00 00:00:00', NULL, NULL),
(145, 'Dessole Garden Beach Club', NULL, NULL, NULL, NULL, NULL, NULL, NULL, NULL, NULL, NULL, NULL, NULL, NULL, NULL, NULL, NULL, '0000-00-00 00:00:00', '0000-00-00 00:00:00', NULL, NULL),
(146, 'Caribbean World Venus Garden', NULL, NULL, NULL, NULL, NULL, NULL, NULL, NULL, NULL, NULL, NULL, NULL, NULL, NULL, NULL, NULL, '0000-00-00 00:00:00', '0000-00-00 00:00:00', NULL, NULL),
(147, 'Golden Tulip Sovereign Hotel Bangkok', NULL, NULL, NULL, NULL, NULL, NULL, NULL, NULL, NULL, NULL, NULL, NULL, NULL, NULL, NULL, NULL, '0000-00-00 00:00:00', '0000-00-00 00:00:00', NULL, NULL),
(148, 'Sawaddi Patong Resort & Spa Bangkok', NULL, NULL, NULL, NULL, NULL, NULL, NULL, NULL, NULL, NULL, NULL, NULL, NULL, NULL, NULL, NULL, '0000-00-00 00:00:00', '0000-00-00 00:00:00', NULL, NULL),
(149, 'Swiss-Garden Residences Kuala Lumpur', NULL, NULL, NULL, NULL, NULL, NULL, NULL, NULL, NULL, NULL, NULL, NULL, NULL, NULL, NULL, NULL, '0000-00-00 00:00:00', '0000-00-00 00:00:00', NULL, NULL),
(150, 'Magic Life Schehrazade Couples ', NULL, NULL, NULL, NULL, NULL, NULL, NULL, NULL, NULL, NULL, NULL, NULL, NULL, NULL, NULL, NULL, '0000-00-00 00:00:00', '0000-00-00 00:00:00', NULL, NULL),
(151, 'Royal Nozha', NULL, NULL, NULL, NULL, NULL, NULL, NULL, NULL, NULL, NULL, NULL, NULL, NULL, NULL, NULL, NULL, '0000-00-00 00:00:00', '2016-01-13 13:03:33', NULL, NULL),
(152, 'Majestic', NULL, NULL, NULL, NULL, NULL, NULL, NULL, NULL, NULL, NULL, NULL, NULL, NULL, NULL, NULL, NULL, '0000-00-00 00:00:00', '0000-00-00 00:00:00', NULL, NULL),
(153, 'Gafsa Palace', NULL, NULL, NULL, NULL, NULL, NULL, NULL, NULL, NULL, NULL, NULL, NULL, NULL, NULL, NULL, NULL, '0000-00-00 00:00:00', '0000-00-00 00:00:00', NULL, NULL),
(154, 'Chems Gabes', NULL, NULL, NULL, NULL, NULL, NULL, NULL, NULL, NULL, NULL, NULL, NULL, NULL, NULL, NULL, NULL, '0000-00-00 00:00:00', '0000-00-00 00:00:00', NULL, NULL),
(155, 'Catalonia Sagrada Familia', NULL, NULL, NULL, NULL, NULL, NULL, NULL, NULL, NULL, NULL, NULL, NULL, NULL, NULL, NULL, NULL, '0000-00-00 00:00:00', '0000-00-00 00:00:00', NULL, NULL),
(156, 'Les Pins', NULL, NULL, NULL, NULL, NULL, NULL, NULL, NULL, NULL, NULL, NULL, NULL, NULL, NULL, NULL, NULL, '0000-00-00 00:00:00', '0000-00-00 00:00:00', NULL, NULL),
(157, 'Lekil', NULL, NULL, NULL, NULL, NULL, NULL, NULL, NULL, NULL, NULL, NULL, NULL, NULL, NULL, NULL, NULL, '0000-00-00 00:00:00', '0000-00-00 00:00:00', NULL, NULL),
(158, 'Résidence Essaada', NULL, NULL, NULL, NULL, NULL, NULL, NULL, NULL, NULL, NULL, NULL, NULL, NULL, NULL, NULL, NULL, '0000-00-00 00:00:00', '0000-00-00 00:00:00', NULL, NULL),
(159, 'Dar Dhiafa', NULL, NULL, NULL, NULL, NULL, NULL, NULL, NULL, NULL, NULL, NULL, NULL, NULL, NULL, NULL, NULL, '0000-00-00 00:00:00', '0000-00-00 00:00:00', NULL, NULL),
(160, 'Sangho Village Djerba', NULL, NULL, NULL, NULL, NULL, NULL, NULL, NULL, NULL, NULL, NULL, NULL, NULL, NULL, NULL, NULL, '0000-00-00 00:00:00', '0000-00-00 00:00:00', NULL, NULL),
(161, 'Going Kelibia Beach', NULL, NULL, NULL, NULL, NULL, NULL, NULL, NULL, NULL, NULL, NULL, NULL, NULL, NULL, NULL, NULL, '0000-00-00 00:00:00', '0000-00-00 00:00:00', NULL, NULL),
(162, 'Hôtel Jalta', NULL, NULL, NULL, NULL, NULL, NULL, NULL, NULL, NULL, NULL, NULL, NULL, NULL, NULL, NULL, NULL, '0000-00-00 00:00:00', '0000-00-00 00:00:00', NULL, NULL),
(163, 'Chiraz Thalasso', NULL, NULL, NULL, NULL, NULL, NULL, NULL, NULL, NULL, NULL, NULL, NULL, NULL, NULL, NULL, NULL, '0000-00-00 00:00:00', '0000-00-00 00:00:00', NULL, NULL),
(164, 'Yasmine Beach', NULL, NULL, NULL, NULL, NULL, NULL, NULL, NULL, NULL, NULL, NULL, NULL, NULL, NULL, NULL, NULL, '0000-00-00 00:00:00', '0000-00-00 00:00:00', NULL, NULL),
(165, 'L Oasis Gabes', NULL, NULL, NULL, NULL, NULL, NULL, NULL, NULL, NULL, NULL, NULL, NULL, NULL, NULL, NULL, NULL, '0000-00-00 00:00:00', '0000-00-00 00:00:00', NULL, NULL),
(166, 'Palm Beach Club Djerba', NULL, NULL, NULL, NULL, NULL, NULL, NULL, NULL, NULL, NULL, NULL, NULL, NULL, NULL, NULL, NULL, '0000-00-00 00:00:00', '0000-00-00 00:00:00', NULL, NULL),
(167, 'Meninx Djerba', NULL, NULL, NULL, NULL, NULL, NULL, NULL, NULL, NULL, NULL, NULL, NULL, NULL, NULL, NULL, NULL, '0000-00-00 00:00:00', '0000-00-00 00:00:00', NULL, NULL),
(168, 'Hôtel Club Thapsus', NULL, NULL, NULL, NULL, NULL, NULL, NULL, NULL, NULL, NULL, NULL, NULL, NULL, NULL, NULL, NULL, '0000-00-00 00:00:00', '0000-00-00 00:00:00', NULL, NULL),
(169, 'Eden Club Skanes', NULL, NULL, NULL, NULL, NULL, NULL, NULL, NULL, NULL, NULL, NULL, NULL, NULL, NULL, NULL, NULL, '0000-00-00 00:00:00', '0000-00-00 00:00:00', NULL, NULL),
(170, 'Le Corail Suites Hotel', NULL, NULL, NULL, NULL, NULL, NULL, NULL, NULL, NULL, NULL, NULL, NULL, NULL, NULL, NULL, NULL, '0000-00-00 00:00:00', '2015-11-05 16:56:29', NULL, NULL),
(171, 'Concorde Les Berges Du Lac', NULL, NULL, NULL, NULL, NULL, NULL, NULL, NULL, NULL, NULL, NULL, NULL, NULL, NULL, NULL, NULL, '0000-00-00 00:00:00', '2015-11-05 16:56:29', NULL, NULL),
(172, 'Riu Palace Oceana', NULL, NULL, NULL, NULL, NULL, NULL, NULL, NULL, NULL, NULL, NULL, NULL, NULL, NULL, NULL, NULL, '0000-00-00 00:00:00', '0000-00-00 00:00:00', NULL, NULL),
(173, 'Hôtel Paris', NULL, NULL, NULL, NULL, NULL, NULL, NULL, NULL, NULL, NULL, NULL, NULL, NULL, NULL, NULL, NULL, '0000-00-00 00:00:00', '2015-11-05 16:56:29', NULL, NULL),
(174, 'Grand Ant ', NULL, NULL, NULL, NULL, NULL, NULL, NULL, NULL, NULL, NULL, NULL, NULL, NULL, NULL, NULL, NULL, '0000-00-00 00:00:00', '0000-00-00 00:00:00', NULL, NULL),
(175, 'Delta Hotel Istanbul', NULL, NULL, NULL, NULL, NULL, NULL, NULL, NULL, NULL, NULL, NULL, NULL, NULL, NULL, NULL, NULL, '0000-00-00 00:00:00', '0000-00-00 00:00:00', NULL, NULL),
(176, 'The Hotel Beyaz Saray', NULL, NULL, NULL, NULL, NULL, NULL, NULL, NULL, NULL, NULL, NULL, NULL, NULL, NULL, NULL, NULL, '0000-00-00 00:00:00', '0000-00-00 00:00:00', NULL, NULL),
(177, 'The Hotel Beyaz Saray', NULL, NULL, NULL, NULL, NULL, NULL, NULL, NULL, NULL, NULL, NULL, NULL, NULL, NULL, NULL, NULL, '0000-00-00 00:00:00', '0000-00-00 00:00:00', NULL, NULL),
(178, 'Beyaz Saray', NULL, NULL, NULL, NULL, NULL, NULL, NULL, NULL, NULL, NULL, NULL, NULL, NULL, NULL, NULL, NULL, '0000-00-00 00:00:00', '0000-00-00 00:00:00', NULL, NULL),
(179, 'Dar Zaghouan', NULL, NULL, NULL, NULL, NULL, NULL, NULL, NULL, NULL, NULL, NULL, NULL, NULL, NULL, NULL, NULL, '0000-00-00 00:00:00', '0000-00-00 00:00:00', NULL, NULL),
(180, 'Ksar Djerba', NULL, NULL, NULL, NULL, NULL, NULL, NULL, NULL, NULL, NULL, NULL, NULL, NULL, NULL, NULL, NULL, '0000-00-00 00:00:00', '0000-00-00 00:00:00', NULL, NULL),
(181, 'Ksar Djerba', NULL, NULL, NULL, NULL, NULL, NULL, NULL, NULL, NULL, NULL, NULL, NULL, NULL, NULL, NULL, NULL, '0000-00-00 00:00:00', '0000-00-00 00:00:00', NULL, NULL),
(182, 'Sangho Village Djerba', NULL, NULL, NULL, NULL, NULL, NULL, NULL, NULL, NULL, NULL, NULL, NULL, NULL, NULL, NULL, NULL, '0000-00-00 00:00:00', '0000-00-00 00:00:00', NULL, NULL),
(183, 'RIU Palace Royal Garden', NULL, NULL, NULL, NULL, NULL, NULL, NULL, NULL, NULL, NULL, NULL, NULL, NULL, NULL, NULL, NULL, '0000-00-00 00:00:00', '2015-11-05 16:56:29', NULL, NULL),
(184, 'Delphin Habib & Ribat', NULL, NULL, NULL, NULL, NULL, NULL, NULL, NULL, NULL, NULL, NULL, NULL, NULL, NULL, NULL, NULL, '0000-00-00 00:00:00', '0000-00-00 00:00:00', NULL, NULL),
(185, 'Le Shalimar', NULL, NULL, NULL, NULL, NULL, NULL, NULL, NULL, NULL, NULL, NULL, NULL, NULL, NULL, NULL, NULL, '0000-00-00 00:00:00', '0000-00-00 00:00:00', NULL, NULL),
(186, 'Amir Palace', NULL, NULL, NULL, NULL, NULL, NULL, NULL, NULL, NULL, NULL, NULL, NULL, NULL, NULL, NULL, NULL, '0000-00-00 00:00:00', '2015-11-05 16:56:29', NULL, NULL),
(187, 'Orient Palace', NULL, NULL, NULL, NULL, NULL, NULL, NULL, NULL, NULL, NULL, NULL, NULL, NULL, NULL, NULL, NULL, '0000-00-00 00:00:00', '2015-11-05 16:56:29', NULL, NULL),
(188, 'Marhaba Palace', NULL, NULL, NULL, NULL, NULL, NULL, NULL, NULL, NULL, NULL, NULL, NULL, NULL, NULL, NULL, NULL, '0000-00-00 00:00:00', '0000-00-00 00:00:00', NULL, NULL),
(189, 'Marhaba Salem Resort', NULL, NULL, NULL, NULL, NULL, NULL, NULL, NULL, NULL, NULL, NULL, NULL, NULL, NULL, NULL, NULL, '0000-00-00 00:00:00', '0000-00-00 00:00:00', NULL, NULL),
(190, 'Eldorador Salammbo', NULL, NULL, NULL, NULL, NULL, NULL, NULL, NULL, NULL, NULL, NULL, NULL, NULL, NULL, NULL, NULL, '0000-00-00 00:00:00', '0000-00-00 00:00:00', NULL, NULL),
(191, 'Novotel Tunis Mohamed V', NULL, NULL, NULL, NULL, NULL, NULL, NULL, NULL, NULL, NULL, NULL, NULL, NULL, NULL, NULL, NULL, '0000-00-00 00:00:00', '0000-00-00 00:00:00', NULL, NULL),
(192, 'Dream Castle Disneyland', NULL, NULL, NULL, NULL, NULL, NULL, NULL, NULL, NULL, NULL, NULL, NULL, NULL, NULL, NULL, NULL, '0000-00-00 00:00:00', '0000-00-00 00:00:00', NULL, NULL),
(193, 'Riadh Palms', NULL, NULL, NULL, NULL, NULL, NULL, NULL, NULL, NULL, NULL, NULL, NULL, NULL, NULL, NULL, NULL, '0000-00-00 00:00:00', '0000-00-00 00:00:00', NULL, NULL),
(194, 'Eden Village El Borj', NULL, NULL, NULL, NULL, NULL, NULL, NULL, NULL, NULL, NULL, NULL, NULL, NULL, NULL, NULL, NULL, '0000-00-00 00:00:00', '0000-00-00 00:00:00', NULL, NULL),
(195, 'Eden Village Djerba Mare', NULL, NULL, NULL, NULL, NULL, NULL, NULL, NULL, NULL, NULL, NULL, NULL, NULL, NULL, NULL, NULL, '0000-00-00 00:00:00', '0000-00-00 00:00:00', NULL, NULL),
(196, 'Eden Village Méhari Tabarka', NULL, NULL, NULL, NULL, NULL, NULL, NULL, NULL, NULL, NULL, NULL, NULL, NULL, NULL, NULL, NULL, '0000-00-00 00:00:00', '0000-00-00 00:00:00', NULL, NULL),
(197, 'Club les Colombes', NULL, NULL, NULL, NULL, NULL, NULL, NULL, NULL, NULL, NULL, NULL, NULL, NULL, NULL, NULL, NULL, '0000-00-00 00:00:00', '2015-11-05 16:56:29', NULL, NULL),
(198, 'Vincci El Kantaoui Center', NULL, NULL, NULL, NULL, NULL, NULL, NULL, NULL, NULL, NULL, NULL, NULL, NULL, NULL, NULL, NULL, '0000-00-00 00:00:00', '0000-00-00 00:00:00', NULL, NULL),
(199, 'Magic Life Hammamet Beach', NULL, NULL, NULL, NULL, NULL, NULL, NULL, NULL, NULL, NULL, NULL, NULL, NULL, NULL, NULL, NULL, '0000-00-00 00:00:00', '0000-00-00 00:00:00', NULL, NULL),
(200, 'Acqua Viva', NULL, NULL, NULL, NULL, NULL, NULL, NULL, NULL, NULL, NULL, NULL, NULL, NULL, NULL, NULL, NULL, '0000-00-00 00:00:00', '0000-00-00 00:00:00', NULL, NULL),
(201, 'Magic life Tropicana ', NULL, NULL, NULL, NULL, NULL, NULL, NULL, NULL, NULL, NULL, NULL, NULL, NULL, NULL, NULL, NULL, '0000-00-00 00:00:00', '0000-00-00 00:00:00', NULL, NULL),
(202, 'Skanes Family Resort', NULL, NULL, NULL, NULL, NULL, NULL, NULL, NULL, NULL, NULL, NULL, NULL, NULL, NULL, NULL, NULL, '0000-00-00 00:00:00', '0000-00-00 00:00:00', NULL, NULL),
(203, 'Dar Khayem', NULL, NULL, NULL, NULL, NULL, NULL, NULL, NULL, NULL, NULL, NULL, NULL, NULL, NULL, NULL, NULL, '0000-00-00 00:00:00', '0000-00-00 00:00:00', NULL, NULL),
(204, 'Omar Khayam', NULL, NULL, NULL, NULL, NULL, NULL, NULL, NULL, NULL, NULL, NULL, NULL, NULL, NULL, NULL, NULL, '0000-00-00 00:00:00', '0000-00-00 00:00:00', NULL, NULL),
(205, 'Africana Magic Life', NULL, NULL, NULL, NULL, NULL, NULL, NULL, NULL, NULL, NULL, NULL, NULL, NULL, NULL, NULL, NULL, '0000-00-00 00:00:00', '2015-11-05 16:56:29', NULL, NULL),
(206, 'Alhambra Thalasso', NULL, NULL, NULL, NULL, NULL, NULL, NULL, NULL, NULL, NULL, NULL, NULL, NULL, NULL, NULL, NULL, '0000-00-00 00:00:00', '0000-00-00 00:00:00', NULL, NULL),
(207, 'El Mouradi  Hammamet', NULL, NULL, NULL, NULL, NULL, NULL, NULL, NULL, NULL, NULL, NULL, NULL, NULL, NULL, NULL, NULL, '0000-00-00 00:00:00', '0000-00-00 00:00:00', NULL, NULL),
(208, 'Iberostar Saphir  Palace', NULL, NULL, NULL, NULL, NULL, NULL, NULL, NULL, NULL, NULL, NULL, NULL, NULL, NULL, NULL, NULL, '0000-00-00 00:00:00', '0000-00-00 00:00:00', NULL, NULL),
(209, 'Solaria Iberostar', NULL, NULL, NULL, NULL, NULL, NULL, NULL, NULL, NULL, NULL, NULL, NULL, NULL, NULL, NULL, NULL, '0000-00-00 00:00:00', '0000-00-00 00:00:00', NULL, NULL),
(210, 'IBEROSTAR AVERROES', NULL, NULL, NULL, NULL, NULL, NULL, NULL, NULL, NULL, NULL, NULL, NULL, NULL, NULL, NULL, NULL, '0000-00-00 00:00:00', '2015-11-05 16:56:29', NULL, NULL),
(211, 'Laico', NULL, NULL, NULL, NULL, NULL, NULL, NULL, NULL, NULL, NULL, NULL, NULL, NULL, NULL, NULL, NULL, '0000-00-00 00:00:00', '2015-11-05 16:56:29', NULL, NULL),
(212, 'Le Royal Hammamet', NULL, NULL, NULL, NULL, NULL, NULL, NULL, NULL, NULL, NULL, NULL, NULL, NULL, NULL, NULL, NULL, '0000-00-00 00:00:00', '0000-00-00 00:00:00', NULL, NULL),
(213, 'Magic Life Holiday Village Manar', NULL, NULL, NULL, NULL, NULL, NULL, NULL, NULL, NULL, NULL, NULL, NULL, NULL, NULL, NULL, NULL, '0000-00-00 00:00:00', '2015-11-05 16:56:29', NULL, NULL),
(214, 'Riu Marilia', NULL, NULL, NULL, NULL, NULL, NULL, NULL, NULL, NULL, NULL, NULL, NULL, NULL, NULL, NULL, NULL, '0000-00-00 00:00:00', '0000-00-00 00:00:00', NULL, NULL),
(215, 'Sentido Aziza Beach Golf & Spa', NULL, NULL, NULL, NULL, NULL, NULL, NULL, NULL, NULL, NULL, NULL, NULL, NULL, NULL, NULL, NULL, '0000-00-00 00:00:00', '0000-00-00 00:00:00', NULL, NULL),
(216, 'Chich Khan Hotel', NULL, NULL, NULL, NULL, NULL, NULL, NULL, NULL, NULL, NULL, NULL, NULL, NULL, NULL, NULL, NULL, '0000-00-00 00:00:00', '0000-00-00 00:00:00', NULL, NULL),
(217, 'Dar El Olf', NULL, NULL, NULL, NULL, NULL, NULL, NULL, NULL, NULL, NULL, NULL, NULL, NULL, NULL, NULL, NULL, '0000-00-00 00:00:00', '0000-00-00 00:00:00', NULL, NULL),
(218, 'Medi Golf ( Houda Yasmin)', NULL, NULL, NULL, NULL, NULL, NULL, NULL, NULL, NULL, NULL, NULL, NULL, NULL, NULL, NULL, NULL, '0000-00-00 00:00:00', '2015-11-05 16:56:29', NULL, NULL),
(219, 'Dar Zaghouan', NULL, NULL, NULL, NULL, NULL, NULL, NULL, NULL, NULL, NULL, NULL, NULL, NULL, NULL, NULL, NULL, '0000-00-00 00:00:00', '0000-00-00 00:00:00', NULL, NULL),
(220, 'Hotel Ksar Dhiafa', NULL, NULL, NULL, NULL, NULL, NULL, NULL, NULL, NULL, NULL, NULL, NULL, NULL, NULL, NULL, NULL, '0000-00-00 00:00:00', '2015-11-05 16:56:29', NULL, NULL),
(221, 'Hôtel Samarons', NULL, NULL, NULL, NULL, NULL, NULL, NULL, NULL, NULL, NULL, NULL, NULL, NULL, NULL, NULL, NULL, '0000-00-00 00:00:00', '2015-11-05 16:56:29', NULL, NULL),
(222, 'Hôtel Royal Kenz', NULL, NULL, NULL, NULL, NULL, NULL, NULL, NULL, NULL, NULL, NULL, NULL, NULL, NULL, NULL, NULL, '0000-00-00 00:00:00', '2015-11-05 16:56:29', NULL, NULL),
(223, 'Hôtel Bel Horizon Nefta', NULL, NULL, NULL, NULL, NULL, NULL, NULL, NULL, NULL, NULL, NULL, NULL, NULL, NULL, NULL, NULL, '0000-00-00 00:00:00', '2015-11-05 16:56:29', NULL, NULL),
(224, 'The Penthouse Suites Hotel', NULL, NULL, NULL, NULL, NULL, NULL, NULL, NULL, NULL, NULL, NULL, NULL, NULL, NULL, NULL, NULL, '0000-00-00 00:00:00', '2015-11-05 16:56:29', NULL, NULL),
(225, 'Dar Saida Beya', NULL, NULL, NULL, NULL, NULL, NULL, NULL, NULL, NULL, NULL, NULL, NULL, NULL, NULL, NULL, NULL, '0000-00-00 00:00:00', '2015-11-05 16:56:29', NULL, NULL),
(226, 'Dar El Marsa', NULL, NULL, NULL, NULL, NULL, NULL, NULL, NULL, NULL, NULL, NULL, NULL, NULL, NULL, NULL, NULL, '0000-00-00 00:00:00', '2015-11-05 16:56:29', NULL, NULL),
(227, 'Dar Sabri', NULL, NULL, NULL, NULL, NULL, NULL, NULL, NULL, NULL, NULL, NULL, NULL, NULL, NULL, NULL, NULL, '0000-00-00 00:00:00', '0000-00-00 00:00:00', NULL, NULL),
(228, 'The Sindbad', NULL, NULL, NULL, NULL, NULL, NULL, NULL, NULL, NULL, NULL, NULL, NULL, NULL, NULL, NULL, NULL, '0000-00-00 00:00:00', '0000-00-00 00:00:00', NULL, NULL),
(229, 'Golden Tulip Carthage Tunis', NULL, NULL, NULL, NULL, NULL, NULL, NULL, NULL, NULL, NULL, NULL, NULL, NULL, NULL, NULL, NULL, '0000-00-00 00:00:00', '0000-00-00 00:00:00', NULL, NULL),
(230, 'Diplomat', NULL, NULL, NULL, NULL, NULL, NULL, NULL, NULL, NULL, NULL, NULL, NULL, NULL, NULL, NULL, NULL, '0000-00-00 00:00:00', '2015-11-05 16:56:29', NULL, NULL),
(231, 'Golden Tulip Sfax', NULL, NULL, NULL, NULL, NULL, NULL, NULL, NULL, NULL, NULL, NULL, NULL, NULL, NULL, NULL, NULL, '0000-00-00 00:00:00', '0000-00-00 00:00:00', NULL, NULL),
(232, 'Biorivage', NULL, NULL, NULL, NULL, NULL, NULL, NULL, NULL, NULL, NULL, NULL, NULL, NULL, NULL, NULL, NULL, '0000-00-00 00:00:00', '0000-00-00 00:00:00', NULL, NULL),
(233, 'Rhea Thalasso & Spa ', NULL, NULL, NULL, NULL, NULL, NULL, NULL, NULL, NULL, NULL, NULL, NULL, NULL, NULL, NULL, NULL, '0000-00-00 00:00:00', '0000-00-00 00:00:00', NULL, NULL),
(234, 'Odyssée Résort Thalasso & Spa', NULL, NULL, NULL, NULL, NULL, NULL, NULL, NULL, NULL, NULL, NULL, NULL, NULL, NULL, NULL, NULL, '0000-00-00 00:00:00', '0000-00-00 00:00:00', NULL, NULL),
(235, 'Hasdrubal Thalassa & Spa Yasmine Hammamet', NULL, NULL, NULL, NULL, NULL, NULL, NULL, NULL, NULL, NULL, NULL, NULL, NULL, NULL, NULL, NULL, '0000-00-00 00:00:00', '0000-00-00 00:00:00', NULL, NULL),
(236, 'Lella Mariam Hotel & Club', NULL, NULL, NULL, NULL, NULL, NULL, NULL, NULL, NULL, NULL, NULL, NULL, NULL, NULL, NULL, NULL, '0000-00-00 00:00:00', '0000-00-00 00:00:00', NULL, NULL),
(237, 'Résidence Belle Vue', NULL, NULL, NULL, NULL, NULL, NULL, NULL, NULL, NULL, NULL, NULL, NULL, NULL, NULL, NULL, NULL, '0000-00-00 00:00:00', '0000-00-00 00:00:00', NULL, NULL),
(238, 'Zephir Hotel & Spa', NULL, NULL, NULL, NULL, NULL, NULL, NULL, NULL, NULL, NULL, NULL, NULL, NULL, NULL, NULL, NULL, '0000-00-00 00:00:00', '0000-00-00 00:00:00', NULL, NULL),
(239, 'Club Oasis Marine', NULL, NULL, NULL, NULL, NULL, NULL, NULL, NULL, NULL, NULL, NULL, NULL, NULL, NULL, NULL, NULL, '0000-00-00 00:00:00', '0000-00-00 00:00:00', NULL, NULL),
(240, 'Dar El Medina', NULL, NULL, NULL, NULL, NULL, NULL, NULL, NULL, NULL, NULL, NULL, NULL, NULL, NULL, NULL, NULL, '0000-00-00 00:00:00', '0000-00-00 00:00:00', NULL, NULL),
(241, 'Hotel Club Président & Tunisian Village', NULL, NULL, NULL, NULL, NULL, NULL, NULL, NULL, NULL, NULL, NULL, NULL, NULL, NULL, NULL, NULL, '0000-00-00 00:00:00', '0000-00-00 00:00:00', NULL, NULL),
(242, 'Dar Hayet', NULL, NULL, NULL, NULL, NULL, NULL, NULL, NULL, NULL, NULL, NULL, NULL, NULL, NULL, NULL, NULL, '0000-00-00 00:00:00', '0000-00-00 00:00:00', NULL, NULL),
(243, 'Campement Zmela', NULL, NULL, NULL, NULL, NULL, NULL, NULL, NULL, NULL, NULL, NULL, NULL, NULL, NULL, NULL, NULL, '0000-00-00 00:00:00', '0000-00-00 00:00:00', NULL, NULL),
(244, 'Magic Life Penelope Beach Imperial', NULL, NULL, NULL, NULL, NULL, NULL, NULL, NULL, NULL, NULL, NULL, NULL, NULL, NULL, NULL, NULL, '0000-00-00 00:00:00', '0000-00-00 00:00:00', NULL, NULL),
(245, 'Djerba Sun Club', NULL, NULL, NULL, NULL, NULL, NULL, NULL, NULL, NULL, NULL, NULL, NULL, NULL, NULL, NULL, NULL, '0000-00-00 00:00:00', '0000-00-00 00:00:00', NULL, NULL),
(246, 'Djerba Explore', NULL, NULL, NULL, NULL, NULL, NULL, NULL, NULL, NULL, NULL, NULL, NULL, NULL, NULL, NULL, NULL, '0000-00-00 00:00:00', '0000-00-00 00:00:00', NULL, NULL),
(247, 'Jardins de Toumana', NULL, NULL, NULL, NULL, NULL, NULL, NULL, NULL, NULL, NULL, NULL, NULL, NULL, NULL, NULL, NULL, '0000-00-00 00:00:00', '0000-00-00 00:00:00', NULL, NULL),
(248, 'Club Djerba Les Dunes', NULL, NULL, NULL, NULL, NULL, NULL, NULL, NULL, NULL, NULL, NULL, NULL, NULL, NULL, NULL, NULL, '0000-00-00 00:00:00', '0000-00-00 00:00:00', NULL, NULL),
(249, 'Daphne Club Skanes Beach', NULL, NULL, NULL, NULL, NULL, NULL, NULL, NULL, NULL, NULL, NULL, NULL, NULL, NULL, NULL, NULL, '0000-00-00 00:00:00', '0000-00-00 00:00:00', NULL, NULL),
(250, 'Carthage Land Yasmine Hammamet', NULL, NULL, NULL, NULL, NULL, NULL, NULL, NULL, NULL, NULL, NULL, NULL, NULL, NULL, NULL, NULL, '0000-00-00 00:00:00', '0000-00-00 00:00:00', NULL, NULL),
(251, 'Sangho Privilége Tataouine', NULL, NULL, NULL, NULL, NULL, NULL, NULL, NULL, NULL, NULL, NULL, NULL, NULL, NULL, NULL, NULL, '0000-00-00 00:00:00', '0000-00-00 00:00:00', NULL, NULL),
(252, 'Lido La Goulette', NULL, NULL, NULL, NULL, NULL, NULL, NULL, NULL, NULL, NULL, NULL, NULL, NULL, NULL, NULL, NULL, '0000-00-00 00:00:00', '0000-00-00 00:00:00', NULL, NULL),
(253, 'Ezzahra Dar Tunis ', NULL, NULL, NULL, NULL, NULL, NULL, NULL, NULL, NULL, NULL, NULL, NULL, NULL, NULL, NULL, NULL, '0000-00-00 00:00:00', '0000-00-00 00:00:00', NULL, NULL),
(254, 'Karnak travel', NULL, NULL, NULL, NULL, NULL, NULL, NULL, NULL, NULL, NULL, NULL, NULL, NULL, NULL, NULL, NULL, '0000-00-00 00:00:00', '0000-00-00 00:00:00', NULL, NULL),
(255, 'Regency Tunis ', NULL, NULL, NULL, NULL, NULL, NULL, NULL, NULL, NULL, NULL, NULL, NULL, NULL, NULL, NULL, NULL, '0000-00-00 00:00:00', '0000-00-00 00:00:00', NULL, NULL),
(256, 'El Ksour', NULL, NULL, NULL, NULL, NULL, NULL, NULL, NULL, NULL, NULL, NULL, NULL, NULL, NULL, NULL, NULL, '0000-00-00 00:00:00', '0000-00-00 00:00:00', NULL, NULL),
(257, 'Khayam Garden Beach Resort & Spa', NULL, NULL, NULL, NULL, NULL, NULL, NULL, NULL, NULL, NULL, NULL, NULL, NULL, NULL, NULL, NULL, '0000-00-00 00:00:00', '0000-00-00 00:00:00', NULL, NULL),
(258, 'L''Orient Express', NULL, NULL, NULL, NULL, NULL, NULL, NULL, NULL, NULL, NULL, NULL, NULL, NULL, NULL, NULL, NULL, '0000-00-00 00:00:00', '0000-00-00 00:00:00', NULL, NULL),
(259, 'Orange cruises', NULL, NULL, NULL, NULL, NULL, NULL, NULL, NULL, NULL, NULL, NULL, NULL, NULL, NULL, NULL, NULL, '0000-00-00 00:00:00', '0000-00-00 00:00:00', NULL, NULL),
(260, 'Insurtravel', NULL, NULL, NULL, NULL, NULL, NULL, NULL, NULL, NULL, NULL, NULL, NULL, NULL, NULL, NULL, NULL, '0000-00-00 00:00:00', '0000-00-00 00:00:00', NULL, NULL),
(261, 'Mercan travel', NULL, NULL, NULL, NULL, NULL, NULL, NULL, NULL, NULL, NULL, NULL, NULL, NULL, NULL, NULL, NULL, '0000-00-00 00:00:00', '0000-00-00 00:00:00', NULL, NULL),
(262, 'The Residence', NULL, NULL, NULL, NULL, NULL, NULL, NULL, NULL, NULL, NULL, NULL, NULL, NULL, NULL, NULL, NULL, '0000-00-00 00:00:00', '0000-00-00 00:00:00', NULL, NULL),
(263, 'Bravo', NULL, NULL, NULL, NULL, NULL, NULL, NULL, NULL, NULL, NULL, NULL, NULL, NULL, NULL, NULL, NULL, '0000-00-00 00:00:00', '0000-00-00 00:00:00', NULL, NULL),
(264, 'KHAYAM GARDEN', NULL, NULL, NULL, NULL, NULL, NULL, NULL, NULL, NULL, NULL, NULL, NULL, NULL, NULL, NULL, NULL, '0000-00-00 00:00:00', '0000-00-00 00:00:00', NULL, NULL),
(265, 'Hasdrubal Thalassa & Spa', NULL, NULL, NULL, NULL, NULL, NULL, NULL, NULL, NULL, NULL, NULL, NULL, NULL, NULL, NULL, NULL, '0000-00-00 00:00:00', '0000-00-00 00:00:00', NULL, NULL),
(266, 'Bravo Djerba', NULL, NULL, NULL, NULL, NULL, NULL, NULL, NULL, NULL, NULL, NULL, NULL, NULL, NULL, NULL, NULL, '0000-00-00 00:00:00', '0000-00-00 00:00:00', NULL, NULL);

-- --------------------------------------------------------

--
-- Structure de la table `ost_com_piece`
--

CREATE TABLE IF NOT EXISTS `ost_com_piece` (
  `id` int(11) NOT NULL AUTO_INCREMENT,
  `client_id` int(11) DEFAULT NULL,
  `numero` varchar(255) COLLATE utf8_unicode_ci DEFAULT NULL,
  `dateCreation` date NOT NULL,
  `modeReglement` varchar(4) COLLATE utf8_unicode_ci NOT NULL,
  `DateEcheance` date DEFAULT NULL,
  `montantOrigine` decimal(11,3) NOT NULL,
  `montant` decimal(11,3) NOT NULL,
  `dateReglement` date DEFAULT NULL,
  `regle` tinyint(1) DEFAULT NULL,
  `param` varchar(255) COLLATE utf8_unicode_ci DEFAULT NULL,
  PRIMARY KEY (`id`),
  KEY `IDX_8AB3821619EB6921` (`client_id`)
) ENGINE=InnoDB  DEFAULT CHARSET=utf8 COLLATE=utf8_unicode_ci AUTO_INCREMENT=53 ;

--
-- Contenu de la table `ost_com_piece`
--

INSERT INTO `ost_com_piece` (`id`, `client_id`, `numero`, `dateCreation`, `modeReglement`, `DateEcheance`, `montantOrigine`, `montant`, `dateReglement`, `regle`, `param`) VALUES
(5, 2, 'facilité', '2015-07-13', 'E', NULL, 2100.000, 0.000, '2015-10-01', 1, NULL),
(6, 2, 'facilité', '2015-07-13', 'E', NULL, 1776.000, 0.000, '2015-07-13', 1, NULL),
(7, 2, 'debit', '2015-07-13', 'AD', NULL, 324.000, 0.000, '2015-07-13', 1, NULL),
(8, 2, 'facilité', '2015-07-16', 'E', NULL, 890.000, 890.000, NULL, 0, NULL),
(9, 2, 'debit', '2015-07-16', 'AD', NULL, 820.500, 20.500, NULL, 0, NULL),
(10, 2, 'STAF', '2015-07-16', 'PC', NULL, 616.000, 0.000, '2015-07-16', 1, NULL),
(11, 2, 'cherif', '2015-07-21', 'C', '2015-07-20', 890.000, 0.000, '2015-07-21', 1, NULL),
(12, 2, 'cherif', '2015-07-21', 'C', '2015-07-20', 450.000, 0.000, '2015-07-21', 1, NULL),
(13, 2, 'cherif', '2015-07-21', 'E', NULL, 300.500, 0.000, '2015-07-21', 1, NULL),
(14, 2, 'mahmoud Faouzi', '2015-07-21', 'E', NULL, 410.000, 0.000, '2015-07-21', 1, NULL),
(15, 2, 'PAYEMENT AGENCE', '2015-07-22', 'E', NULL, 75000.000, 75000.000, NULL, 0, NULL),
(16, 2, 'PAYEMENT A L''AGENCE', '2015-07-22', 'E', NULL, 75.000, 0.000, '2015-07-22', 1, NULL),
(17, 2, 'PAYEMENT A L''HOTEL', '2015-07-22', 'AD', NULL, 787.500, 0.000, '2015-07-22', 1, NULL),
(18, 2, 'piece 1', '2015-07-23', 'CB', NULL, 100.000, 0.000, '2015-07-23', 1, NULL),
(19, 2, 'piece 2', '2015-07-23', 'AD', NULL, 24.900, 0.000, '2015-07-23', 1, NULL),
(20, 2, 'AYADI', '2015-07-23', 'C', '0015-07-20', 2830.000, 2830.000, NULL, 0, NULL),
(21, 2, 'AYADI', '2015-07-23', 'C', '2015-07-23', 2830.000, 0.000, '2015-07-23', 1, NULL),
(22, 2, 'TIMBRE', '2015-07-23', 'E', NULL, 0.500, 0.000, '2015-07-23', 1, NULL),
(23, 2, 'debiT', '2015-07-24', 'AD', NULL, 244.000, 0.000, '2015-10-01', 1, NULL),
(24, 1, 'Piéce num 2', '2015-07-27', 'AD', NULL, 3560.000, 8.000, NULL, 0, NULL),
(25, 1, 'Piéce num 2', '2015-07-27', 'E', NULL, 1000.000, 0.000, '2015-07-27', 1, NULL),
(26, 4, 'gch', '2015-07-28', 'PC', NULL, 6000.000, 0.000, '2015-07-28', 1, NULL),
(27, 2, 'MOHAMED DRIDI', '2015-07-28', 'E', NULL, 1090.000, 0.000, '2015-07-28', 1, NULL),
(28, 2, 'MOHAMED DRIDI', '2015-07-28', 'E', NULL, 1090.500, 984.000, NULL, 0, NULL),
(29, 2, 'AYADI HATEM', '2015-08-01', 'C', '2015-08-03', 450.000, 0.000, '2015-08-01', 1, NULL),
(30, 2, 'timbre', '2015-08-01', 'AD', NULL, 0.500, 0.000, '2015-08-01', 1, NULL),
(31, 4, 'Piéce', '2015-08-17', 'E', NULL, 200.500, 0.000, '2015-08-17', 1, NULL),
(32, 2, 'DADAA', '2015-08-24', 'C', '2016-08-24', 760.000, 0.000, '2015-08-24', 1, NULL),
(33, 2, 'FERIEL', '2015-08-26', 'PC', NULL, 1200.000, 0.000, '2015-08-26', 1, NULL),
(34, 2, 'FERIEL', '2015-09-01', 'PC', NULL, 270.000, 0.000, '2015-09-01', 1, NULL),
(35, 4, 'rty', '2015-09-02', 'C', '2015-10-02', 200.000, 0.000, '2015-09-02', 1, NULL),
(36, 4, 'e', '2015-09-02', 'E', NULL, 1500.000, 0.000, '2015-09-02', 1, NULL),
(37, 4, 'ed', '2015-09-02', 'C', '2015-11-02', 1500.000, 0.000, '2015-09-02', 1, NULL),
(38, 4, '12364', '2015-09-02', 'E', NULL, 374.500, 0.000, '2015-09-02', 1, NULL),
(39, 4, '1236', '2015-09-02', 'C', '2015-11-01', 500.000, 0.000, '2015-09-02', 1, NULL),
(40, 4, '12364458', '2015-09-02', 'C', '2015-12-01', 500.000, 0.000, '2015-09-02', 1, NULL),
(41, 4, '123', '2015-09-02', 'C', '2015-10-02', 243.000, 0.000, '2015-09-02', 1, NULL),
(42, 4, 'ifikh', '2015-09-02', 'E', NULL, 2000.000, 0.000, '2015-09-02', 1, NULL),
(43, 4, '12345', '2015-09-02', 'C', '2015-10-02', 300.000, 0.000, '2015-09-02', 1, NULL),
(44, 4, 'ghghg', '2015-09-02', 'PC', NULL, 1000.000, 0.000, '2015-09-02', 1, NULL),
(45, 4, '12345', '2015-09-04', 'C', '2015-11-12', 2453.500, 0.000, '2015-09-04', 1, NULL),
(46, 1, 'gggg', '2015-09-04', 'E', NULL, 2204.240, 0.000, NULL, 0, NULL),
(47, 4, NULL, '2015-10-02', 'PC', NULL, 449.300, 0.000, '2015-10-02', 1, NULL),
(48, 4, NULL, '2015-10-02', 'PC', NULL, 228.500, 0.000, '2015-10-02', 1, NULL),
(49, 4, NULL, '2015-11-03', 'E', NULL, 630.000, 0.000, '2015-11-03', 1, NULL),
(50, 4, NULL, '2015-11-03', 'C', '2015-11-17', 0.500, 0.000, '2015-11-03', 1, NULL),
(51, 6, 'Test from Arbi', '2016-01-12', 'AD', NULL, 235.000, 0.000, '2016-01-12', 1, NULL),
(52, 6, 'Test from Arbi', '2016-01-12', 'AD', NULL, 0.500, 0.000, '2016-01-12', 1, NULL);

-- --------------------------------------------------------

--
-- Structure de la table `ost_com_reglement`
--

CREATE TABLE IF NOT EXISTS `ost_com_reglement` (
  `id` int(11) NOT NULL AUTO_INCREMENT,
  `piece_id` int(11) DEFAULT NULL,
  `reservation_id` int(11) DEFAULT NULL,
  `dateCreation` date NOT NULL,
  `montant` decimal(11,3) NOT NULL,
  `reservationVO_id` int(11) DEFAULT NULL,
  `reservationPR_id` int(11) DEFAULT NULL,
  `reservationsBilletterie_id` int(11) DEFAULT NULL,
  `reservationMaritime_id` int(11) DEFAULT NULL,
  `reservationBE_id` int(11) DEFAULT NULL,
  `reservationT_id` int(11) DEFAULT NULL,
  `reservationRB_id` int(11) DEFAULT NULL,
  `reservationDIV_id` int(11) DEFAULT NULL,
  PRIMARY KEY (`id`),
  KEY `IDX_40D4C4D8C40FCFA8` (`piece_id`),
  KEY `IDX_40D4C4D8B83297E7` (`reservation_id`),
  KEY `IDX_40D4C4D8601A244C` (`reservationVO_id`),
  KEY `IDX_40D4C4D84D295EAE` (`reservationPR_id`),
  KEY `IDX_40D4C4D87BBD6A38` (`reservationsBilletterie_id`),
  KEY `IDX_40D4C4D899E8E100` (`reservationMaritime_id`),
  KEY `IDX_40D4C4D89AC7F56A` (`reservationBE_id`),
  KEY `IDX_40D4C4D8E4426FEE` (`reservationT_id`),
  KEY `IDX_40D4C4D867F05A51` (`reservationRB_id`),
  KEY `IDX_40D4C4D8CEC9A386` (`reservationDIV_id`)
) ENGINE=InnoDB  DEFAULT CHARSET=utf8 COLLATE=utf8_unicode_ci AUTO_INCREMENT=62 ;

--
-- Contenu de la table `ost_com_reglement`
--

INSERT INTO `ost_com_reglement` (`id`, `piece_id`, `reservation_id`, `dateCreation`, `montant`, `reservationVO_id`, `reservationPR_id`, `reservationsBilletterie_id`, `reservationMaritime_id`, `reservationBE_id`, `reservationT_id`, `reservationRB_id`, `reservationDIV_id`) VALUES
(6, 6, 17, '2015-07-13', 1776.000, NULL, NULL, NULL, NULL, NULL, NULL, NULL, NULL),
(7, 7, 17, '2015-07-13', 324.000, NULL, NULL, NULL, NULL, NULL, NULL, NULL, NULL),
(10, 10, 19, '2015-07-16', 616.000, NULL, NULL, NULL, NULL, NULL, NULL, NULL, NULL),
(11, 11, 20, '2015-07-21', 890.000, NULL, NULL, NULL, NULL, NULL, NULL, NULL, NULL),
(12, 12, 20, '2015-07-21', 450.000, NULL, NULL, NULL, NULL, NULL, NULL, NULL, NULL),
(13, 13, 20, '2015-07-21', 300.500, NULL, NULL, NULL, NULL, NULL, NULL, NULL, NULL),
(14, 14, 21, '2015-07-21', 410.000, NULL, NULL, NULL, NULL, NULL, NULL, NULL, NULL),
(16, 16, 23, '2015-07-22', 75.000, NULL, NULL, NULL, NULL, NULL, NULL, NULL, NULL),
(17, 17, 23, '2015-07-22', 787.500, NULL, NULL, NULL, NULL, NULL, NULL, NULL, NULL),
(21, 19, 26, '2015-07-23', 24.900, NULL, NULL, NULL, NULL, NULL, NULL, NULL, NULL),
(22, 18, 26, '2015-07-23', 100.000, NULL, NULL, NULL, NULL, NULL, NULL, NULL, NULL),
(24, 21, 29, '2015-07-23', 2830.000, NULL, NULL, NULL, NULL, NULL, NULL, NULL, NULL),
(25, 22, 29, '2015-07-23', 0.500, NULL, NULL, NULL, NULL, NULL, NULL, NULL, NULL),
(31, 27, 35, '2015-07-28', 1090.000, NULL, NULL, NULL, NULL, NULL, NULL, NULL, NULL),
(32, 28, 35, '2015-07-28', 0.500, NULL, NULL, NULL, NULL, NULL, NULL, NULL, NULL),
(33, 29, 37, '2015-08-01', 450.000, NULL, NULL, NULL, NULL, NULL, NULL, NULL, NULL),
(34, 30, 37, '2015-08-01', 0.500, NULL, NULL, NULL, NULL, NULL, NULL, NULL, NULL),
(35, 31, NULL, '2015-08-17', 200.500, 8, NULL, NULL, NULL, NULL, NULL, NULL, NULL),
(36, 32, 41, '2015-08-24', 760.000, NULL, NULL, NULL, NULL, NULL, NULL, NULL, NULL),
(37, 33, 43, '2015-08-26', 1200.000, NULL, NULL, NULL, NULL, NULL, NULL, NULL, NULL),
(38, 34, 44, '2015-09-01', 270.000, NULL, NULL, NULL, NULL, NULL, NULL, NULL, NULL),
(39, 35, 45, '2015-09-02', 200.000, NULL, NULL, NULL, NULL, NULL, NULL, NULL, NULL),
(40, 36, 45, '2015-09-02', 1500.000, NULL, NULL, NULL, NULL, NULL, NULL, NULL, NULL),
(41, 37, 45, '2015-09-02', 1500.000, NULL, NULL, NULL, NULL, NULL, NULL, NULL, NULL),
(42, 38, 47, '2015-09-02', 374.500, NULL, NULL, NULL, NULL, NULL, NULL, NULL, NULL),
(43, 39, 47, '2015-09-02', 500.000, NULL, NULL, NULL, NULL, NULL, NULL, NULL, NULL),
(44, 40, 47, '2015-09-02', 500.000, NULL, NULL, NULL, NULL, NULL, NULL, NULL, NULL),
(45, 41, 48, '2015-09-02', 243.000, NULL, NULL, NULL, NULL, NULL, NULL, NULL, NULL),
(46, 42, 48, '2015-09-02', 2000.000, NULL, NULL, NULL, NULL, NULL, NULL, NULL, NULL),
(47, 43, 49, '2015-09-02', 300.000, NULL, NULL, NULL, NULL, NULL, NULL, NULL, NULL),
(48, 44, 49, '2015-09-02', 1000.000, NULL, NULL, NULL, NULL, NULL, NULL, NULL, NULL),
(49, 45, 50, '2015-09-04', 2453.500, NULL, NULL, NULL, NULL, NULL, NULL, NULL, NULL),
(50, 46, 46, '2015-09-04', 2204.240, NULL, NULL, NULL, NULL, NULL, NULL, NULL, NULL),
(52, 5, NULL, '2015-10-01', 2100.000, NULL, NULL, NULL, 1, NULL, NULL, NULL, NULL),
(53, 23, NULL, '2015-10-01', 244.000, NULL, NULL, NULL, 1, NULL, NULL, NULL, NULL),
(54, 28, NULL, '2015-10-01', 106.000, NULL, NULL, NULL, 1, NULL, NULL, NULL, NULL),
(55, 47, 22, '2015-10-02', 449.300, NULL, NULL, NULL, NULL, NULL, NULL, NULL, NULL),
(56, 48, 24, '2015-10-02', 228.500, NULL, NULL, NULL, NULL, NULL, NULL, NULL, NULL),
(57, 49, 57, '2015-11-03', 630.000, NULL, NULL, NULL, NULL, NULL, NULL, NULL, NULL),
(58, 50, 57, '2015-11-03', 0.500, NULL, NULL, NULL, NULL, NULL, NULL, NULL, NULL),
(59, 9, NULL, '2015-11-03', 800.000, NULL, NULL, NULL, NULL, 1, NULL, NULL, NULL),
(60, 51, NULL, '2016-01-12', 235.000, NULL, NULL, NULL, NULL, NULL, NULL, NULL, 4),
(61, 52, NULL, '2016-01-12', 0.500, NULL, NULL, NULL, NULL, NULL, NULL, NULL, 4);

-- --------------------------------------------------------

--
-- Structure de la table `ost_com_tarif`
--

CREATE TABLE IF NOT EXISTS `ost_com_tarif` (
  `id` int(11) NOT NULL AUTO_INCREMENT,
  `timbre` tinyint(1) DEFAULT NULL,
  `montantTimbre` decimal(2,1) DEFAULT NULL,
  PRIMARY KEY (`id`)
) ENGINE=InnoDB  DEFAULT CHARSET=utf8 COLLATE=utf8_unicode_ci AUTO_INCREMENT=2 ;

--
-- Contenu de la table `ost_com_tarif`
--

INSERT INTO `ost_com_tarif` (`id`, `timbre`, `montantTimbre`) VALUES
(1, 1, 0.5);

-- --------------------------------------------------------

--
-- Structure de la table `ost_contact`
--

CREATE TABLE IF NOT EXISTS `ost_contact` (
  `id` int(11) NOT NULL AUTO_INCREMENT,
  `pays_id` int(11) DEFAULT NULL,
  `fournisseur_id` int(11) DEFAULT NULL,
  `client_id` int(11) DEFAULT NULL,
  `nomPrenom` varchar(255) COLLATE utf8_unicode_ci NOT NULL,
  `titreCivilite` int(11) NOT NULL,
  `fonction` varchar(255) COLLATE utf8_unicode_ci NOT NULL,
  `email` varchar(255) COLLATE utf8_unicode_ci NOT NULL,
  `telPro` varchar(255) COLLATE utf8_unicode_ci NOT NULL,
  `telPerso` varchar(255) COLLATE utf8_unicode_ci DEFAULT NULL,
  `fax` varchar(255) COLLATE utf8_unicode_ci DEFAULT NULL,
  `adresse` varchar(255) COLLATE utf8_unicode_ci NOT NULL,
  `codePostal` int(11) NOT NULL,
  `ville` varchar(255) COLLATE utf8_unicode_ci NOT NULL,
  `gouvernorat` varchar(255) COLLATE utf8_unicode_ci NOT NULL,
  `dateNaissance` date DEFAULT NULL,
  PRIMARY KEY (`id`),
  KEY `IDX_4592A77CA6E44244` (`pays_id`),
  KEY `IDX_4592A77C670C757F` (`fournisseur_id`),
  KEY `IDX_4592A77C19EB6921` (`client_id`)
) ENGINE=InnoDB DEFAULT CHARSET=utf8 COLLATE=utf8_unicode_ci AUTO_INCREMENT=1 ;

-- --------------------------------------------------------

--
-- Structure de la table `ost_contrat_media`
--

CREATE TABLE IF NOT EXISTS `ost_contrat_media` (
  `id` int(11) NOT NULL AUTO_INCREMENT,
  `contrat_id` int(11) DEFAULT NULL,
  `updated_at` datetime DEFAULT NULL,
  `path` varchar(255) COLLATE utf8_unicode_ci DEFAULT NULL,
  `name` varchar(255) COLLATE utf8_unicode_ci DEFAULT NULL,
  PRIMARY KEY (`id`),
  KEY `IDX_E883DC611823061F` (`contrat_id`)
) ENGINE=InnoDB  DEFAULT CHARSET=utf8 COLLATE=utf8_unicode_ci AUTO_INCREMENT=67 ;

--
-- Contenu de la table `ost_contrat_media`
--

INSERT INTO `ost_contrat_media` (`id`, `contrat_id`, `updated_at`, `path`, `name`) VALUES
(1, 591, '2015-10-14 13:33:46', '6918512c7ce57f086a6e08e5f5c3b7451dc7b1ac.jpeg', NULL),
(2, 646, '2015-10-17 19:11:29', 'dbebf3e959ea40563551b5c05b2fc1174de5f65e.pdf', '- Proposition de Collaboration Khayam Garden Beach - OLE VOYAGESTAV 2015-2016 - DT -.pdf'),
(3, 647, '2015-10-17 21:05:43', 'f817dd731cc553c8bac79a37ba0b7dd76b2c78b1.xls', 'Ras el Ain 2015-2016 - contrat Olé Voyages.xls'),
(4, 648, '2015-10-17 22:04:47', '4f09949a500e9ccbeb7f49537217b8105a313c47.doc', 'Carlton 2015-2016 Olé Voyages.doc'),
(5, 649, '2015-10-17 22:16:55', '8e19d9287624751b3d21be93be67b47898b43dd6.pdf', 'Carthage Thalasso Résort 2015 - 2016 Ole Voyages.pdf'),
(6, 650, '2015-10-17 23:18:22', 'e9804500f2a4a0f611fe958f45cd4fae4d2432d3.pdf', 'Radisson Blu Ulysse-TO Rates 15-16 TND Pax.pdf'),
(7, 651, '2015-10-18 12:06:23', '90131aa9fbe926d690076f372d452e3cd1fcb5e4.pdf', 'Royal Thalassa Monastir & Suites SPA-CONTRAT HIVER 2015-2016 FN.PDF'),
(8, 653, '2015-10-18 13:16:54', 'dbdb0b98ebc119812e90288c95f932e3238b4f83.pdf', 'Tarifs Agences de Voyages Medina Solaria & Thalasso Hiver 2015.2016.pdf'),
(13, 655, '2015-10-26 11:06:04', '9158741e6fd4be585a11bf411c6a6d0da6f7fef3.pdf', 'Badira - Grille Tarifaire Hiver 2015-2016.pdf'),
(14, 654, '2015-10-26 11:09:35', 'fa283b414d8a17d626dcf2805f7f8061f4b95642.pdf', 'AGV - IBEROSTAR Averroes HIVER 15.16.pdf'),
(16, 657, '2015-10-26 11:37:04', '173bdc41f1237841eadb5dbf3f57200cf48d0e13.pdf', 'CLUB THAPSUS MAHDIA - Tarifs Agence  Marché Local hiver 2015-2016.pdf'),
(17, 656, '2015-10-26 12:00:34', 'd8b7f8a53ef6e49e3b7465b6feaf876785e20678.pdf', 'AGV - IBEROSTAR Royal El Mansour HIVER 15.16.pdf'),
(18, 656, '2015-10-26 12:01:06', '3bbbe1508b6d96f74f1342bde099e320818f40f3.pdf', 'AGV - IBEROSTAR Diar El Andalous HIVER 15.16.pdf'),
(19, 658, '2015-10-26 12:02:11', 'f59c947bd9427746498b159ba0b5a59190fbe456.pdf', 'AGV - IBEROSTAR Royal El Mansour HIVER 15.16.pdf'),
(20, 659, '2015-10-26 17:50:59', '3b60397f65aae1fbbadb9bca8eba04177f91000e.pdf', 'AGV - IBEROSTAR Mehari Djerba HIVER 15.16.pdf'),
(21, 660, '2015-10-27 05:24:10', 'f1be271c11d0a7f08e3f3f6f6b35c5f41abaa7fe.pdf', 'CONTRAT HOUDA GOLF .pdf'),
(22, 661, '2015-10-27 05:41:07', '1b2a4a7c5fe5dd52305ff986f19334809ff8f6c8.pdf', 'CONTRAT HOUDA YASMINE .pdf'),
(23, 662, '2015-10-27 05:48:07', 'a5b55cded8f25788ccdd367aa586c8f4dcc699df.pdf', 'EL MOURADI HAMMAM BOURGUIBA - Agences de Voyages EM Hammam Bourguiba 15-16.pdf'),
(24, 663, '2015-10-27 06:15:53', '6e471e8368dc8ced81fe182d27e8dc2bb0eb4cad.doc', 'DAR HAYET TARIFS T.O2016.doc'),
(25, 664, '2015-10-27 06:59:29', '3bbe412081446c201ca59f54e6bf5e5cc54b9ba3.doc', 'itropika  - Olé Voyages.doc'),
(26, 665, '2015-10-27 07:24:56', 'e5363db581faa1005788729285a714d1dac19208.pdf', 'Tarifs Agences de voyages Diar Lemdina Hiver 2015.2016.pdf'),
(27, 666, '2015-10-27 08:17:06', 'a9f9353245b995852cc77cfc41905a63e8ae8612.pdf', 'nesrine - tarifs local & maghrébin hiver 2015-2016.pdf'),
(28, 667, '2015-10-27 08:21:41', '85dd728fdef38d29ac0089217e265e74b1590942.pdf', 'El Mouradi Hotels - Tarifs TO Hiver 15-16.pdf'),
(29, 670, '2015-10-27 10:07:07', '8ae7d025d02c2a2fc79b0d9f996082bf9d1b089f.pdf', 'El Mouradi Hotels - Tarifs TO Hiver 15-16.pdf'),
(31, 671, '2015-10-27 10:36:06', 'c1d81f3f96a8c8289eda2ed0b06a641a8b064b47.pdf', 'El Mouradi Hotels - Tarifs TO Hiver 15-16.pdf'),
(32, 669, '2015-10-27 10:48:56', 'fcc0ed8bea1a1fee1505f7f192a57c0a61559224.doc', 'oasis Zarzis -TARIFS TO 2016.doc'),
(33, 672, '2015-10-27 10:51:49', '8fc692efbfd8edfa72cc8dbea5954a30a70b24e9.pdf', 'El Mouradi Hotels - Tarifs TO Hiver 15-16.pdf'),
(34, 673, '2015-10-27 10:54:23', 'c15c32d96d276424e3a8c1bd12388deaf1d5ad3e.pdf', 'Vincci Tunisia'' - Tarifs Hiver 1516.pdf'),
(35, 674, '2015-10-27 11:03:37', '7896ca9976fd7aa21172d59e6cf9239c688080ef.pdf', 'Vincci Tunisia'' - Tarifs Hiver 1516.pdf'),
(36, 676, '2015-10-27 11:12:56', '9ab6ad299cd996611e6c954b57d6fdf44a36e43a.pdf', 'Vincci Tunisia'' - Tarifs Hiver 1516.pdf'),
(37, 675, '2015-10-27 11:22:38', 'aa94fc1b0d06057cdf255bd8c73b349366ff63ae.pdf', 'El Mouradi Hotels - Tarifs TO Hiver 15-16.pdf'),
(38, 668, '2015-10-27 11:24:00', '9608b6cf76668bdd0e82865c633ab87b7fc705ac.pdf', 'El Mouradi Hotels - Tarifs TO Hiver 15-16.pdf'),
(39, 677, '2015-10-27 11:25:40', '772e6b80a3aa1671a24b28c76046b6236d73fd1b.doc', 'alkantara djerba Contrat - Contrat Olé Voyages ML.doc'),
(40, 678, '2015-10-27 11:33:13', '21257ee9014fde03ca0035eb0f3cccf685cee38b.pdf', 'rymbeach - BAR SRB W1516 en DT (2).pdf'),
(41, 679, '2015-10-28 04:31:53', '3c5f39d07b271073b88e20677038ea10f3b4241c.pdf', 'Goldentulip el mechtel - Olé Voyages 1.pdf'),
(44, 681, '2015-10-28 05:15:03', '5f4fd5d744ecae5f09873306980683ef37b2e4b9.pdf', 'Hasdrubal Prestige Thalassa & Spa IND PRESTIGE DT 15.16.pdf'),
(46, 683, '2015-10-28 05:53:51', '718f4bf8b1d04d5dab875d6ffe006f9b926c084d.doc', 'Hasdrubal Thalassa & Spa port El Kantaoui -TARIF IND2015_2016.doc'),
(47, 684, '2015-10-28 06:40:09', '311f51838902f459318c2ff677cb9435b2331314.doc', 'le pacha OLE VOYAGES.doc'),
(48, 685, '2015-10-28 06:57:16', '1c1dcba30059eef2d6c917e51286dbfa08fc2488.pdf', 'mahdia.beach - img407.pdf'),
(49, 686, '2015-10-28 07:25:25', '6cab7b0499a7567fd19eb29cba6bf565c8964c54.pdf', 'Mövenpick Resort & Marine Spa Sousse - Contrat OLE VOYAGES 2015-2016.pdf'),
(50, 687, '2015-10-28 09:03:40', '972dfc572a721771cd67d2d549fa3b805c427832.pdf', 'Russelior - OLE TRAVEL - 2015.2016.pdf'),
(51, 688, '2015-10-28 10:19:34', '60940fa893976e8cb0dfd216fc21eb6396dc574f.pdf', 'Hasdrubal Thalassa & Spa Yasmine Hammamet.pdf'),
(52, 689, '2015-10-28 11:28:37', 'c223ccfc3a157592a85e5c692dadfb85a4308ac4.pdf', 'Sfax borj dhiafa - Olé voyages .pdf'),
(53, 690, '2015-10-28 11:39:01', '0dd335b1b088f163de54fe6d6097f430d8b0dad2.docx', 'SFAX GOLDEN TULIP - OLE VOYAGES.docx'),
(54, 691, '2015-10-29 05:59:45', '85eaa70529687a130b4c83f5556e3b5daa91cfdd.pdf', 'Contrat Olé Voyages - HIVER 2016 cash.pdf'),
(57, 692, '2015-10-29 06:58:21', 'f275d2fdb8e0b66ae6ef45fbd5cc8eb02bfc5ef9.docx', 'Hôtel Vincci.docx'),
(58, 673, '2015-10-29 06:59:36', '5a8054615e643ed2dd76e4f07ceeba984fbd0c38.docx', 'Hôtel Vincci.docx'),
(59, 693, '2015-10-29 07:11:25', '5f1331eadc854b7f69367c348a8e422f73610a00.docx', 'Dar El Marsa.docx'),
(60, 694, '2015-10-29 07:35:22', '4cfb0d2456e9441fc07c7ef0423017cd00bc0dac.pdf', 'AGV 2016.pdf'),
(61, 678, '2015-10-29 08:50:05', 'd672ac30b16784b8b6e90d71400504074af83346.pdf', 'SPO AVL SRB NOV.PDF'),
(62, 695, '2015-10-29 09:45:13', 'c7b0f9c7f5cf4afb40c9612ab7f8275a1860c4bb.pdf', 'Contrat RK W16_ML.pdf'),
(63, 696, '2015-10-29 10:37:04', 'de03639958364d570bde617a7b14623354ab9851.jpeg', 'Dar Nesma.PNG'),
(64, 697, '2015-10-29 11:20:18', '33ec67ba76f541593c96b7bf1386ec25f44af3db.docx', 'La Résidence Hammamet - tarifs marché local  et maghrebin 2016.docx'),
(65, 698, '2015-10-29 12:07:57', 'ff1c78b9bdb7a581bdf054aad4f88cb91db7a91a.docx', 'DIAR ABOU HABIBI.docx'),
(66, 699, '2015-11-04 10:53:28', '884c72f57fec1f5e6b9af12a41a3be09f1b475ff.pdf', 'Goldentulip el mechtel - Olé Voyages 1.pdf');

-- --------------------------------------------------------

--
-- Structure de la table `ost_c_sessioncaisse`
--

CREATE TABLE IF NOT EXISTS `ost_c_sessioncaisse` (
  `id` int(11) NOT NULL AUTO_INCREMENT,
  `user_id` int(11) DEFAULT NULL,
  `dateOuverture` datetime NOT NULL,
  `dateFermeture` datetime DEFAULT NULL,
  `FondInitial` decimal(11,3) NOT NULL,
  PRIMARY KEY (`id`),
  KEY `IDX_4EB4DBA4A76ED395` (`user_id`)
) ENGINE=InnoDB DEFAULT CHARSET=utf8 COLLATE=utf8_unicode_ci AUTO_INCREMENT=1 ;

-- --------------------------------------------------------

--
-- Structure de la table `ost_c_typeligne`
--

CREATE TABLE IF NOT EXISTS `ost_c_typeligne` (
  `id` int(11) NOT NULL AUTO_INCREMENT,
  `code` varchar(255) COLLATE utf8_unicode_ci NOT NULL,
  `sensMouvement` varchar(255) COLLATE utf8_unicode_ci NOT NULL,
  `libelle` varchar(255) COLLATE utf8_unicode_ci NOT NULL,
  `MouvementSysteme` tinyint(1) DEFAULT NULL,
  PRIMARY KEY (`id`)
) ENGINE=InnoDB DEFAULT CHARSET=utf8 COLLATE=utf8_unicode_ci AUTO_INCREMENT=1 ;

-- --------------------------------------------------------

--
-- Structure de la table `ost_devise`
--

CREATE TABLE IF NOT EXISTS `ost_devise` (
  `id` int(11) NOT NULL AUTO_INCREMENT,
  `libelle` varchar(255) COLLATE utf8_unicode_ci NOT NULL,
  `code` varchar(255) COLLATE utf8_unicode_ci NOT NULL,
  `symbole` varchar(3) COLLATE utf8_unicode_ci NOT NULL,
  `montant` decimal(4,3) NOT NULL,
  `scale` int(11) NOT NULL,
  `active` tinyint(1) NOT NULL,
  `par_default` tinyint(1) NOT NULL,
  PRIMARY KEY (`id`)
) ENGINE=InnoDB DEFAULT CHARSET=utf8 COLLATE=utf8_unicode_ci AUTO_INCREMENT=1 ;

-- --------------------------------------------------------

--
-- Structure de la table `ost_divers_reservation`
--

CREATE TABLE IF NOT EXISTS `ost_divers_reservation` (
  `id` int(11) NOT NULL AUTO_INCREMENT,
  `responsable_id` int(11) DEFAULT NULL,
  `client_id` int(11) DEFAULT NULL,
  `code` varchar(255) COLLATE utf8_unicode_ci DEFAULT NULL,
  `etat` int(11) NOT NULL,
  `frontOffice` tinyint(1) DEFAULT NULL,
  `commentaire` longtext COLLATE utf8_unicode_ci,
  `validated` datetime DEFAULT NULL,
  `created` datetime NOT NULL,
  `updated` datetime NOT NULL,
  `coordonnees` longtext COLLATE utf8_unicode_ci NOT NULL COMMENT '(DC2Type:array)',
  `timbre` decimal(2,1) DEFAULT NULL,
  `remise` decimal(11,3) DEFAULT NULL,
  PRIMARY KEY (`id`),
  KEY `IDX_91AAA67953C59D72` (`responsable_id`),
  KEY `IDX_91AAA67919EB6921` (`client_id`)
) ENGINE=InnoDB DEFAULT CHARSET=utf8 COLLATE=utf8_unicode_ci AUTO_INCREMENT=1 ;

-- --------------------------------------------------------

--
-- Structure de la table `ost_divers_reservation_ligne`
--

CREATE TABLE IF NOT EXISTS `ost_divers_reservation_ligne` (
  `id` int(11) NOT NULL AUTO_INCREMENT,
  `reservation_id` int(11) DEFAULT NULL,
  `parent_id` int(11) DEFAULT NULL,
  `produit_id` int(11) DEFAULT NULL,
  `designation` varchar(255) COLLATE utf8_unicode_ci NOT NULL,
  `quantite` int(11) NOT NULL,
  `nbrAdulte` int(11) NOT NULL,
  `puhtAdulte` decimal(11,3) NOT NULL,
  `puttAdulte` decimal(11,3) NOT NULL,
  `nbrEnfant` int(11) DEFAULT NULL,
  `puhtEnfant` decimal(11,3) DEFAULT NULL,
  `puttEnfant` decimal(11,3) DEFAULT NULL,
  `tauxTva` int(11) NOT NULL,
  `montantRemise` decimal(11,3) DEFAULT NULL,
  PRIMARY KEY (`id`),
  KEY `IDX_D0852A86B83297E7` (`reservation_id`),
  KEY `IDX_D0852A86727ACA70` (`parent_id`),
  KEY `IDX_D0852A86F347EFB` (`produit_id`)
) ENGINE=InnoDB DEFAULT CHARSET=utf8 COLLATE=utf8_unicode_ci AUTO_INCREMENT=1 ;

-- --------------------------------------------------------

--
-- Structure de la table `ost_div_reservations`
--

CREATE TABLE IF NOT EXISTS `ost_div_reservations` (
  `id` int(11) NOT NULL AUTO_INCREMENT,
  `client_id` int(11) DEFAULT NULL,
  `responsable_id` int(11) DEFAULT NULL,
  `amicale_id` int(11) DEFAULT NULL,
  `nomPrenom` varchar(255) COLLATE utf8_unicode_ci NOT NULL,
  `Tel` varchar(255) COLLATE utf8_unicode_ci NOT NULL,
  `email` varchar(255) COLLATE utf8_unicode_ci NOT NULL,
  `etat` int(11) NOT NULL,
  `clientArray` longtext COLLATE utf8_unicode_ci NOT NULL COMMENT '(DC2Type:array)',
  `code` varchar(255) COLLATE utf8_unicode_ci DEFAULT NULL,
  `frontOffice` tinyint(1) NOT NULL,
  `devis` tinyint(1) NOT NULL,
  `commentaire` longtext COLLATE utf8_unicode_ci,
  `validated_amicale` datetime DEFAULT NULL,
  `validated` datetime DEFAULT NULL,
  `timbre` decimal(11,3) NOT NULL,
  `remise` decimal(11,3) NOT NULL,
  `frais_dossier` decimal(11,3) NOT NULL,
  `remise_internet` decimal(11,3) NOT NULL,
  `observation` longtext COLLATE utf8_unicode_ci,
  `type_payement` int(11) DEFAULT NULL,
  `montant_payement_electronique` decimal(11,3) DEFAULT NULL,
  `status_payement` varchar(255) COLLATE utf8_unicode_ci DEFAULT NULL,
  `created` datetime NOT NULL,
  `updated` datetime NOT NULL,
  `responsableAmicale_id` int(11) DEFAULT NULL,
  PRIMARY KEY (`id`),
  KEY `IDX_57705D5119EB6921` (`client_id`),
  KEY `IDX_57705D5153C59D72` (`responsable_id`),
  KEY `IDX_57705D51FEBD183` (`amicale_id`),
  KEY `IDX_57705D51F06C2258` (`responsableAmicale_id`)
) ENGINE=InnoDB  DEFAULT CHARSET=utf8 COLLATE=utf8_unicode_ci AUTO_INCREMENT=5 ;

--
-- Contenu de la table `ost_div_reservations`
--

INSERT INTO `ost_div_reservations` (`id`, `client_id`, `responsable_id`, `amicale_id`, `nomPrenom`, `Tel`, `email`, `etat`, `clientArray`, `code`, `frontOffice`, `devis`, `commentaire`, `validated_amicale`, `validated`, `timbre`, `remise`, `frais_dossier`, `remise_internet`, `observation`, `type_payement`, `montant_payement_electronique`, `status_payement`, `created`, `updated`, `responsableAmicale_id`) VALUES
(1, 5, NULL, NULL, 'Fradj fadhloun', '53 980 209', 'zied@gmail.com', 1, 'N;', NULL, 0, 0, NULL, NULL, NULL, 0.000, 0.000, 0.000, 0.000, NULL, NULL, NULL, NULL, '2016-01-08 16:55:22', '2016-01-08 16:55:22', NULL),
(2, 4, 4, NULL, 'Passager', 'No Tel', 'zied@gmail.com', 1, 'N;', NULL, 0, 0, NULL, NULL, NULL, 0.000, 0.000, 0.000, 0.000, NULL, NULL, NULL, NULL, '2016-01-08 16:55:56', '2016-01-11 16:31:39', NULL),
(3, 6, 4, NULL, 'Maâcha Arbi', '52 557 390', 'm.arbi.maacha@gmail.com', 1, 'N;', NULL, 0, 0, NULL, NULL, NULL, 0.000, 0.000, 0.000, 0.000, NULL, NULL, NULL, NULL, '2016-01-10 14:42:13', '2016-01-11 17:00:26', NULL),
(4, 6, 4, NULL, 'Maâcha Arbi', '52 557 390', 'm.arbi.maacha@gmail.com', 2, 'a:12:{s:9:"nomPrenom";s:12:"Maâcha Arbi";s:3:"tel";s:10:"52 557 390";s:4:"tel2";s:10:"52 557 390";s:3:"fax";N;s:5:"email";s:23:"m.arbi.maacha@gmail.com";s:7:"adresse";s:8:"Mannouba";s:10:"codeDouane";N;s:10:"codePostal";N;s:11:"commentaire";N;s:5:"ville";N;s:17:"registreCommercie";N;s:16:"matriculeFiscale";N;}', NULL, 0, 0, NULL, NULL, '2016-01-12 14:26:52', 0.500, 5.000, 2.500, 0.000, NULL, NULL, NULL, NULL, '2016-01-12 14:25:47', '2016-01-12 14:26:52', NULL);

-- --------------------------------------------------------

--
-- Structure de la table `ost_div_reservations_ligne`
--

CREATE TABLE IF NOT EXISTS `ost_div_reservations_ligne` (
  `id` int(11) NOT NULL AUTO_INCREMENT,
  `reservation_id` int(11) DEFAULT NULL,
  `produit_id` int(11) DEFAULT NULL,
  `designation` longtext COLLATE utf8_unicode_ci NOT NULL,
  `achat_unitairet` decimal(11,3) NOT NULL,
  `totalAchat` decimal(11,3) NOT NULL,
  `prixUnitaireTTC` decimal(11,3) NOT NULL,
  `quantite` int(11) NOT NULL,
  `tva` decimal(11,3) NOT NULL,
  `totalTTC` decimal(11,3) NOT NULL,
  PRIMARY KEY (`id`),
  KEY `IDX_D8557F9EB83297E7` (`reservation_id`),
  KEY `IDX_D8557F9EF347EFB` (`produit_id`)
) ENGINE=InnoDB  DEFAULT CHARSET=utf8 COLLATE=utf8_unicode_ci AUTO_INCREMENT=6 ;

--
-- Contenu de la table `ost_div_reservations_ligne`
--

INSERT INTO `ost_div_reservations_ligne` (`id`, `reservation_id`, `produit_id`, `designation`, `achat_unitairet`, `totalAchat`, `prixUnitaireTTC`, `quantite`, `tva`, `totalTTC`) VALUES
(1, 1, 1, 'sqdsqd', 1.000, 3.000, 2.000, 3, 0.000, 6.000),
(2, 2, 4, 'qdsqd', 1.000, 21.000, 2.000, 21, 0.000, 42.000),
(3, 2, 2, 'qsdsqd', 4.000, 48.000, 3.000, 12, 0.000, 36.000),
(4, 3, 1, 'SHT- Hôtel el Mouradi du 08/01/2015 au 09/01/2015\r\nAu nom de Mr. Maâcha Arbi\r\n1 chambre double en LPD : 2 Adultes', 100.000, 100.000, 120.000, 1, 0.000, 120.000),
(5, 4, 1, '<p>S&eacute;jour H&ocirc;tel en Tunisie <strong>AlHambra Thalasso</strong></p>\r\n\r\n<p>du&nbsp;<strong>01/01/2015&nbsp;</strong>au&nbsp;<strong>02/01/2015</strong>&nbsp;soit&nbsp;<strong>1 nuit&eacute;e</strong></p>\r\n\r\n<ul>\r\n	<li>Chambre double en <strong>LPD</strong></li>\r\n</ul>\r\n\r\n<p>&nbsp; &nbsp; &nbsp; &nbsp; &nbsp; &nbsp; &nbsp; &nbsp; 2 Adultes</p>\r\n\r\n<ul>\r\n	<li>Chambre single en <strong>PC</strong></li>\r\n</ul>', 100.000, 200.000, 120.000, 2, 0.000, 240.000);

-- --------------------------------------------------------

--
-- Structure de la table `ost_emails`
--

CREATE TABLE IF NOT EXISTS `ost_emails` (
  `id` int(11) NOT NULL AUTO_INCREMENT,
  `email` varchar(255) COLLATE utf8_unicode_ci NOT NULL,
  `creation_back` tinyint(1) DEFAULT NULL,
  `creation_front` tinyint(1) DEFAULT NULL,
  `validation` tinyint(1) DEFAULT NULL,
  `annulation` tinyint(1) DEFAULT NULL,
  PRIMARY KEY (`id`)
) ENGINE=InnoDB  DEFAULT CHARSET=utf8 COLLATE=utf8_unicode_ci AUTO_INCREMENT=3 ;

--
-- Contenu de la table `ost_emails`
--

INSERT INTO `ost_emails` (`id`, `email`, `creation_back`, `creation_front`, `validation`, `annulation`) VALUES
(1, 'm.arbi.maacha@gmail.com', 1, 1, 1, 1),
(2, 'zied.kharraz@gmail.com', 1, 1, 0, 1);

-- --------------------------------------------------------

--
-- Structure de la table `ost_emails_produits`
--

CREATE TABLE IF NOT EXISTS `ost_emails_produits` (
  `email_id` int(11) NOT NULL,
  `produit_id` int(11) NOT NULL,
  PRIMARY KEY (`email_id`,`produit_id`),
  KEY `IDX_9DAE2F2BA832C1C9` (`email_id`),
  KEY `IDX_9DAE2F2BF347EFB` (`produit_id`)
) ENGINE=InnoDB DEFAULT CHARSET=utf8 COLLATE=utf8_unicode_ci;

--
-- Contenu de la table `ost_emails_produits`
--

INSERT INTO `ost_emails_produits` (`email_id`, `produit_id`) VALUES
(1, 1),
(1, 2),
(1, 3),
(1, 4),
(1, 5),
(1, 6),
(2, 1),
(2, 2),
(2, 3),
(2, 4),
(2, 5),
(2, 6);

-- --------------------------------------------------------

--
-- Structure de la table `ost_etat`
--

CREATE TABLE IF NOT EXISTS `ost_etat` (
  `id` int(11) NOT NULL AUTO_INCREMENT,
  `produit_id` int(11) DEFAULT NULL,
  `libelle` varchar(255) COLLATE utf8_unicode_ci NOT NULL,
  PRIMARY KEY (`id`),
  KEY `IDX_EF17987BF347EFB` (`produit_id`)
) ENGINE=InnoDB  DEFAULT CHARSET=utf8 COLLATE=utf8_unicode_ci AUTO_INCREMENT=4 ;

--
-- Contenu de la table `ost_etat`
--

INSERT INTO `ost_etat` (`id`, `produit_id`, `libelle`) VALUES
(1, 1, 'En attente du client'),
(2, 3, 'En attente du client'),
(3, 1, 'Appel client, ça sonne mais ça répond pas');

-- --------------------------------------------------------

--
-- Structure de la table `ost_front_accueil`
--

CREATE TABLE IF NOT EXISTS `ost_front_accueil` (
  `id` int(11) NOT NULL AUTO_INCREMENT,
  `photo1_id` int(11) DEFAULT NULL,
  `photo2_id` int(11) DEFAULT NULL,
  `photo3_id` int(11) DEFAULT NULL,
  `titre1` varchar(255) COLLATE utf8_unicode_ci NOT NULL,
  `texte1` longtext COLLATE utf8_unicode_ci NOT NULL,
  `lien1` varchar(255) COLLATE utf8_unicode_ci NOT NULL,
  `titre2` varchar(255) COLLATE utf8_unicode_ci NOT NULL,
  `texte2` longtext COLLATE utf8_unicode_ci NOT NULL,
  `lien2` varchar(255) COLLATE utf8_unicode_ci NOT NULL,
  `titre3` varchar(255) COLLATE utf8_unicode_ci NOT NULL,
  `texte3` longtext COLLATE utf8_unicode_ci NOT NULL,
  `lien3` varchar(255) COLLATE utf8_unicode_ci NOT NULL,
  `description` varchar(255) COLLATE utf8_unicode_ci NOT NULL,
  `skype` varchar(255) COLLATE utf8_unicode_ci NOT NULL,
  `facebook` varchar(255) COLLATE utf8_unicode_ci NOT NULL,
  `googlePlus` varchar(255) COLLATE utf8_unicode_ci NOT NULL,
  `youtube` varchar(255) COLLATE utf8_unicode_ci NOT NULL,
  PRIMARY KEY (`id`),
  KEY `IDX_A340FE8F321C7CD4` (`photo1_id`),
  KEY `IDX_A340FE8F20A9D33A` (`photo2_id`),
  KEY `IDX_A340FE8F9815B45F` (`photo3_id`)
) ENGINE=InnoDB  DEFAULT CHARSET=utf8 COLLATE=utf8_unicode_ci AUTO_INCREMENT=2 ;

--
-- Contenu de la table `ost_front_accueil`
--

INSERT INTO `ost_front_accueil` (`id`, `photo1_id`, `photo2_id`, `photo3_id`, `titre1`, `texte1`, `lien1`, `titre2`, `texte2`, `lien2`, `titre3`, `texte3`, `lien3`, `description`, `skype`, `facebook`, `googlePlus`, `youtube`) VALUES
(1, 1, 2, 3, 'Vente Directe  en Ligne', 'Réservation d''un Hotel en Tunisie vous pouvez réserver le jour même votre nuit d’hôtel  même depuis votre téléphone mobile ou votre tablette', 'http://ole.octasoft.tn/', 'Hôtels dans le Monde', 'Retrouvez en quelques clics nos meilleures offres d''hôtels dans le monde quelque soit votre destination', 'http://ole.octasoft.tn/hotels_dans_le_monde', 'Voyage en Liberté', 'Vol avec Hôtel pour des vacances adaptées à vos envies. Accéder à des villes dans le monde  sans vous ruiner et quand vous voulez', 'http://ole.octasoft.tn/VoyageOrganise/', 'Olé Voyages vous permet d''accéder à ces moments privilégiés.Nous vous invitons \r\nà découvrir notre collection de voyages .', 'olevoyages', 'https://www.facebook.com/olevoyage?ref=br_rs', 'https://plus.google.com/u/0/107523031158921695669/about', 'https://www.youtube.com/channel/UC9LdhvP0aXgApIihBWtZ6xg');

-- --------------------------------------------------------

--
-- Structure de la table `ost_front_blockmetro`
--

CREATE TABLE IF NOT EXISTS `ost_front_blockmetro` (
  `id` int(11) NOT NULL AUTO_INCREMENT,
  `theme1_id` int(11) DEFAULT NULL,
  `photo1_id` int(11) DEFAULT NULL,
  `theme2_id` int(11) DEFAULT NULL,
  `photo2_id` int(11) DEFAULT NULL,
  `theme3_id` int(11) DEFAULT NULL,
  `photo3_id` int(11) DEFAULT NULL,
  `theme4_id` int(11) DEFAULT NULL,
  `photo4_id` int(11) DEFAULT NULL,
  `theme5_id` int(11) DEFAULT NULL,
  `photo5_id` int(11) DEFAULT NULL,
  `theme6_id` int(11) DEFAULT NULL,
  `photo6_id` int(11) DEFAULT NULL,
  `theme7_id` int(11) DEFAULT NULL,
  `photo7_id` int(11) DEFAULT NULL,
  `theme8_id` int(11) DEFAULT NULL,
  `photo8_id` int(11) DEFAULT NULL,
  `libelle` varchar(255) COLLATE utf8_unicode_ci NOT NULL,
  PRIMARY KEY (`id`),
  KEY `IDX_AF9AEFCDA5E93964` (`theme1_id`),
  KEY `IDX_AF9AEFCD321C7CD4` (`photo1_id`),
  KEY `IDX_AF9AEFCDB75C968A` (`theme2_id`),
  KEY `IDX_AF9AEFCD20A9D33A` (`photo2_id`),
  KEY `IDX_AF9AEFCDFE0F1EF` (`theme3_id`),
  KEY `IDX_AF9AEFCD9815B45F` (`photo3_id`),
  KEY `IDX_AF9AEFCD9237C956` (`theme4_id`),
  KEY `IDX_AF9AEFCD5C28CE6` (`photo4_id`),
  KEY `IDX_AF9AEFCD2A8BAE33` (`theme5_id`),
  KEY `IDX_AF9AEFCDBD7EEB83` (`photo5_id`),
  KEY `IDX_AF9AEFCD383E01DD` (`theme6_id`),
  KEY `IDX_AF9AEFCDAFCB446D` (`photo6_id`),
  KEY `IDX_AF9AEFCD808266B8` (`theme7_id`),
  KEY `IDX_AF9AEFCD17772308` (`photo7_id`),
  KEY `IDX_AF9AEFCDD8E176EE` (`theme8_id`),
  KEY `IDX_AF9AEFCD4F14335E` (`photo8_id`)
) ENGINE=InnoDB  DEFAULT CHARSET=utf8 COLLATE=utf8_unicode_ci AUTO_INCREMENT=2 ;

--
-- Contenu de la table `ost_front_blockmetro`
--

INSERT INTO `ost_front_blockmetro` (`id`, `theme1_id`, `photo1_id`, `theme2_id`, `photo2_id`, `theme3_id`, `photo3_id`, `theme4_id`, `photo4_id`, `theme5_id`, `photo5_id`, `theme6_id`, `photo6_id`, `theme7_id`, `photo7_id`, `theme8_id`, `photo8_id`, `libelle`) VALUES
(1, 5, 1, 3, 2, 1, 3, 4, 4, 2, 5, 8, 6, 7, 7, 6, 8, 'Olé Sélection');

-- --------------------------------------------------------

--
-- Structure de la table `ost_front_blockmetro_pr`
--

CREATE TABLE IF NOT EXISTS `ost_front_blockmetro_pr` (
  `id` int(11) NOT NULL AUTO_INCREMENT,
  `theme1_id` int(11) DEFAULT NULL,
  `photo1_id` int(11) DEFAULT NULL,
  `theme2_id` int(11) DEFAULT NULL,
  `photo2_id` int(11) DEFAULT NULL,
  `theme3_id` int(11) DEFAULT NULL,
  `photo3_id` int(11) DEFAULT NULL,
  `theme4_id` int(11) DEFAULT NULL,
  `photo4_id` int(11) DEFAULT NULL,
  `theme5_id` int(11) DEFAULT NULL,
  `photo5_id` int(11) DEFAULT NULL,
  `theme6_id` int(11) DEFAULT NULL,
  `photo6_id` int(11) DEFAULT NULL,
  `theme7_id` int(11) DEFAULT NULL,
  `photo7_id` int(11) DEFAULT NULL,
  `theme8_id` int(11) DEFAULT NULL,
  `photo8_id` int(11) DEFAULT NULL,
  `libelle` varchar(255) COLLATE utf8_unicode_ci NOT NULL,
  PRIMARY KEY (`id`),
  KEY `IDX_59DE49BCA5E93964` (`theme1_id`),
  KEY `IDX_59DE49BC321C7CD4` (`photo1_id`),
  KEY `IDX_59DE49BCB75C968A` (`theme2_id`),
  KEY `IDX_59DE49BC20A9D33A` (`photo2_id`),
  KEY `IDX_59DE49BCFE0F1EF` (`theme3_id`),
  KEY `IDX_59DE49BC9815B45F` (`photo3_id`),
  KEY `IDX_59DE49BC9237C956` (`theme4_id`),
  KEY `IDX_59DE49BC5C28CE6` (`photo4_id`),
  KEY `IDX_59DE49BC2A8BAE33` (`theme5_id`),
  KEY `IDX_59DE49BCBD7EEB83` (`photo5_id`),
  KEY `IDX_59DE49BC383E01DD` (`theme6_id`),
  KEY `IDX_59DE49BCAFCB446D` (`photo6_id`),
  KEY `IDX_59DE49BC808266B8` (`theme7_id`),
  KEY `IDX_59DE49BC17772308` (`photo7_id`),
  KEY `IDX_59DE49BCD8E176EE` (`theme8_id`),
  KEY `IDX_59DE49BC4F14335E` (`photo8_id`)
) ENGINE=InnoDB  DEFAULT CHARSET=utf8 COLLATE=utf8_unicode_ci AUTO_INCREMENT=2 ;

--
-- Contenu de la table `ost_front_blockmetro_pr`
--

INSERT INTO `ost_front_blockmetro_pr` (`id`, `theme1_id`, `photo1_id`, `theme2_id`, `photo2_id`, `theme3_id`, `photo3_id`, `theme4_id`, `photo4_id`, `theme5_id`, `photo5_id`, `theme6_id`, `photo6_id`, `theme7_id`, `photo7_id`, `theme8_id`, `photo8_id`, `libelle`) VALUES
(1, 6, 17, 4, 18, 3, 19, 7, 20, 9, 21, 8, 22, 2, 23, 1, 24, 'Nos Programmes');

-- --------------------------------------------------------

--
-- Structure de la table `ost_front_blockmetro_sht`
--

CREATE TABLE IF NOT EXISTS `ost_front_blockmetro_sht` (
  `id` int(11) NOT NULL AUTO_INCREMENT,
  `tag1_id` int(11) DEFAULT NULL,
  `photo1_id` int(11) DEFAULT NULL,
  `tag2_id` int(11) DEFAULT NULL,
  `photo2_id` int(11) DEFAULT NULL,
  `tag3_id` int(11) DEFAULT NULL,
  `photo3_id` int(11) DEFAULT NULL,
  `tag4_id` int(11) DEFAULT NULL,
  `photo4_id` int(11) DEFAULT NULL,
  `tag5_id` int(11) DEFAULT NULL,
  `photo5_id` int(11) DEFAULT NULL,
  `tag6_id` int(11) DEFAULT NULL,
  `photo6_id` int(11) DEFAULT NULL,
  `tag7_id` int(11) DEFAULT NULL,
  `photo7_id` int(11) DEFAULT NULL,
  `tag8_id` int(11) DEFAULT NULL,
  `photo8_id` int(11) DEFAULT NULL,
  `libelle` varchar(255) COLLATE utf8_unicode_ci NOT NULL,
  PRIMARY KEY (`id`),
  KEY `IDX_F58F3FC4BC66DF02` (`tag1_id`),
  KEY `IDX_F58F3FC4321C7CD4` (`photo1_id`),
  KEY `IDX_F58F3FC4AED370EC` (`tag2_id`),
  KEY `IDX_F58F3FC420A9D33A` (`photo2_id`),
  KEY `IDX_F58F3FC4166F1789` (`tag3_id`),
  KEY `IDX_F58F3FC49815B45F` (`photo3_id`),
  KEY `IDX_F58F3FC48BB82F30` (`tag4_id`),
  KEY `IDX_F58F3FC45C28CE6` (`photo4_id`),
  KEY `IDX_F58F3FC433044855` (`tag5_id`),
  KEY `IDX_F58F3FC4BD7EEB83` (`photo5_id`),
  KEY `IDX_F58F3FC421B1E7BB` (`tag6_id`),
  KEY `IDX_F58F3FC4AFCB446D` (`photo6_id`),
  KEY `IDX_F58F3FC4990D80DE` (`tag7_id`),
  KEY `IDX_F58F3FC417772308` (`photo7_id`),
  KEY `IDX_F58F3FC4C16E9088` (`tag8_id`),
  KEY `IDX_F58F3FC44F14335E` (`photo8_id`)
) ENGINE=InnoDB  DEFAULT CHARSET=utf8 COLLATE=utf8_unicode_ci AUTO_INCREMENT=2 ;

--
-- Contenu de la table `ost_front_blockmetro_sht`
--

INSERT INTO `ost_front_blockmetro_sht` (`id`, `tag1_id`, `photo1_id`, `tag2_id`, `photo2_id`, `tag3_id`, `photo3_id`, `tag4_id`, `photo4_id`, `tag5_id`, `photo5_id`, `tag6_id`, `photo6_id`, `tag7_id`, `photo7_id`, `tag8_id`, `photo8_id`, `libelle`) VALUES
(1, 1, 9, 10, 10, 5, 11, 16, 12, 17, 13, 3, 14, 7, 15, 9, 16, 'Hôtels en Tunisie');

-- --------------------------------------------------------

--
-- Structure de la table `ost_front_filtre_theme_categorie_pr`
--

CREATE TABLE IF NOT EXISTS `ost_front_filtre_theme_categorie_pr` (
  `id` int(11) NOT NULL AUTO_INCREMENT,
  `ordre` int(11) NOT NULL,
  `themeCategorie_id` int(11) DEFAULT NULL,
  `position` int(11) NOT NULL,
  PRIMARY KEY (`id`),
  KEY `IDX_BED4F11D12529D24` (`themeCategorie_id`)
) ENGINE=InnoDB  DEFAULT CHARSET=utf8 COLLATE=utf8_unicode_ci AUTO_INCREMENT=2 ;

--
-- Contenu de la table `ost_front_filtre_theme_categorie_pr`
--

INSERT INTO `ost_front_filtre_theme_categorie_pr` (`id`, `ordre`, `themeCategorie_id`, `position`) VALUES
(1, 1, 1, 0);

-- --------------------------------------------------------

--
-- Structure de la table `ost_front_filtre_theme_categorie_sht`
--

CREATE TABLE IF NOT EXISTS `ost_front_filtre_theme_categorie_sht` (
  `id` int(11) NOT NULL AUTO_INCREMENT,
  `ordre` int(11) NOT NULL,
  `themeCategorie_id` int(11) DEFAULT NULL,
  `position` int(11) NOT NULL,
  PRIMARY KEY (`id`),
  KEY `IDX_54B9A60212529D24` (`themeCategorie_id`)
) ENGINE=InnoDB  DEFAULT CHARSET=utf8 COLLATE=utf8_unicode_ci AUTO_INCREMENT=2 ;

--
-- Contenu de la table `ost_front_filtre_theme_categorie_sht`
--

INSERT INTO `ost_front_filtre_theme_categorie_sht` (`id`, `ordre`, `themeCategorie_id`, `position`) VALUES
(1, 1, 1, 0);

-- --------------------------------------------------------

--
-- Structure de la table `ost_front_filtre_theme_categorie_vo`
--

CREATE TABLE IF NOT EXISTS `ost_front_filtre_theme_categorie_vo` (
  `id` int(11) NOT NULL AUTO_INCREMENT,
  `ordre` int(11) NOT NULL,
  `themeCategorie_id` int(11) DEFAULT NULL,
  `type` int(11) NOT NULL,
  `position` int(11) NOT NULL,
  PRIMARY KEY (`id`),
  KEY `IDX_8B883A4212529D24` (`themeCategorie_id`)
) ENGINE=InnoDB  DEFAULT CHARSET=utf8 COLLATE=utf8_unicode_ci AUTO_INCREMENT=3 ;

--
-- Contenu de la table `ost_front_filtre_theme_categorie_vo`
--

INSERT INTO `ost_front_filtre_theme_categorie_vo` (`id`, `ordre`, `themeCategorie_id`, `type`, `position`) VALUES
(1, 1, 2, 1, 0),
(2, 2, 1, 1, 0);

-- --------------------------------------------------------

--
-- Structure de la table `ost_front_hotelsdeux`
--

CREATE TABLE IF NOT EXISTS `ost_front_hotelsdeux` (
  `id` int(11) NOT NULL AUTO_INCREMENT,
  `hotel1_id` int(11) DEFAULT NULL,
  `hotel2_id` int(11) DEFAULT NULL,
  `hotel3_id` int(11) DEFAULT NULL,
  `hotel4_id` int(11) DEFAULT NULL,
  `hotel5_id` int(11) DEFAULT NULL,
  `hotel6_id` int(11) DEFAULT NULL,
  `label` varchar(255) COLLATE utf8_unicode_ci NOT NULL,
  `lien` varchar(255) COLLATE utf8_unicode_ci DEFAULT NULL,
  `libellelien` varchar(255) COLLATE utf8_unicode_ci DEFAULT NULL,
  `arrangement1` varchar(255) COLLATE utf8_unicode_ci DEFAULT NULL,
  `prix1` varchar(255) COLLATE utf8_unicode_ci DEFAULT NULL,
  `arrangement2` varchar(255) COLLATE utf8_unicode_ci DEFAULT NULL,
  `prix2` varchar(255) COLLATE utf8_unicode_ci DEFAULT NULL,
  `arrangement3` varchar(255) COLLATE utf8_unicode_ci DEFAULT NULL,
  `prix3` varchar(255) COLLATE utf8_unicode_ci DEFAULT NULL,
  `arrangement4` varchar(255) COLLATE utf8_unicode_ci DEFAULT NULL,
  `prix4` varchar(255) COLLATE utf8_unicode_ci DEFAULT NULL,
  `arrangement5` varchar(255) COLLATE utf8_unicode_ci DEFAULT NULL,
  `prix5` varchar(255) COLLATE utf8_unicode_ci DEFAULT NULL,
  `arrangement6` varchar(255) COLLATE utf8_unicode_ci DEFAULT NULL,
  `prix6` varchar(255) COLLATE utf8_unicode_ci DEFAULT NULL,
  `updated_at` datetime DEFAULT NULL,
  `path` varchar(255) COLLATE utf8_unicode_ci DEFAULT NULL,
  PRIMARY KEY (`id`),
  KEY `IDX_682BFFFFC532F67E` (`hotel1_id`),
  KEY `IDX_682BFFFFD7875990` (`hotel2_id`),
  KEY `IDX_682BFFFF6F3B3EF5` (`hotel3_id`),
  KEY `IDX_682BFFFFF2EC064C` (`hotel4_id`),
  KEY `IDX_682BFFFF4A506129` (`hotel5_id`),
  KEY `IDX_682BFFFF58E5CEC7` (`hotel6_id`)
) ENGINE=InnoDB  DEFAULT CHARSET=utf8 COLLATE=utf8_unicode_ci AUTO_INCREMENT=2 ;

--
-- Contenu de la table `ost_front_hotelsdeux`
--

INSERT INTO `ost_front_hotelsdeux` (`id`, `hotel1_id`, `hotel2_id`, `hotel3_id`, `hotel4_id`, `hotel5_id`, `hotel6_id`, `label`, `lien`, `libellelien`, `arrangement1`, `prix1`, `arrangement2`, `prix2`, `arrangement3`, `prix3`, `arrangement4`, `prix4`, `arrangement5`, `prix5`, `arrangement6`, `prix6`, `updated_at`, `path`) VALUES
(1, 59, 59, 59, 59, 59, 59, 'Hôtels recommandés', 'http://jektis.octasoft.tn/HotelTunisie/liste', 'Voir toute la liste', 'LPD', '120', 'LPD', '120', 'LPD', '120', 'LPD', '120', 'LPD', '120', 'LPD', '120', '2016-01-11 15:18:32', 'ad0002475de64b9bbe4b61ed28bb26856d3aafe6.jpeg');

-- --------------------------------------------------------

--
-- Structure de la table `ost_front_hotelsun`
--

CREATE TABLE IF NOT EXISTS `ost_front_hotelsun` (
  `id` int(11) NOT NULL AUTO_INCREMENT,
  `hotel1_id` int(11) DEFAULT NULL,
  `hotel2_id` int(11) DEFAULT NULL,
  `hotel3_id` int(11) DEFAULT NULL,
  `hotel4_id` int(11) DEFAULT NULL,
  `hotel5_id` int(11) DEFAULT NULL,
  `hotel6_id` int(11) DEFAULT NULL,
  `label1` varchar(255) COLLATE utf8_unicode_ci DEFAULT NULL,
  `lien` varchar(255) COLLATE utf8_unicode_ci DEFAULT NULL,
  `libellelien` varchar(255) COLLATE utf8_unicode_ci DEFAULT NULL,
  `arrangement1` varchar(255) COLLATE utf8_unicode_ci DEFAULT NULL,
  `prix1` varchar(255) COLLATE utf8_unicode_ci DEFAULT NULL,
  `ancienprix1` varchar(255) COLLATE utf8_unicode_ci DEFAULT NULL,
  `arrangement2` varchar(255) COLLATE utf8_unicode_ci DEFAULT NULL,
  `prix2` varchar(255) COLLATE utf8_unicode_ci DEFAULT NULL,
  `ancienprix2` varchar(255) COLLATE utf8_unicode_ci DEFAULT NULL,
  `arrangement3` varchar(255) COLLATE utf8_unicode_ci DEFAULT NULL,
  `prix3` varchar(255) COLLATE utf8_unicode_ci DEFAULT NULL,
  `ancienprix3` varchar(255) COLLATE utf8_unicode_ci DEFAULT NULL,
  `arrangement4` varchar(255) COLLATE utf8_unicode_ci DEFAULT NULL,
  `prix4` varchar(255) COLLATE utf8_unicode_ci DEFAULT NULL,
  `ancienprix4` varchar(255) COLLATE utf8_unicode_ci DEFAULT NULL,
  `arrangement5` varchar(255) COLLATE utf8_unicode_ci DEFAULT NULL,
  `prix5` varchar(255) COLLATE utf8_unicode_ci DEFAULT NULL,
  `ancienprix5` varchar(255) COLLATE utf8_unicode_ci DEFAULT NULL,
  `arrangement6` varchar(255) COLLATE utf8_unicode_ci DEFAULT NULL,
  `prix6` varchar(255) COLLATE utf8_unicode_ci DEFAULT NULL,
  `ancienprix6` varchar(255) COLLATE utf8_unicode_ci DEFAULT NULL,
  `updated_at` datetime DEFAULT NULL,
  `path` varchar(255) COLLATE utf8_unicode_ci DEFAULT NULL,
  PRIMARY KEY (`id`),
  KEY `IDX_54C96957C532F67E` (`hotel1_id`),
  KEY `IDX_54C96957D7875990` (`hotel2_id`),
  KEY `IDX_54C969576F3B3EF5` (`hotel3_id`),
  KEY `IDX_54C96957F2EC064C` (`hotel4_id`),
  KEY `IDX_54C969574A506129` (`hotel5_id`),
  KEY `IDX_54C9695758E5CEC7` (`hotel6_id`)
) ENGINE=InnoDB  DEFAULT CHARSET=utf8 COLLATE=utf8_unicode_ci AUTO_INCREMENT=2 ;

--
-- Contenu de la table `ost_front_hotelsun`
--

INSERT INTO `ost_front_hotelsun` (`id`, `hotel1_id`, `hotel2_id`, `hotel3_id`, `hotel4_id`, `hotel5_id`, `hotel6_id`, `label1`, `lien`, `libellelien`, `arrangement1`, `prix1`, `ancienprix1`, `arrangement2`, `prix2`, `ancienprix2`, `arrangement3`, `prix3`, `ancienprix3`, `arrangement4`, `prix4`, `ancienprix4`, `arrangement5`, `prix5`, `ancienprix5`, `arrangement6`, `prix6`, `ancienprix6`, `updated_at`, `path`) VALUES
(1, 59, 59, 59, 59, 59, 59, 'Top Promos Hôtels', 'http://jektis.octasoft.tn/HotelTunisie/liste', 'Voir toute la liste', 'LPD', '120', '140', 'LPD', '120', '140', 'LPD', '120', '140', 'LPD', '120', '140', 'LPD', '120', '140', 'LPD', '120', '140', '2016-01-11 15:16:26', 'bcb8b99811871dfafe7f8f8af404c6c18a2b87cc.jpeg');

-- --------------------------------------------------------

--
-- Structure de la table `ost_front_iconeaccueilblocs`
--

CREATE TABLE IF NOT EXISTS `ost_front_iconeaccueilblocs` (
  `id` int(11) NOT NULL AUTO_INCREMENT,
  `updated_at` datetime DEFAULT NULL,
  `path` varchar(255) COLLATE utf8_unicode_ci DEFAULT NULL,
  PRIMARY KEY (`id`)
) ENGINE=InnoDB  DEFAULT CHARSET=utf8 COLLATE=utf8_unicode_ci AUTO_INCREMENT=6 ;

--
-- Contenu de la table `ost_front_iconeaccueilblocs`
--

INSERT INTO `ost_front_iconeaccueilblocs` (`id`, `updated_at`, `path`) VALUES
(1, '2016-01-11 15:35:48', NULL),
(2, '2016-01-11 15:35:48', NULL),
(3, '2016-01-11 15:35:48', NULL),
(4, '2016-01-11 15:35:48', NULL),
(5, '2016-01-11 15:35:48', NULL);

-- --------------------------------------------------------

--
-- Structure de la table `ost_front_media_accueil`
--

CREATE TABLE IF NOT EXISTS `ost_front_media_accueil` (
  `id` int(11) NOT NULL AUTO_INCREMENT,
  `updated_at` datetime DEFAULT NULL,
  `path` varchar(255) COLLATE utf8_unicode_ci DEFAULT NULL,
  PRIMARY KEY (`id`)
) ENGINE=InnoDB  DEFAULT CHARSET=utf8 COLLATE=utf8_unicode_ci AUTO_INCREMENT=4 ;

--
-- Contenu de la table `ost_front_media_accueil`
--

INSERT INTO `ost_front_media_accueil` (`id`, `updated_at`, `path`) VALUES
(1, '2015-10-13 11:28:13', '816c0e13e88e26d0cb5bb125c34738c123d8ff3c.jpeg'),
(2, '2015-10-13 11:28:13', '4cc6964083019c926115da1e29c78e478a59bf9b.jpeg'),
(3, '2015-10-13 11:28:13', 'f3f9e4fa269f44640cb5fcf0cdec39a2cf32a51a.jpeg');

-- --------------------------------------------------------

--
-- Structure de la table `ost_front_programmedeux`
--

CREATE TABLE IF NOT EXISTS `ost_front_programmedeux` (
  `id` int(11) NOT NULL AUTO_INCREMENT,
  `programme_id` int(11) DEFAULT NULL,
  `ordre` int(11) NOT NULL,
  `principale` tinyint(1) DEFAULT NULL,
  `visible` tinyint(1) DEFAULT NULL,
  PRIMARY KEY (`id`),
  KEY `IDX_9022896A62BB7AEE` (`programme_id`)
) ENGINE=InnoDB  DEFAULT CHARSET=utf8 COLLATE=utf8_unicode_ci AUTO_INCREMENT=6 ;

--
-- Contenu de la table `ost_front_programmedeux`
--

INSERT INTO `ost_front_programmedeux` (`id`, `programme_id`, `ordre`, `principale`, `visible`) VALUES
(1, 5, 1, 1, 1),
(2, 13, 2, 1, 1),
(3, 10, 3, 1, 1),
(4, 3, 4, 1, 1),
(5, 11, 5, 1, 1);

-- --------------------------------------------------------

--
-- Structure de la table `ost_front_programmeun`
--

CREATE TABLE IF NOT EXISTS `ost_front_programmeun` (
  `id` int(11) NOT NULL AUTO_INCREMENT,
  `programme_id` int(11) DEFAULT NULL,
  `ordre` int(11) NOT NULL,
  `principale` tinyint(1) DEFAULT NULL,
  `visible` tinyint(1) DEFAULT NULL,
  PRIMARY KEY (`id`),
  KEY `IDX_E764400762BB7AEE` (`programme_id`)
) ENGINE=InnoDB  DEFAULT CHARSET=utf8 COLLATE=utf8_unicode_ci AUTO_INCREMENT=6 ;

--
-- Contenu de la table `ost_front_programmeun`
--

INSERT INTO `ost_front_programmeun` (`id`, `programme_id`, `ordre`, `principale`, `visible`) VALUES
(1, 4, 1, 1, 1),
(2, 10, 2, 1, 1),
(3, 10, 3, 1, 1),
(4, 7, 4, 1, 1),
(5, 13, 5, 1, 1);

-- --------------------------------------------------------

--
-- Structure de la table `ost_front_silder`
--

CREATE TABLE IF NOT EXISTS `ost_front_silder` (
  `id` int(11) NOT NULL AUTO_INCREMENT,
  `ordre` int(11) NOT NULL,
  `url` varchar(255) COLLATE utf8_unicode_ci DEFAULT NULL,
  `updated_at` datetime DEFAULT NULL,
  `path` varchar(255) COLLATE utf8_unicode_ci DEFAULT NULL,
  `titre` varchar(255) COLLATE utf8_unicode_ci DEFAULT NULL,
  `texte` varchar(255) COLLATE utf8_unicode_ci DEFAULT NULL,
  `theme` varchar(255) COLLATE utf8_unicode_ci DEFAULT NULL,
  PRIMARY KEY (`id`)
) ENGINE=InnoDB  DEFAULT CHARSET=utf8 COLLATE=utf8_unicode_ci AUTO_INCREMENT=5 ;

--
-- Contenu de la table `ost_front_silder`
--

INSERT INTO `ost_front_silder` (`id`, `ordre`, `url`, `updated_at`, `path`, `titre`, `texte`, `theme`) VALUES
(1, 1, 'http://jektis.octasoft.tn/', '2016-01-11 21:08:05', 'f32532396259166bd024cf444f13ca33e8e22328.jpeg', 'Title 2 for banner', 'text for banner is an exemple to set', 'Voyage petit budget, City Break'),
(2, 2, 'http://jektis.octasoft.tn', '2016-01-11 21:08:05', '20c74ad976f3c1b6ed101ed30c928f6cbd496dde.jpeg', 'Title 1 for banner', 'text for banner is an exemple to set', 'Soirée Laïco Hammamet'),
(3, 3, 'http://jektis.octasoft.tn/', '2016-01-11 21:08:05', '23e203189e85d0cc78195847e641941e17a80c7a.jpeg', 'Title 3 for banner', 'text for banner is an exemple to set', 'Voyage petit budget, City Break'),
(4, 4, 'http://jektis.octasoft.tn/', '2016-01-11 21:08:05', '764f42f1c3604500a741fd835790f8e395de3e8f.jpeg', 'Title 3 for banner4', 'text for banner is an exemple to set', 'Voyage petit budget, City Break');

-- --------------------------------------------------------

--
-- Structure de la table `ost_front_silderprg`
--

CREATE TABLE IF NOT EXISTS `ost_front_silderprg` (
  `id` int(11) NOT NULL AUTO_INCREMENT,
  `ordre` int(11) NOT NULL,
  `titre1` varchar(255) COLLATE utf8_unicode_ci DEFAULT NULL,
  `titre2` varchar(255) COLLATE utf8_unicode_ci DEFAULT NULL,
  `titre3` varchar(255) COLLATE utf8_unicode_ci DEFAULT NULL,
  `url` varchar(255) COLLATE utf8_unicode_ci DEFAULT NULL,
  `updated_at` datetime DEFAULT NULL,
  `path` varchar(255) COLLATE utf8_unicode_ci DEFAULT NULL,
  PRIMARY KEY (`id`)
) ENGINE=InnoDB  DEFAULT CHARSET=utf8 COLLATE=utf8_unicode_ci AUTO_INCREMENT=6 ;

--
-- Contenu de la table `ost_front_silderprg`
--

INSERT INTO `ost_front_silderprg` (`id`, `ordre`, `titre1`, `titre2`, `titre3`, `url`, `updated_at`, `path`) VALUES
(3, 2, '', '', '', 'http://ole.octasoft.tn/admin/FrontOffice/Programme/slider', '2015-10-13 12:08:13', 'fbf61e967e6395bc72aa571b6503824a58f4172c.jpeg'),
(4, 3, '', '', '', 'http://ole.octasoft.tn/admin/FrontOffice/Programme/slider', '2015-10-13 12:08:13', '68c221af4793b2b99572c2bcc381202fa722e404.jpeg'),
(5, 1, '', '', '', 'http://ole.octasoft.tn/admin/FrontOffice/Programme/slider', '2015-10-13 12:08:13', '408847b71a3484651d8ae8d02a9f43de3a6db394.jpeg');

-- --------------------------------------------------------

--
-- Structure de la table `ost_front_sildersht`
--

CREATE TABLE IF NOT EXISTS `ost_front_sildersht` (
  `id` int(11) NOT NULL AUTO_INCREMENT,
  `ordre` int(11) NOT NULL,
  `titre1` varchar(255) COLLATE utf8_unicode_ci DEFAULT NULL,
  `titre2` varchar(255) COLLATE utf8_unicode_ci DEFAULT NULL,
  `titre3` varchar(255) COLLATE utf8_unicode_ci DEFAULT NULL,
  `url` varchar(255) COLLATE utf8_unicode_ci DEFAULT NULL,
  `updated_at` datetime DEFAULT NULL,
  `path` varchar(255) COLLATE utf8_unicode_ci DEFAULT NULL,
  PRIMARY KEY (`id`)
) ENGINE=InnoDB  DEFAULT CHARSET=utf8 COLLATE=utf8_unicode_ci AUTO_INCREMENT=14 ;

--
-- Contenu de la table `ost_front_sildersht`
--

INSERT INTO `ost_front_sildersht` (`id`, `ordre`, `titre1`, `titre2`, `titre3`, `url`, `updated_at`, `path`) VALUES
(6, 2, '', '', '', 'http://ole.octasoft.tn/admin/FrontOffice/HotelTunisie/slider', '2015-10-13 09:49:57', '18af2266510175e69494d66722bdce88422f79b5.jpeg'),
(10, 3, '', '', '', 'http://ole.octasoft.tn/admin/FrontOffice/HotelTunisie/slider', '2015-10-13 09:49:57', '06cd74f1093ccd30aa115b154d4d613401cea90b.jpeg'),
(13, 1, '', '', '', 'http://ole.octasoft.tn/admin/FrontOffice/HotelTunisie/slider', '2015-10-13 09:49:57', 'a833290e2a66e4a41016c42337788c3e0bcd32a6.jpeg');

-- --------------------------------------------------------

--
-- Structure de la table `ost_front_sildervo`
--

CREATE TABLE IF NOT EXISTS `ost_front_sildervo` (
  `id` int(11) NOT NULL AUTO_INCREMENT,
  `ordre` int(11) NOT NULL,
  `titre1` varchar(255) COLLATE utf8_unicode_ci DEFAULT NULL,
  `titre2` varchar(255) COLLATE utf8_unicode_ci DEFAULT NULL,
  `titre3` varchar(255) COLLATE utf8_unicode_ci DEFAULT NULL,
  `updated_at` datetime DEFAULT NULL,
  `path` varchar(255) COLLATE utf8_unicode_ci DEFAULT NULL,
  `url` varchar(255) COLLATE utf8_unicode_ci DEFAULT NULL,
  PRIMARY KEY (`id`)
) ENGINE=InnoDB  DEFAULT CHARSET=utf8 COLLATE=utf8_unicode_ci AUTO_INCREMENT=8 ;

--
-- Contenu de la table `ost_front_sildervo`
--

INSERT INTO `ost_front_sildervo` (`id`, `ordre`, `titre1`, `titre2`, `titre3`, `updated_at`, `path`, `url`) VALUES
(3, 1, '', '', '', '2015-09-29 15:21:14', '99f0e171fe40729a6a25d4a01a3908a05b92b6f1.jpeg', 'http://ole.octasoft.tn/admin/FrontOffice/HotelTunisie/slider'),
(5, 3, '', '', '', '2015-09-29 15:21:14', '1e50da8931d25a7f9e68504bd31dc3021500ae0c.jpeg', 'http://ole.octasoft.tn/admin/FrontOffice/HotelTunisie/slider'),
(7, 2, '', '', '', '2015-09-29 15:21:14', '1b96ce35ab8b0edea3db05db0a326ac33c930bc9.jpeg', 'http://ole.octasoft.tn/admin/FrontOffice/HotelTunisie/slider');

-- --------------------------------------------------------

--
-- Structure de la table `ost_front_titreblocs`
--

CREATE TABLE IF NOT EXISTS `ost_front_titreblocs` (
  `id` int(11) NOT NULL AUTO_INCREMENT,
  `image_voyage1_id` int(11) DEFAULT NULL,
  `image_voyage2_id` int(11) DEFAULT NULL,
  `image_voyage3_id` int(11) DEFAULT NULL,
  `image_programme1_id` int(11) DEFAULT NULL,
  `image_programme2_id` int(11) DEFAULT NULL,
  `titre_voyage1` varchar(255) COLLATE utf8_unicode_ci NOT NULL,
  `libellelien_voyage1` varchar(255) COLLATE utf8_unicode_ci DEFAULT NULL,
  `lien_voyage1` varchar(255) COLLATE utf8_unicode_ci DEFAULT NULL,
  `couleur_voyage1` varchar(255) COLLATE utf8_unicode_ci DEFAULT NULL,
  `fonticone_voyage1` varchar(255) COLLATE utf8_unicode_ci DEFAULT NULL,
  `titre_voyage2` varchar(255) COLLATE utf8_unicode_ci NOT NULL,
  `libellelien_voyage2` varchar(255) COLLATE utf8_unicode_ci DEFAULT NULL,
  `lien_voyage2` varchar(255) COLLATE utf8_unicode_ci DEFAULT NULL,
  `couleur_voyage2` varchar(255) COLLATE utf8_unicode_ci DEFAULT NULL,
  `fonticone_voyage2` varchar(255) COLLATE utf8_unicode_ci DEFAULT NULL,
  `titre_voyage3` varchar(255) COLLATE utf8_unicode_ci NOT NULL,
  `libellelien_voyage3` varchar(255) COLLATE utf8_unicode_ci DEFAULT NULL,
  `lien_voyage3` varchar(255) COLLATE utf8_unicode_ci DEFAULT NULL,
  `couleur_voyage3` varchar(255) COLLATE utf8_unicode_ci DEFAULT NULL,
  `fonticone_voyage3` varchar(255) COLLATE utf8_unicode_ci DEFAULT NULL,
  `titre_programme1` varchar(255) COLLATE utf8_unicode_ci NOT NULL,
  `libellelien_programme1` varchar(255) COLLATE utf8_unicode_ci DEFAULT NULL,
  `lien_programme1` varchar(255) COLLATE utf8_unicode_ci DEFAULT NULL,
  `couleur_programme1` varchar(255) COLLATE utf8_unicode_ci DEFAULT NULL,
  `fonticone_programme1` varchar(255) COLLATE utf8_unicode_ci DEFAULT NULL,
  `titre_programme2` varchar(255) COLLATE utf8_unicode_ci NOT NULL,
  `libellelien_programme2` varchar(255) COLLATE utf8_unicode_ci DEFAULT NULL,
  `lien_programme2` varchar(255) COLLATE utf8_unicode_ci DEFAULT NULL,
  `couleur_programme2` varchar(255) COLLATE utf8_unicode_ci DEFAULT NULL,
  `fonticone_programme2` varchar(255) COLLATE utf8_unicode_ci DEFAULT NULL,
  PRIMARY KEY (`id`),
  KEY `IDX_BD3C6BCFFCB34D39` (`image_voyage1_id`),
  KEY `IDX_BD3C6BCFEE06E2D7` (`image_voyage2_id`),
  KEY `IDX_BD3C6BCF56BA85B2` (`image_voyage3_id`),
  KEY `IDX_BD3C6BCFD5B2BB9D` (`image_programme1_id`),
  KEY `IDX_BD3C6BCFC7071473` (`image_programme2_id`)
) ENGINE=InnoDB  DEFAULT CHARSET=utf8 COLLATE=utf8_unicode_ci AUTO_INCREMENT=2 ;

--
-- Contenu de la table `ost_front_titreblocs`
--

INSERT INTO `ost_front_titreblocs` (`id`, `image_voyage1_id`, `image_voyage2_id`, `image_voyage3_id`, `image_programme1_id`, `image_programme2_id`, `titre_voyage1`, `libellelien_voyage1`, `lien_voyage1`, `couleur_voyage1`, `fonticone_voyage1`, `titre_voyage2`, `libellelien_voyage2`, `lien_voyage2`, `couleur_voyage2`, `fonticone_voyage2`, `titre_voyage3`, `libellelien_voyage3`, `lien_voyage3`, `couleur_voyage3`, `fonticone_voyage3`, `titre_programme1`, `libellelien_programme1`, `lien_programme1`, `couleur_programme1`, `fonticone_programme1`, `titre_programme2`, `libellelien_programme2`, `lien_programme2`, `couleur_programme2`, `fonticone_programme2`) VALUES
(1, 1, 2, 3, 4, 5, 'Voyages organisés', 'Voir toute la liste', 'http://jektis.octasoft.tn/VoyageOrganise/liste', 'rgba(68,120,177,1)', 'fa-users', 'Nos Voyages à petits prix', 'Voir toute la liste', 'http://jektis.octasoft.tn/VoyageOrganise/liste', 'rgba(68,120,177,1)', 'fa-money', 'Voyages de noces', 'Voir toute la liste', 'http://jektis.octasoft.tn/VoyageOrganise/liste', 'rgba(187,18,72,1)', NULL, 'Circuits en Tunisie', 'Voir toute la liste', 'http://jektis.octasoft.tn/Programme/liste', 'rgba(133,198,22,1)', 'fa-map', 'Soirées et festivités', 'Voir toute la liste', 'http://jektis.octasoft.tn/Programme/liste', 'rgba(133,198,22,1)', 'fa-glass');

-- --------------------------------------------------------

--
-- Structure de la table `ost_front_topdestination`
--

CREATE TABLE IF NOT EXISTS `ost_front_topdestination` (
  `id` int(11) NOT NULL AUTO_INCREMENT,
  `destination_id` int(11) DEFAULT NULL,
  `ordre` int(11) NOT NULL,
  `updated_at` datetime DEFAULT NULL,
  `path` varchar(255) COLLATE utf8_unicode_ci DEFAULT NULL,
  PRIMARY KEY (`id`),
  KEY `IDX_52D43B90816C6140` (`destination_id`)
) ENGINE=InnoDB  DEFAULT CHARSET=utf8 COLLATE=utf8_unicode_ci AUTO_INCREMENT=11 ;

--
-- Contenu de la table `ost_front_topdestination`
--

INSERT INTO `ost_front_topdestination` (`id`, `destination_id`, `ordre`, `updated_at`, `path`) VALUES
(3, 27, 1, '2015-10-15 21:12:01', 'a10cad79e4160d88dd3eb9068bc029cbc037b1d1.jpeg'),
(4, 1, 2, '2015-10-15 21:12:01', 'db19fcd9a5b08de2fd7b1927bec3ec585fb83a24.jpeg'),
(5, 28, 3, '2015-10-15 21:12:01', '310973a69094f709ba2cb2258c7675f4da1a49fc.jpeg'),
(6, 29, 4, '2015-10-15 21:12:01', '3f83bb179b2ca8bce7be820c0963476137734495.jpeg'),
(7, 30, 5, '2015-10-15 21:12:01', 'df551a8587da91beed47d9720dfa14fa714b101d.jpeg'),
(8, 31, 6, '2015-10-15 21:12:01', '7feffcaea36ee9e03ff6dae3aba4aff7639f2c96.jpeg'),
(9, 2, 7, '2015-10-15 21:12:01', '1cf596e322b2b640ee47f1d768dc4f1d9a6eb85b.jpeg'),
(10, 32, 8, '2015-10-15 21:12:01', '2eac1c6527ff4da74f2aa3abe2713184d5756070.jpeg');

-- --------------------------------------------------------

--
-- Structure de la table `ost_front_topprogramme`
--

CREATE TABLE IF NOT EXISTS `ost_front_topprogramme` (
  `id` int(11) NOT NULL AUTO_INCREMENT,
  `theme_id` int(11) DEFAULT NULL,
  `updated_at` datetime DEFAULT NULL,
  `path` varchar(255) COLLATE utf8_unicode_ci DEFAULT NULL,
  PRIMARY KEY (`id`),
  KEY `IDX_AC57A2E359027487` (`theme_id`)
) ENGINE=InnoDB  DEFAULT CHARSET=utf8 COLLATE=utf8_unicode_ci AUTO_INCREMENT=5 ;

--
-- Contenu de la table `ost_front_topprogramme`
--

INSERT INTO `ost_front_topprogramme` (`id`, `theme_id`, `updated_at`, `path`) VALUES
(1, 3, '2015-10-15 21:16:08', '61f3013df7d5deeb8c4f0221ea357be72ade1dc6.jpeg'),
(2, 4, '2015-10-15 21:16:08', '499aa7b995afb07e1236139e27ee82e06777824b.jpeg'),
(4, 2, '2015-10-15 21:16:08', '7897398b660edb51528262af20984cb73ba75fdf.jpeg');

-- --------------------------------------------------------

--
-- Structure de la table `ost_front_vo`
--

CREATE TABLE IF NOT EXISTS `ost_front_vo` (
  `id` int(11) NOT NULL AUTO_INCREMENT,
  `updated_at` datetime DEFAULT NULL,
  `path` varchar(255) COLLATE utf8_unicode_ci DEFAULT NULL,
  PRIMARY KEY (`id`)
) ENGINE=InnoDB  DEFAULT CHARSET=utf8 COLLATE=utf8_unicode_ci AUTO_INCREMENT=25 ;

--
-- Contenu de la table `ost_front_vo`
--

INSERT INTO `ost_front_vo` (`id`, `updated_at`, `path`) VALUES
(1, '2015-10-13 12:58:16', '365dc034ffd16d6d41b544f725af6029e9f17674.jpeg'),
(2, '2015-10-13 12:58:16', '87c1b2d343610295b4ae9d6b7274023b75420efa.jpeg'),
(3, '2015-10-13 12:58:16', '51abcc894b769bce85d29e70021327537b80bf47.jpeg'),
(4, '2015-10-13 12:58:16', '6d52a4809c3b29914fad62d0f848ea3c00e32f5b.jpeg'),
(5, '2015-10-13 12:58:16', '7a4f4474a5f13e7c5cb5d94ec9d449114f3715c9.jpeg'),
(6, '2015-10-13 12:58:16', '6382a7687908e301ad81dec4626e1f1ac77550a7.jpeg'),
(7, '2015-10-13 12:58:16', '5b749286bc780abd2f4da291e4cd7f72e9a945f7.jpeg'),
(8, '2015-10-13 12:58:16', 'ea3e1ab3e00634f8d376dca365581ee79a2ce7a9.jpeg'),
(9, '2015-10-02 13:30:31', '80aedd60b6e151a14f7457e57a9c44a1a1d4a643.jpeg'),
(10, '2015-10-02 13:30:31', 'c9fda84e9d9db1360788f07ed8de6f01192430ee.jpeg'),
(11, '2015-10-02 13:30:31', '689c0ece4eb68bd7c1c5e1f98e9f2c4c0395a8c0.jpeg'),
(12, '2015-10-02 13:30:31', 'd2df91d7850c4e88ac5c112393c9493f05aa2904.jpeg'),
(13, '2015-10-02 13:30:31', '728b8852d2098996018d409e994568f6b6b8d9a2.jpeg'),
(14, '2015-10-02 13:30:31', '06fcd25f911619249a41d2ba17ea14d811a6bd3b.jpeg'),
(15, '2015-10-02 13:30:31', 'd698f8b8144e7797e2a3e18b95c0836d77c9f902.jpeg'),
(16, '2015-10-02 13:30:31', '8beb531143e629d55cf94916cca91eab833931ab.jpeg'),
(17, '2015-09-29 17:54:40', '6e1965a1be36dfea4e651d8c2d3b4b621ce43bf8.jpeg'),
(18, '2015-09-29 17:54:40', '19476f60fca79634148c25da60e62c3f8bd02372.jpeg'),
(19, '2015-09-29 17:54:40', '9dab5e2f477547e7d55939b4c6ca769f022f61c6.jpeg'),
(20, '2015-09-29 17:54:40', 'a05e1ee2398b6dbb1fa28997fb0ec0c7cebc9c37.jpeg'),
(21, '2015-09-29 17:54:40', '2588e0450615a4ac52b20b21a7d2c0802010a000.jpeg'),
(22, '2015-09-29 17:54:40', '6843ce6e8f32c1126a941a4057ac0fa9979aed14.jpeg'),
(23, '2015-09-29 17:54:40', 'aeb307e19a579f46bbba5fb7a3a1ac09e7da12b2.jpeg'),
(24, '2015-09-29 17:54:40', '6f6706f8b6b0a949c9b58e31a0d8ba293b700ed0.jpeg');

-- --------------------------------------------------------

--
-- Structure de la table `ost_front_voyagedeux`
--

CREATE TABLE IF NOT EXISTS `ost_front_voyagedeux` (
  `id` int(11) NOT NULL AUTO_INCREMENT,
  `voyage_id` int(11) DEFAULT NULL,
  `ordre` int(11) NOT NULL,
  `principale` tinyint(1) DEFAULT NULL,
  `visible` tinyint(1) DEFAULT NULL,
  PRIMARY KEY (`id`),
  KEY `IDX_BB61ED8768C9E5AF` (`voyage_id`)
) ENGINE=InnoDB  DEFAULT CHARSET=utf8 COLLATE=utf8_unicode_ci AUTO_INCREMENT=6 ;

--
-- Contenu de la table `ost_front_voyagedeux`
--

INSERT INTO `ost_front_voyagedeux` (`id`, `voyage_id`, `ordre`, `principale`, `visible`) VALUES
(1, 67, 1, 1, 1),
(2, 76, 2, 1, 1),
(3, 63, 3, 1, 1),
(4, 62, 4, 1, 1),
(5, 79, 5, 1, 1);

-- --------------------------------------------------------

--
-- Structure de la table `ost_front_voyagenoce`
--

CREATE TABLE IF NOT EXISTS `ost_front_voyagenoce` (
  `id` int(11) NOT NULL AUTO_INCREMENT,
  `voyage_id` int(11) DEFAULT NULL,
  `ordre` int(11) NOT NULL,
  `visible` tinyint(1) DEFAULT NULL,
  `text1` varchar(255) COLLATE utf8_unicode_ci DEFAULT NULL,
  `text2` varchar(255) COLLATE utf8_unicode_ci DEFAULT NULL,
  PRIMARY KEY (`id`),
  KEY `IDX_A6D5513B68C9E5AF` (`voyage_id`)
) ENGINE=InnoDB  DEFAULT CHARSET=utf8 COLLATE=utf8_unicode_ci AUTO_INCREMENT=6 ;

--
-- Contenu de la table `ost_front_voyagenoce`
--

INSERT INTO `ost_front_voyagenoce` (`id`, `voyage_id`, `ordre`, `visible`, `text1`, `text2`) VALUES
(1, 63, 1, 1, 'Barcelone-Ibiza', 'Barcelone-Ibiza'),
(2, 63, 2, 1, 'Barcelone-Ibiza', 'Barcelone-Ibiza'),
(3, 63, 3, 1, 'Barcelone-Ibiza', 'Barcelone-Ibiza'),
(4, 63, 4, 1, 'Barcelone-Ibiza', 'Barcelone-Ibiza'),
(5, 63, 5, 1, 'Barcelone-Ibiza', 'Barcelone-Ibiza');

-- --------------------------------------------------------

--
-- Structure de la table `ost_front_voyageun`
--

CREATE TABLE IF NOT EXISTS `ost_front_voyageun` (
  `id` int(11) NOT NULL AUTO_INCREMENT,
  `voyage_id` int(11) DEFAULT NULL,
  `ordre` int(11) NOT NULL,
  `principale` tinyint(1) DEFAULT NULL,
  `visible` tinyint(1) DEFAULT NULL,
  PRIMARY KEY (`id`),
  KEY `IDX_BB4CA79368C9E5AF` (`voyage_id`)
) ENGINE=InnoDB  DEFAULT CHARSET=utf8 COLLATE=utf8_unicode_ci AUTO_INCREMENT=6 ;

--
-- Contenu de la table `ost_front_voyageun`
--

INSERT INTO `ost_front_voyageun` (`id`, `voyage_id`, `ordre`, `principale`, `visible`) VALUES
(1, 62, 1, 1, 1),
(2, 63, 2, 1, 1),
(3, 66, 3, 1, 1),
(4, 68, 4, 1, 1),
(5, 64, 5, 0, 1);

-- --------------------------------------------------------

--
-- Structure de la table `ost_group`
--

CREATE TABLE IF NOT EXISTS `ost_group` (
  `id` int(11) NOT NULL AUTO_INCREMENT,
  `name` varchar(255) COLLATE utf8_unicode_ci NOT NULL,
  `roles` longtext COLLATE utf8_unicode_ci NOT NULL COMMENT '(DC2Type:array)',
  PRIMARY KEY (`id`),
  UNIQUE KEY `UNIQ_911316A5E237E06` (`name`)
) ENGINE=InnoDB  DEFAULT CHARSET=utf8 COLLATE=utf8_unicode_ci AUTO_INCREMENT=6 ;

--
-- Contenu de la table `ost_group`
--

INSERT INTO `ost_group` (`id`, `name`, `roles`) VALUES
(3, 'administrateurs', 'a:1:{i:0;s:10:"ROLE_ADMIN";}'),
(4, 'Super administrateur', 'a:1:{i:0;s:16:"ROLE_SUPER_ADMIN";}'),
(5, 'teste', 'a:2:{i:0;s:16:"ROLE_SUPER_ADMIN";i:1;s:10:"ROLE_ADMIN";}');

-- --------------------------------------------------------

--
-- Structure de la table `ost_maritime_reservation`
--

CREATE TABLE IF NOT EXISTS `ost_maritime_reservation` (
  `id` int(11) NOT NULL AUTO_INCREMENT,
  `responsable_id` int(11) DEFAULT NULL,
  `client_id` int(11) DEFAULT NULL,
  `etat` int(11) NOT NULL,
  `frontOffice` tinyint(1) NOT NULL,
  `commentaire` longtext COLLATE utf8_unicode_ci,
  `validated` datetime DEFAULT NULL,
  `typeVoyage` int(11) NOT NULL,
  `nomPrenom` varchar(255) COLLATE utf8_unicode_ci NOT NULL,
  `email` varchar(255) COLLATE utf8_unicode_ci NOT NULL,
  `cin` varchar(255) COLLATE utf8_unicode_ci NOT NULL,
  `tel` varchar(255) COLLATE utf8_unicode_ci NOT NULL,
  `marque` varchar(255) COLLATE utf8_unicode_ci NOT NULL,
  `matriculation` varchar(255) COLLATE utf8_unicode_ci NOT NULL,
  `passagers` int(11) NOT NULL,
  `cabine` int(11) NOT NULL,
  `lieuDepart` varchar(255) COLLATE utf8_unicode_ci NOT NULL,
  `lieuArrivee` varchar(255) COLLATE utf8_unicode_ci NOT NULL,
  `dateDepart` date NOT NULL,
  `created` datetime NOT NULL,
  `updated` datetime NOT NULL,
  `timbre` decimal(11,3) NOT NULL,
  `remise` decimal(11,3) NOT NULL,
  `total_achat` decimal(11,3) DEFAULT NULL,
  `total_vente` decimal(11,3) DEFAULT NULL,
  `amicale_id` int(11) DEFAULT NULL,
  `code` varchar(255) COLLATE utf8_unicode_ci DEFAULT NULL,
  `validated_amicale` datetime DEFAULT NULL,
  `frais_dossier` decimal(11,3) NOT NULL,
  `remise_internet` decimal(11,3) NOT NULL,
  `observation` longtext COLLATE utf8_unicode_ci,
  `type_payement` int(11) DEFAULT NULL,
  `montant_payement_electronique` decimal(11,3) DEFAULT NULL,
  `status_payement` varchar(255) COLLATE utf8_unicode_ci DEFAULT NULL,
  `responsableAmicale_id` int(11) DEFAULT NULL,
  `devis` tinyint(1) NOT NULL,
  `clientArray` longtext COLLATE utf8_unicode_ci NOT NULL COMMENT '(DC2Type:array)',
  PRIMARY KEY (`id`),
  KEY `IDX_276511AC53C59D72` (`responsable_id`),
  KEY `IDX_276511AC19EB6921` (`client_id`),
  KEY `IDX_276511ACFEBD183` (`amicale_id`),
  KEY `IDX_276511ACF06C2258` (`responsableAmicale_id`)
) ENGINE=InnoDB  DEFAULT CHARSET=utf8 COLLATE=utf8_unicode_ci AUTO_INCREMENT=2 ;

--
-- Contenu de la table `ost_maritime_reservation`
--

INSERT INTO `ost_maritime_reservation` (`id`, `responsable_id`, `client_id`, `etat`, `frontOffice`, `commentaire`, `validated`, `typeVoyage`, `nomPrenom`, `email`, `cin`, `tel`, `marque`, `matriculation`, `passagers`, `cabine`, `lieuDepart`, `lieuArrivee`, `dateDepart`, `created`, `updated`, `timbre`, `remise`, `total_achat`, `total_vente`, `amicale_id`, `code`, `validated_amicale`, `frais_dossier`, `remise_internet`, `observation`, `type_payement`, `montant_payement_electronique`, `status_payement`, `responsableAmicale_id`, `devis`, `clientArray`) VALUES
(1, 4, 2, 2, 1, NULL, '2015-10-01 23:23:33', 1, 'Foulen ben foulen', 'teste@gmail.com', 'qsdqs', '71 359 520', 'qsd', 'dqsd', 1, 1, 'qsd', 'qsdqsd', '2015-09-19', '0000-00-00 00:00:00', '2015-10-01 23:23:33', 0.000, 50.000, 1500.000, 2500.000, NULL, NULL, NULL, 0.000, 0.000, NULL, 0, NULL, NULL, NULL, 0, 'a:0:{}');

-- --------------------------------------------------------

--
-- Structure de la table `ost_media`
--

CREATE TABLE IF NOT EXISTS `ost_media` (
  `id` int(11) NOT NULL AUTO_INCREMENT,
  `ville_id` int(11) DEFAULT NULL,
  `updated_at` datetime DEFAULT NULL,
  `type` int(11) DEFAULT '1',
  `path` varchar(255) COLLATE utf8_unicode_ci DEFAULT NULL,
  `ordre` int(11) DEFAULT NULL,
  `Hotel_id` int(11) DEFAULT NULL,
  PRIMARY KEY (`id`),
  KEY `IDX_EFDD4A3A73F0036` (`ville_id`),
  KEY `IDX_EFDD4A3CB35D94E` (`Hotel_id`)
) ENGINE=InnoDB  DEFAULT CHARSET=utf8 COLLATE=utf8_unicode_ci AUTO_INCREMENT=1516 ;

--
-- Contenu de la table `ost_media`
--

INSERT INTO `ost_media` (`id`, `ville_id`, `updated_at`, `type`, `path`, `ordre`, `Hotel_id`) VALUES
(4, NULL, '2015-07-01 09:43:57', 1, '6f36711be255cbcb0a0446cdfd5160520afe2a98.jpeg', 1, 110),
(5, NULL, '2015-07-01 09:44:53', 2, 'b8f4de370e3eb7cbdf482b5c52b62b153384957c.jpeg', 2, 110),
(6, NULL, '2015-07-01 09:45:23', 2, '30f05f99b3755cdb0625e193aa2fff0448a4626c.jpeg', 3, 110),
(7, NULL, '2015-07-01 09:45:53', 2, 'fa65cb2e28f0fad391ac3b0f06ebc4b0c6f84a4b.jpeg', 4, 110),
(8, NULL, '2015-07-03 14:57:08', 1, 'd89cec6f4fc419987528a6e55626bf20533e7b24.jpeg', 3, 34),
(9, NULL, '2015-07-04 11:15:41', 1, 'eb5cdd3e99f55a3006564ee37eb4a81e9203efad.jpeg', 1, 41),
(10, NULL, '2015-07-04 11:15:52', 1, 'f0ccdcc70c8628f7a1b69c88a41b3c631e4f293d.jpeg', 2, 41),
(11, NULL, '2015-07-04 11:16:02', 1, 'bed031122655541a517cf5007c45fc18d5a9a438.jpeg', 3, 41),
(12, NULL, '2015-07-04 11:16:14', 1, 'e305fc3cd1529596818030cac77a067c771bbb4a.jpeg', 4, 41),
(13, NULL, '2015-07-04 11:44:06', 1, 'e2812367205e8891819ca436fdd312bb708679f9.jpeg', 1, 51),
(14, NULL, '2015-07-04 11:44:15', 1, '1716ca30fc9014b6ffcf4a1bc590b712508e5837.jpeg', 2, 51),
(15, NULL, '2015-07-04 11:44:40', 1, '70d4696bc515bb8a30806b123f828b2ba14e1ca8.jpeg', 3, 51),
(16, NULL, '2015-07-04 11:58:50', 1, '318000013dfb3c11053cd1cf5bff44c708da7356.jpeg', 4, 51),
(72, NULL, '2015-07-09 10:46:32', 1, '8905b9dec4985bf73a7e7889b332b7ed9e1295df.jpeg', 1, 68),
(136, NULL, '2015-07-28 09:52:55', 2, 'ee52171d541789884a6840c3210fab57d4f24125.jpeg', 2, 45),
(137, NULL, '2015-07-28 09:53:50', 2, 'e77335366b1aafcc799a692a55810be94b4073a8.jpeg', 3, 45),
(138, NULL, '2015-07-28 10:51:33', 1, 'abf17be589b8c270bf31e6f2296b9ce69b0fa93a.jpeg', 1, 54),
(154, NULL, '2015-12-30 16:38:41', 1, 'c1c6318a0b0f219671d5d7be316723062c9aa440.jpeg', 1, 12),
(155, NULL, '2015-12-30 16:38:41', 2, '9af9f178c97e6ef7e17906730f147f7a7261ec58.jpeg', 1, 12),
(156, NULL, '2015-12-30 16:38:41', 2, 'b98416be5314f1dde58845fac0edd332d0c5590e.jpeg', 2, 12),
(157, NULL, '2015-12-30 16:38:41', 2, '83fa76415b355ac531e9aba49de15d82b809f66c.jpeg', 3, 12),
(158, NULL, '2015-12-30 16:38:41', 2, '9ae8d4efa8ae4c4e96043ff25344c65a089f830b.jpeg', 4, 12),
(159, NULL, '2015-12-30 16:38:41', 2, 'b4195c18010acb74736f215215ead977263285b2.jpeg', 5, 12),
(160, NULL, '2016-01-13 09:40:54', 1, 'c557f5cc68a24ee8f912409c8659c8cee48000bc.jpeg', 1, 50),
(161, NULL, '2016-01-13 09:40:54', 2, 'ed6100b0187081a3c3a3b6ca716053cf7bdadf06.jpeg', 1, 50),
(164, NULL, '2016-01-13 09:40:54', 2, '3fcebd54061d239386cb7bf41ae0a822d40a2326.jpeg', 2, 50),
(165, NULL, '2016-01-13 09:40:54', 2, 'f46c6f92d099174624d9d5a0ce083cfad0ede8d2.jpeg', 3, 50),
(166, NULL, '2016-01-13 09:40:54', 2, '17af82ac0e096ae10a90e037a7828d5a75924753.jpeg', 4, 50),
(167, NULL, '2016-01-13 09:40:54', 2, 'a620c752833e0fc328789aeb13c941b81e8596e5.jpeg', 5, 50),
(168, NULL, '2015-08-14 11:46:05', 1, '957f2d5959b04ed1416b0237cbf8d8267cc703dd.jpeg', 1, 49),
(170, NULL, '2015-08-14 11:46:31', 2, '5aab94d1fd2aef0ee68e1f65182057cf20ff6c59.jpeg', 2, 49),
(171, NULL, '2015-08-14 11:46:44', 2, 'fba1b60ed496df36d8f4d3d4c9fdb71a9824aa08.jpeg', 3, 49),
(174, NULL, '2015-08-14 11:47:45', 2, '02cc198b6a3a1717f6eacb3a6090be3724568c42.jpeg', 5, 49),
(175, NULL, '2015-08-14 11:59:54', 1, 'acea3b9c62d9289223fc4d3b4f619e1044a20402.jpeg', 1, 31),
(176, NULL, '2015-08-14 12:00:05', 2, 'bfcdcbe872f8bc243a7f2f3d009ed2dc37123da3.jpeg', 1, 31),
(177, NULL, '2015-08-14 12:00:19', 2, '013894962de0026739481eda3d723fe1c115dd44.jpeg', 2, 31),
(178, NULL, '2015-08-14 12:00:33', 2, '7c26c4d76dac4dfc5387380f03d27a2db6c1be55.jpeg', 3, 31),
(179, NULL, '2015-08-14 12:00:43', 2, 'f9abd62974258c55430258d6d29658c2c0c06ce9.jpeg', 4, 31),
(180, NULL, '2015-08-14 12:00:53', 2, 'c1e7373d44ad5bac1e7f7faf6848175a93509438.jpeg', 5, 31),
(181, NULL, '2015-08-14 12:43:01', 1, '91ea11c8b9a90ed38691664adb296e85b987fabd.jpeg', 1, 48),
(182, NULL, '2015-08-14 12:43:14', 2, 'a40c0cad536d6219adcd21b590ae7ce1c1927801.jpeg', 1, 48),
(183, NULL, '2015-08-14 12:43:26', 2, 'c45f2e7af99710d14747a394f7f013a28b3a162f.jpeg', 2, 48),
(184, NULL, '2015-08-14 12:43:37', 2, 'b0143f121c1246e9aab823d5ee2fcf5464ffc7a0.jpeg', 3, 48),
(185, NULL, '2015-08-14 12:43:49', 2, 'd73648db1d62138ceeab5a3e7b2e36e2c7380c1f.jpeg', 4, 48),
(186, NULL, '2015-08-14 12:46:04', 2, '0ffd64d7841af5b1a5fd4b259ff2a664aea13a3d.jpeg', 5, 48),
(187, NULL, '2015-08-14 13:54:02', 2, '4ed8867e5c7f26f9fb1741ca040f77adda55996c.jpeg', 1, 54),
(188, NULL, '2015-08-14 13:54:13', 2, '23d3f5702f611653b6b442983736de779bf85b50.jpeg', 2, 54),
(189, NULL, '2015-08-14 13:54:37', 2, 'fd3411578ee46f3446b1f4d50a999d492c9dc7f0.jpeg', 3, 54),
(190, NULL, '2015-08-14 13:54:47', 2, '65098939e30b1d9f334a742bdf880abf35b4d18c.jpeg', 4, 54),
(191, NULL, '2015-08-14 13:55:00', 2, 'f1e7c391328355cf2e51bc37db23aa4a15d9967f.jpeg', 5, 54),
(192, NULL, '2015-08-14 14:13:30', 1, '0ae03df23ec3d18cbe1cdf2b445c180f5f3c29cc.jpeg', 1, 60),
(193, NULL, '2015-08-14 14:18:06', 2, '2f879c1e2cd3fbb4452573a86649aea586d3bd59.jpeg', 1, 60),
(194, NULL, '2015-08-14 14:18:17', 2, 'c0938e0ea91ec73adb8b96d74c299a64265b3ba8.jpeg', 2, 60),
(195, NULL, '2015-08-14 14:18:27', 2, 'c6fa69e446ff26355f487f1a4106b2e857b90171.jpeg', 3, 60),
(196, NULL, '2015-08-14 14:19:03', 2, '97c1fa8bf811941be3eaa9b6b0810237503c98f7.jpeg', 4, 60),
(197, NULL, '2015-08-14 14:19:21', 2, '24e31e4461020650e1a446554eb280b395d06958.jpeg', 5, 60),
(198, NULL, '2015-08-14 14:35:10', 1, 'b40a915474b5132796546490aa27b41e177f6476.jpeg', 1, 37),
(199, NULL, '2015-08-14 14:35:23', 2, '4d44a849032416fe3a3765f33c5bb60200cd7feb.jpeg', 1, 37),
(200, NULL, '2015-08-14 14:35:35', 2, 'c7c3e22611b5ee98a9c1f4b0d740760a72f5f44c.jpeg', 2, 37),
(201, NULL, '2015-08-14 14:35:48', 2, '15d244eaff652c0610f09da8bb9dd372fdecae37.jpeg', 3, 37),
(202, NULL, '2015-08-14 14:36:02', 2, '3fb2288b10ed634777d97859508af191ef7ad175.jpeg', 4, 37),
(203, NULL, '2015-08-14 14:36:15', 2, '3260ce127c1d8a917328beb21fbc54898b3bbdeb.jpeg', 5, 37),
(204, NULL, '2015-08-14 14:53:04', 1, '54e750c72bb20de86765e473edba5ea5b92475f6.jpeg', 1, 123),
(205, NULL, '2015-08-14 14:53:16', 2, 'daaebcc640bb836b7015661d383ed16821b2f4c1.jpeg', 1, 123),
(206, NULL, '2015-08-14 14:53:27', 2, '06500274d03359185f4ae4a4328b8a35c247e170.jpeg', 2, 123),
(207, NULL, '2015-08-14 14:53:38', 2, 'da70981188e12768077dbfacbed9a9745b66d3a9.jpeg', 3, 123),
(208, NULL, '2015-08-14 14:53:50', 2, 'd5090bf06169b9b536102803b09d557c263dd744.jpeg', 4, 123),
(209, NULL, '2015-08-14 14:54:06', 2, '44cf16308fd107c82842275e40bc5d929d434b33.jpeg', 5, 123),
(210, NULL, '2015-08-14 15:14:59', 1, '41961e5e117fbb5f2f354f4fe3320ace1db373e3.jpeg', 1, 45),
(211, NULL, '2015-08-14 15:17:18', 2, '9f302f58e9cbb1ed5ec8072ea60300a41b40b199.jpeg', 1, 45),
(213, NULL, '2015-08-14 15:17:38', 2, '4302877fd9d2dfcfb624c23c7e8db3cacb219266.jpeg', 4, 45),
(215, NULL, '2015-08-14 15:18:20', 2, '813f1244496081d6d8207898d345b51b8d02e347.jpeg', 4, 45),
(216, NULL, '2015-08-15 09:04:19', 1, 'fc1379cdf419a24fe13b127afc815bea3f8c3d92.jpeg', 1, 201),
(217, NULL, '2015-08-15 09:04:28', 2, '727e2585ed0a8dc4f5942bb8fcf15da47dd3f644.jpeg', 1, 201),
(218, NULL, '2015-08-15 09:04:47', 2, '97514ef3caa14ee8c7180c47cf5c35debc889b23.jpeg', 2, 201),
(219, NULL, '2015-08-15 09:05:02', 2, 'cd547500578e7c1571c9a9cb19fe33c0ed93e06c.jpeg', 3, 201),
(220, NULL, '2015-08-15 09:05:30', 2, '597b3c9d424383ae4788a14b76a6f8df2b458b1e.jpeg', 4, 201),
(221, NULL, '2015-08-15 09:05:39', 2, 'e23b282ca3396ebe09f01d4070fd2fd9e5815b7c.jpeg', 5, 201),
(222, NULL, '2015-08-15 10:29:54', 1, 'e70478db00c44e424d24c27903597f23399b8619.jpeg', 1, 197),
(223, NULL, '2015-08-15 10:30:20', 2, '801173e6fdfb0e2045c5eec4db3512d6ee28b522.jpeg', 1, 197),
(224, NULL, '2015-08-15 10:30:52', 2, 'd701c02bddf75b280c4bc737f2f924ef0151988f.jpeg', 2, 197),
(225, NULL, '2015-08-15 10:31:11', 2, 'afb6dd27dcfe243b24396445e974f18afff7800f.jpeg', 3, 197),
(226, NULL, '2015-08-15 10:31:28', 2, 'b8b2435d4eb0b64390bc513b2485e064f45994d1.jpeg', 4, 197),
(227, NULL, '2015-08-15 10:31:52', 2, '42bbca3f0edf89b86d08dd214808489ff953560d.jpeg', 5, 197),
(228, NULL, '2015-08-15 12:46:29', 1, 'fc3a46d2b4ac370dd96d6a6164deb4793ccaee23.jpeg', 1, 189),
(229, NULL, '2015-08-15 12:46:50', 2, '15fd214ad4c28a00ff8bc6f4c618eff6fbc9897d.jpeg', 1, 189),
(230, NULL, '2015-08-15 12:47:12', 2, 'c827944cdccbc2b39b3d40c71dd36aba38d70753.jpeg', 2, 189),
(231, NULL, '2015-08-15 12:47:35', 2, 'ffb12e7183b38f5323c7c86109ccd7fb225d36aa.jpeg', 3, 189),
(232, NULL, '2015-08-15 12:47:54', 2, '5f5834f6afe1ad55eda615c4c9266b7fb6b3a766.jpeg', 4, 189),
(233, NULL, '2015-08-15 12:48:07', 2, '187bd8fccc971922ac03b12d1e933e2870ad9322.jpeg', 5, 189),
(234, NULL, '2015-08-15 13:35:38', 1, 'ca24460e6d68617e9346e01a1a9376cd2f9d8469.jpeg', 1, 39),
(236, NULL, '2015-08-15 13:36:25', 2, 'b248cac9f6885dee42f904c9a856362b08441c32.jpeg', 2, 39),
(239, NULL, '2015-08-15 13:36:54', 2, '2131875536ad862afeba17cd7537431865b622b0.jpeg', 5, 39),
(240, NULL, '2015-08-15 21:50:46', 1, '797493dfb834ac7e80d34e47f0d547bb57b8186e.jpeg', 1, 10),
(241, NULL, '2015-08-15 21:50:56', 2, '1ca43d6dc3500ba340da7ddf2b335c5308932fb3.jpeg', 1, 10),
(242, NULL, '2015-08-15 21:51:05', 2, '2f986768e3b6499d768026f2e8cb2210c696fe0d.jpeg', 2, 10),
(243, NULL, '2015-08-15 21:51:15', 2, '100212229e1ca0d1213205f54475aad6794143d3.jpeg', 3, 10),
(244, NULL, '2015-08-15 21:51:22', 2, '8e782670766082bcf07d0690eed5c4a7b771c8ec.jpeg', 4, 10),
(245, NULL, '2015-08-15 21:51:32', 2, '67abd72013062a6fb019cc64d0e2246a274d8c00.jpeg', 5, 10),
(246, NULL, '2015-08-15 21:51:40', 2, '680f6a1d804e797fd04d91aa0a05bf28cd5c5fc9.jpeg', 6, 10),
(247, NULL, '2015-08-15 21:51:51', 2, '8c3fa2185fbdc311675e17587e167ad663cf6448.jpeg', 7, 10),
(248, NULL, '2015-08-15 21:52:00', 2, '62daaa56f4b1e8d79891663d5db2ea33878f5a6c.jpeg', 8, 10),
(249, NULL, '2015-08-15 22:02:03', 1, 'bef4154eecac5a6d82c90d1ea22a629ebebe2dbc.jpeg', 1, 8),
(250, NULL, '2015-08-15 22:02:15', 2, '7691579f3eb010335b5371c9e61ff8a1eef97e72.jpeg', 1, 8),
(251, NULL, '2015-08-15 22:02:23', 2, '75442791eecc20b239ebc6cc0ec8e83d5e6cdced.jpeg', 2, 8),
(252, NULL, '2015-08-15 22:02:31', 2, '38d78420f7a05a11d11ffd414b672b33b33310e9.jpeg', 3, 8),
(253, NULL, '2015-08-15 22:02:41', 2, 'debe27f03d8e61fad4537e7f06f45fd9e063c47e.jpeg', 4, 8),
(254, NULL, '2015-08-15 22:02:48', 2, '3bcdf77b0d2188024817b472b29fad40eb46b269.jpeg', 5, 8),
(255, NULL, '2015-08-15 22:11:06', 1, '65603e09c5ac720fb065319b03b6439a75c7ceef.jpeg', 1, 67),
(256, NULL, '2015-08-15 22:11:14', 2, 'a3079bf77b4737cb72b1152892901b7a8bd7af0e.jpeg', 1, 67),
(257, NULL, '2015-08-15 22:11:29', 2, '8ad7f70dbcb2d932ecfea29dcb38098b6c97ac45.jpeg', 2, 67),
(258, NULL, '2015-08-15 22:11:38', 2, '8ac910b70cf3afe4d2092fb9952a33cda413533e.jpeg', 3, 67),
(259, NULL, '2015-08-15 22:11:48', 2, 'a8c9a5b52ccd5608754a816060515fd9e8d5c212.jpeg', 4, 67),
(260, NULL, '2015-08-15 22:11:57', 2, 'a90cb0066460efd53bdf5c9c892058e5252ab501.jpeg', 5, 67),
(261, NULL, '2015-08-15 22:12:07', 2, 'cf05fbc555312c6c0e36f17606ff3f372a852747.jpeg', 6, 67),
(262, NULL, '2015-08-15 22:12:14', 2, 'ca00fd62d9ec7c6ac44fbc731488531ad12db71b.jpeg', 7, 67),
(263, NULL, '2015-08-15 22:12:21', 2, '3032eddd25dbaf113184017f7a57ed2b6f7a6f36.jpeg', 8, 67),
(264, NULL, '2015-08-15 22:12:30', 2, '2ec6e5dce12892553ddf539b7c7f7c2b8f08b471.jpeg', 9, 67),
(265, NULL, '2015-08-15 22:12:43', 2, '79ee309d9427864920e20d84462c53e99a982744.jpeg', 10, 67),
(266, NULL, '2015-08-15 22:20:13', 1, '52dee0c14f6b9110ae8e67628a8260c6ea193873.jpeg', 1, 46),
(267, NULL, '2015-08-15 22:20:21', 2, 'b4340e426c3e7a6300eae765459503d8a0720b4f.jpeg', 1, 46),
(268, NULL, '2015-08-15 22:20:32', 2, '1c573d74e3181e186371cad7041854d012ff1d61.jpeg', 2, 46),
(269, NULL, '2015-08-15 22:20:44', 2, '11ca74c41d3947616106644b6882eaa1afa60e26.jpeg', 3, 46),
(270, NULL, '2015-08-15 22:20:52', 2, '0e5698b8d82e520812fe30e8e3a86b1c090061f2.jpeg', 4, 46),
(271, NULL, '2015-08-15 22:21:00', 2, 'edfb3ebd47843cc6955776dd0b819b90674fd8eb.jpeg', 5, 46),
(272, NULL, '2015-08-15 22:21:18', 2, '43d98fb419d229df49d3e62649bbdb3b44e7d43e.jpeg', 6, 46),
(273, NULL, '2015-08-15 22:21:28', 2, 'afd433c9e3cfd8739afc8e7c7232765b46012f51.jpeg', 7, 46),
(274, NULL, '2015-08-15 22:21:41', 2, '9a33076e4b471e85bc49b78b45548b4d80825e73.jpeg', 8, 46),
(275, NULL, '2015-08-15 22:21:50', 2, '79462f795123eecbb1df2b36e3fccfd9e20935a9.jpeg', 9, 46),
(276, NULL, '2015-08-15 22:32:38', 1, '7d634d0938ad0f7e8bd421fed58eaaba17bfd0e6.jpeg', 1, 16),
(277, NULL, '2015-08-15 22:32:47', 2, '645648f08e03d01ecfdb83a8d23eaa2af3f6150a.jpeg', 1, 16),
(278, NULL, '2015-08-15 22:33:02', 2, '4f732461ae77eaa20934401af932ab7ab8b9e717.jpeg', 2, 16),
(280, NULL, '2015-08-15 22:33:32', 2, 'cfe7660ad8a6c6974329f9bace929b4c0969b663.jpeg', 3, 16),
(281, NULL, '2015-08-15 22:33:52', 2, '0e733c68fc0622fe6d3b63516e155c018a9a4f96.jpeg', 4, 16),
(282, NULL, '2015-08-15 22:34:12', 2, '678d2e8c5a22dec0c84b0c4b88a079979dc16524.jpeg', 5, 16),
(283, NULL, '2015-08-15 22:40:09', 1, '49da5110f02a70c0e8fde9754037a7dd8e86932d.jpeg', 1, 38),
(284, NULL, '2015-08-15 22:40:17', 2, '993b56dc841f591acf3e639d07565826560bf055.jpeg', 1, 38),
(285, NULL, '2015-08-15 22:40:24', 2, '0ae00206b40df16ea62fcbb9193fd3c95a88aed2.jpeg', 2, 38),
(286, NULL, '2015-08-15 22:40:33', 2, '5b35d027e4f40c00c74a459d9abe3316b39aa84b.jpeg', 3, 38),
(287, NULL, '2015-08-15 22:40:41', 2, 'e30aff5c9611f26eb0bcd71ea68fbae7b1ea7191.jpeg', 4, 38),
(288, NULL, '2015-08-15 22:40:51', 2, '5bd49e44f51975acf0830c3ca59b7e9e6be56325.jpeg', 5, 38),
(289, NULL, '2015-08-15 22:41:01', 2, '40af8617a90b641462390d0109b6f1ee6baade25.jpeg', 6, 38),
(290, NULL, '2015-08-15 22:41:10', 2, 'ec00994d576d0c40bf44064b35ec4f43fe2b8be3.jpeg', 7, 38),
(291, NULL, '2016-01-13 14:32:50', 1, '2ae7de8f9d3d0ae2857fae8e6fd8643ee889cd33.jpeg', 1, 7),
(292, NULL, '2016-01-13 14:32:50', 2, '87c5e368438a8c674d378b3f240f7f247c1f8e59.jpeg', 1, 7),
(293, NULL, '2016-01-13 14:32:50', 2, '5fb7f00f5ce19bfb7397efc0d54c4d7567a3874f.jpeg', 2, 7),
(294, NULL, '2016-01-13 14:32:50', 2, 'b63cd6b7c4b5f979c313d28e4b51e3c4d58c6c94.jpeg', 3, 7),
(295, NULL, '2016-01-13 14:32:50', 2, 'dc1031872529b6fb4b201651439c7083e419a630.jpeg', 4, 7),
(296, NULL, '2016-01-13 14:32:50', 2, '2e15984367bd1b4fd828d7fd8cc29963ba79056a.jpeg', 5, 7),
(297, NULL, '2015-08-17 10:31:51', 1, 'c614613d28737f9bccc6982d9899fd628ce3f70f.jpeg', 1, 40),
(298, NULL, '2015-08-17 10:32:08', 2, 'b37600926bac36c733ff2c189b99daa53fb73161.jpeg', 2, 40),
(299, NULL, '2015-08-17 10:32:20', 2, '39c6c877de8c766dfdbbe0fd22bfe9205256f7b3.jpeg', 1, 40),
(300, NULL, '2015-08-17 10:32:42', 2, '387b280fcb58db982cebc95e61470bee338a857c.jpeg', 3, 40),
(301, NULL, '2015-08-17 10:32:54', 2, '18953e7f0eb066324c0922b2b48c3ae771016b1e.jpeg', 4, 40),
(302, NULL, '2015-08-17 10:33:05', 2, '086378c62a88efa717f1a1dc7a307904aa3f461f.jpeg', 5, 40),
(309, NULL, '2016-01-13 14:32:50', 1, '92efa6fd75ee99ec348dc222f2b11d3a2654abcc.jpeg', 1, 6),
(310, NULL, '2016-01-13 14:32:50', 2, '79aee7807fbe6c49c07af6411e00ceade41536d4.jpeg', 1, 6),
(311, NULL, '2016-01-13 14:32:50', 2, '665523dee64bb70e1b6fef6573a05bce47fad33f.jpeg', 2, 6),
(312, NULL, '2016-01-13 14:32:50', 2, '0c1ab3001fee1d8863a8ee7379ebaebf8ea6e8b1.jpeg', 3, 6),
(313, NULL, '2016-01-13 14:32:50', 2, '16bbc00ede6455fe76aa9fb2cd99fb41eecf8f2b.jpeg', 4, 6),
(314, NULL, '2016-01-13 14:32:50', 2, '5db2b3a0fe3115d5532c16c00d291361c8d7e0b9.jpeg', 5, 6),
(315, NULL, '2015-08-17 11:12:18', 1, '19d3d25aa56a8f5978a5930440bdb274a1c85750.jpeg', 1, 144),
(316, NULL, '2015-08-17 11:17:12', 2, '71cd2447f7e775bcd4dc1cac4279ff29c4bf2542.jpeg', 1, 144),
(317, NULL, '2015-08-17 11:17:24', 2, '6a2163106b5d93468cb01ee85337be261875741b.jpeg', 2, 144),
(318, NULL, '2015-08-17 11:17:46', 2, 'd89a724d33c7b2c81590e9ce3508d0872acae83b.jpeg', 3, 144),
(319, NULL, '2015-08-17 11:18:01', 2, '4165248685c494cfb336e2dddab14f6efabbddad.jpeg', 4, 144),
(320, NULL, '2015-08-17 11:18:13', 2, 'a52c9f880a17c6260a0f844ec3a0f6e430ebd1db.jpeg', 5, 144),
(321, NULL, '2015-08-17 11:29:56', 1, 'd51c8ad65bde5174b7033b44c04721110cb20aff.jpeg', 1, 181),
(322, NULL, '2015-08-17 11:30:08', 2, '55deaee208b63457edff5f1920d3061f2c8ed685.jpeg', 1, 181),
(323, NULL, '2015-08-17 11:30:24', 2, '70a24866fc877764cd30f3e0cfa09ccd66a8a428.jpeg', 2, 181),
(324, NULL, '2015-08-17 11:30:40', 2, 'fe5ecd498d03d815211be57946a5110023a03f48.jpeg', 3, 181),
(325, NULL, '2015-08-17 11:30:52', 2, 'e36f62e37c3f1a79da1aa829b3668d5e6141e92b.jpeg', 4, 181),
(326, NULL, '2015-08-17 11:31:04', 2, '4262e693a3e5da08e03b69004291d9feb8eeb192.jpeg', 5, 181),
(327, NULL, '2015-08-17 11:37:41', 1, '6991d1530ddb4935061508eef4bf6f85c2fd7227.jpeg', 1, 124),
(328, NULL, '2015-08-17 11:39:24', 2, '08c161652069a213a41a00f9f1a1949611dd3b8d.jpeg', 1, 124),
(329, NULL, '2015-08-17 11:39:39', 2, 'add87e25caedc84b0668ce0e2d8b3a6579a2a2f4.jpeg', 2, 124),
(330, NULL, '2015-08-17 11:39:54', 2, '99cc093fbdc019e32a28e9f6248d849acca73b34.jpeg', 3, 124),
(331, NULL, '2015-08-17 11:40:30', 2, '6fcd4e56a66f2656923f8f46ef9efe7a7a5dc29a.jpeg', 4, 124),
(332, NULL, '2015-08-17 11:41:31', 2, 'b95ebb881f569236769539ef79043fdf4960f189.jpeg', 5, 124),
(333, NULL, '2015-08-17 12:06:05', 1, '271893f54bb2f3630cc1c254cd3985bc95a9df94.jpeg', 1, 243),
(334, NULL, '2015-08-17 12:08:59', 2, 'ad633337be77a4ef013e96bfce0daefb3702c154.jpeg', 1, 243),
(335, NULL, '2015-08-17 12:09:40', 2, '615545d4c447b87b66d0035a6428c8efa515e4d1.jpeg', 2, 243),
(336, NULL, '2015-08-17 12:09:55', 2, '25deedf35b6ed0371612bdc9124e542d6fb11240.jpeg', 3, 243),
(337, NULL, '2015-08-17 12:10:09', 2, 'ea1d12a4e6d34aeca38a93c519ee2321b9e2ab0c.jpeg', 4, 243),
(338, NULL, '2015-08-17 12:10:27', 2, '7159f9b1eea8f3e3d31ff6de0c87b4df797791c4.jpeg', 5, 243),
(339, NULL, '2015-08-17 12:23:44', 1, '4c2a43e0c4843f6c3dcfc20a088feec16fad942d.jpeg', 1, 36),
(340, NULL, '2015-08-17 12:26:11', 2, '3e720d49df1628ffe1d0f3142abd5cfd1787b7fe.jpeg', 1, 36),
(341, NULL, '2015-08-17 12:26:22', 2, '5abc32c5dddd27dfdee9d40acd8c0621567125da.jpeg', 2, 36),
(342, NULL, '2015-08-17 12:26:41', 2, '3429ee63c9c31d06f454b9e8f0e95ff6f3bd3474.jpeg', 3, 36),
(343, NULL, '2015-08-17 12:27:10', 2, '2847fd7db8c24962d5ce20185222f74008cb44fa.jpeg', 4, 36),
(344, NULL, '2015-08-17 12:27:22', 2, 'b380bb557afc11d2470b51d16dd02bf3e8f577cc.jpeg', 5, 36),
(345, NULL, '2015-08-17 12:34:52', 1, '5309f7614c4f24a4c0d539ca76961e73db40f8b2.jpeg', 1, 141),
(346, NULL, '2015-08-17 12:35:08', 2, 'edd7536eb44f8ba2d66f84eb3a07686a93bd0315.jpeg', 1, 141),
(347, NULL, '2015-08-17 12:35:29', 2, 'b6e12791713ddc86d04250513241acff36bb22f4.jpeg', 2, 141),
(348, NULL, '2015-08-17 12:35:38', 2, '70ac3976f91512f9b1bb94f398d1fe376ba5cead.jpeg', 3, 141),
(349, NULL, '2015-08-17 12:35:53', 2, 'e6d45e0c11c830518030d3373a3e545438a9e323.jpeg', 4, 141),
(350, NULL, '2015-08-17 12:36:04', 2, '71cd37ffa42e42c21c39a2c2d17c9e3e1117f6f9.jpeg', 5, 141),
(351, NULL, '2015-08-17 12:54:51', 1, '77d42a035cc4f4b6da541c804ea332aa36a831db.jpeg', 1, 125),
(352, NULL, '2015-08-17 12:55:20', 2, 'e409bcbe5d668b30006c505251746ee02a6ead61.jpeg', 1, 125),
(353, NULL, '2015-08-17 12:55:50', 2, '40e9392cfd1105e66fce0fd3d0026a02cdc32863.jpeg', 2, 125),
(354, NULL, '2015-08-17 12:56:09', 2, '620137f57a1dae43ec60e1507b71d049c6e77fed.jpeg', 3, 125),
(355, NULL, '2015-08-17 12:56:21', 2, 'c42e7d046761b7f9bea610a6a05009217f136a23.jpeg', 4, 125),
(356, NULL, '2015-08-17 12:56:32', 2, 'a75506f297fbf3e25818a109bc99d2eadcd26557.jpeg', 5, 125),
(357, NULL, '2015-08-17 13:14:58', 1, '444dd82f9b3468d2b882a07e17efbec2b22961fc.jpeg', 1, 17),
(358, NULL, '2015-08-17 13:15:10', 2, '43ea22c6f09724d9dc3b65f88bb9910189037906.jpeg', 1, 17),
(359, NULL, '2015-08-17 13:15:21', 2, '80647943fb9779db41fdb771a321070d5fbc45a3.jpeg', 2, 17),
(360, NULL, '2015-08-17 13:15:33', 2, 'b3f633c77385bbc8786296c08e41f48704d459ef.jpeg', 3, 17),
(361, NULL, '2015-08-17 13:15:46', 2, 'cceecd19bba099cdc3be87d73a2d144aebb676f1.jpeg', 4, 17),
(363, NULL, '2015-08-17 13:56:09', 1, '2e5539efcc30d42f34ee58c3f97f108779110fb0.jpeg', 1, 168),
(364, NULL, '2015-08-17 13:56:21', 2, 'fefa38e487b7834a9c3d20d666b9341933342608.jpeg', 1, 168),
(365, NULL, '2015-08-17 13:56:32', 2, '9da70da0e05a390cf8a0fa36f842e43a9c6c64a7.jpeg', 2, 168),
(366, NULL, '2015-08-17 13:56:44', 2, '91b778de052523f9cd55f9f39954a712ee74ec56.jpeg', 3, 168),
(367, NULL, '2015-08-17 13:57:04', 2, '63252243c2fb77d9e3feee0ada2c4aed8e90e676.jpeg', 4, 168),
(368, NULL, '2015-08-17 13:57:18', 2, 'b1ace1a75e2fe96339fdf4de6b41a49c947cf334.jpeg', 5, 168),
(369, NULL, '2015-08-17 14:12:52', 1, '239e7d16511d763be6af7f174708f3e0e4017573.jpeg', 1, 222),
(370, NULL, '2015-08-17 14:15:17', 2, '7480696812a2fbba1c35ba4eae2efcd5f5cdbec1.jpeg', 1, 222),
(371, NULL, '2015-08-17 14:15:34', 2, '43b79e52056fc58501b3d1ff249236672010e534.jpeg', 2, 222),
(372, NULL, '2015-08-17 14:16:16', 2, '769a723936a83dc6d9cb28c384c3408bd8b034b3.jpeg', 3, 222),
(373, NULL, '2015-08-17 14:16:29', 2, '9415ffea6e85c1e070dcb77898b4668fe49b00e9.jpeg', 4, 222),
(374, NULL, '2015-08-17 14:16:41', 2, '0b96f0549146c891a04a25683029c5a099ce753a.jpeg', 5, 222),
(375, NULL, '2015-08-17 14:26:07', 2, 'a06ecdb4b227ca5418fa0d0e74fd92a14b969175.jpeg', 1, 68),
(377, NULL, '2015-08-17 14:26:24', 2, '50b49b95bd7cff3a7c4cd79d653ab363331abbe1.jpeg', 2, 68),
(378, NULL, '2015-08-17 14:26:39', 2, '28859b4f518d2ccdbd698c420d055313c0f70bf8.jpeg', 3, 68),
(379, NULL, '2015-08-17 14:26:51', 2, 'b7413ff4c4921ed36f04fed1ccb5b28646278a0b.jpeg', 4, 68),
(380, NULL, '2015-08-17 14:27:05', 2, 'd167e0e5bb4b4e079f457a0899598970ecedde4e.jpeg', 5, 68),
(381, NULL, '2015-08-17 14:39:28', 1, 'bf85970027938fca81593d153afc12a472fa93eb.jpeg', 1, 230),
(382, NULL, '2015-08-17 14:39:44', 2, 'f25ae8dbb67bbf0e3d29faf8cdf889f000fb92b5.jpeg', 1, 230),
(383, NULL, '2015-08-17 14:40:08', 2, '9028445fe2089b4ffda003c27dcaabbf2b1f8bce.jpeg', 2, 230),
(384, NULL, '2015-08-17 14:40:21', 2, 'd4cf3c421b3d62390c80048d5b117ab17ca8ce40.jpeg', 3, 230),
(385, NULL, '2015-08-17 14:40:35', 2, '35f9cbfc4b62dc4ea6a779719f39384cd60ae8b3.jpeg', 4, 230),
(386, NULL, '2015-08-17 14:40:46', 2, 'e034e087399efe52ac394795a0d07f23f7a59269.jpeg', 5, 230),
(387, NULL, '2015-08-17 14:51:11', 1, '61582caa119034042d3f77eb18f5e928cf469962.jpeg', 1, 239),
(388, NULL, '2015-08-17 14:51:23', 2, '5785278a3462e58bd01f194787c5189483870423.jpeg', 1, 239),
(389, NULL, '2015-08-17 14:51:37', 2, '5be86faaaecf07a8b0092d690eeaa2d6f1e0d126.jpeg', 2, 239),
(390, NULL, '2015-08-17 14:51:50', 2, '34a829c7bd8be7d8fcb9f0c3dc96d6024509837f.jpeg', 3, 239),
(391, NULL, '2015-08-17 14:52:02', 2, '14a53b9bd3c7fd9f45fc1009cf08f9768ee39c71.jpeg', 4, 239),
(392, NULL, '2015-08-17 14:52:15', 2, 'c0284fa5186c6a783799843961f0c08998b6284e.jpeg', 5, 239),
(393, NULL, '2015-08-17 14:55:38', 1, 'b6e333b321b4021b21673e45ded138af4499cc00.jpeg', 1, 29),
(394, NULL, '2015-08-17 14:59:37', 2, '8ebcfd46459fc5d743505d816d9dd82d1af5cba2.jpeg', 1, 29),
(395, NULL, '2015-08-17 14:59:52', 2, 'f6797a92579408c415d463f7d0fbab76e916bb5e.jpeg', 2, 29),
(396, NULL, '2015-08-17 15:00:06', 2, '7b7a1eeab82a432822940ab0996e32891ed73ab8.jpeg', 3, 29),
(397, NULL, '2015-08-17 15:00:23', 2, '5f15b7fb14f7c5cc1f7c6aa5513f05aac8961757.jpeg', 4, 29),
(398, NULL, '2015-08-17 15:01:04', 2, '7a8816cf6b63f38eb619c1b60966beab0dab148e.jpeg', 5, 29),
(399, NULL, '2016-01-13 13:03:54', 1, '9eb6db0f4df4cb539ce9a8c0bd9009bb70afbb51.jpeg', 1, 59),
(401, NULL, '2016-01-13 13:03:54', 2, 'e6e02017e129b20bf01fd356c1d3ecf58aafc569.jpeg', 2, 59),
(402, NULL, '2016-01-13 13:03:54', 2, 'a80f2e752bbbc902509c8c4ea3ea9b58c3355db9.jpeg', 3, 59),
(403, NULL, '2016-01-13 13:03:54', 2, '7100e08261cdff25caa3b331716db4f4f4216751.jpeg', 4, 59),
(404, NULL, '2016-01-13 13:03:54', 2, 'ec43ebf905822add50392daf0093f1e19c2de76c.jpeg', 5, 59),
(405, NULL, '2016-01-13 13:03:54', 2, 'bf94b119f728447bb9f9d9605f11a710f8bde90d.jpeg', 6, 59),
(406, NULL, '2016-01-13 13:03:54', 2, 'f9042ed9f1fb59c70e22e7bd1d0ede8ab507d01a.jpeg', 7, 59),
(407, NULL, '2016-01-13 13:03:54', 2, '87e7139ecb49259951a0f04825dab3a97eb4cd79.jpeg', 8, 59),
(408, NULL, '2016-01-13 13:03:54', 2, '4ef4c874e537896753d987171807dcffb7c93858.jpeg', 9, 59),
(409, NULL, '2016-01-13 13:03:54', 2, '6bb0edbbbbe1d7a8afa4f9ee6bc936dddd106027.jpeg', 10, 59),
(410, NULL, '2016-01-13 13:03:54', 2, '2bf655586961f2d46414debec8ef9381ff926316.jpeg', 11, 59),
(411, NULL, '2015-08-17 18:31:49', 1, '728b243963503f274335ac66d1cdad4c903582e8.jpeg', 1, 61),
(412, NULL, '2015-08-17 18:32:00', 2, '0288a40f78d2dc4c9342bbfd9320f4fffb27daa2.jpeg', 1, 61),
(413, NULL, '2015-08-17 18:32:09', 2, 'b58afae50a3f8c4d5e19120992aba0805a540d6c.jpeg', 2, 61),
(414, NULL, '2015-08-17 18:32:19', 2, '9f82a0279293287544242481c08099f48cd3538a.jpeg', 3, 61),
(415, NULL, '2015-08-17 18:32:27', 2, '9637753289cd451aba6bcbbdbaba9ae464418192.jpeg', 4, 61),
(416, NULL, '2015-08-17 18:32:35', 2, '8e5d92afbd4b9d08cd85b6a3b6d6bd8cf4f9ca3b.jpeg', 5, 61),
(417, NULL, '2015-08-17 18:32:44', 2, 'b6ee3c682c2906643cdc24827ee5d3fc36748b31.jpeg', 6, 61),
(418, NULL, '2015-08-17 18:32:53', 2, '9a767fa482ab433525d361f9f9ebb1e16179c355.jpeg', 7, 61),
(419, NULL, '2015-08-17 18:33:02', 2, '1106e4aee37d50b095476670d70aeab83b6d5d1a.jpeg', 8, 61),
(426, NULL, '2015-08-18 08:57:34', 1, '18b57517cde71aa1b1038ef9b3d1ae16eebcf839.jpeg', 1, 30),
(427, NULL, '2015-08-18 08:57:59', 2, '5bf7401e9ca00e23c109d51e32b2594386c00e71.jpeg', 1, 30),
(428, NULL, '2015-08-18 09:11:04', 2, '331460573ea39442b1a4e459911e2cf7a5582bfc.jpeg', 2, 30),
(429, NULL, '2015-08-18 09:12:02', 2, 'eae24833f61554087d68a70745c957b3aff334ea.jpeg', 3, 30),
(430, NULL, '2015-08-18 09:12:17', 2, '2ee822fe90d9c495e27caa9992a5763014cd43c9.jpeg', 4, 30),
(431, NULL, '2015-08-18 09:12:26', 2, '3860b06e2ce9aeb30eb10298c23c92fa12a3d4df.jpeg', 5, 30),
(432, NULL, '2016-01-13 14:32:50', 1, 'b33ab18c43ec26d54c72723e05276d63c7a47b7a.jpeg', 1, 296),
(433, NULL, '2016-01-13 14:32:50', 2, '55183418808d42e4a5dd155e944dced5a845f01d.jpeg', 1, 296),
(434, NULL, '2016-01-13 14:32:50', 2, 'a12def0678e0c0e247e1e90c26af39fbdf482010.jpeg', 2, 296),
(435, NULL, '2016-01-13 14:32:50', 2, 'daea6b84f5bc19e4244fbb87f837d3383bd12fef.jpeg', 3, 296),
(436, NULL, '2016-01-13 14:32:50', 2, '891a49cb643f25fb148ed60411a514507e6dbbd8.jpeg', 4, 296),
(437, NULL, '2016-01-13 14:32:50', 2, 'a5e2885f3f8f93bb0340de3969d7d0d9492a4698.jpeg', 5, 296),
(438, NULL, '2015-08-18 09:47:50', 1, 'e0b606d62647c318f9256c4cc71038c7ed5e6809.jpeg', 1, 127),
(439, NULL, '2015-08-18 09:57:34', 2, '9295a02004ddaee4a46945d41626a1df47ea2548.jpeg', 1, 127),
(440, NULL, '2015-08-18 09:57:45', 2, 'eeaf045c55b98a92312f7377e5dd02f0d03be9cd.jpeg', 2, 127),
(441, NULL, '2015-08-18 09:57:53', 2, '7d55ce269e4346814be212026e03b23b04a51625.jpeg', 3, 127),
(442, NULL, '2015-08-18 09:58:10', 2, '45c035cad9a5dda1900e3b1e18c187a104b68046.jpeg', 4, 127),
(443, NULL, '2015-08-18 09:58:18', 2, 'f18846e9aedaaa3104c6a70af8575ad731b9a232.jpeg', 5, 127),
(444, NULL, '2015-08-18 10:09:55', 1, '14195e278086f87504879e9e5a3f8b8071e1c41e.jpeg', 1, 290),
(445, NULL, '2015-08-18 10:10:07', 2, 'a5ec7d2dc29901e5d21590f72c5efb9cd71ddf93.jpeg', 1, 290),
(446, NULL, '2015-08-18 10:10:16', 2, '69c9f53e39590834846d67297caa933952a3b66c.jpeg', 2, 290),
(447, NULL, '2015-08-18 10:10:25', 2, 'd6dacd281cd5225e698425dbfee0c7a7ab1c3c44.jpeg', 3, 290),
(448, NULL, '2015-08-18 10:10:35', 2, '146a9ba3270bbf6375645faf34e14fc43a989577.jpeg', 4, 290),
(449, NULL, '2015-08-18 10:10:46', 2, '0b025ec88f5cebeec1f6bdc52566d031a3a781f0.jpeg', 5, 290),
(450, NULL, '2015-08-18 10:32:00', 1, 'e8361f0fb72cf572def603210f2a241fbb21b188.jpeg', 1, 35),
(451, NULL, '2015-08-18 10:32:10', 2, '189c9d20d9d2cddc1706d818a66cd0b685a8c166.jpeg', 1, 35),
(452, NULL, '2015-08-18 10:32:19', 2, '1876404b142ca0750eb8e67e0386f44f038ab7bf.jpeg', 2, 35),
(453, NULL, '2015-08-18 10:32:27', 2, '7e228eb4f8f3e262e194682070cc3d11f0fbb45b.jpeg', 3, 35),
(454, NULL, '2015-08-18 10:32:37', 2, '39487e03839513e6f39c949cf422185db970cdec.jpeg', 4, 35),
(455, NULL, '2015-08-18 10:32:45', 2, 'c36a156b97e3ba70c2416fff849959a68c29a378.jpeg', 5, 35),
(456, NULL, '2015-08-18 11:01:09', 1, '9b2bd4625c51028794fb7326a4c639b417882650.jpeg', 1, 22),
(457, NULL, '2015-08-18 11:01:21', 2, '11ed2a46dbaaa895c30bb31983ec4b92291b0cc4.jpeg', 1, 22),
(458, NULL, '2015-08-18 11:01:32', 2, '06eff5543fbd81d3e13afbbaa3d96a7acebccf53.jpeg', 2, 22),
(459, NULL, '2015-08-18 11:01:40', 2, '6f96ef32b6023704d0e49fffaa0ea0899bfbcfa4.jpeg', 3, 22),
(460, NULL, '2015-08-18 11:01:49', 2, 'bf37b7959db8ab3e8d1cd6e7cde1ff1dd696a880.jpeg', 4, 22),
(461, NULL, '2015-08-18 11:02:00', 2, 'c39e53df9d038b5169ff219775f0b049338616c2.jpeg', 5, 22),
(462, NULL, '2015-08-18 11:21:05', 1, 'f34b406b39e3245e9e966fe1351dfa17fc8760c5.jpeg', 1, 104),
(463, NULL, '2015-08-18 11:21:19', 2, 'd35b919d58e13cca1f4d2134b7c5bb2611e557f3.jpeg', 1, 104),
(464, NULL, '2015-08-18 11:21:52', 2, '52ab342df24d305d6496aeb03a046c66cbc9e1e6.jpeg', 2, 104),
(465, NULL, '2015-08-18 11:22:02', 2, '1062c8c5e8cf766fc6848ba41a9efb8b33bfb7dd.jpeg', 3, 104),
(466, NULL, '2015-08-18 11:22:11', 2, '702b3db13816c48986e6a5d95a46077ccfbab7ce.jpeg', 4, 104),
(468, NULL, '2015-08-18 11:37:35', 1, 'a084524da61b12ecc2380ac59f5e01390ff6741c.jpeg', 1, 18),
(469, NULL, '2015-08-18 11:37:50', 2, '81e6d7f9790eeff35d3c19fe795bd10761b40099.jpeg', 1, 18),
(470, NULL, '2015-08-18 11:38:08', 2, 'e8713a9bd4040a054d436e0505e3e5d4ab956576.jpeg', 2, 18),
(471, NULL, '2015-08-18 11:38:19', 2, '40a7eb51b5a44ccc0325c03030221dec17cef4bc.jpeg', 3, 18),
(472, NULL, '2015-08-18 11:38:28', 2, '0a414094d37b335d30d6ef458a1e696bcd1af983.jpeg', 4, 18),
(473, NULL, '2015-08-18 11:38:39', 2, '2c742f5b0c9d39cee54affaeb14ff5726968cbde.jpeg', 5, 18),
(480, NULL, '2015-08-18 12:21:37', 1, 'f596a7a50ecc4108bcc318f97824336dd7fbc702.jpeg', 1, 244),
(481, NULL, '2015-08-18 12:21:47', 2, 'f9e51f10c564dbd7dc66bfb430e505e4a4e717ec.jpeg', 1, 244),
(482, NULL, '2015-08-18 12:21:55', 2, 'b848fc32af39a341ae6f7a24627e4635eb7c1164.jpeg', 2, 244),
(483, NULL, '2015-08-18 12:22:03', 2, '48140f6dcebf9005f3ce6aa5e9b5c5b53a550dd6.jpeg', 3, 244),
(484, NULL, '2015-08-18 12:22:12', 2, 'ad9d5dbf421c2e281d28da2f1a40e53ebded7e49.jpeg', 4, 244),
(485, NULL, '2015-08-18 12:22:23', 2, 'd1104f5fa2e51c210628fb79a4abdcb9afdc3822.jpeg', 4, 244),
(486, NULL, '2015-08-18 12:22:33', 2, '48aa4cd621100381f72af8d11c1addb8d63d163f.jpeg', 6, 244),
(487, NULL, '2015-08-18 12:22:43', 2, '74858a629052090c899fd9d04def3352f4521c31.jpeg', 7, 244),
(488, NULL, '2015-08-18 12:22:52', 2, '664cfaaf3fe11e7c795a7c65b7abcdf4259c07b3.jpeg', 8, 244),
(489, NULL, '2015-08-18 12:22:59', 2, '580c3685fa13a4fda298cb0f2698619a12d8dfd0.jpeg', 94, 244),
(490, NULL, '2015-08-18 12:23:19', 2, '1a879d39dafd1dc66d680e64033e228d7aba3a5f.jpeg', 10, 244),
(491, NULL, '2015-08-18 12:23:27', 2, '4b449db47ae04f244535844faf424b00def20fda.jpeg', 11, 244),
(492, NULL, '2015-08-18 13:16:41', 2, 'b814c39021afb4f39548645a69e5059c7991400a.jpeg', 1, 39),
(494, NULL, '2015-08-18 13:18:34', 2, 'd78f4f5d5704bbbce6c2af9734efd27606c5641d.jpeg', 5, 39),
(495, NULL, '2015-08-18 13:18:50', 2, '1f0f54224597c0195872b5ffaeb9de1ea0b40907.jpeg', 2, 39),
(503, NULL, '2016-01-13 13:03:54', 1, 'ba78ea187072f58798eba32caabc337ef69f4387.jpeg', 1, 43),
(504, NULL, '2016-01-13 13:03:54', 2, 'cc1d600a0a0d278014b63a274691f7191d3904b7.jpeg', 1, 43),
(505, NULL, '2016-01-13 13:03:54', 2, 'a5412d7e95d71260456126e0a3d218cd55d7ea78.jpeg', 2, 43),
(506, NULL, '2016-01-13 13:03:54', 2, 'f257c6a60f9f06f2f14675d23327985037d0e9b6.jpeg', 3, 43),
(507, NULL, '2016-01-13 13:03:54', 2, '5848b1dba894477fedcd675435ad54bb099a4647.jpeg', 4, 43),
(508, NULL, '2016-01-13 13:03:54', 2, '560ac6a9664e53fe4f8ae3429a55e67553f68ee6.jpeg', 5, 43),
(509, NULL, '2015-08-18 14:08:01', 1, '4571e3ce394b56054c8171afc2ddc7a66011437a.jpeg', 1, 107),
(510, NULL, '2015-08-18 14:08:25', 2, '64fc72abb0f32a6d1a373b064950dd4a64add852.jpeg', 1, 107),
(511, NULL, '2015-08-18 14:08:36', 2, '1f5623a5c7223d785764f85fc442477c780c0f1c.jpeg', 2, 107),
(512, NULL, '2015-08-18 14:08:46', 2, 'b429880d2c159f31eeb6004c3d6a69f0a7bdc6fa.jpeg', 3, 107),
(513, NULL, '2015-08-18 14:09:00', 2, '0a9d84a1909d91861cc13dd82bb36276cd45c7dd.jpeg', 4, 107),
(514, NULL, '2015-08-18 14:09:11', 2, '02ebc1231e60392c23e639feb3feb4eb7f7f736e.jpeg', 5, 107),
(515, NULL, '2015-08-19 10:22:30', 1, '91c3115eac7cb9d7b9b5cdccb9fcf0f1837cc00a.jpeg', 1, 217),
(516, NULL, '2015-08-19 10:22:40', 2, '2c1789582f8d5704cdf68e1947affcf7627b5d07.jpeg', 1, 217),
(517, NULL, '2015-08-19 10:23:01', 2, '0801fa0c0990f91e94adf1d4bc0d0b9c7be3c7ad.jpeg', 2, 217),
(518, NULL, '2015-08-19 10:23:11', 2, '747da3c0a092c36cc67d0eb056964746c9636d5d.jpeg', 3, 217),
(519, NULL, '2015-08-19 10:23:21', 2, '79f5a9a32f8621604111299e9ad3f79fb4c56bcc.jpeg', 4, 217),
(520, NULL, '2015-08-19 10:23:30', 2, 'e010aafd1f5266b2a1af6f0cb4d8819a65a3b029.jpeg', 5, 217),
(521, NULL, '2015-08-19 10:41:31', 1, '700a339af7f3c719c06776ec33dd235b6c60330b.jpeg', 1, 167),
(522, NULL, '2015-08-19 10:41:45', 2, '904d2a64d30a85820e479a6ef75db47aa220cc62.jpeg', 1, 167),
(523, NULL, '2015-08-19 10:41:56', 2, '840c78e72e559db9cdf09c9c585ee5315bd932a2.jpeg', 2, 167),
(524, NULL, '2015-08-19 10:42:05', 2, 'd2d8d8d1ecd8a303dd5dc97acb124d7d05232984.jpeg', 3, 167),
(525, NULL, '2015-08-19 10:42:16', 2, 'af530e29a332a85005594cba59e8adf52699887a.jpeg', 4, 167),
(526, NULL, '2015-08-19 10:42:24', 2, '3c103f57dcb58da261700344f058787cb92c6fac.jpeg', 5, 167),
(527, NULL, '2015-08-19 11:05:38', 1, 'e2b525918fdc75582e0e84982e6bc274a06a9599.jpeg', 1, 105),
(528, NULL, '2015-08-19 11:05:51', 2, 'd37046bebb06698e0597449e670e9070a9df0e2e.jpeg', 1, 105),
(529, NULL, '2015-08-19 11:06:03', 2, '9af254fecf5b7d0c7e052267a887715c9fdcee7a.jpeg', 2, 105),
(530, NULL, '2015-08-19 11:06:20', 2, 'c6e992bc038761d4989283888804eba6824bcb31.jpeg', 3, 105),
(531, NULL, '2015-08-19 11:06:35', 2, 'ebbb90e86e9dbeadc899597bbd7bb17772bdaf6d.jpeg', 4, 105),
(532, NULL, '2015-08-19 11:06:46', 2, '678415fa18d62270fbbdbce4d236de8dad759b5c.jpeg', 5, 105),
(533, NULL, '2015-08-19 11:17:05', 1, '01efa61553da0c89ffd136e0b0350f3740700c59.jpeg', 1, 120),
(534, NULL, '2015-08-19 11:17:21', 2, '59243a64da7d36b22e9c70ba1144f13ec5be34bc.jpeg', 1, 120),
(535, NULL, '2015-08-19 11:17:32', 2, 'cf7b22f30d77ae564f479f92e356fd3929044959.jpeg', 2, 120),
(536, NULL, '2015-08-19 11:17:45', 2, '19e4bb8a6e1a34d7a025b499387aa36a24ea466d.jpeg', 3, 120),
(537, NULL, '2015-08-19 11:17:56', 2, 'b82aba3c4a0ebd59845071660a73d8fd86d9d0a5.jpeg', 4, 120),
(538, NULL, '2015-08-19 11:18:06', 2, '2fed0e1b8746b5fcebe5657657ee48d3de05ec1e.jpeg', 5, 120),
(539, NULL, '2015-08-19 11:39:27', 1, '27a9e372b8313b6c5f3a027d7ed4752463e0c8a7.jpeg', 1, 280),
(540, NULL, '2015-08-19 11:39:36', 2, '86579963606b2251e9f0ca3bf74b89444ea02806.jpeg', 1, 280),
(542, NULL, '2015-08-19 11:39:48', 2, 'ffeb1b6ac1ccc12fd72f624ba7be550b5f76a7de.jpeg', 2, 280),
(543, NULL, '2015-08-19 11:40:13', 2, '7a0a9f2cce39af996d530e97bf59b4192003acdb.jpeg', 3, 280),
(544, NULL, '2015-08-19 11:40:21', 2, 'ecfaea49d98dca24a3b289a79d8557bcbd2cb8ee.jpeg', 4, 280),
(545, NULL, '2015-08-19 11:40:29', 2, '9bd73070f1971e619cf8c1aa8df8c09b3a78b19b.jpeg', 5, 280),
(546, NULL, '2015-08-19 12:03:25', 1, 'f4fe84ad4f3415d28aafdddcd807a3e9f298e3f1.jpeg', 1, 154),
(547, NULL, '2015-08-19 12:09:11', 2, 'b8f68f0f186271eb4b8ccfd25ab6abe29fa22d76.jpeg', 1, 154),
(548, NULL, '2015-08-19 12:09:25', 2, '1792c6fd309518a8cbb668550d93f810a70192eb.jpeg', 2, 154),
(549, NULL, '2015-08-19 12:13:39', 2, 'f5a50de256878740b7a828491e256cccddb081c2.jpeg', 3, 154),
(550, NULL, '2015-08-19 12:15:11', 2, '7ef34bcc836abae0cf3aff2dc1038b67b1bbccf7.jpeg', 4, 154),
(551, NULL, '2015-08-19 12:15:36', 2, '5c564139fcd4ed40345bb12f3440b44405a51b74.jpeg', 5, 154),
(552, NULL, '2015-08-19 12:38:43', 1, '55c6c208b3c9cf27e8dedc9797a467317dc65717.jpeg', 1, 138),
(553, NULL, '2015-08-19 12:39:35', 2, '557a47ca765720e416a7c41e57d3b3b7605fb507.jpeg', 1, 138),
(554, NULL, '2015-08-19 12:39:47', 2, '89630275668cc0c90d52d61d2d7d23a4871e7544.jpeg', 2, 138),
(555, NULL, '2015-08-19 12:40:06', 2, '912edf4c592379204fb56ccdc2a75ea2d2d107ee.jpeg', 3, 138),
(556, NULL, '2015-08-19 12:40:18', 2, '557f596184a4b27c05e2ca53f1985fe3f62c50d4.jpeg', 4, 138),
(557, NULL, '2015-08-19 12:40:32', 2, 'f9545c01c9fee2ce65c96775d7771250de0d6850.jpeg', 5, 138),
(558, NULL, '2016-01-13 13:03:54', 1, '089e453b5e83cfa3b8967bf7db58771b51e3b903.jpeg', 1, 85),
(559, NULL, '2016-01-13 13:03:54', 2, '5df60d4923c026694e3046e5dac3fd190a92f034.jpeg', 1, 85),
(560, NULL, '2016-01-13 13:03:54', 2, '364493f2ca82f2da22ae2dbaf7af03d7022d4247.jpeg', 2, 85),
(561, NULL, '2016-01-13 13:03:54', 2, 'cccb4350c3d4c46fa5a025270e622666829e148d.jpeg', 3, 85),
(562, NULL, '2016-01-13 13:03:54', 2, '59d14a46dfce58c9bab638bf8121d8845486e223.jpeg', 4, 85),
(563, NULL, '2016-01-13 13:03:54', 2, '782141126d0e6834630aec0f9d92ecd2247cc3f9.jpeg', 5, 85),
(564, NULL, '2015-08-19 13:05:43', 1, '3a960302c4f2013a67908b278150187d9bdef963.jpeg', 1, 42),
(565, NULL, '2015-08-19 13:05:54', 2, 'b68a90b5dc467a31dacd2a2e7601c34318a00bce.jpeg', 1, 42),
(566, NULL, '2015-08-19 13:06:05', 2, '5564db5456ff6fb9bfaf0bf8dba379aff5dbb3d6.jpeg', 2, 42),
(567, NULL, '2015-08-19 13:06:15', 2, '197499be7c164fa1fe27df96ea2d43ef095d005f.jpeg', 3, 42),
(568, NULL, '2015-08-19 13:06:27', 2, 'b9863b30d2412c41477ec549ff17ec2c4bcdb6d2.jpeg', 4, 42),
(569, NULL, '2015-08-19 13:06:43', 2, '3ead44af46e3bf5316c0d1376538fac164d45d0e.jpeg', 5, 42),
(570, NULL, '2015-08-19 13:12:47', 1, 'e1991215c3aadb9dc8c06782335eaf16554e02df.jpeg', 1, 82),
(571, NULL, '2015-08-19 13:12:56', 2, '39646a2074f26aae6b757c4df5de3d990e812ac7.jpeg', 1, 82),
(573, NULL, '2015-08-19 13:13:17', 2, '1123a86f28c79a5beec987a0f8374de9cec0bfd3.jpeg', 3, 82),
(575, NULL, '2015-08-19 13:13:37', 2, '06d24495e6b5e6c88e1d40c0dd1ced99a7f3587f.jpeg', 5, 82),
(589, NULL, '2015-08-20 10:41:30', 1, '091d732afd4a67fea213d1b8b4dda3dfaba688b0.jpeg', 1, 122),
(590, NULL, '2015-08-20 10:41:40', 2, 'b172f3f06febf03c9ac681144192013fbdd1570b.jpeg', 1, 122),
(591, NULL, '2015-08-20 10:41:51', 2, '3c43dca9de94dcdb076fa08281c94ad9e0aba84b.jpeg', 2, 122),
(592, NULL, '2015-08-20 10:42:02', 2, 'b9ab26114b0ffcbda11fdd98a3f492e8fa4f95aa.jpeg', 3, 122),
(593, NULL, '2015-08-20 10:42:11', 2, '892765d5a3f39751d194dd4d16687dcec2d56eb7.jpeg', 4, 122),
(594, NULL, '2015-08-20 10:42:20', 2, '743b9fb4cec512a9156b07e0745a6d256be1c64b.jpeg', 5, 122),
(595, NULL, '2015-08-20 10:48:03', 1, '0f97f2ac6b9810b6e01180b7a946a6337557c68e.jpeg', 1, 63),
(596, NULL, '2015-08-20 10:48:14', 2, '1210b0b7d28d6a87f522bb894abf8029c375bec3.jpeg', 1, 63),
(597, NULL, '2015-08-20 10:48:27', 2, '6e98539c41ee77bc61c66caeab0d79a289431b2e.jpeg', 2, 63),
(598, NULL, '2015-08-20 10:48:37', 2, '84cc5642f679b8d38db0e6cb391e4e03ff2492f1.jpeg', 3, 63),
(599, NULL, '2015-08-20 10:48:47', 2, '0850004d3e3401abc58ddb453a280ba7fdf7490d.jpeg', 4, 63),
(600, NULL, '2015-08-20 10:48:58', 2, '32ca1c08e7b8b91ba1dcf9c58b5c5c2694be12ca.jpeg', 5, 63),
(601, NULL, '2015-08-20 10:49:08', 2, '420c8bb0958028649567ac3b95453172ea98241d.jpeg', 6, 63),
(602, NULL, '2015-08-20 11:17:27', 1, 'dd580ae47462a3e0714d4494a2433cb207ebb491.jpeg', 1, 47),
(604, NULL, '2015-08-20 11:18:36', 2, '86e6e97661ca5cd85290ac8ff513cdc97341ef7e.jpeg', 1, 47),
(605, NULL, '2015-08-20 11:18:46', 2, '6307e295f85a52daf688d7bb73af12091cf151d7.jpeg', 2, 47),
(606, NULL, '2015-08-20 11:18:57', 2, 'f20d18e6ecade2d69de6cb3e08e4198050db3acd.jpeg', 4, 47),
(607, NULL, '2015-08-20 11:19:06', 2, '88f4ec45754fefd260d811193c55a386c40bde5b.jpeg', 4, 47),
(608, NULL, '2015-08-20 11:19:15', 2, 'df5a5efc3ad6a3092f2e3d3d34266870b43b967b.jpeg', 5, 47),
(609, NULL, '2015-08-20 11:32:41', 1, '861857f0f2c064678d3344b96636f3ed3798c067.jpeg', 1, 147),
(610, NULL, '2015-08-20 11:32:52', 2, 'f4599523a33b443b5111009a26dbc4bf3a54f6ee.jpeg', 1, 147),
(611, NULL, '2015-08-20 11:33:03', 2, '53e24cf33fa7214a14d6e465a1abc72508e3067c.jpeg', 2, 147),
(612, NULL, '2015-08-20 11:33:13', 2, 'b79d1c0885264402a84fe1fd8ff5d39d6c7b8a0e.jpeg', 3, 147),
(613, NULL, '2015-08-20 11:33:25', 2, 'c4c94f0049e221a8db386a2662f7414506b76dd5.jpeg', 4, 147),
(614, NULL, '2015-08-20 11:33:36', 2, 'cf0c322f2e063e30a58b50aeb74b9512cd653ba7.jpeg', 5, 147),
(615, NULL, '2015-08-20 11:39:28', 1, '3f5bd5a55a5d5009806649b1658abbaa783737b3.jpeg', 1, 212),
(616, NULL, '2015-08-20 11:39:37', 2, '59e47a76c0bf4174773ad32dce773b2e4c93d12e.jpeg', 2, 212),
(617, NULL, '2015-08-20 11:39:47', 2, 'f9503efa7373574cb0ecf630da97b9d0c0dc4c7f.jpeg', 2, 212),
(618, NULL, '2015-08-20 11:39:54', 2, '69b44d600036b8cb4c83def75a736e5dedf9ceb1.jpeg', 3, 212),
(619, NULL, '2015-08-20 11:40:02', 2, '84adec139d467809ed25effd2c8a0c60e33a778e.jpeg', 4, 212),
(620, NULL, '2015-08-20 11:40:14', 2, '90d174f27e35af3685249fc3185a4ab448394c76.jpeg', 5, 212),
(621, NULL, '2015-08-20 11:58:00', 1, 'dc06e572b13431cdbb93c2d033c12a4460bc5321.jpeg', 1, 185),
(622, NULL, '2015-08-20 11:58:08', 2, '47fdcdca17068d4192b85c01b0a43d45f4b9ea07.jpeg', 1, 185),
(623, NULL, '2015-08-20 11:58:17', 2, '2aae1908aeb984e8bdd142af36aa0d36db4a3530.jpeg', 2, 185),
(624, NULL, '2015-08-20 11:58:27', 2, 'a4f47ec7fc2f1e144b7aa88a6dad918a110ee0d4.jpeg', 3, 185),
(625, NULL, '2015-08-20 11:58:37', 2, '04ea779a1cdacf970813f0036bc61d7c8fe37789.jpeg', 4, 185),
(626, NULL, '2015-08-20 11:58:46', 2, '2a5e49e2ae231814a8b91c811f96516f3879d024.jpeg', 5, 185),
(634, NULL, '2015-08-20 13:03:26', 1, '5aa69a8ff31f0f7327a0e4955ffd538e86c6af26.jpeg', 1, 56),
(635, NULL, '2015-08-20 13:03:36', 2, '344be5768df7303aa45d49bb8a17c089fbfa6b0d.jpeg', 1, 56),
(636, NULL, '2015-08-20 13:03:48', 2, 'cc459724d73fa6cf8611d4b8d9fb26758ba6afc3.jpeg', 2, 56),
(637, NULL, '2015-08-20 13:04:05', 2, '7b88f067187c6edd4f2eee08bd5dde4e160c5dbb.jpeg', 3, 56),
(638, NULL, '2015-08-20 13:04:14', 2, 'a70f1ebc91076e1c5db5480d9e68230e78974cd7.jpeg', 4, 56),
(639, NULL, '2015-08-20 13:04:24', 2, '3ab9d406bb77de0bfa376d171450a78c205ebf84.jpeg', 5, 56),
(640, NULL, '2015-08-20 13:22:24', 1, '5e62d6fcecc386deffb006b08b7d6bb5c49d5320.jpeg', 1, 220),
(641, NULL, '2015-08-20 13:22:34', 2, '9e9a32a30614cb44a0761a85014dfdffeb2739c4.jpeg', 1, 220),
(642, NULL, '2015-08-20 13:22:42', 2, 'aaf7c4c506f35eef6662a69bc8fb75f59d76c879.jpeg', 2, 220),
(643, NULL, '2015-08-20 13:23:03', 2, '35eb069acd17165b024470b45094808b8a37c2f1.jpeg', 3, 220),
(644, NULL, '2015-08-20 13:23:15', 2, '6c873461097518be72611451514084c77aca3b7b.jpeg', 4, 220),
(645, NULL, '2015-08-20 13:23:28', 2, '17673767cb7d04d52a2e5713b2047d2cda9b59d1.jpeg', 5, 220),
(646, NULL, '2016-01-01 14:27:33', 1, '4f8278c390dbf4347b8592b701c5c6af9251041e.jpeg', 1, 58),
(647, NULL, '2016-01-01 14:27:33', 2, '08aaa6718842c1f711d7cbef6676996c7bbe04e9.jpeg', 1, 58),
(648, NULL, '2016-01-01 14:27:33', 2, '6a540771c612eff80aacdb002989e5d6c8174fd9.jpeg', 2, 58),
(649, NULL, '2016-01-01 14:27:33', 2, '42130656f2db1be4c8178e4588f4637b2edb9056.jpeg', 3, 58),
(650, NULL, '2016-01-01 14:27:33', 2, '205a0fd52ee48a3408a2d70c1220a1157222d7a2.jpeg', 4, 58),
(651, NULL, '2016-01-01 14:27:33', 2, '64714ba0e2bf26a4f154916514665409e7479899.jpeg', 5, 58),
(665, NULL, '2015-08-21 09:31:40', 1, 'ac2a2adee2b815b18dcb80b25dbc9d4f34691428.jpeg', 1, 130),
(666, NULL, '2015-08-21 09:31:52', 2, 'a4b6ce844020d24f76bc8f8c31413a85fdde6974.jpeg', 1, 130),
(667, NULL, '2015-08-21 09:33:17', 2, 'cc55d17f68df30ddc40661978157e65df92bd07e.jpeg', 2, 130),
(668, NULL, '2015-08-21 09:33:26', 2, 'f996aebd0a48a69948a717a91fc37ff36d0f5f2f.jpeg', 3, 130),
(669, NULL, '2015-08-21 09:33:34', 2, 'e53ec20e110b1997244a2dc5fd1be098a9f1a025.jpeg', 4, 130),
(670, NULL, '2015-08-21 09:33:44', 2, '9dc7ded94d8a9c8796c52a23411c4df21de3f205.jpeg', 5, 130),
(671, NULL, '2016-01-09 04:22:35', 1, '0ca76bbce7e8999ad14996dcaec7f2db15772f46.jpeg', 1, 83),
(672, NULL, '2016-01-09 04:22:35', 2, 'f79dc84342f92f8cedc859090d05c66fe3e83e24.jpeg', 1, 83),
(673, NULL, '2016-01-09 04:22:35', 2, '81ec30ef55af5216e4efb35a258adfbe66795e57.jpeg', 2, 83),
(674, NULL, '2016-01-09 04:22:35', 2, 'fa117b7e5baaddc5631c22b90dc96a279de9891a.jpeg', 3, 83),
(675, NULL, '2016-01-09 04:22:35', 2, '2c426fc8f47afd7e9a4ec8348cf030241eb9a1b3.jpeg', 4, 83),
(676, NULL, '2016-01-09 04:22:35', 2, '80584897901ee8ffe0cd11a72a32dd1ed7a38366.jpeg', 5, 83),
(677, NULL, '2016-01-09 04:22:35', 1, 'ba43d81b62644b27441562323791813f160d6c23.jpeg', 1, 84),
(678, NULL, '2016-01-09 04:22:35', 2, '6b678ed8c593bd8528670acd3bfe518102cff5cc.jpeg', 1, 84),
(679, NULL, '2016-01-09 04:22:35', 2, '25bbc6f8db2432b1871322bbeed38889a3b948dc.jpeg', 2, 84),
(680, NULL, '2016-01-09 04:22:35', 2, '7439781e9bbaa7cd1731f444dbc19db9bd8c1163.jpeg', 3, 84),
(681, NULL, '2016-01-09 04:22:35', 2, '9a4551a4fba4eb165a5642ca8708fa726e44b045.jpeg', 4, 84),
(682, NULL, '2016-01-09 04:22:35', 2, '4cee1ced64b5ebeaf02bdd4121769f2452c3576f.jpeg', 5, 84),
(683, NULL, '2015-08-21 10:19:48', 1, '8f5c0f4024465ef5528b453e545db86f483cf033.jpeg', 1, 183),
(684, NULL, '2015-08-21 10:19:57', 2, 'f20b2858395868da4a8dcffe7963ab52d60afcf2.jpeg', 1, 183),
(685, NULL, '2015-08-21 10:20:14', 2, '61b70c1fd9b274a56b770b0f1ed38fc3dbab4342.jpeg', 2, 183),
(686, NULL, '2015-08-21 10:20:23', 2, '8282deedfe6252922951cc186273b58cd0fa6e6f.jpeg', 3, 183),
(687, NULL, '2015-08-21 10:20:31', 2, '8dbe6c1625c15320c95b74bc782f47b4e036fbee.jpeg', 4, 183),
(688, NULL, '2015-08-21 10:20:44', 2, '886c20c091418a8178e3c0fd18a9321a8d3e21b9.jpeg', 5, 183),
(689, NULL, '2015-08-21 10:20:53', 2, '2d42b2c8008fc3384741e81b7c504e7a7b155e2a.jpeg', 6, 183),
(691, NULL, '2016-01-13 13:46:08', 2, '2860df71e51cc4ebeeb2efc0c35c54c38f72fd83.jpeg', 1, 139),
(692, NULL, '2016-01-13 13:46:08', 2, '6bcbe767ea06d59fdfd72ce7e3f974797f58dc6b.jpeg', 2, 139),
(693, NULL, '2016-01-13 13:46:08', 2, '322681044844f6652f429a2d6a9aba25a54c01db.jpeg', 3, 139),
(694, NULL, '2016-01-13 13:46:08', 2, '4bd824c999c775d7edd509a3c90546433ebdc6ee.jpeg', 4, 139),
(695, NULL, '2016-01-13 13:46:08', 2, '1fd21c4a91de02cac5889199489d17629b2edfb0.jpeg', 5, 139),
(696, NULL, '2016-01-13 13:46:08', 1, '018650ae8c5c5bde33491e6ba686e8630ed6a167.jpeg', 1, 139),
(697, NULL, '2015-08-21 10:44:32', 1, '2168fe1c83d510f44552f7aa0ca3373d6f6a0861.jpeg', 1, 112),
(698, NULL, '2015-08-21 10:44:44', 2, 'e42d24c6ce58a4d9c47f1e3cfc9f829dc07a23e7.jpeg', 1, 112),
(699, NULL, '2015-08-21 10:44:54', 2, '974c8627c72bead9540496744b063112841d46c5.jpeg', 2, 112),
(700, NULL, '2015-08-21 10:45:06', 2, 'b70045eb2458f7d42aceca5d9792fdc4be467d26.jpeg', 3, 112),
(701, NULL, '2015-08-21 10:45:16', 2, '7f0bbc85e22ff37f9e9f6159a6835a107030960c.jpeg', 4, 112),
(702, NULL, '2015-08-21 10:45:27', 2, '997ef700451fa8c8a24c239e2866790609927f4e.jpeg', 5, 112),
(703, NULL, '2016-01-09 04:22:35', 1, 'e87995d2fb93a37ddbd79b204faaa32f31240929.jpeg', 1, 88),
(704, NULL, '2016-01-09 04:22:35', 2, '64a0b044f78ff1fc8e7c271dd702ab29f67d84bd.jpeg', 1, 88),
(705, NULL, '2016-01-09 04:22:35', 2, 'da5b64007fead1c00833d8f4b7715f84cc06c9db.jpeg', 2, 88),
(706, NULL, '2016-01-09 04:22:35', 2, '3f30a1b54996e726ff0c4a08ee7d66fb8688c17f.jpeg', 3, 88),
(707, NULL, '2016-01-09 04:22:35', 2, 'f1ee4677176f96a856f08ec3046801e37d1e9ade.jpeg', 4, 88),
(708, NULL, '2016-01-09 04:22:35', 2, '962f9f285344b6070652d1bddf43f4944d5a9e02.jpeg', 5, 88),
(709, NULL, '2015-08-21 11:10:49', 1, '2adc0d103f6f6a3eceb2f87e77d48f75ee658c5f.jpeg', 1, 140),
(710, NULL, '2015-08-21 11:11:07', 2, '83e31b708c577d6d7edcb2918bc73ae124325f42.jpeg', 1, 140),
(711, NULL, '2015-08-21 11:11:16', 2, 'f2be59b8622b46dd72f15c6198117019d6c56fa1.jpeg', 2, 140),
(712, NULL, '2015-08-21 11:11:26', 2, 'a61f508540552bb1d194a86155cbda7b4349f482.jpeg', 3, 140),
(713, NULL, '2015-08-21 11:11:36', 2, 'b74d7b5a4c07cce7fdfe160546ee9924b2acffa1.jpeg', 4, 140),
(714, NULL, '2015-08-21 11:11:47', 2, 'ce1fa18432af01a78d9e9e154dbae89676ca7e6f.jpeg', 5, 140),
(715, NULL, '2015-08-21 11:28:49', 1, '3034e6ec321c53360b487bea8eb10aa61a4e8ad5.jpeg', 1, 297),
(716, NULL, '2015-08-21 11:28:59', 2, 'ad9caba6f224afeecd90e7c103f5b1e38831e774.jpeg', 1, 297),
(717, NULL, '2015-08-21 11:29:09', 2, 'e6626b67b3b259289396d4fee0e2f402537be1e3.jpeg', 2, 297),
(718, NULL, '2015-08-21 11:29:19', 2, 'eb366cf474bfb3804ac712898b9dc210994c23b7.jpeg', 4, 297),
(719, NULL, '2015-08-21 11:29:38', 2, '82e18841233877c9bfcaea867998870c292c57b9.jpeg', 4, 297),
(720, NULL, '2015-08-21 11:31:10', 2, 'fe5cabf006cb9d16c9abb5519910ea8d9186b21d.jpeg', 5, 297),
(721, NULL, '2015-08-21 11:40:15', 1, '0f1c127b30de14d4f1a8fe8ef1c834c356a9b04a.jpeg', 1, 86),
(722, NULL, '2015-08-21 11:40:36', 2, 'c0a8df7c33546a00f00a8cabb1c7c273f143d330.jpeg', 1, 86),
(723, NULL, '2015-08-21 11:40:50', 2, '5c9345f19414ba67dbfd1669c37c07f831215ecb.jpeg', 2, 86),
(724, NULL, '2015-08-21 11:41:01', 2, '8f6436bb08b00de3a193af6d0e39cb07f69bbdbb.jpeg', 3, 86),
(725, NULL, '2015-08-21 11:41:10', 2, 'ff383162e98167e1fd889bf5274816b36404e56e.jpeg', 4, 86),
(726, NULL, '2015-08-21 11:41:21', 2, 'a6b96015af947725944b42d9634e6f4bed136531.jpeg', 5, 86),
(745, NULL, '2015-08-21 13:41:12', 1, '6bd4e7b2e0e0555caabca4f6f9d3b8c46ca0f423.jpeg', 1, 156),
(746, NULL, '2015-08-21 13:41:23', 2, 'e5ca2ce0a2f98db6d1577fbd921c6236d4ebf6f3.jpeg', 1, 156),
(747, NULL, '2015-08-21 13:41:43', 2, 'e70f19a661311aa382fd457763b3866e89b2bf4b.jpeg', 2, 156),
(748, NULL, '2015-08-21 13:41:54', 2, '973a234a25981f5c2540c9575efec2cfd386d69b.jpeg', 3, 156),
(749, NULL, '2015-08-21 13:42:03', 2, '47f62531dcd464a724e725eab8c586ed960c7e0b.jpeg', 4, 156),
(750, NULL, '2015-08-21 13:42:14', 2, 'd751b5e1ab96d5a0b4b9b0b097383974f58ba859.jpeg', 5, 156),
(751, NULL, '2015-08-22 08:29:35', 1, '87300f15905688fb6858e20ddcaa8841ad20ae3d.jpeg', 1, 95),
(752, NULL, '2015-08-22 08:29:50', 2, 'b65daca7718323a33899616f1f7e41f9844d656d.jpeg', 1, 95),
(753, NULL, '2015-08-22 08:30:03', 2, 'fae407874dcb15351d0da6f9013760f956e5497d.jpeg', 2, 95),
(754, NULL, '2015-08-22 08:30:15', 2, '80d73ad9a611c2c3fa1668fc46bf2bee402e5888.jpeg', 3, 95),
(755, NULL, '2015-08-22 08:30:30', 2, '22ade0a12b58e28ab06df47f1d8a2dc2d11f27a6.jpeg', 4, 95),
(756, NULL, '2015-08-22 08:30:42', 2, 'e4f7ec68b8ad4097a0068470660b8d7caa24488e.jpeg', 5, 95),
(757, NULL, '2015-08-24 08:43:56', 1, 'ebccbdbd5653ae084449d020b12cdae77cb8f1e4.jpeg', 1, 187),
(758, NULL, '2015-08-24 09:05:34', 2, '137374a201aaddc6f2bdec41215063468b6fe488.jpeg', 3, 187),
(759, NULL, '2015-08-24 09:06:18', 2, '8a8c57d3a9342bf56a15bebfc16fe3e5faac8d69.jpeg', 1, 187),
(760, NULL, '2015-08-24 09:07:05', 2, 'b8161c60d1ee61cadb344fbb322cac051df907fd.jpeg', 2, 187),
(761, NULL, '2015-08-24 09:07:54', 2, 'a5666352319f64fb1cb60a681d2866f18f8094df.jpeg', 4, 187),
(762, NULL, '2015-08-24 09:11:34', 1, '3c5ad1f9e733b991e74a89773d6bf8f4ecba1f73.jpeg', 5, 187),
(763, NULL, '2015-08-24 09:25:07', 1, '8b44c408f4d7091d114a11cfe0b1fb959ba09e77.jpeg', 1, 188),
(764, NULL, '2015-08-24 09:27:00', 2, '953189f68486407bf617eda4b421fe97e0436b45.jpeg', 1, 188),
(765, NULL, '2015-08-24 09:27:36', 2, 'fdbdf7e96f44e3efa7191cb4a72ab3db23986d3d.jpeg', 2, 188),
(766, NULL, '2015-08-24 09:28:12', 2, '2e4455c120d8fcdb1404eade549bc8f49d69b44f.jpeg', 3, 188),
(767, NULL, '2015-08-24 09:29:26', 2, 'a2a8fa5dffb22bf13b6c3ffc29e4e013a0726d4e.jpeg', 4, 188);
INSERT INTO `ost_media` (`id`, `ville_id`, `updated_at`, `type`, `path`, `ordre`, `Hotel_id`) VALUES
(768, NULL, '2015-08-24 09:30:11', 2, '659f304cc033039208200613e6c12770c83410cd.jpeg', 5, 188),
(769, NULL, '2015-08-24 09:46:54', 1, '559051ea9317249e1d1cefbaf0c99fa78f127bfc.jpeg', 1, 286),
(770, NULL, '2015-08-24 09:47:54', 2, 'cbef7359231ec8a7dba088ea224fee5acd4b410e.jpeg', 1, 286),
(771, NULL, '2015-08-24 09:48:53', 2, 'fce3b6b1836cafb509dd480ce551bb0289b7b37c.jpeg', 2, 286),
(772, NULL, '2015-08-24 09:49:59', 2, 'baeb57d73bf9d463a0a9a6409a2c60d364eeef36.jpeg', 3, 286),
(773, NULL, '2015-08-24 09:50:57', 2, '24af1e711a2aaaa6c6680dc746cea00dbcd22fa1.jpeg', 4, 286),
(774, NULL, '2015-08-24 09:52:03', 2, 'fe5426795e7a8c36d5078afbcc4516e5b3d9f651.jpeg', 5, 286),
(775, NULL, '2016-01-13 13:03:34', 1, 'e602a8f71b16a48d8c48c27571592d6928a16f95.jpeg', 1, 77),
(776, NULL, '2016-01-13 13:03:34', 2, 'e39808f92f8a6a7420c2385eda0bc186b42791b5.jpeg', 1, 77),
(777, NULL, '2016-01-13 13:03:34', 2, '303c1bea84083befde0b5bbf372a2de998c1ec86.jpeg', 2, 77),
(778, NULL, '2016-01-13 13:03:34', 2, '72484b353f68078003d67e7ae322ce41ecdfb1c2.jpeg', 3, 77),
(779, NULL, '2016-01-13 13:03:34', 2, '57d39f127cb740736b821fa4e59f0d23efe00f78.jpeg', 4, 77),
(780, NULL, '2016-01-13 13:03:34', 2, '88bc50f557ffc1cefc25c37a73a8dbbdf690bd25.jpeg', 5, 77),
(781, NULL, '2015-08-24 11:12:16', 1, '4714d5daf628b351f36b835747fe91f0c3edb5ae.jpeg', 1, 96),
(782, NULL, '2015-08-24 11:13:44', 2, 'b7c24ccdc2ed48b63e550941d3f8d20f305b2861.jpeg', 1, 96),
(783, NULL, '2015-08-24 11:15:11', 2, '9cfec04c91286d35fbaba37962daf11cadedd713.jpeg', 2, 96),
(784, NULL, '2015-08-24 11:17:07', 2, '57d25453ae6fac7385b54c45f6517b1abe480d5f.jpeg', 3, 96),
(785, NULL, '2015-08-24 11:18:22', 2, 'eacbab8ef3678cfe5cfacb690d9224d0e44d4d25.jpeg', 4, 96),
(786, NULL, '2015-08-24 11:19:44', 2, 'aaac6bd095d4d75fb83da8dfea91f4cd7f1356ba.jpeg', 5, 96),
(787, NULL, '2015-08-24 12:00:58', 1, 'b5328375437e0a032b3fab1af884b39c50dd5ed8.jpeg', 1, 111),
(788, NULL, '2015-08-24 12:02:12', 2, '5ae2e4fab47f4ab216c8d0ef515ca25251b921fb.jpeg', 1, 111),
(789, NULL, '2015-08-24 12:03:10', 2, '6b8c9fb7aed7b494070ba407330cdce2d0aa35e1.jpeg', 2, 111),
(790, NULL, '2015-08-24 12:04:18', 2, 'c84133c0f829a72579c413c4bb2ac9ac282baf4d.jpeg', 3, 111),
(791, NULL, '2015-08-24 12:05:31', 2, 'a462801bf6f6f6e4eaf713186dd33fb086d01ec9.jpeg', 4, 111),
(792, NULL, '2015-08-24 12:07:58', 2, 'c4d730b40c3ffd577a610160478cdf6248bf8058.jpeg', 5, 111),
(793, NULL, '2015-08-24 12:23:13', 1, 'e35abd4447b29711df7bbc1d0b01f911394c7a94.jpeg', 1, 118),
(794, NULL, '2015-08-24 12:24:02', 2, 'fe9961c3a3b967472e2d301c260d1a49bdfa54f5.jpeg', 1, 118),
(795, NULL, '2015-08-24 12:24:57', 2, '7cf6325443f074c53bc409c9951c0b08ac8f003b.jpeg', 2, 118),
(796, NULL, '2015-08-24 12:25:54', 2, '9a1265366e73601f031a4e1c3448a81f0c910806.jpeg', 3, 118),
(797, NULL, '2015-08-24 12:26:57', 2, '6da8b599031a73cbb00346afb0ef2a673ebca02b.jpeg', 3, 118),
(798, NULL, '2015-08-24 12:28:12', 2, 'b102b7bf7df49722aefac2d7d76028223121147f.jpeg', 5, 118),
(799, NULL, '2015-08-24 13:12:03', 1, '79ca22195f8947a1e87efd2c8bd2c58605ad8223.jpeg', 1, 25),
(800, NULL, '2015-08-24 13:15:18', 2, '49b61b655b3b5357f5b3b27e8cd60faa78a665e9.jpeg', 2, 25),
(801, NULL, '2015-08-24 13:16:17', 2, 'c33c9538cb99f04f661a3cc5320e7374874facbc.jpeg', 1, 25),
(802, NULL, '2015-08-24 13:26:56', 2, '8a4ded65f0c2d0e1e4e16fda0a7602ffdfa0f17c.jpeg', 3, 25),
(803, NULL, '2015-08-24 13:27:55', 2, '307fc9b6b24800693c8dda4d1a071a27b53829f6.jpeg', 4, 25),
(804, NULL, '2015-08-24 13:28:19', 2, '124a795f6e7b76f32b39ad69050fc58233360bb3.jpeg', 5, 25),
(805, NULL, '2015-08-25 08:56:06', 1, '3897fe6ed15ae1b318da63c0425a2952c7ee3763.jpeg', 1, 78),
(806, NULL, '2015-08-25 08:56:33', 2, 'ab25a96ddca992f157868927cb206419e64f10e4.jpeg', 1, 78),
(807, NULL, '2015-08-25 08:57:30', 2, 'a45ae76cbfa1f268b0b880e722c45003e5cf074a.jpeg', 2, 78),
(808, NULL, '2015-08-25 08:58:05', 2, '2397e8c9fbcfa0052612b95dda9a61c13fb614b0.jpeg', 3, 78),
(809, NULL, '2015-08-25 08:58:39', 2, 'e5a341cdbcf6797919aca43bf1691d5b8cd8b704.jpeg', 4, 78),
(810, NULL, '2015-08-25 08:59:10', 2, 'e521077382562bd475b598bf8a725c28751c832f.jpeg', 5, 78),
(811, NULL, '2015-08-25 09:16:42', 1, '5b9ac7d3a95b92d9a70366109eb72a046341bfec.jpeg', 1, 277),
(812, NULL, '2015-08-25 09:17:14', 2, 'ac3d94ba7bd3e2cbc04fdaac52b3bd33a16137b3.jpeg', 1, 277),
(813, NULL, '2015-08-25 09:17:58', 2, 'a692cce6c72ba0f28f3b4e5024fc71372cdf459e.jpeg', 2, 277),
(814, NULL, '2015-08-25 09:18:28', 2, 'f002eb241257d81e523bbb8ae2998dce9b399602.jpeg', 3, 277),
(815, NULL, '2015-08-25 09:19:01', 2, 'c279130160d5baf0a8f80de6616ab9c05012f652.jpeg', 4, 277),
(816, NULL, '2015-08-25 09:19:44', 2, '75227d333e3ae2f38ba5eeec091347309cdccd29.jpeg', 5, 277),
(817, NULL, '2015-08-25 09:31:34', 1, '329450f692867991f6d6c4e7dfbb722d13e3ead9.jpeg', 1, 278),
(818, NULL, '2015-08-25 09:32:17', 2, 'c7b0206af7552a517b853c3df164d31ff1daaf7f.jpeg', 1, 278),
(819, NULL, '2015-08-25 09:32:47', 2, '6665cac6ba6c67a56e3745b9ab491fdc5ab36f0f.jpeg', 2, 278),
(820, NULL, '2015-08-25 09:33:19', 2, '459e63fc3a280b18431f498add0a8ddd2c4d42e5.jpeg', 3, 278),
(821, NULL, '2015-08-25 09:33:58', 2, '70127c56f776aa8564ffe87155248605a334102d.jpeg', 4, 278),
(822, NULL, '2015-08-25 09:34:24', 2, '01a3886b9a1c548297d196178bc584fb4868ccc9.jpeg', 5, 278),
(823, NULL, '2015-08-25 09:50:35', 1, '79c67999abe3e5c0257ee7671e724979e61e61bd.jpeg', 1, 273),
(824, NULL, '2015-08-25 09:51:00', 2, '24b70abba788de24d424ec88927408a378e3d14f.jpeg', 1, 273),
(825, NULL, '2015-08-25 09:51:22', 2, 'b991a50b2ee6b992743da6394966aeb5d56ef9cf.jpeg', 2, 273),
(826, NULL, '2015-08-25 09:51:58', 2, '45b636918f182d884ccca31ce3a63995b6cd1ad9.jpeg', 5, 273),
(827, NULL, '2015-08-25 09:52:32', 2, 'd439d26583b495e3046332f2452254b80da3e1a1.jpeg', 3, 273),
(828, NULL, '2015-08-25 09:52:53', 2, '6b044beb130ea82ac6b4ae461c44fe66dced7c9c.jpeg', 4, 273),
(829, NULL, '2015-08-25 10:18:15', 1, '2a6a0fe2fcc8a75c794aaee4b12d78de00572cab.jpeg', 1, 13),
(830, NULL, '2015-08-25 10:18:59', 2, 'fad9c4cfc733d89b9f4c7c5bdb8b741b3a1e8b25.jpeg', 1, 13),
(831, NULL, '2015-08-25 10:19:49', 2, 'c8ec217d0cba6d01fa78e127784d164212b51ba9.jpeg', 2, 13),
(832, NULL, '2015-08-25 10:20:15', 2, '57306e50459f37541902fa78d6010950a0c2fe47.jpeg', 3, 13),
(833, NULL, '2015-08-25 10:20:42', 2, '0a96fe86bda2ad4fd969753f2a26d27e34c00524.jpeg', 4, 13),
(834, NULL, '2015-08-25 10:21:22', 2, 'b0bfbad923de3c3e9fc4c8733e264f8089339842.jpeg', 5, 13),
(835, NULL, '2015-08-25 10:35:08', 1, '9fa53467e74be2fcb6c2c18198934dd57b5b71c3.jpeg', 1, 241),
(836, NULL, '2015-08-25 10:35:31', 2, '0a67b39d334bdea6c0e6f052c54081d89e5d48de.jpeg', 1, 241),
(838, NULL, '2015-08-25 10:36:14', 2, '898f17c73e7b7ae08b1e9663b30f8add5cd87041.jpeg', 3, 241),
(839, NULL, '2015-08-25 10:36:40', 2, 'b009a299e0ac3a469cdc5e47cd1711549e6deedb.jpeg', 4, 241),
(840, NULL, '2015-08-25 10:37:35', 2, '3b1f92b7ce0352f77ddc5c1acb24ad23fdf24edd.jpeg', 5, 241),
(841, NULL, '2015-08-25 10:38:21', 2, '4215fa8fff531252660457f65fd30a6b909100e9.jpeg', 2, 241),
(842, NULL, '2015-08-25 10:55:18', 1, '3065b5309c59db93b69c8c6eeb1e6accf2a30047.jpeg', 1, 143),
(843, NULL, '2015-08-25 10:56:50', 2, 'd5281f29ec8f0fcb69e4ae1fd3e4875b6ebcf43e.jpeg', 1, 143),
(844, NULL, '2015-08-25 10:57:31', 2, '48e3b8b84900f7eca6b820e6cee85124b25d1386.jpeg', 2, 143),
(845, NULL, '2015-08-25 10:58:07', 2, 'a043f3e19ad8a0021d310c2afa93bc0b92c6c0f7.jpeg', 3, 143),
(846, NULL, '2015-08-25 11:00:03', 2, '16a49ff075800b505f9978138ec1e089b81cc576.jpeg', 4, 143),
(847, NULL, '2015-08-25 11:00:28', 2, '45a1eba01904c79b4a3a52a7c2bd8eb9d793bec8.jpeg', 5, 143),
(848, NULL, '2015-08-25 11:27:35', 1, '0fe7844d9049eca02bb470bf9cce6686985f4ff7.jpeg', 1, 272),
(849, NULL, '2015-08-25 11:28:12', 2, 'b753f327d8e11a3d5e282440094355e39bf9c661.jpeg', 1, 272),
(850, NULL, '2015-08-25 11:28:46', 2, '77f344049c01db097e567d444fa1f533a657368b.jpeg', 2, 272),
(851, NULL, '2015-08-25 11:29:19', 2, '547f807f40fe4e2e8c6c20c2372fd8685e40b0b9.jpeg', 3, 272),
(852, NULL, '2015-08-25 11:29:52', 2, '01a16f81636ded6bccd318892c2c78052960a34b.jpeg', 5, 272),
(853, NULL, '2015-08-25 11:30:22', 2, '773546b2a274fa466bfb2db3632f67d958d784a6.jpeg', 5, 272),
(854, NULL, '2015-08-25 12:19:34', 1, '0a29c319279816a94f3d20aceee888449b8a7fa7.jpeg', 1, 257),
(855, NULL, '2015-08-25 12:20:07', 2, '835063c5bce9b55c55ff4fdb63cf2fe2aa877b5c.jpeg', 1, 257),
(857, NULL, '2015-08-25 12:21:15', 2, 'd8e0d0197e16d18001802daa5b2f65c9af553f65.jpeg', 2, 257),
(858, NULL, '2015-08-25 12:21:50', 2, '8a213152a96437fc8d52da5238c2fc4a0d2c346f.jpeg', 3, 257),
(859, NULL, '2015-08-25 12:22:12', 2, '9d7af7ca2482d434ea97bb81cdeeac8c78a36b7d.jpeg', 4, 257),
(860, NULL, '2015-08-25 12:22:38', 2, '6d6e753741c86b4567ea0272a6a048850b9fba23.jpeg', 5, 257),
(867, NULL, '2015-08-25 13:11:03', 1, 'cf7c07569b69eb74db09258a4a64e84f4f5a320e.jpeg', 1, 209),
(868, NULL, '2015-08-25 13:12:34', 2, 'ac1839ecc2ac13e7f572904b7a96192669e49567.jpeg', 1, 209),
(869, NULL, '2015-08-25 13:13:19', 2, 'b2d897bc41119c8340c2219d111f15133e4ab466.jpeg', 2, 209),
(870, NULL, '2015-08-25 13:14:47', 2, 'aacce60a5ea1ab4e246854cf9f94131bb7665b0d.jpeg', 3, 209),
(871, NULL, '2015-08-25 13:17:11', 2, '6ce5eeb6e1dbe7e5e006bab14236b24563bb32bd.jpeg', 4, 209),
(872, NULL, '2015-08-25 13:17:46', 2, '2df45bb95e68c3b98f3248d200528ed53108b940.jpeg', 5, 209),
(873, NULL, '2015-08-26 08:44:43', 1, '3a2232ac63821881bef700cf63d500d7ac64ed3c.jpeg', 1, 262),
(875, NULL, '2015-08-26 08:50:04', 2, '52708f2c28e14bf5df9668396a2f665a9959d18c.jpeg', 1, 262),
(876, NULL, '2015-08-26 08:50:38', 1, '379980528fb18a568b3d6e60ebaf7b9d19f40cc7.jpeg', 2, 262),
(877, NULL, '2015-08-26 08:51:28', 2, '03c528ed4d679d5128714784251190833def6ddb.jpeg', 3, 262),
(878, NULL, '2015-08-26 08:51:58', 2, '0b22768500f12505a7055c9a132284b1ea64b321.jpeg', 4, 262),
(879, NULL, '2015-08-26 08:52:27', 2, '595868018c91b823556207419c2df6143a076a4e.jpeg', 5, 262),
(880, NULL, '2015-08-26 09:12:43', 1, '5e31edc5b24cc4ff29514ede6ac92a5a68f27a71.jpeg', 1, 301),
(881, NULL, '2015-08-26 09:13:16', 2, 'e027518f4382c741cd8786305a5b10564da5113d.jpeg', 1, 301),
(882, NULL, '2015-08-26 09:14:08', 2, '2c44d084c94e3f4ffa21ae50f841dccf927997bf.jpeg', 2, 301),
(883, NULL, '2015-08-26 09:14:33', 2, '06cc305ba27ddaa6628b51fc47a9ff918aaf762a.jpeg', 3, 301),
(884, NULL, '2015-08-26 09:14:58', 2, '8d1a1d3b7bf2baf95933f896e0262894f11f2e0e.jpeg', 4, 301),
(885, NULL, '2015-08-26 09:15:18', 2, 'b13f17c70714735846d6e59acd9218cc7f6dc092.jpeg', 5, 301),
(886, NULL, '2015-08-26 09:31:50', 1, 'ca6eb3333cfaa9d5abf258220743c907522adc71.jpeg', 1, 261),
(887, NULL, '2015-08-26 09:32:07', 2, '7035ed38d648156d42df2e4c31b447bcf3c25a72.jpeg', 1, 261),
(888, NULL, '2015-08-26 09:32:42', 2, '4f410e676f35d788255d91e9261ef8d0678b6e6f.jpeg', 2, 261),
(889, NULL, '2015-08-26 09:33:16', 2, 'c92fce64e4e0ceb4bf87f0d4ec03ed798ea9254c.jpeg', 3, 261),
(890, NULL, '2015-08-26 09:34:10', 2, '724dd7e3b7eb8267a6d6fbcd76c32194ead476b0.jpeg', 4, 261),
(891, NULL, '2015-08-26 09:34:32', 2, 'cbba9994a89391cca07732eb403ffdc85c73b3eb.jpeg', 5, 261),
(892, NULL, '2015-08-26 09:45:06', 1, '7a41ced4437c3de06d68dda24c42069ed9ca1be4.jpeg', 1, 242),
(893, NULL, '2015-08-26 09:45:37', 2, '3eee529bab65d14da6e8c16a0fb313436f3fcfdf.jpeg', 1, 242),
(894, NULL, '2015-08-26 09:45:54', 2, '70a8f7ef8b4b81c3e793c1c3230780a52c7b281f.jpeg', 2, 242),
(895, NULL, '2015-08-26 09:46:11', 2, 'f1381aa0e8e4a1abefd3c94fbeead986cca3f8f1.jpeg', 3, 242),
(896, NULL, '2015-08-26 09:46:36', 2, '2eb5cbe1380eceb03265d0a620e1172171138361.jpeg', 4, 242),
(897, NULL, '2015-08-26 09:47:00', 2, 'ac269d56cd9eaa554d3a6f010580725dc14a4cb4.jpeg', 5, 242),
(898, NULL, '2015-08-26 09:58:58', 1, '3ab35ddfecf9db3d2994421d88ce1da0427782f7.jpeg', 1, 221),
(899, NULL, '2015-08-26 09:59:35', 2, '0d28ca63e10fe23f10dc96fd0a4941bc2bdb1de0.jpeg', 1, 221),
(900, NULL, '2015-08-26 10:00:07', 2, '36ab4117b85a74a8717011ac2f5e3c0a1dff5614.jpeg', 2, 221),
(901, NULL, '2015-08-26 10:00:33', 2, '27b166e9488cffe007ab1e756e9cc2049ddaad9d.jpeg', 3, 221),
(902, NULL, '2015-08-26 10:00:58', 2, 'e2418e6816ed79730ee475709fdf21e7995426cc.jpeg', 4, 221),
(903, NULL, '2015-08-26 10:01:49', 2, '344628b859799a61f658c3c200dbc213107a0ba5.jpeg', 5, 221),
(910, NULL, '2015-08-26 10:44:09', 1, '8454f1e57b2e7d46a1d062753054abdbe31f17e4.jpeg', 1, 215),
(911, NULL, '2015-08-26 10:45:00', 2, '17db1e149cf852ef1f676fc2492149389b22db05.jpeg', 1, 215),
(912, NULL, '2015-08-26 10:45:29', 2, 'eb45e8b2af0e05aea53f08cbbeb936cb260d32bd.jpeg', 2, 215),
(913, NULL, '2015-08-26 10:46:00', 2, '97636f4912c22fdc2cee32ae00552e0ffb54dbf7.jpeg', 3, 215),
(914, NULL, '2015-08-26 10:46:26', 2, '6ffd347014d1aece188c148bfd15df3ead2657e1.jpeg', 4, 215),
(915, NULL, '2015-08-26 10:46:49', 2, 'd4d5fa56d7037c9c5cf9f5b85fcd6e602488ac23.jpeg', 5, 215),
(916, NULL, '2015-08-26 10:59:11', 1, '9dc0ef5a13b68959232f5ef56eb627bc879eafc1.jpeg', 1, 208),
(917, NULL, '2015-08-26 10:59:47', 2, 'de2cf09b3851988e1f846f838a8e41b8e6067143.jpeg', 1, 208),
(918, NULL, '2015-08-26 11:00:11', 2, 'bca88450927c9f176bd320a312c81e7b5eedd1ee.jpeg', 2, 208),
(919, NULL, '2015-08-26 11:00:38', 2, '3a2eb9ffde521516980efe57d7d2408b1f2cf7b0.jpeg', 3, 208),
(920, NULL, '2015-08-26 11:01:26', 2, '22eea1c719897da59197cb4863c5acec2832685b.jpeg', 4, 208),
(921, NULL, '2015-08-26 11:01:47', 2, '068e6db275db0f9eeea652d4a8764ee2987287aa.jpeg', 5, 208),
(922, NULL, '2015-08-26 11:13:38', 1, 'd40c709b09c3bb731065c989d6b6453155032e1e.jpeg', 1, 166),
(923, NULL, '2015-08-26 11:14:06', 2, '605cefcaacf6921312676a6d08b2b6515556f08f.jpeg', 1, 166),
(924, NULL, '2015-08-26 11:14:55', 2, '7681bf4ca7ca15f531ea051578861b954639493b.jpeg', 2, 166),
(925, NULL, '2015-08-26 11:15:29', 2, 'd8bcd5a6cce47bd37e327ff0ac95d5a45f4ee70b.jpeg', 3, 166),
(926, NULL, '2015-08-26 11:15:59', 2, '903f339aa88235957c6569a8ffb5cc5ab4fdf4e6.jpeg', 4, 166),
(927, NULL, '2015-08-26 11:24:47', 2, 'f7a903b8650bdfe2164f960719488695f74921dd.jpeg', 5, 166),
(947, NULL, '2015-08-26 12:20:59', 1, '0375cbc592f97e77640fb668aa10731875d53bc7.jpeg', 1, 161),
(949, NULL, '2015-08-26 12:23:16', 2, 'da8e598d8f762e0f13784aa11a5623ab6dd38637.jpeg', 1, 161),
(950, NULL, '2015-08-26 12:23:43', 2, '897b4eab1790abe2939503cacd4b13d087be4f22.jpeg', 2, 161),
(951, NULL, '2015-08-26 12:24:05', 2, '066daebe9731bee88126f28f1f772d6868916228.jpeg', 3, 161),
(952, NULL, '2015-08-26 12:24:25', 2, '52c200056cadf25dfa230c6966b7c7fc3e50f3be.jpeg', 4, 161),
(953, NULL, '2015-08-26 12:25:19', 2, '956d4a095111664273a4ff9b2625b84d686ddc91.jpeg', 5, 161),
(954, NULL, '2015-08-26 12:34:19', 1, '619021ccd5b87531ed7a971041c683d74777c05d.jpeg', 1, 149),
(955, NULL, '2015-08-26 12:34:37', 2, '3bb9d1d5a623c74b5b5038135ec7a1ed3a76c69e.jpeg', 1, 149),
(956, NULL, '2015-08-26 12:34:58', 2, 'e28f134a8239456521a743078d0408e783507220.jpeg', 2, 149),
(957, NULL, '2015-08-26 12:35:21', 2, '70f80a7389e0a0f17dcfa20e945ea4986f9e9e20.jpeg', 3, 149),
(958, NULL, '2015-08-26 12:35:41', 2, '5a6de7298735b7dfcf8b687e1c26f924aa355f01.jpeg', 4, 149),
(959, NULL, '2015-08-26 12:36:25', 2, 'f5c64537da0bfc69a08216489e4124c80816b0e1.jpeg', 5, 149),
(960, NULL, '2015-08-26 12:54:08', 1, 'd9cbe6758591ec681f2710cef45bcdf1bb3bb9fd.jpeg', 1, 136),
(961, NULL, '2015-08-26 12:54:26', 2, '3b2e99905df4af9959450bdbb511ed6d7822b836.jpeg', 1, 136),
(962, NULL, '2015-08-26 12:54:44', 2, 'b5334c30a059655740bac9e2abef1a07701bd657.jpeg', 2, 136),
(963, NULL, '2015-08-26 12:55:02', 2, 'c697c184b70dc24e36e5d8619e0ca6ee1132064f.jpeg', 3, 136),
(964, NULL, '2015-08-26 12:55:18', 2, '492111b6b96be0ba73b7fe647d746bfa00cb8e29.jpeg', 4, 136),
(965, NULL, '2015-08-26 12:55:34', 2, '18203da4e786ff61050f1b3a8e26c34c59eb1d4b.jpeg', 5, 136),
(966, NULL, '2015-08-26 13:06:39', 1, '951fdf36646304f12c12157759add7938acb971d.jpeg', 1, 81),
(967, NULL, '2015-08-26 13:07:50', 2, 'b6e0899745b84b8b693dcf54e2777bf3bd85eaa8.jpeg', 1, 81),
(968, NULL, '2015-08-26 13:08:07', 2, 'b1e64a698e1699da477310bd9487d3f9b317aa6d.jpeg', 2, 81),
(969, NULL, '2015-08-26 13:08:25', 2, '198289ec8e10fd482c592117fb5f1a6f797d20e2.jpeg', 3, 81),
(970, NULL, '2015-08-26 13:08:53', 2, 'd0ec117657dcc6f014deb8bf7502c5b0f497898a.jpeg', 4, 81),
(971, NULL, '2015-08-26 13:09:11', 2, 'b0bcea5fa3fc766ccfcef8549dede6d152a4b638.jpeg', 5, 81),
(972, NULL, '2015-08-26 13:18:33', 1, '84c2fb9514f19ef17233a257c65f4b1f94777866.jpeg', 1, 76),
(973, NULL, '2015-08-26 13:18:50', 2, '7c3d113ca28d624008a34341caececb2450cc576.jpeg', 1, 76),
(974, NULL, '2015-08-26 13:20:25', 2, '063022ccb1708ebf539bec7cbb7f362f5fd9992f.jpeg', 2, 76),
(975, NULL, '2015-08-26 13:20:45', 2, '97c58950a8ec730a419d922c51a8922c3eb8e1f0.jpeg', 3, 76),
(976, NULL, '2015-08-26 13:21:45', 2, '4649699dce23ffda7396ac10a0ca71da2a0ebe91.jpeg', 4, 76),
(977, NULL, '2015-08-26 13:22:02', 2, '92b37e37e9bdd77e7f76dce93f1d5ffb5b30d0ec.jpeg', 5, 76),
(979, NULL, '2015-08-26 13:47:39', 1, 'bc7a50816519f18e670097b1b6da0ee6a0bd278f.jpeg', 1, 71),
(980, NULL, '2015-08-26 13:47:57', 2, '69376738a064d90bb08b873ed95864f13c959182.jpeg', 1, 71),
(981, NULL, '2015-08-26 13:48:14', 2, '9b65c35c08fd2304a5f82297dcf0679a99005f01.jpeg', 2, 71),
(982, NULL, '2015-08-26 13:48:32', 2, '65ee76998f33b4e18beccb6fa138b6c3bceb08aa.jpeg', 3, 71),
(983, NULL, '2015-08-26 13:48:52', 2, '31ee0a3c735f1724919c155e04748a883bccc891.jpeg', 4, 71),
(984, NULL, '2015-08-26 13:49:16', 2, '4a38fcf5f0f916f34521d140433248353455a107.jpeg', 5, 71),
(985, NULL, '2015-08-26 13:58:52', 1, 'd806a8f36d6e6237b2fd81a46580d498a6e7827a.jpeg', 1, 69),
(986, NULL, '2015-08-26 13:59:22', 2, '5e44bf3682dc0cd27476631c11e9d2cc3abaf656.jpeg', 1, 69),
(987, NULL, '2015-08-26 13:59:42', 2, '540dc67f56129428d71a4890c6fd8569019338be.jpeg', 2, 69),
(988, NULL, '2015-08-26 14:00:00', 2, 'f206fc78babd35efdbf09d611ab3b11507a92361.jpeg', 3, 69),
(989, NULL, '2015-08-26 14:00:22', 2, '9eb12b2ac3d9cc5a6220a4802d3240e106697998.jpeg', 4, 69),
(990, NULL, '2015-08-26 14:00:45', 2, '42d78315298f66dbaf135b263ee03d1bbd9bf53b.jpeg', 5, 69),
(991, NULL, '2015-08-27 08:24:57', 1, '1677948535b374ac78c79197041bc12c439848f3.jpeg', 1, 52),
(992, NULL, '2015-08-27 08:25:16', 2, '3f19d4ed488f7c607946debd35db1736c345094b.jpeg', 1, 52),
(993, NULL, '2015-08-27 08:25:34', 2, 'f2161c1ddb674909f8b411ad2521070f7f568e85.jpeg', 2, 52),
(994, NULL, '2015-08-27 08:25:51', 2, '4cca4b1febd043eee0a4a438d3027c67fc164125.jpeg', 3, 52),
(995, NULL, '2015-08-27 08:26:10', 2, '6003df4c228547ec003cfe1c5c070f2bb8f76274.jpeg', 4, 52),
(996, NULL, '2015-08-27 08:26:29', 2, '0c935cebf26e1ca1dfbd31c9d68756d527b354fe.jpeg', 5, 52),
(997, NULL, '2015-08-27 08:41:21', 1, 'eb78a7a46d92660fbd2c0149e5aac1305b40aed0.jpeg', 1, 28),
(998, NULL, '2015-08-27 08:42:06', 2, '26cdaed50fdbc8eb7e39ac9149800656f4c303b4.jpeg', 1, 28),
(999, NULL, '2015-08-27 08:42:25', 2, '9b68406a4f918930d733e9266d39b5437a412ef8.jpeg', 2, 28),
(1000, NULL, '2015-08-27 08:42:53', 2, 'b475ca56307b7c0157062a8bd17b44a0333f0d39.jpeg', 3, 28),
(1001, NULL, '2015-08-27 08:43:09', 2, '0c21cb8febca144568fd973cc84c2fc433f56a8d.jpeg', 4, 28),
(1002, NULL, '2015-08-27 08:43:23', 2, '2a912808544511ff5ea8215f37927120794ac129.jpeg', 5, 28),
(1003, NULL, '2015-08-27 08:52:51', 1, '69e80284111e087e502b49c8cbd7719720f40f21.jpeg', 1, 27),
(1004, NULL, '2015-08-27 08:53:22', 2, '1ff76cb41afcd7dd0b5000073f78e037f61b24cc.jpeg', 1, 27),
(1005, NULL, '2015-08-27 08:53:37', 2, '7bbc7434b44c547e842bfe22c6e6add9247c1fa9.jpeg', 2, 27),
(1006, NULL, '2015-08-27 08:53:54', 2, '564f616dc4c03bffb1a860f884f4313d0372fc09.jpeg', 3, 27),
(1007, NULL, '2015-08-27 08:54:11', 2, '8c72bba8b8f702cb2c632d66df785ec91e11536f.jpeg', 4, 27),
(1008, NULL, '2015-08-27 08:54:24', 2, '1f403882dd5397a261741cda1f415e6c7727053c.jpeg', 5, 27),
(1009, NULL, '2015-08-27 09:11:40', 1, '0d22396d7ff45111075a62a9bf6b0789f32e22b4.jpeg', 1, 15),
(1010, NULL, '2015-08-27 09:12:23', 2, '921b52d4c5db15205f2d6394d96a6b5b97c2ea87.jpeg', 1, 15),
(1011, NULL, '2015-08-27 09:12:49', 2, 'c1773bc39ab25b5198d1947c9b4bc2e0dd8e3a57.jpeg', 2, 15),
(1012, NULL, '2015-08-27 09:13:09', 2, 'bfbd204fd0ee5761ca69ce858cc992fa654462a9.jpeg', 3, 15),
(1013, NULL, '2015-08-27 09:13:29', 2, '690cb866f22d992802183677e3e2f4c8f5d9e653.jpeg', 4, 15),
(1014, NULL, '2015-08-27 09:14:06', 2, 'ac14660b82d4aaeaed50bbdd3aac34e27a49a7cb.jpeg', 5, 15),
(1015, NULL, '2015-08-27 09:22:32', 1, 'baf46fe1c3dbd8201b6aae861f1ef3dd3d55c729.jpeg', 1, 9),
(1016, NULL, '2015-08-27 09:22:53', 2, 'bc0421a951d06fc6de23cbdb8d1f170730320fd6.jpeg', 1, 9),
(1017, NULL, '2015-08-27 09:23:17', 2, 'd89811d237b486f431ede44401919849f9e4e5fc.jpeg', 2, 9),
(1018, NULL, '2015-08-27 09:23:33', 2, 'c73418e056bcac0b0619fce16cdd503a2b680d37.jpeg', 3, 9),
(1019, NULL, '2015-08-27 09:23:50', 2, '6efe9be72ebd59b553e31b82ae9ae7ae2d73b344.jpeg', 4, 9),
(1020, NULL, '2015-08-27 09:24:30', 2, '87ef65aa08bfa29ba25564b5191a4b0b077953da.jpeg', 5, 9),
(1021, NULL, '2015-08-27 09:33:55', 1, 'a3804e54914ebc2dc995b1e352f7dd50c221d97e.jpeg', 1, 292),
(1022, NULL, '2015-08-27 09:34:58', 2, '013370d0b839b97074b7dcc027fd0cc71fed790e.jpeg', 1, 292),
(1023, NULL, '2015-08-27 09:35:17', 2, 'c78320e79d3577c811abee88c0a4d5e2a68365ff.jpeg', 2, 292),
(1024, NULL, '2015-08-27 09:35:37', 2, '59017be97acbc8f62756a935ce99e1e3c8eec931.jpeg', 3, 292),
(1025, NULL, '2015-08-27 09:35:53', 2, '3fefc0fe7f99b4aa80f55e26d45a7d8173ae59eb.jpeg', 4, 292),
(1026, NULL, '2015-08-27 09:36:12', 2, '56e10add829b74547576d7cac4007ad134543dfc.jpeg', 5, 292),
(1027, NULL, '2015-08-27 09:45:19', 2, '646b8755ad63abdd4b3326a4ff21bf1780c2081d.jpeg', 1, 245),
(1028, NULL, '2015-08-27 09:45:46', 2, '1b6f9200cdee9517fbcd7870b2aabe55b3454396.jpeg', 1, 245),
(1029, NULL, '2015-08-27 09:46:34', 2, 'b02f307b86dd49dee1f5829e1a6d65e0ff53780e.jpeg', 2, 245),
(1030, NULL, '2015-08-27 09:46:51', 2, 'fb56150c2e998648e2dc624135eb0360ee9e1142.jpeg', 3, 245),
(1031, NULL, '2015-08-27 09:47:06', 2, '22086ddf844d8704c6ef3bc66a8a9878e551e22f.jpeg', 4, 245),
(1032, NULL, '2015-08-27 09:47:21', 2, '7f0bfad6743b3d9702dac5a20390238bfdb5b7dd.jpeg', 5, 245),
(1033, NULL, '2015-08-27 10:11:36', 1, 'e361b416746f5934767b372461760cbf4505cb82.jpeg', 1, 216),
(1034, NULL, '2015-08-27 10:12:18', 2, '7ef8f9df7dd2faaf8fa8e79767a0b09ba3bd9186.jpeg', 1, 216),
(1035, NULL, '2015-08-27 10:13:10', 2, 'cf033925c03a23f65519c3c07348ae6bb170c41e.jpeg', 2, 216),
(1036, NULL, '2015-08-27 10:13:27', 2, '48baa295827b038e162b49afe7fbdc7ff5229726.jpeg', 3, 216),
(1037, NULL, '2015-08-27 10:13:57', 2, 'ef83b8a5b39d5b4e4d1a0ad1a93f43d99902a1e9.jpeg', 4, 216),
(1038, NULL, '2015-08-27 10:14:30', 2, 'dba43dc9b076a08644b6a557ee6554a38254297c.jpeg', 5, 216),
(1039, NULL, '2015-08-27 10:26:35', 1, '36ac1fd70b50ad246437e0d1ec2a3050205477f6.jpeg', 1, 211),
(1040, NULL, '2015-08-27 10:27:09', 2, '0c12685fadbc9380afcc2027250f2b3f1a3fa448.jpeg', 1, 211),
(1041, NULL, '2015-08-27 10:27:29', 2, '12a5abe283bc669dd88c41c53dcede71a0c62b91.jpeg', 2, 211),
(1042, NULL, '2015-08-27 10:28:04', 2, '6cc51617510be484df413b9da1974f51def13262.jpeg', 3, 211),
(1043, NULL, '2015-08-27 10:28:21', 2, '06362976f8dad8958271a1588f4854be7fc29de4.jpeg', 4, 211),
(1044, NULL, '2015-08-27 10:28:37', 2, '7d7eaa758b34c75b5e354bad84ca16d176a82f9e.jpeg', 5, 211),
(1045, NULL, '2015-08-27 10:37:46', 1, '3f9aa8d3baf08df4e06710d2a885cdd6b880208e.jpeg', 1, 207),
(1046, NULL, '2015-08-27 10:38:09', 2, '280ad14a07627ba576b11e41d68c4f43a38ffa21.jpeg', 1, 207),
(1047, NULL, '2015-08-27 10:38:25', 2, 'bc38b6c71413a3bb0a8601c70ecb9fa1d68c2036.jpeg', 2, 207),
(1048, NULL, '2015-08-27 10:38:42', 2, '26f2c0a679613e33ff66aa82ec3e04e66b052851.jpeg', 3, 207),
(1049, NULL, '2015-08-27 10:38:57', 2, 'bd4a8db4560fc9b8ca929c188a0874aaf320870c.jpeg', 4, 207),
(1050, NULL, '2015-08-27 10:39:09', 2, '4faaa93812a491071107db84579a5ad6c7a89471.jpeg', 5, 207),
(1051, NULL, '2015-08-27 10:52:57', 1, '4d11c83623c0530d5aaa8d918e4f095f813e9f98.jpeg', 1, 206),
(1052, NULL, '2015-08-27 10:53:48', 2, 'c73cff207586831cb52e0c8e31df06927699e7d5.jpeg', 1, 206),
(1054, NULL, '2015-08-27 10:54:49', 2, '3f3125d5a0ab2d1c0b1697ebaccd236eadd7069b.jpeg', 3, 206),
(1055, NULL, '2015-08-27 10:57:11', 2, 'd296560a460006179dc951b9a0e4412a5e002e44.jpeg', 2, 206),
(1056, NULL, '2015-08-27 10:57:33', 2, 'f8f434529a97bf31e35ba71a8d395f2fe4ebb5ed.jpeg', 4, 206),
(1057, NULL, '2015-08-27 10:57:46', 2, 'f4a0c1af53ca623db53adb448b93b4693524bed9.jpeg', 5, 206),
(1058, NULL, '2015-08-27 11:12:25', 1, 'd06dd69444304a5cee69f3b7f6b16a7192464346.jpeg', 1, 205),
(1059, NULL, '2015-08-27 11:14:13', 2, '94c26e98f9ecd42536eecf7a7afcd4906b91b742.jpeg', 1, 205),
(1060, NULL, '2015-08-27 11:14:47', 2, '2610138c836012d5be3ea7e3cca438ff25a20cc1.jpeg', 2, 205),
(1061, NULL, '2015-08-27 11:15:06', 2, '4a7dce03045ce860d876fb3000c0b1e01c2be1d8.jpeg', 3, 205),
(1062, NULL, '2015-08-27 11:15:25', 2, '9e7caf6b7860a62b9ee0743cd7459be472cfce47.jpeg', 4, 205),
(1063, NULL, '2015-08-27 11:15:48', 2, 'de6d7e32544c8f5bedde4966c153e4d815c95785.jpeg', 5, 205),
(1064, NULL, '2015-08-27 11:25:43', 1, '97a2811fc111f0604c6520642568c016b69d75c8.jpeg', 1, 165),
(1065, NULL, '2015-08-27 11:26:11', 2, '9952ca2dc9ed28a8e28c0613aab26667ee39e78c.jpeg', 1, 165),
(1066, NULL, '2015-08-27 11:26:35', 2, '048efa2412e66bef93304cec1dcafe0f19ed087e.jpeg', 2, 165),
(1067, NULL, '2015-08-27 11:27:02', 2, '2610b6a8d82675d8e7fe14642f616b430dc1f7e8.jpeg', 3, 165),
(1068, NULL, '2015-08-27 11:27:22', 2, 'e8cb6cf6b93f9e626dee4513143dd27eec75c050.jpeg', 4, 165),
(1069, NULL, '2015-08-27 11:27:40', 2, 'cb81b17c2c8e979b5335d52e3dd5a6a3e2782353.jpeg', 5, 165),
(1070, NULL, '2015-08-27 11:38:03', 1, '87eb03c27acf96aefadbd6ceca7df23a667c8f4e.jpeg', 1, 155),
(1071, NULL, '2015-08-27 11:38:23', 2, '17c595020432ff935b74fc8ee3a375cee452aa50.jpeg', 1, 155),
(1072, NULL, '2015-08-27 11:38:38', 2, 'fb02ea8abe85bc9cd504ce03ee2dceb412002f0c.jpeg', 2, 155),
(1073, NULL, '2015-08-27 11:38:54', 2, '300594e24005ab1c5c95b31adcd0e50074863b93.jpeg', 3, 155),
(1074, NULL, '2015-08-27 11:39:08', 2, 'acc9cd94ee563de20ec894ac8fbd77aec04df03f.jpeg', 4, 155),
(1075, NULL, '2015-08-27 11:39:24', 2, 'b11d2341076c245d438a6e78ad6c57eb4fe3b721.jpeg', 5, 155),
(1076, NULL, '2015-08-27 11:50:50', 1, '5a29580486802fc44575915984b899ccb0fa18c4.jpeg', 1, 148),
(1077, NULL, '2015-08-27 11:51:44', 2, '7fe3aeb571370d0f14582eb9c7ee820813e7a8e2.jpeg', 1, 148),
(1078, NULL, '2015-08-27 11:52:14', 2, '5653782ba8e7a70291371f0441c049ec0f3b953b.jpeg', 2, 148),
(1079, NULL, '2015-08-27 11:52:38', 2, '2b5bf132cbd5e9f0e77afea6e2754774a6781698.jpeg', 3, 148),
(1080, NULL, '2015-08-27 11:53:00', 2, '1bc7bfedf81c560d8e3f0d7a9201aeb28effe9df.jpeg', 4, 148),
(1081, NULL, '2015-08-27 11:53:27', 2, 'deba4ff68703efbfef7e1e7bcccf05836df5ecb6.jpeg', 5, 148),
(1082, NULL, '2015-08-27 12:02:04', 1, 'cee83446d6288b337cd6a44a1cbe94dffbb8b512.jpeg', 1, 146),
(1083, NULL, '2015-08-27 12:02:30', 2, 'ce0c40b2764482d630635eb50d15e3d8929805b7.jpeg', 1, 146),
(1084, NULL, '2015-08-27 12:03:00', 2, 'c65ee60727ec5de89eefac0a682815484d98523a.jpeg', 2, 146),
(1085, NULL, '2015-08-27 12:03:27', 2, '50ed62e381bd96ae37ce4ab8d155d29835f5c506.jpeg', 3, 146),
(1086, NULL, '2015-08-27 12:03:47', 2, '68299bbc4eec3796802d8ec43b2546c785bf3830.jpeg', 4, 146),
(1087, NULL, '2015-08-27 12:04:05', 2, '1b55b3152fd087650c69f5f2fadf50abeb9ca6e0.jpeg', 5, 146),
(1088, NULL, '2015-08-27 12:13:17', 1, 'da15bd4e357143baa1830678a6e41e19806a9a02.jpeg', 1, 132),
(1089, NULL, '2015-08-27 12:13:46', 2, 'c5e78b1fc783783e626649c4ff66cf625ac92546.jpeg', 1, 132),
(1090, NULL, '2015-08-27 12:14:06', 2, '3dc88e82b405df95474a9ecf50bd5e877241ec85.jpeg', 3, 132),
(1091, NULL, '2015-08-27 12:14:26', 2, '3aeb9b9f37d4e37d1f1ed4948f896932383410d9.jpeg', 3, 132),
(1092, NULL, '2015-08-27 12:14:44', 2, 'a5294312458deb887cebddd55969d3135b187ed6.jpeg', 4, 132),
(1093, NULL, '2015-08-27 12:14:59', 2, 'c607782def341771219e468176d67aab73fb20e9.jpeg', 5, 132),
(1094, NULL, '2015-08-27 12:29:09', 1, '1ec98b8d557f499263602ff8d99ed2990b29d125.jpeg', 1, 121),
(1095, NULL, '2015-08-27 12:29:29', 2, 'e03b7dddff56758df8350b9a5d7c317b0a73b08a.jpeg', 1, 121),
(1096, NULL, '2015-08-27 12:29:47', 2, '0993eb94a68352515acc9d52bc08f35da5ad7881.jpeg', 2, 121),
(1097, NULL, '2015-08-27 12:30:07', 2, 'b3d24d83248f616b20c7389d6014c3ac6470ffc1.jpeg', 3, 121),
(1098, NULL, '2015-08-27 12:30:28', 2, 'fbbe815341f42afb6b87798c7d2774b0908684e8.jpeg', 4, 121),
(1099, NULL, '2015-08-27 12:30:53', 2, '8c4c41409f0fec1cc4fc767ae56e75a75e0348e1.jpeg', 5, 121),
(1100, NULL, '2015-08-27 12:39:39', 1, '75a1c85c0c968d6e4be4d8ab26fa74dbd0d3e3dd.jpeg', 1, 117),
(1101, NULL, '2015-08-27 12:40:04', 2, '2bc30ec2f3e86ec198ae7f1484dab5009ea00dfa.jpeg', 1, 117),
(1102, NULL, '2015-08-27 12:40:21', 2, '154e24febee2df5cb2512fff376e8f3e68585a62.jpeg', 2, 117),
(1103, NULL, '2015-08-27 12:40:37', 1, '07ea5ffbf0f43eef1b570a213823a7e637b56d50.jpeg', 3, 117),
(1104, NULL, '2015-08-27 12:40:54', 2, '22f381b19ae4dd14146edcff38d8137e1e64e08c.jpeg', 4, 117),
(1106, NULL, '2015-08-27 12:42:38', 2, '64a4bee790f993afc6f0e14d516569a39e49d3ae.jpeg', 5, 117),
(1107, NULL, '2015-08-27 13:01:21', 1, '8501254059614d59a605a9582d65d3285d8ec1d2.jpeg', 1, 91),
(1108, NULL, '2015-08-27 13:01:36', 2, '022c12b82b7c3e7c96024cfa6e0e6ca8d316a3b7.jpeg', 1, 91),
(1109, NULL, '2015-08-27 13:02:33', 2, '0b8379ede472d79d520bebed8256fd98ece69863.jpeg', 2, 91),
(1110, NULL, '2015-08-27 13:03:18', 2, '6bd0077a96afb214055089377854a6b8c6541359.jpeg', 3, 91),
(1111, NULL, '2015-08-27 13:03:35', 2, '09dcb4cee66be0858004efb0620542236caabc5d.jpeg', 4, 91),
(1112, NULL, '2015-08-27 13:03:50', 2, 'e86b59b2705e8c13f1a94b26ae73c7135b4e2949.jpeg', 5, 91),
(1113, NULL, '2015-08-27 13:13:37', 1, 'd93a66018a96d3b0e1d253799dace0818c490c73.jpeg', 1, 90),
(1114, NULL, '2015-08-27 13:13:53', 2, '0758d949eeffb21afe41d60c210afd2257e4f662.jpeg', 1, 90),
(1115, NULL, '2015-08-27 13:14:07', 2, '5b533813c07e7d2a5008a77c6c3b7e9199011887.jpeg', 2, 90),
(1116, NULL, '2015-08-27 13:14:23', 2, 'c09b124f7b2b9e2420bee135ecf875929feb82e1.jpeg', 3, 90),
(1117, NULL, '2015-08-27 13:14:39', 2, '67a3bdfccb31e85ce79e5a86d38ccd8bbe2bbbc0.jpeg', 4, 90),
(1118, NULL, '2015-08-27 13:14:55', 2, '6bced7172ecaa7293eebe8a64a16a597b5ed57b7.jpeg', 5, 90),
(1119, NULL, '2015-08-27 13:24:45', 1, '8a297f587f01806a0624736e8026c8dc9c967877.jpeg', 1, 70),
(1121, NULL, '2015-08-27 13:26:18', 2, '28c93f821af41058922c4b485ed111161e2e79b7.jpeg', 2, 70),
(1122, NULL, '2015-08-27 13:26:43', 2, '18b6167b1fae04a5350d58f5ad6fa4baf1c8fc98.jpeg', 3, 70),
(1123, NULL, '2015-08-27 13:27:12', 2, 'f6793d4ceaa83a0a0a843e25e3692241ba9ac131.jpeg', 1, 70),
(1126, NULL, '2015-08-27 13:28:15', 2, '999745227d54d6ada490cc7736dbb175c4273317.jpeg', 4, 70),
(1127, NULL, '2015-08-27 13:28:36', 2, '39a74e671b09c38f3e82b9af4e546d9cfec4ec91.jpeg', 5, 70),
(1128, NULL, '2015-08-27 13:51:06', 1, 'eca76fb19af8379b40232d3e9629a7c88b41ec5b.jpeg', 1, 62),
(1129, NULL, '2015-08-27 13:51:22', 2, '5862ddec1d3ab715a43b4738643d93f690dc0d0b.jpeg', 1, 62),
(1130, NULL, '2015-08-27 13:51:49', 2, '79d1dcaa3b3a646dd9e78c16b3da6e8d56506723.jpeg', 2, 62),
(1131, NULL, '2015-08-27 13:52:03', 2, '073da480c7733ff9a25d745f259d1d369dd0d788.jpeg', 3, 62),
(1132, NULL, '2015-08-27 13:52:18', 2, 'e4fd7e43084179c7dbbdcd5248b82afe88970ff1.jpeg', 4, 62),
(1133, NULL, '2015-08-27 13:52:43', 2, '2af980e8f071a277fcdcb80f8b926415abe93830.jpeg', 5, 62),
(1134, NULL, '2015-08-27 14:07:33', 1, '92db907e38c4c5eb0f8c551d90b08d52aeb81323.jpeg', 1, 53),
(1135, NULL, '2015-08-27 14:07:51', 2, '2ab921f082831f238a678a3ce02e7382486a284c.jpeg', 1, 53),
(1136, NULL, '2015-08-27 14:08:10', 2, '2c6056c84e60096186641a4d038111da306c2b94.jpeg', 2, 53),
(1137, NULL, '2015-08-27 14:08:28', 2, '5ac43c291750fb710d5eb3cbdaae0a105607b4a1.jpeg', 3, 53),
(1138, NULL, '2015-08-27 14:08:46', 2, '46167d9caefdc6ae718b54cd65265e38384b01e2.jpeg', 4, 53),
(1139, NULL, '2015-08-27 14:09:02', 2, 'ec6f56655835cae3e84db0e958432bf1e4ef6065.jpeg', 5, 53),
(1140, NULL, '2015-08-28 09:38:55', 1, 'bac939adef65c0cccac1c23baa204ab1a52e417c.jpeg', 1, 294),
(1141, NULL, '2015-08-28 09:40:23', 2, '93c0601045d4649f84634fff4314fea82f7dfabf.jpeg', 1, 294),
(1142, NULL, '2015-08-28 09:44:18', 2, '10d13b91044d4e672d9f231fbe6676e826640ab7.jpeg', 2, 294),
(1143, NULL, '2015-08-28 09:45:22', 2, '7e6c5aa108218e8b7302e9c29554f71455536ff4.jpeg', 3, 294),
(1144, NULL, '2015-08-28 09:45:42', 2, '41e865f86acd66465c964fcbde3e0da946b5dfe3.jpeg', 4, 294),
(1145, NULL, '2015-08-28 09:48:44', 2, '08a23feb5fee2c946ea61c49c42b33e114a26e1b.jpeg', 5, 294),
(1146, NULL, '2015-08-28 10:04:32', 1, '7677ebbfd9b932c6891d1e4cb57826e330fabfcc.jpeg', 1, 289),
(1147, NULL, '2015-08-28 10:06:12', 2, 'fd467fc36af4438b8ea88b8aa0a0972294b5c4a8.jpeg', 1, 289),
(1149, NULL, '2015-08-28 10:08:12', 2, 'e3eaa2d9ed326c42aa806ac39cba9d51d9b78482.jpeg', 2, 289),
(1150, NULL, '2015-08-28 10:08:45', 2, '640f3ef54fc17d55f02dca4c95ec94d630ade1b4.jpeg', 3, 289),
(1151, NULL, '2015-08-28 10:09:37', 2, 'e5eeeea49d0b87b2c1449ae2eac5d3132b19fa9e.jpeg', 4, 289),
(1152, NULL, '2015-08-28 10:10:56', 2, '0d8e91d69687bda34bf1e01138c06e7a03928ffa.jpeg', 5, 289),
(1153, NULL, '2015-08-28 10:22:58', 1, 'c4d86dac6d5ff4b2afa1e44450b8ca51011ab2df.jpeg', 1, 259),
(1154, NULL, '2015-08-28 10:23:53', 2, 'cf32de8b8ed52b0c346a784676ce5fa0eef8fa54.jpeg', 1, 259),
(1156, NULL, '2015-08-28 10:24:20', 2, '47c658d141ccca870386d40d702c34c931a6dddf.jpeg', 2, 259),
(1157, NULL, '2015-08-28 10:25:03', 2, '3f59ee5b68e738918631ee6755e0ee609cee680e.jpeg', 3, 259),
(1158, NULL, '2015-08-28 10:25:22', 2, '584b8d84b603138cd9058c372eae743976b83920.jpeg', 4, 259),
(1159, NULL, '2015-08-28 10:25:39', 2, '717baef21a16dac9073140797bcbfa52482c143d.jpeg', 5, 259),
(1160, NULL, '2015-08-28 10:36:15', 1, 'ec353ecb69ccc4db0dfd811bfd06e6f8232eda32.jpeg', 1, 219),
(1161, NULL, '2015-08-28 10:36:52', 2, '5c5773547b331b1afe5108f9e292bf035d102bee.jpeg', 2, 219),
(1162, NULL, '2015-08-28 10:37:10', 2, '330b3ea6284146c62c13ce0b989ff01f2a7169f6.jpeg', 1, 219),
(1163, NULL, '2015-08-28 10:37:27', 2, '2d908e369cbe45afe44225b842eea09d9c8543b0.jpeg', 3, 219),
(1164, NULL, '2015-08-28 10:37:58', 2, '239d3d9ee3da7cdb36a768214b724f35bd0f03cb.jpeg', 4, 219),
(1165, NULL, '2015-08-28 10:38:17', 2, '46bf97248041fe1eaf032695a7fbc6bd3235659e.jpeg', 5, 219),
(1166, NULL, '2015-08-28 10:49:25', 1, '904b73a687740bfe1dd922055fad59ccb79caa4f.jpeg', 1, 204),
(1167, NULL, '2015-08-28 10:50:14', 2, '99316e0dcf389e03f80e5c33a54c31de7899c0e9.jpeg', 1, 204),
(1168, NULL, '2015-08-28 10:51:18', 2, '68da17f018527f82bb8dd8331605d2c259d28277.jpeg', 2, 204),
(1169, NULL, '2015-08-28 10:52:12', 2, '5d9522d42871171da66e406e04c105d9b1652e00.jpeg', 3, 204),
(1170, NULL, '2015-08-28 10:52:31', 2, '5d95e55558de6151f904a2b19f9679a7e35cd46d.jpeg', 4, 204),
(1171, NULL, '2015-08-28 11:03:57', 2, '9a5b843907cee57bb26ba90303707d359e9c4137.jpeg', 5, 204),
(1172, NULL, '2015-08-28 11:19:25', 1, '1085613ea4383cdffe021cad0d21db6b3f9074d2.jpeg', 1, 202),
(1173, NULL, '2015-08-28 11:20:17', 2, 'c5ac18e3a4d2a1b3f0aab3478d0b7bd99d2087c9.jpeg', 1, 202),
(1174, NULL, '2015-08-28 11:21:16', 2, '538d2bc51e2302496a561544176ec5178c85930f.jpeg', 2, 202),
(1175, NULL, '2015-08-28 11:22:12', 2, 'b26487e9e20ef8762de8741be992d59199535fc9.jpeg', 3, 202),
(1176, NULL, '2015-08-28 11:22:30', 2, 'e6d7df2318d9c24c465c6e9927704ce70764e275.jpeg', 4, 202),
(1177, NULL, '2015-08-28 11:22:49', 2, '39ca36b6ba6933a9aa04c5aed4886dcce60c977c.jpeg', 5, 202),
(1178, NULL, '2015-08-28 11:34:47', 1, '97c112591def02f53849ae1b1fe86f9d54d9cf3f.jpeg', 1, 186),
(1179, NULL, '2015-08-28 11:35:35', 2, 'e46c2bfb28a8c2d432665c6799d28f5342316ecb.jpeg', 1, 186),
(1180, NULL, '2015-08-28 11:35:55', 2, '2adab584abf26a76993a56d434727e42f69d8dfd.jpeg', 2, 186),
(1181, NULL, '2015-08-28 11:36:16', 2, 'f60de7443fcaf95250d75c367d3e7f784983409e.jpeg', 3, 186),
(1183, NULL, '2015-08-28 11:36:40', 2, '8dd4f931c1f1560142605b634d8a900c2e1e3d0a.jpeg', 4, 186),
(1184, NULL, '2015-08-28 11:37:09', 2, '8364bd116f376b0a6f1179feba01ff77b180a3df.jpeg', 5, 186),
(1186, NULL, '2015-08-28 11:52:37', 1, '762d7d526c5274c9cd84fd34bf0f46bba5ff18f7.jpeg', 1, 160),
(1187, NULL, '2015-08-28 11:53:04', 2, 'a9b73f19d23dea9f7e8d1a1f0addaef5054c77e6.jpeg', 1, 160),
(1188, NULL, '2015-08-28 11:53:33', 2, 'a6091a10012667a74f53ea87c27e94188bcd03c1.jpeg', 2, 160),
(1189, NULL, '2015-08-28 11:53:55', 2, 'd3ec393828cbfdf2d2b2f6fa56758f9e76ee9875.jpeg', 3, 160),
(1190, NULL, '2015-08-28 11:56:31', 2, 'df48745c90cf07ee2e5283f7a83eeab1413999ae.jpeg', 4, 160),
(1191, NULL, '2015-08-28 11:56:54', 2, 'd00b731e288649b6f849b9942c64f57232b1c170.jpeg', 5, 160),
(1192, NULL, '2015-08-28 12:12:41', 1, '0e12c29fd903bbf181e8c2a1a29d8e79326a60e5.jpeg', 1, 159),
(1193, NULL, '2015-08-28 12:13:21', 2, 'a704e961b31d5b56f1592b75d2c7c57e70465537.jpeg', 1, 159),
(1195, NULL, '2015-08-28 12:13:45', 2, 'e4386c04a764b99a2ec620d3ce6bf709a8ab8141.jpeg', 2, 159),
(1196, NULL, '2015-08-28 12:16:14', 2, '4f86ddd0a1d3da07fa3ebb9a3c62a7fd7aa7a101.jpeg', 3, 159),
(1197, NULL, '2015-08-28 12:16:32', 2, 'bdb88ccbd1d29f466fd7a84c520ae30d3599c9f0.jpeg', 4, 159),
(1198, NULL, '2015-08-28 12:16:57', 2, '813a92bfe88bdd4e76e129edd7e7c76345bd4693.jpeg', 5, 159),
(1199, NULL, '2015-08-28 12:32:35', 1, '887b3aabfe5c62296df86013b66615aa186f0a90.jpeg', 1, 157),
(1200, NULL, '2015-08-28 12:32:59', 2, '1424279563ffb01012d6c4c79308d86b54842b78.jpeg', 1, 157),
(1201, NULL, '2015-08-28 12:33:16', 2, 'ccfea9a4c1cf0b7ffb4c31677ad4b9b5a7b76a1e.jpeg', 2, 157),
(1202, NULL, '2015-08-28 12:33:34', 2, 'f63029a1a6350b670aa2b546e1ecd3525c72f1e2.jpeg', 3, 157),
(1203, NULL, '2015-08-28 12:33:55', 2, '0ae156063c87bd2f2d094af17cb6983e2b25f9e2.jpeg', 4, 157),
(1204, NULL, '2015-08-28 12:34:11', 2, 'af596bd4c2cb0df44dd1a6329540b87a1d2e361b.jpeg', 5, 157),
(1205, NULL, '2015-08-28 12:44:34', 1, '347f1644d099913b4c049f28ea1b8ceab7053575.jpeg', 1, 150),
(1206, NULL, '2015-08-28 12:45:19', 2, '94b2b0e09ff9907288970067b5195f2a3787c429.jpeg', 1, 150),
(1207, NULL, '2015-08-28 12:46:17', 2, '6f3c62be1eb9276073510837c111ae5aa1e6fc67.jpeg', 2, 150),
(1208, NULL, '2015-08-28 12:46:58', 2, '51e39eed14e50f70eb7710830684e634d657a361.jpeg', 3, 150),
(1209, NULL, '2015-08-28 12:47:15', 2, 'c55f89145c9da58af9db7599a475136564cecec5.jpeg', 4, 150),
(1210, NULL, '2015-08-28 12:48:55', 2, '687cbeca03f4d4c63dca785bc2f3db57d76605ad.jpeg', 5, 150),
(1211, NULL, '2016-01-01 14:27:33', 1, 'e823bf2a8a4a5f5d4b3554ba0fbb202f40c5ea60.jpeg', 1, 93),
(1212, NULL, '2016-01-01 14:27:33', 2, 'd5de0b28e60b5f1f608589a63d745d6beb48b8f3.jpeg', 1, 93),
(1213, NULL, '2016-01-01 14:27:33', 2, '672ba270618d7704ea6544ec6f5212fccd645966.jpeg', 2, 93),
(1214, NULL, '2016-01-01 14:27:33', 2, '0b6b8271fad003f474dc4958f075e9d44927d595.jpeg', 3, 93),
(1215, NULL, '2016-01-01 14:27:33', 2, '9b5a844208bb4024e21cd04d5d05da764eeec49f.jpeg', 4, 93),
(1216, NULL, '2016-01-01 14:27:33', 2, '95df0eb4b67cd61f8aefc88f0ed991391b55e6e5.jpeg', 5, 93),
(1217, NULL, '2015-08-28 13:38:20', 1, '7d6f628e68c6df3df94d79161737308542133934.jpeg', 1, 89),
(1218, NULL, '2015-08-28 13:38:43', 2, 'e630cca38a3f05118ad35a94bbd1260d527e320d.jpeg', 1, 89),
(1219, NULL, '2015-08-28 13:38:58', 2, '8dd83d992725186d26842e52f342caaeb4b97ec6.jpeg', 2, 89),
(1220, NULL, '2015-08-28 13:39:17', 2, 'c80c2a914dc1e9a902b0c4d2f555864739523171.jpeg', 3, 89),
(1221, NULL, '2015-08-28 13:40:03', 2, '93622b88bd978293cdb20a80815b8d24fc295a78.jpeg', 4, 89),
(1222, NULL, '2015-08-28 13:40:22', 2, '339563a66862896993e47ab06641284cbbf37142.jpeg', 5, 89),
(1224, NULL, '2015-08-28 13:50:08', 1, '88548e8382916121088ad71f8cef380265e88c46.jpeg', 1, 57),
(1225, NULL, '2015-08-28 13:50:27', 2, 'b222b71537ce6e9e62a647069f8dfe0c6970de2d.jpeg', 1, 57),
(1227, NULL, '2015-08-28 13:50:51', 2, '4ef203f2de24c7edf0d83059a1a102a8d93f7c32.jpeg', 2, 57),
(1228, NULL, '2015-08-28 13:51:08', 2, 'cbd3da583ebccc4791045f8ce24bfa8380ab0ea8.jpeg', 3, 57),
(1229, NULL, '2015-08-28 13:51:25', 2, '5b5e31abd85ed00227dd67b3dfc06af693809f57.jpeg', 4, 57),
(1230, NULL, '2015-08-28 13:52:31', 2, '1fb6fab0130fcaa52c53ab3e21526ff53474aa7f.jpeg', 5, 57),
(1232, NULL, '2015-08-30 20:31:08', 1, 'ddb44b279367bae878c7b857f822d0ab967cece9.jpeg', 1, 145),
(1233, NULL, '2015-08-30 20:31:27', 2, '484eb617f6ace993bdc8ca612a31f1acb50e7976.jpeg', 1, 145),
(1234, NULL, '2015-08-30 20:31:42', 2, '80e4f1a1290e66aa52c95b3f468bb171f50dfbeb.jpeg', 2, 145),
(1235, NULL, '2015-08-30 20:32:01', 2, '47a4d373e228db70fe01c992b2c3e1e1e3e9ec58.jpeg', 3, 145),
(1236, NULL, '2015-08-30 20:34:17', 2, '3727e3a451897874055dd9c3638b39520a057c37.jpeg', 4, 145),
(1237, NULL, '2015-08-30 20:43:40', 2, 'ba99d9eda6c80370f0a416b40d477bb9c903716e.jpeg', 5, 145),
(1238, NULL, '2015-08-30 20:59:18', 1, 'a7cbee78838d6d358b7fe2358b2d7b7baeaa7fb7.jpeg', 1, 129),
(1239, NULL, '2015-08-30 20:59:36', 2, '207b2719108b97898ba5139a4909e3276f437a5f.jpeg', 1, 129),
(1240, NULL, '2015-08-30 20:59:52', 2, '411e5bdc882a962459ea89ea779a2fb93c1cfd83.jpeg', 2, 129),
(1241, NULL, '2015-08-30 21:00:10', 2, 'e1dd8f5e6b90a1e8b7eba62b9bd64eaf9f6581bc.jpeg', 3, 129),
(1242, NULL, '2015-08-30 21:00:35', 2, '81c2ba7a222e830ac286a7b3a380fc4d42cc6888.jpeg', 4, 129),
(1243, NULL, '2015-08-30 21:00:52', 2, '40f5379ea30750d5064784c37fc2864e0916f90a.jpeg', 5, 129),
(1244, NULL, '2015-08-30 21:10:50', 1, '9fb6e876680e3d939287585fc53d66827489a62f.jpeg', 1, 80),
(1246, NULL, '2015-08-30 21:11:34', 2, '70ba556a2e08bd34745c24dca337ec1cafaa2733.jpeg', 1, 80),
(1247, NULL, '2015-08-30 21:12:36', 2, '49584a40110c5ee41ac93f760703cdd8aa095d5f.jpeg', 2, 80),
(1248, NULL, '2015-08-30 21:13:34', 2, 'c76775086c374dff3dc9a0bba8261f4fdb09c9cc.jpeg', 3, 80),
(1249, NULL, '2015-08-30 21:13:58', 2, 'f7467fb40f3c29f7000f05d51a83c43f7f975874.jpeg', 4, 80),
(1250, NULL, '2015-08-30 21:14:18', 2, '3ebd4892e56e2e4437bdf1c79c6fa473548b1e2f.jpeg', 5, 80),
(1251, NULL, '2015-08-30 21:22:14', 1, '86acaf5fda7c52b1b614916e8d7333cbadcd0b93.jpeg', 1, 55),
(1252, NULL, '2015-08-30 21:22:31', 2, '55915f1aad2e06ffebc24c86c97e4d2615120903.jpeg', 1, 55),
(1253, NULL, '2015-08-30 21:22:47', 2, 'f57507dba98cb734ac8b6de729bda637dc0ce4a8.jpeg', 2, 55),
(1254, NULL, '2015-08-30 21:23:05', 2, '93a32afeba15eb9d0ded8576a978f9f83ddf4830.jpeg', 3, 55),
(1255, NULL, '2015-08-30 21:23:33', 2, '3600609274665f5423c06b5c3aa19f7cd28ecd1a.jpeg', 4, 55),
(1256, NULL, '2015-08-30 21:23:50', 2, '51783d7123fbe8c1e4ce18809f68e8218a2e15a0.jpeg', 5, 55),
(1257, NULL, '2015-08-31 08:43:20', 1, '0d8e7029d3ac47c15de7d8ce72bb0466aa3e235b.jpeg', 1, 180),
(1258, NULL, '2015-08-31 08:43:50', 2, '984f51aacc6f72931ed9354e92f8eec8a2954105.jpeg', 1, 180),
(1259, NULL, '2015-08-31 08:44:10', 2, '70eb4fcc5ffc7dc22073b22813b66962cf26d358.jpeg', 2, 180),
(1260, NULL, '2015-08-31 08:46:03', 2, '1fbf05123c3dfb286d8d2738c57670387d812dae.jpeg', 3, 180),
(1261, NULL, '2015-08-31 08:46:24', 2, '799336430565f621fcbf18ea7f6849236fc9a715.jpeg', 4, 180),
(1262, NULL, '2015-08-31 08:46:44', 2, '84f51bcd200c526b4e0d9099615cd69357877291.jpeg', 5, 180),
(1263, NULL, '2016-01-13 13:46:08', 1, 'acdc7bd61f5a9a84f9645a57684fabd421d9d367.jpeg', 1, 300),
(1264, NULL, '2016-01-13 13:46:08', 2, '212e8588ed8f332e1c9854bc1b7b937fbbb41edd.jpeg', 1, 300),
(1265, NULL, '2016-01-13 13:46:08', 2, '7ba29a104765471bbcda85776bf2fe72133edf59.jpeg', 2, 300),
(1266, NULL, '2016-01-13 13:46:08', 2, 'f72e4e32cf499fb56fb0eddf8afc06b701227c4a.jpeg', 3, 300),
(1268, NULL, '2016-01-13 13:46:08', 2, 'b81027f919e3d9da75bf03f9080f2cb2617e1c10.jpeg', 4, 300),
(1269, NULL, '2016-01-13 13:46:08', 2, '78e73d4d9babbc488706993795fc71a4ec382f09.jpeg', 5, 300),
(1270, NULL, '2015-08-31 09:17:54', 1, '2d3f8218dde5515a54e5575b0844e4b0f94bba83.jpeg', 1, 299),
(1271, NULL, '2015-08-31 09:18:41', 2, '73d587cc3a945e49a6c88e14efc6e10076b039ea.jpeg', 1, 299),
(1272, NULL, '2015-08-31 09:20:50', 2, 'a93ea3f7d62cf124f0a8b8f9ae01c4c98154fe9f.jpeg', 2, 299),
(1273, NULL, '2015-08-31 09:21:52', 2, 'cd31b7eec6ef78f2647526e13bb070e0199737da.jpeg', 3, 299),
(1274, NULL, '2015-08-31 09:22:20', 2, '2f7aa08bf0503937585a4b0a29616a75027cf1d7.jpeg', 4, 299),
(1275, NULL, '2015-08-31 09:22:42', 2, 'd2d60a733836780458b72b87e32860d1e93d2c1b.jpeg', 5, 299),
(1276, NULL, '2015-08-31 09:33:11', 1, 'c2960577f6149cb6b47a2654849bbd630cb6f338.jpeg', 1, 288),
(1277, NULL, '2015-08-31 09:34:15', 2, '66fd0f2c15ac358d173fd63f9b2c18dde0d0f366.jpeg', 1, 288),
(1278, NULL, '2015-08-31 09:34:34', 2, '975874c6b096184c22220f88df01c4012b587b36.jpeg', 2, 288),
(1279, NULL, '2015-08-31 09:35:03', 2, 'ac7be8a70261b46c708efeb0330292b001681880.jpeg', 3, 288),
(1280, NULL, '2015-08-31 09:35:21', 2, 'ba381ef1270054e9b131f2d28e955a8ed34af6df.jpeg', 4, 288),
(1281, NULL, '2015-08-31 09:35:56', 2, 'e1e802ad4f5e56532a56c71e3636b5b75f434299.jpeg', 5, 288),
(1282, NULL, '2015-08-31 09:50:06', 1, '93bf746996f04cde29fae3e48351a9a94828fad9.jpeg', 1, 282),
(1283, NULL, '2015-08-31 09:50:42', 2, 'e7fcd4fe1c55835404061813aefa91fa7924af00.jpeg', 1, 282),
(1284, NULL, '2015-08-31 09:51:04', 2, 'c0395c18350b25b78a6b765123b0f7d832b31ea4.jpeg', 2, 282),
(1285, NULL, '2015-08-31 09:51:21', 2, 'b39862cd77ab17f5e0fe55907d70647936519bb9.jpeg', 3, 282),
(1286, NULL, '2015-08-31 09:51:36', 2, '3a7215256ac6d7c26f8bdd8ccdacf5538c2c5cfc.jpeg', 4, 282),
(1287, NULL, '2015-08-31 09:51:52', 2, '5dc7ec744d3060633640cad8334f3f2ce8b331d7.jpeg', 5, 282),
(1288, NULL, '2015-08-31 12:45:45', 1, '452e29d35cb7e3983dcb73f3679a3cdb104bd6b5.jpeg', 1, 258),
(1289, NULL, '2015-08-31 12:52:12', 2, '3f12810a82008a7b0b83d5586d0c8875efb32401.jpeg', 1, 258),
(1290, NULL, '2015-08-31 12:54:03', 2, 'ad104699a11a104986e121a279aa04e23e7a15ea.jpeg', 2, 258),
(1291, NULL, '2015-08-31 12:55:01', 2, '02ffa8c2d29f46158f8ba05b486012efba247441.jpeg', 3, 258),
(1292, NULL, '2015-08-31 12:55:22', 2, '1b1d9f011268636b282d037a549724e5e9d6f465.jpeg', 4, 258),
(1293, NULL, '2015-08-31 12:55:37', 2, '865e782b65e2b3d999d0ba613c21bbc7cd3d24da.jpeg', 5, 258),
(1294, NULL, '2015-08-31 13:04:21', 1, '02bda24fe41f7ef1d4db71c1c7d706bbf1d398c0.jpeg', 1, 151),
(1295, NULL, '2015-08-31 13:04:59', 2, 'b655816c6020a2038bcc279dc20f973e02820355.jpeg', 1, 151),
(1296, NULL, '2015-08-31 13:05:33', 2, '39901424c5f296bea8f915f6301589212342882b.jpeg', 2, 151),
(1297, NULL, '2015-08-31 13:06:05', 2, '0393bb05fd2a0a7ab219fb43e81e88177ce45cf6.jpeg', 3, 151),
(1298, NULL, '2015-08-31 13:06:25', 2, 'f85cfaac8296ac7a62cca048f6c77e93d2df0f7f.jpeg', 4, 151),
(1299, NULL, '2015-08-31 13:06:42', 2, '1dda0642210beead5bfb9859e8df4c891225efcd.jpeg', 5, 151),
(1300, NULL, '2015-08-31 13:16:38', 1, 'a6709a60ab33ad81e11efb3f83fd8a4d1a99e8ef.jpeg', 1, 137),
(1301, NULL, '2015-08-31 13:16:52', 2, 'fdad41565988e943f1527b2e836cca0a39962220.jpeg', 1, 137),
(1302, NULL, '2015-08-31 13:17:16', 2, 'efcf71d5b199a87371f882ff4130d2544aaa84bd.jpeg', 2, 137),
(1303, NULL, '2015-08-31 13:17:32', 2, '9d955bc52d6f148c7f837a55a2d99ca0b683c158.jpeg', 3, 137),
(1304, NULL, '2015-08-31 13:17:50', 2, 'eebd33bc8291c54cda05efdfc7cec6a37a741ac5.jpeg', 4, 137),
(1305, NULL, '2015-08-31 13:18:04', 2, 'c629d7009407b8d518594620ac64b76dd06a47d0.jpeg', 5, 137),
(1306, NULL, '2015-08-31 13:29:52', 1, 'cdcad3b4436bc99a6a5c9ebaf9bdb6db4da9ba4e.jpeg', 1, 213),
(1307, NULL, '2015-08-31 13:30:12', 2, '5ea9a29951dfe54645b429c96d3d858a216aae44.jpeg', 1, 213),
(1308, NULL, '2015-08-31 13:30:27', 2, 'ef2f8ac3b15ef90feae69da90f944fa0fd8967c2.jpeg', 2, 213),
(1309, NULL, '2015-08-31 13:31:35', 2, '4dca782deea15018880f401e757a3f85423b8216.jpeg', 3, 213),
(1310, NULL, '2015-08-31 13:35:17', 2, '0aaa65e1c0c8931b50aeb15d86f83de0d146ea45.jpeg', 4, 213),
(1311, NULL, '2015-08-31 13:35:33', 2, '19b52ad4fbdf4f5bbe88ddd2c37ab28b11839435.jpeg', 5, 213),
(1312, NULL, '2015-08-31 13:46:16', 2, '92668473e0f98e159ff5b72ee472b46bd1e56af3.jpeg', 1, 199),
(1313, NULL, '2015-08-31 13:46:50', 2, '0792ca8e18a54ee9cefff0535448aeddeac4593b.jpeg', 1, 199),
(1314, NULL, '2015-08-31 13:47:33', 2, '1fe81d5bd6d1598a712a82378f1c563fd40a992b.jpeg', 2, 199),
(1315, NULL, '2015-08-31 13:47:46', 2, '021665505a4e8b88c67b1d98e922ec59abc9f696.jpeg', 3, 199),
(1316, NULL, '2015-08-31 13:48:01', 2, '50fefcec2e3cca9f63ff007feb82a55420121fcf.jpeg', 4, 199),
(1317, NULL, '2015-08-31 13:48:17', 2, '02f7bc2f7537e51dcb87d6060e6eb23a81f44af3.jpeg', 5, 199),
(1318, NULL, '2015-08-31 13:59:51', 1, '670898c88338c7732f44bae52572e90e6c099488.jpeg', 1, 184),
(1320, NULL, '2015-08-31 14:00:38', 2, '65c9d9729b2e14d205ed7d5241b54e1d4a622e85.jpeg', 2, 184),
(1321, NULL, '2015-08-31 14:00:53', 2, 'f07006fb26d7959fd0a5ad17b8df9e5691400490.jpeg', 3, 184),
(1322, NULL, '2015-08-31 14:05:31', 2, '1b82ab3c017e92e5c0ee65d8924ea5b761d2884d.jpeg', 1, 184),
(1323, NULL, '2015-08-31 14:05:45', 2, '2db6cca5a62fa97384fad8f536c320162f559303.jpeg', 4, 184),
(1324, NULL, '2015-08-31 14:06:01', 2, 'b1f846429095406bfebf4173fcb2548a2700462e.jpeg', 5, 184),
(1325, NULL, '2015-09-01 09:07:39', 1, '8acb53d7fd6b3e6d9e506e8a164e681a490ad6f0.jpeg', 1, 176),
(1326, NULL, '2015-09-01 09:07:54', 2, '9e10abb661c61128abbdf1cb21762095bebe7476.jpeg', 1, 176),
(1327, NULL, '2015-09-01 09:08:10', 2, '88af142a906503baa05b8baf2d60dfff0bd3d548.jpeg', 2, 176),
(1328, NULL, '2015-09-01 09:08:25', 2, '41b8b5c0aa20907c7b42bc69d96d049b9cf912b5.jpeg', 3, 176),
(1329, NULL, '2015-09-01 09:08:36', 2, 'd0f7d79650f4f198539b4af8ed08671b0c5327b3.jpeg', 4, 176),
(1330, NULL, '2015-09-01 09:08:51', 2, '38a6e3bc8fcc400a159b7c3583086dd93b1710c1.jpeg', 5, 176),
(1331, NULL, '2015-09-01 09:19:30', 1, 'd3ab0ec9c581ff8b5e675c1afdcf738828e411db.jpeg', 1, 152),
(1332, NULL, '2015-09-01 09:21:20', 2, '61a8362ef13247f3125de3b48d799f8986d423a3.jpeg', 1, 152),
(1334, NULL, '2015-09-01 09:21:53', 2, 'cfc90a5358050be5b5b6828c35331f23173413d8.jpeg', 2, 152),
(1335, NULL, '2015-09-01 09:22:50', 2, '42306e3b25c574eebfd4b104837119453e476dc5.jpeg', 3, 152),
(1336, NULL, '2015-09-01 09:23:12', 2, '016d054b64dd4ed7d8e31b0185f2a96d0a8df75c.jpeg', 4, 152),
(1337, NULL, '2015-09-01 09:23:31', 2, '18731984ce72e55b2c537aee2efc7548d4e87916.jpeg', 5, 152),
(1338, NULL, '2016-01-13 13:46:08', 1, '33a401017571d6715bd34341f5089bbe0d33a803.jpeg', 1, 116),
(1339, NULL, '2016-01-13 13:46:08', 2, '08652b7c4db60580b9ed8f095bd60d61f7903445.jpeg', 1, 116),
(1340, NULL, '2016-01-13 13:46:08', 2, 'e945873c0250b6051799d67717b09e289735cc83.jpeg', 2, 116),
(1341, NULL, '2016-01-13 13:46:08', 2, '6d26998746a663471b828c832453bc48cf19b981.jpeg', 3, 116),
(1342, NULL, '2016-01-13 13:46:08', 2, '829730f7f74c1ae7bca22a4fcea0a8affa5be2e0.jpeg', 4, 116),
(1343, NULL, '2016-01-13 13:46:08', 2, 'a43ee4c54cab28ade0db98050c04ef0f7bebef1e.jpeg', 5, 116),
(1345, NULL, '2015-09-01 09:55:30', 1, '673c86bb2e2706af262a08d41203bba409657cfa.jpeg', 1, 109),
(1346, NULL, '2015-09-01 09:55:57', 2, '97151e64da824f206ec398a0f495e381e3691831.jpeg', 1, 109),
(1347, NULL, '2015-09-01 09:56:26', 2, '5efdc7d1d6a4104d67d542cafbd96e4a6e872ef0.jpeg', 2, 109),
(1348, NULL, '2015-09-01 09:57:01', 2, 'b9eb476a88c46dd8feb34a9ed498ae43e3c23759.jpeg', 3, 109),
(1349, NULL, '2015-09-01 09:57:26', 2, 'be5f4300fc2b2247a96ffe6009a8afc7b0120b66.jpeg', 4, 109);
INSERT INTO `ost_media` (`id`, `ville_id`, `updated_at`, `type`, `path`, `ordre`, `Hotel_id`) VALUES
(1350, NULL, '2015-09-01 09:57:38', 2, '9fb863c8a183adce46031576c8435c8b43165c2d.jpeg', 5, 109),
(1351, NULL, '2016-01-09 04:22:35', 1, 'a41c82d8928a3826fc4626bfc52d9cbf98dde626.jpeg', 1, 92),
(1352, NULL, '2016-01-09 04:22:35', 2, '0f0d290bb84e5c359841f080579717e50946e4ad.jpeg', 1, 92),
(1353, NULL, '2016-01-09 04:22:35', 2, 'f056666a6d11c7a2a8c3acc7885b10df8b0eae13.jpeg', 2, 92),
(1354, NULL, '2016-01-09 04:22:35', 2, '4316014bdd8b700f0eb3406d7b2a87053d203d61.jpeg', 3, 92),
(1355, NULL, '2016-01-09 04:22:35', 2, '516d5f1c3526b48af434cf9d3fb6792fe86d689b.jpeg', 4, 92),
(1356, NULL, '2016-01-09 04:22:35', 2, 'cfa4391ebb9878788aed53b30dc8dea46f6340ac.jpeg', 5, 92),
(1357, NULL, '2015-09-01 10:19:30', 1, '652d9a243adcb62dfe00fedc0fa519570475ce42.jpeg', 1, 177),
(1358, NULL, '2015-09-01 10:19:49', 2, '541523ddc9ff67a7f7a8e3f1394813140c367960.jpeg', 1, 177),
(1359, NULL, '2015-09-01 10:20:04', 2, 'e06b87fe1e8a0b205d6d8141d46a3522ebf939cd.jpeg', 2, 177),
(1360, NULL, '2015-09-01 10:20:19', 2, 'a2072e25d685ec2b277ae00556072dafbeb3a719.jpeg', 3, 177),
(1361, NULL, '2015-09-01 10:20:37', 2, 'd296a9f3e2a6ad8b2394b45bf1cd628064bcd41c.jpeg', 4, 177),
(1362, NULL, '2015-09-01 10:20:48', 2, '26e0af59e9539dae5eeb6852add602b88c06a99e.jpeg', 5, 177),
(1364, NULL, '2015-09-04 15:44:23', 1, '4b1a9fe425f300986ddb92dca17e84605ba9a215.jpeg', 1, 255),
(1365, NULL, '2015-09-04 15:44:45', 2, '263947384051522318d5bac370f88dd6201b9a08.jpeg', 1, 255),
(1366, NULL, '2015-09-04 15:45:02', 2, 'ed3214197cd2ad13f14df1cb29853b2e7d91ed1a.jpeg', 2, 255),
(1367, NULL, '2015-09-04 15:45:14', 2, 'cc5fc22bddc618e75830fa6708a21f66b1661623.jpeg', 3, 255),
(1368, NULL, '2015-09-04 15:45:43', 2, '0b43279595faf082e6d21c197c03431aeb13311c.jpeg', 4, 255),
(1369, NULL, '2015-09-04 15:50:05', 2, '4d103ad77c420cfb1b7a04175a5132052b293163.jpeg', 5, 255),
(1370, NULL, '2015-09-04 16:56:11', 1, 'b37cc75f5aff2735ada024c9b5e03e2e8b8d658d.jpeg', 1, 119),
(1371, NULL, '2015-09-04 17:10:13', 2, '26983cda048d16c34ba47dfc8b02ac6b0768d6cb.jpeg', 1, 119),
(1372, NULL, '2015-09-04 17:10:44', 2, '8f4f5781cfd39b2c708ed5cd9ca016e006c72748.jpeg', 2, 119),
(1373, NULL, '2015-09-04 17:11:00', 2, '3fcf36357a77acf46b6b2b0a7423eebfd5b9dfeb.jpeg', 3, 119),
(1374, NULL, '2015-09-04 17:11:26', 2, '27515294b0e1e1f21ecbb4570dd348d4f43978c0.jpeg', 4, 119),
(1375, NULL, '2015-09-04 17:11:42', 2, 'ed839b571897ec3684382230ea00b0a23d82a974.jpeg', 5, 119),
(1384, NULL, '2016-01-11 16:28:20', 1, 'adf54371e865e76bf58adae460b8939efd93647f.jpeg', 1, 103),
(1385, NULL, '2016-01-11 16:28:20', 2, 'cccdabba14ac4ef1b3c1ad2f9be796f67cd082ee.jpeg', 1, 103),
(1386, NULL, '2016-01-11 16:28:20', 2, '8b4f5035c8e0657e189e2da23d23df694b83063e.jpeg', 2, 103),
(1387, NULL, '2016-01-11 16:28:20', 2, 'c1e19bc5e71c21e4a67eb1799b68c87f899121b3.jpeg', 3, 103),
(1388, NULL, '2015-09-07 10:29:06', 1, '99a01c690e7b54ce061791419f9b4d4b0bfd3ae1.jpeg', 1, 190),
(1389, NULL, '2015-09-07 10:29:18', 2, '985a4d7fa70be498854de8c83ea2b299ff030613.jpeg', 1, 190),
(1390, NULL, '2015-09-07 10:30:56', 2, '5cac3475ebbc6480ddc0cbb7cee0f25eec42f59b.jpeg', 2, 190),
(1391, NULL, '2015-09-07 10:31:11', 2, '31c931e164213241e6037fa9991295cc2f6bdcf6.jpeg', 3, 190),
(1392, NULL, '2015-09-07 10:32:04', 2, 'd88e57b889ad3016ee1fa223aa1a7168e0cac684.jpeg', 4, 190),
(1393, NULL, '2015-09-07 10:32:23', 2, 'e708800a829709ddc836b757b2d69ced494f3244.jpeg', 5, 190),
(1395, NULL, '2016-01-11 16:28:20', 1, 'e7cb2181dd18b7a885b1cf821cd6b6fdcf90aac7.jpeg', 1, 126),
(1396, NULL, '2016-01-11 16:28:20', 2, '76772f4d1d6f997beff715e0ce41fcf3ae93bd9f.jpeg', 1, 126),
(1397, NULL, '2016-01-11 16:28:20', 2, 'fdc7bb59f4693562aa63948f2b4e266911be01f7.jpeg', 2, 126),
(1398, NULL, '2016-01-11 16:28:20', 2, '442e0d127fc6f1e5f16a49f77331b534cf969c0a.jpeg', 3, 126),
(1399, NULL, '2015-09-09 13:48:21', 1, 'd4969f357855c5d58c4d8c4da664c842d5b151d6.jpeg', 1, 106),
(1400, NULL, '2015-09-09 13:48:34', 2, 'de3577ca2915b22655a0772081ffce94d7cc3ece.jpeg', 5, 106),
(1401, NULL, '2015-09-09 13:48:57', 2, 'e4f2d504bc15fa4b01d89601e4862e21fecb7e04.jpeg', 1, 106),
(1402, NULL, '2015-09-09 13:49:10', 2, 'f5dcc852d77b3cfb95378e8f600552261a47d200.jpeg', 2, 106),
(1403, NULL, '2015-09-09 13:49:22', 2, '27227bdd1bed684d3077e4f288b264f45eca56d5.jpeg', 3, 106),
(1404, NULL, '2015-09-09 13:49:42', 2, '594aec872be30d0d0f1a04b2ce1f4e77739c69c0.jpeg', 4, 106),
(1405, NULL, '2015-09-09 14:06:12', 1, 'a0da8b9d6afb03eaf3cd13727c9300c4c73bb3ba.jpeg', 1, 291),
(1406, NULL, '2015-09-09 14:06:36', 2, '9cc965631e60ba31eeea1324448ebf431611ad4e.jpeg', 1, 291),
(1407, NULL, '2015-09-09 14:06:54', 2, '5ba7cab861ff4e24af914b6dca6e3fb76821160a.jpeg', 2, 291),
(1408, NULL, '2015-09-09 14:07:09', 2, '2cc9b5b13eec80fc819b58e03f76c49811e0e217.jpeg', 3, 291),
(1409, NULL, '2015-09-09 14:07:22', 2, '8a410de2571b249e100d532a06d65d919804af36.jpeg', 4, 291),
(1410, NULL, '2015-09-09 14:07:34', 2, '4d6c638715e1e719d76300dd64b5135e85285e13.jpeg', 5, 291),
(1411, NULL, '2016-01-12 17:06:31', 1, '86df27d933591c4a9ae9685ad8a8766943e271fb.jpeg', 1, 142),
(1412, NULL, '2016-01-12 17:06:31', 2, '468bec25f1137b2cafe099bcf5c07f6486a04b9d.jpeg', 1, 142),
(1413, NULL, '2016-01-12 17:06:31', 2, '68d94b741442d70dbbea0f18e911d5fb69116904.jpeg', 2, 142),
(1414, NULL, '2016-01-12 17:06:31', 2, 'c6d686341032526bb4991b11bbe55c2c490d65d2.jpeg', 3, 142),
(1415, NULL, '2016-01-12 17:06:31', 2, '88a42c74b5bef956e2efc4f3e3294fcfa1907fb2.jpeg', 4, 142),
(1416, NULL, '2016-01-12 17:06:31', 2, '59de6969344e87865823fc4ebb5dcf5ef5c59a28.jpeg', 5, 142),
(1417, NULL, '2015-09-10 10:43:12', 2, 'd83fed389f808256f385dac6eb77a09886718e0d.jpeg', 4, 82),
(1418, NULL, '2015-09-10 10:43:29', 2, '2dffa58fa54ae3ac01f831440f7081273c3fbea3.jpeg', 2, 82),
(1419, NULL, '2015-09-10 11:04:56', 1, '6731bbac7311c23f09c39ebed7567fc0bbceeed3.jpeg', 1, 66),
(1421, NULL, '2015-09-10 11:05:24', 2, '4482eedcdd907e3093be7d5652f8175bf1878713.jpeg', 2, 66),
(1422, NULL, '2015-09-10 11:05:38', 2, 'ed3845fe26cbf2f25a03656f892cd70c0c6e96db.jpeg', 3, 66),
(1424, NULL, '2015-09-10 11:06:10', 2, '9b4c292e75619be68e7c3987931737b7ff83fba5.jpeg', 4, 66),
(1425, NULL, '2015-09-10 11:06:53', 2, '97660d2fe68eeef40db8284fa85b12d609a0461f.jpeg', 5, 66),
(1426, NULL, '2015-09-10 11:09:15', 2, '06cf238ba00a00cea733fe05d9a2b8e19596e9ed.jpeg', 1, 66),
(1427, NULL, '2015-09-10 12:17:51', 2, '9559b66b74c9349fcc9cbb666913be773e5cfa33.jpeg', 4, 49),
(1428, NULL, '2015-09-10 12:18:28', 2, '3aace865072d6c13c188a83d9f6ab27e850c2f3f.jpeg', 1, 49),
(1429, NULL, '2015-09-10 12:21:18', 2, '6948ca35ceccd142cf2d8f01ef5d3cf44421e1ac.jpeg', 5, 104),
(1430, NULL, '2015-09-10 12:57:22', 2, 'e3557ab8f08511c1f319be2963b83cbbace660d0.jpeg', 5, 17),
(1431, NULL, '2016-01-11 16:28:20', 1, '1679c1852797f22a3bb87850b61d44085cf05a99.jpeg', 1, 115),
(1432, NULL, '2016-01-11 16:28:20', 2, '0acfcbc3c65b71c36c3c84f85633a56978f299a3.jpeg', 1, 115),
(1433, NULL, '2016-01-11 16:28:20', 2, '67b094ab4aba986ba6f823895f9d3f6c0fe3760c.jpeg', 2, 115),
(1434, NULL, '2016-01-11 16:28:20', 2, 'c84f514a1885508a707990a24d271397b07f18b0.jpeg', 3, 115),
(1435, NULL, '2016-01-11 16:28:20', 2, 'c07deff1a96244f2a346f1d1245a63ed7c7f4127.jpeg', 4, 115),
(1436, NULL, '2016-01-11 16:28:20', 2, '3d0aa01e6f533a29a7309a1304e2b8ae7aa8a28b.jpeg', 5, 115),
(1437, NULL, '2016-01-13 13:03:34', 1, 'af41669632bf21f00138bb37cb64573723ffb523.jpeg', 1, 26),
(1438, NULL, '2016-01-13 13:03:34', 2, 'fcef130679520aaa6bb7d7bcd66de1b699ed6900.jpeg', 1, 26),
(1439, NULL, '2016-01-13 13:03:34', 2, 'a3cd5d712502bd3ff7f045ff1dc30c8a896ee1cc.jpeg', 2, 26),
(1440, NULL, '2016-01-13 13:03:34', 2, 'fab16d1f6271bb29ce6b1b30b75198f26beeafd3.jpeg', 3, 26),
(1441, NULL, '2016-01-13 13:03:34', 2, '53fbe5e589a24c8cc2ddfa945332ba931e152386.jpeg', 4, 26),
(1442, NULL, '2016-01-13 13:03:34', 2, '380b3274e7a88d13fb8e2be383c76a8914afb353.jpeg', 5, 26),
(1443, NULL, '2015-09-14 12:52:31', 1, '0ded270ab0aed93eff697b8fc5e71aa438d3c996.jpeg', 1, 214),
(1444, NULL, '2015-09-14 12:52:56', 2, '27cb82d396a59e63a7156cc410747dc5a71964d1.jpeg', 1, 214),
(1445, NULL, '2015-09-14 12:53:12', 2, 'ee422945e4ef7560563a55d9a3e503b0e09dbf80.jpeg', 2, 214),
(1446, NULL, '2015-09-14 12:53:27', 2, 'f5f912ff6a36305a6598180f7a4d038a5a16f104.jpeg', 3, 214),
(1447, NULL, '2015-09-14 12:53:40', 2, '3c1c7f867216c49ebb312f92cc6307d83ee051f8.jpeg', 4, 214),
(1448, NULL, '2015-09-14 12:53:55', 2, 'aff0668f11101a3a4361cd7c6ee720fe49bcee45.jpeg', 5, 214),
(1449, NULL, '2015-09-14 13:17:24', 1, 'e0318533dbdb6175e8b6594d779247d720bfd5b2.jpeg', 1, 100),
(1450, NULL, '2015-09-14 13:17:42', 2, '40037ba836a2669a592578bffb5a8f9c6a406e86.jpeg', 1, 100),
(1451, NULL, '2015-09-14 13:18:06', 2, '256653f3d32d6ff0aab662e296cd086efe621dcc.jpeg', 2, 100),
(1452, NULL, '2015-09-14 13:18:22', 2, '14e99cb8e4d3df2d505c33cd9118b9242e054ed3.jpeg', 3, 100),
(1453, NULL, '2015-09-14 13:18:37', 2, '6a6480f80801ef1afa75bbabc08373be7937942a.jpeg', 4, 100),
(1454, NULL, '2015-09-14 13:18:54', 2, '406dc2f42313f6dad78576ccc4ddecba6c4652ac.jpeg', 5, 100),
(1455, NULL, '2015-09-14 13:37:43', 1, '57dc4706d725166318447e72e6d1c05b8d5156cb.jpeg', 1, 170),
(1456, NULL, '2015-09-14 13:37:58', 2, '790dde4886c8afb7f316c90b5a0e7cb0274134a9.jpeg', 1, 170),
(1457, NULL, '2015-09-14 13:38:12', 2, 'cfae4098b2490f1c439d77979065d6df5a71d0c1.jpeg', 2, 170),
(1458, NULL, '2015-09-14 13:38:29', 2, 'd18bf1670e27203a2b267b099ddcda1b950d049f.jpeg', 3, 170),
(1460, NULL, '2015-09-14 13:38:42', 2, 'cd1204c431a87081a15842ac842c0d0acfdac9e0.jpeg', 4, 170),
(1461, NULL, '2015-09-14 13:38:57', 2, '783453bd27825bd5be63b8563a56c0b0758354e5.jpeg', 5, 170),
(1462, NULL, '2016-01-13 14:17:19', 1, 'ff0ae6e8548622ee54055622abbcc99d6d74fa3a.jpeg', 1, 271),
(1463, NULL, '2016-01-13 14:17:19', 2, '715bd287abc1370614e5f127425ee13cce675b79.jpeg', 1, 271),
(1464, NULL, '2016-01-13 14:17:19', 2, '1a0fc96be04e8653b4a4e774f15ed98e48bbc5fa.jpeg', 2, 271),
(1465, NULL, '2016-01-13 14:17:19', 2, '4a2a0e25eb86fc599b075f87861008cf9699646e.jpeg', 3, 271),
(1466, NULL, '2016-01-13 14:17:19', 2, '7850872382e87897d65cbb812568500861c41de8.jpeg', 4, 271),
(1467, NULL, '2016-01-13 14:17:19', 2, '893a7fdf009419d484e4dad78d5bda24fec52570.jpeg', 5, 271),
(1468, NULL, '2015-09-14 14:16:26', 1, '60f29f4901b128f7d955b8c41e97eb5782ff847d.jpeg', 1, 249),
(1469, NULL, '2015-09-14 14:16:42', 2, '384a95f629f3fd4fc63c2e650dc56e34c578bd3a.jpeg', 1, 249),
(1470, NULL, '2015-09-14 14:17:38', 2, 'f0de5b51fd24bfa802dfe2d8216fbe56b4054b15.jpeg', 2, 249),
(1471, NULL, '2015-09-14 14:17:52', 2, '62324b673f7a790f83768caea0dd6d27f5283972.jpeg', 3, 249),
(1472, NULL, '2015-09-14 14:18:07', 2, 'f4adb00aeb9313ddd04431200d9f9cafa63d1dfe.jpeg', 5, 249),
(1473, NULL, '2015-09-14 14:18:25', 2, '390e374b42402934b3c0880e75d38c7ffc17860b.jpeg', 5, 249),
(1474, NULL, '2015-09-14 14:29:18', 1, 'a3e58a040a2b5e05d0b8329a86bc48434942ea38.jpeg', 1, 44),
(1475, NULL, '2015-09-14 14:29:33', 2, '8b8fb6b9b60ab30625b938d311fc4d040797b0c7.jpeg', 1, 44),
(1476, NULL, '2015-09-14 14:29:47', 2, 'c6a85e12cf4f4f461bcb1f238d516ade37b92bb2.jpeg', 2, 44),
(1477, NULL, '2015-09-14 14:29:59', 2, '06156e7708af397718b37ccc951dd85ccf40b074.jpeg', 3, 44),
(1478, NULL, '2015-09-14 14:30:13', 2, '98e6f47cb4e05a7bb9bd3c11c4561fc1c33f7dd3.jpeg', 4, 44),
(1479, NULL, '2015-09-14 14:30:26', 2, 'a74a4af65c400776a10e9013941f639cedcb13a3.jpeg', 5, 44),
(1480, NULL, '2015-09-14 14:40:34', 1, 'cf7d2d716553bd735aa7e556410cd20edcff127d.jpeg', 1, 293),
(1481, NULL, '2015-09-14 14:42:29', 2, 'fddb9363b6fa12890f31f7cc8295c8a5e079ccd7.jpeg', 1, 293),
(1482, NULL, '2015-09-14 14:42:46', 2, 'a1e149a856e6dced16fe9633de01ed600e42fd99.jpeg', 2, 293),
(1483, NULL, '2015-09-14 14:43:02', 2, 'ee9f67518eabd506d19a9629dfccf6eef902165f.jpeg', 3, 293),
(1484, NULL, '2015-09-14 14:43:18', 2, '18290ce0c79e1ebff98fa99d95295f28cf4d0e36.jpeg', 4, 293),
(1485, NULL, '2015-09-14 14:43:33', 2, 'd731dbe12baa30cd80c87d60e89c883f9b65092b.jpeg', 5, 293),
(1486, NULL, '2015-09-14 14:59:20', 1, '442f086a83c28ffc82ae43dac7d9ca6bb32dc878.jpeg', 1, 256),
(1487, NULL, '2015-09-14 14:59:50', 2, 'd8187c6435f879d18d6caf518bb23d937ffd8ba6.jpeg', 1, 256),
(1488, NULL, '2015-09-14 15:00:15', 2, '1cab27f01e626b78942c5de4c7ab24a8b0fc9301.jpeg', 2, 256),
(1489, NULL, '2015-09-14 15:01:25', 2, 'c05d2feacf7a9aacd7c834a90b5d6f4a1e98f837.jpeg', 3, 256),
(1490, NULL, '2015-09-14 15:01:37', 2, '565fd04b24156f29e7d43b531527b4a14328e2e8.jpeg', 4, 256),
(1491, NULL, '2015-09-14 15:01:50', 2, '9c5ee6924e30719912f622b811ee8366cafd3435.jpeg', 5, 256),
(1492, NULL, '2015-09-15 09:53:12', 1, '39c852c15db70ceb0f5a596149c5bde88dcf0a24.jpeg', 1, 267),
(1493, NULL, '2015-09-15 09:53:26', 2, 'a80527020cb1c8e978b62f198c6ba1cbbe6bd580.jpeg', 1, 267),
(1494, NULL, '2015-09-15 09:53:41', 2, '767512d7ef0085869e55854b0b97966c5f0f39ce.jpeg', 2, 267),
(1495, NULL, '2015-09-15 09:53:58', 2, 'ecfc6d2aff5713c08df03832634a7e970d36052e.jpeg', 3, 267),
(1496, NULL, '2015-09-15 09:54:13', 2, 'e535f78c320bbfa921c74d36207fb9aef8a4c254.jpeg', 4, 267),
(1497, NULL, '2015-09-15 09:54:29', 2, '099ff07720bfbbb1846e6e7f28fb44032e8eff3a.jpeg', 5, 267),
(1498, NULL, '2015-09-15 09:55:31', 1, '05b05a3dc6773be38b80a449aa64d787e7fa274a.jpeg', 1, 101),
(1499, NULL, '2015-09-15 09:55:55', 2, 'f4690e89f90bdc00bd88f7cc9f1c93f0840969f7.jpeg', 1, 101),
(1500, NULL, '2015-09-15 09:56:17', 2, '5a5358dae0f2327de9a89d8922cf6e395eb7436b.jpeg', 2, 101),
(1501, NULL, '2015-09-15 09:56:32', 2, '74974b65f2df18ad8206cb54c56a66272d1e2706.jpeg', 3, 101),
(1502, NULL, '2015-09-15 09:56:51', 2, '554425e2463247c1e8d27786448d9698af603c96.jpeg', 4, 101),
(1503, NULL, '2015-09-15 09:57:15', 2, '93c0d6d3ccbb2b110fdf86d6c1ace425a9b9bd7c.jpeg', 5, 101),
(1504, NULL, '2015-09-15 09:59:13', 1, 'f6801200279d7496b97f8e4674be3433ed9fcf94.jpeg', 1, 248),
(1505, NULL, '2015-09-15 09:59:29', 2, 'a75ae8c8b49e8b07ef4b48315cf5addb2f501eac.jpeg', 1, 248),
(1506, NULL, '2015-09-15 10:00:10', 2, 'bb1630244f320ce8f24d92769ad9d56b9e0d7149.jpeg', 2, 248),
(1507, NULL, '2015-09-15 10:00:27', 2, '9bde2eea37a6b709a4ba485fe77cf590bc276467.jpeg', 3, 248),
(1508, NULL, '2015-09-15 10:00:43', 2, 'c8998d290fb8e500cab5f902d64d9b85dc124aea.jpeg', 4, 248),
(1509, NULL, '2015-09-15 10:01:11', 2, 'e122915510850aef554c264e64ec418e2524adcf.jpeg', 5, 248),
(1510, NULL, '2015-09-15 10:02:35', 1, 'a2541b2144d8f60b56b36d981952fbf74cd9aca5.jpeg', 1, 281),
(1511, NULL, '2015-09-15 10:02:51', 2, '913b62831c52ecfaa6f55fb33fcf1d42cb601927.jpeg', 1, 281),
(1512, NULL, '2015-09-15 10:03:08', 2, '21ddba82fa1c9eee90e907e1a9dd1886bb35d8db.jpeg', 2, 281),
(1513, NULL, '2015-09-15 10:03:24', 2, '0e0d38b331f465a57394c1480cdba1f1cb4aa5df.jpeg', 3, 281),
(1514, NULL, '2015-09-15 10:03:39', 2, 'b43a03958d822b66f62da859f97e8e9f01f05f9b.jpeg', 4, 281),
(1515, NULL, '2015-09-15 10:03:53', 2, '23828fa3d155e738f57d00adab35a4ac82ced142.jpeg', 5, 281);

-- --------------------------------------------------------

--
-- Structure de la table `ost_periodes`
--

