INSERT INTO `ost_vo_descriptions` (`id`, `voyage_id`, `libelle`, `texte`, `ordre`, `visible`, `lateral`, `titre`, `updated_at`, `photoVisible`, `path`) VALUES
(267, 28, 'JOUR 2 : PRAGUE', '<p>D&eacute;part pour la visite guid&eacute;e du quartier du ch&acirc;teau de Prague, Hradčany.</p>\r\n\r\n<p>Le Ch&acirc;teau de Prague qui surplombe toute la ville est compos&eacute; de plusieurs b&acirc;timents repr&eacute;sentant tous les styles architecturaux du gothique au baroque.</p>\r\n\r\n<p>La d&eacute;couverte d&eacute;bute par la visite du couvent de Strahov renfermant deux bibliotheques contenant plus de 200&nbsp;000 ouvrages. Il s&acute;agit des bibliotheques de Philosophie et de Th&eacute;ologie.</p>\r\n\r\n<p>Puis promenade vers la place de Lorette, d&eacute;couverte des b&acirc;timents imposants du Minist&egrave;re des Affaires &eacute;trang&egrave;res, le Palais Czernin et du complexe baroque de Notre-Dame de Lorette dont la fa&ccedil;ade est surmont&eacute;e d&rsquo;une tour octogonale qui se caract&eacute;rise par son clocher &agrave; bulbe et sa lanterne abritant les 27 cloches du carillon.</p>\r\n\r\n<p>Arriv&eacute;e sur la place de Hradčany entour&eacute;e de nombreux palais Renaissance et baroques.</p>\r\n\r\n<p>Entr&eacute;e dans le Ch&acirc;teau de Prague et travers&eacute;e des 3 cours.</p>\r\n\r\n<p>D&eacute;couverte de la cath&eacute;drale gothique Saint-Guy, imposante construction gothique.</p>\r\n\r\n<p>Puis en passant devant l&rsquo;ancien Palais royal, d&eacute;couverte de la basilique St Georges, superbe &eacute;difice roman mais a la facade baroque.</p>\r\n\r\n<p>D&eacute;jeuner en cours de visite</p>\r\n\r\n<p>Puis d&eacute;part pour la visite guid&eacute;e du quartier baroque de Mal&aacute; Strana.</p>\r\n\r\n<p>En descendant par la rue Neruda, une des plus pittoresques rues de Prague, c&eacute;l&egrave;bre pour ses maisons bourgeoises orn&eacute;es d&#39;enseignes vari&eacute;es, promenade pour visiter l&#39;&eacute;glise Saint Nicolas, construction monumentale baroque, &eacute;difi&eacute;e dans la premi&egrave;re moiti&eacute; du XVIIIe si&egrave;cle par le c&eacute;l&egrave;bre architecte Ch.Dientzenhofer et son fils K. I. Dientzenhofer.</p>\r\n\r\n<p>Elle illustre les prestiges du baroque &agrave; son apog&eacute;e.<span style="line-height:1.6em">Au cours de son s&eacute;jour &agrave; Prague, Wolfgang Amadeus Mozart joua de l&rsquo;orgue dans cette &eacute;glise.</span></p>\r\n\r\n<p>De la place Malostranske continuation vers l&acute;&eacute;glise Notre Dames des Victoires abritant la fameuse statuette du Petit J&eacute;sus de Prague.</p>\r\n\r\n<p>Puis en traversant la presqu&rsquo;&icirc;le de Kampa , la Venise de Prague, arriv&eacute;e sur le pont Charles. Le plus ancien pont pragois, v&eacute;ritable joyau de l&rsquo;h&eacute;ritage tch&egrave;que, construit en 1357, porte le nom de son fondateur, le roi de Boh&ecirc;me Charles IV. Soir&eacute;e folklorique avec d&icirc;ner typique.</p>\r\n\r\n<p>Retour et logement &agrave; l&acute;h&ocirc;tel.</p>', 2, 1, 0, NULL, NULL, NULL, NULL),
(268, 28, 'JOUR 3 : PRAGUE', '<p>D&eacute;part pour la visite du quartier de STAR&Eacute; MĚSTO, la Vieille Ville de Prague.</p>\r\n\r\n<p>En partant de la Place de la R&eacute;publique o&ugrave; se dressent la Maison Municipale, l&rsquo;un des plus importants &eacute;difices de style Art Nouveau &agrave; Prague du d&eacute;but du XXe si&egrave;cle, et &agrave; c&ocirc;t&eacute;, la Tour Poudri&egrave;re, &eacute;difi&eacute;e au XVe si&egrave;cle avec ses riches d&eacute;corations sculpturales qui marquent l&rsquo;entr&eacute;e de Stare Mesto, la Vieille ville promenade guid&eacute;e par la rue Železn&aacute; avec le Carolinum et par la rue Celetn&aacute;, partie de la Voie Royale.</p>\r\n\r\n<p>En passant par Ungelt, place des marchands datant de l&rsquo;&eacute;poque romaine et dont le monument le plus pr&eacute;cieux est la maison Bourgeoise&nbsp; en style Renaissance des Granovsky, arriv&eacute;e sur la Place de la Vieille ville avec l&rsquo;h&ocirc;tel de ville et sa c&eacute;l&egrave;bre horloge astronomique datant du XVe si&egrave;cle.</p>\r\n\r\n<p>Mont&eacute;e &agrave; <em>la tour de l&acute;h&ocirc;tel de ville</em> afin de jouir d&acute;une tres jolie vue sur la Vieille ville de Prague.</p>\r\n\r\n<p>Visite de l&acute;impressionnante<strong><em> </em></strong><em>&eacute;glise St Nicolas </em>dont la blancheur souligne la majest&eacute; de l&acute;architecture.</p>\r\n\r\n<p>Par les quais vous rejoindrez le quartier juif, Josefov, ou les premiers Juifs s&acute;installerent des le Xe siecle. D&eacute;couverte des diverses synagogues dont la synagogue Vieille Nouvelle, la plus ancienne synagogue d&acute;Europe centrale.</p>\r\n\r\n<p>D&eacute;jeuner en cours de visite.&nbsp;</p>\r\n\r\n<p>Visite du quartier de la Nouvelle Ville &ndash; NOV&Eacute; MESTO.</p>\r\n\r\n<p>Promenade le long des quais et arriv&eacute;e au Th&eacute;atre national.</p>\r\n\r\n<p>Puis par la rue N&aacute;rodn&iacute; bord&eacute;e de tr&egrave;s beaux immeubles Art Nouveau arriv&eacute;e &agrave; la fameuse Place Venceslas, grande art&egrave;re commer&ccedil;ante domin&eacute;e par l&rsquo;imposant b&acirc;timent du Mus&eacute;e National.&nbsp;</p>', 3, 1, 0, NULL, NULL, NULL, NULL),
(269, 28, 'JOUR 4 : PRAGUE - VIENNE', '<p>Petit d&eacute;jeuner. D&eacute;part pour Vienne.</p>\r\n\r\n<p>D&eacute;jeuner en cours de visite.</p>\r\n\r\n<p>Apr&egrave;s-midi, visite du <em>ch&acirc;teau de Sch&ouml;nbrunn</em>, le &laquo;&nbsp;Versailles viennois&nbsp;&raquo;, ancienne r&eacute;sidence d&rsquo;&eacute;t&eacute; de la cour imp&eacute;riale avec ses salles de r&eacute;ception et les appartements de Marie-Th&eacute;r&egrave;se et de Fran&ccedil;ois Etienne de Lorraine et enfin son superbe parc &agrave; la fran&ccedil;aise.</p>\r\n\r\n<p>Puis visite du <em>mus&eacute;e des Carosses</em> du couronnement, les voitures de Fran&ccedil;ois-Joseph et de Sissi.</p>\r\n\r\n<p>Installation &agrave; l&rsquo;h&ocirc;tel pour 2 nuits.</p>\r\n\r\n<p>D&icirc;ner et logement.</p>\r\n\r\n<p>&nbsp;</p>', 4, 1, 0, NULL, NULL, NULL, NULL),
(270, 28, 'JOUR 5 : VIENNE', '<p>Tour panoramique sur la fameuse <em>&laquo;&nbsp;Ringstrasse&nbsp;&raquo;</em>, boulevard somptueux qui entoure le centre historique de Vienne et qui est bord&eacute; des monuments&nbsp;les plus importants de la ville : l&rsquo;Op&eacute;ra, l&rsquo;h&ocirc;tel de ville, le mus&eacute;e des Beaux Arts.</p>\r\n\r\n<p>Passage devant le Prater. Visite du centre historique de Vienne d&eacute;couverte de la basilique Saint Etienne. Visite de la salle d&acute;apparat de la <em>biblioth&egrave;que nationale</em>.</p>\r\n\r\n<p>D&eacute;jeuner en cours de visite.</p>\r\n\r\n<p>Visite <em>du palais de la Hofburg</em> (les appartements de Sissi, son Mus&eacute;e ainsi que le Mus&eacute;e de l&rsquo;Argenterie) et d&eacute;couverte ext&eacute;rieure du &laquo;&nbsp;Schweizerhof&nbsp;&raquo; partie la plus ancienne du palais qui abrite le tr&eacute;sor imp&eacute;rial.</p>\r\n\r\n<p><em>D&icirc;ner dans un &laquo;&nbsp;Heurigen&nbsp;&raquo;,</em> restaurant typique de Grinzing, o&ugrave; l&rsquo;on d&eacute;guste du vin nouveau dans une atmosph&egrave;re musicale et conviviale.</p>\r\n\r\n<p>Retour &agrave; l&rsquo;h&ocirc;tel et logement.</p>', 5, 1, 0, NULL, NULL, NULL, NULL),
(271, 28, 'JOUR 6 : LA COURBE DU DANUBE – BUDAPEST', '<p>D&eacute;part pour la Hongrie. Premier arr&ecirc;t &agrave; <em>Esztergom</em>, ancienne capitale des souverains hongrois. Visite de la <em>basilique</em> <em>Saint-Adabert</em>. Continuation par la route panoramique et visite de la <em>forteresse de Visegrad</em>.</p>\r\n\r\n<p>D&eacute;jeuner en cours de visite.</p>\r\n\r\n<p>D&eacute;couverte de <em>Szentendre</em> avec ses &eacute;glises et ses galeries d&rsquo;art. Route vers Budapest.</p>\r\n\r\n<p>Installation &agrave; l&rsquo;h&ocirc;tel &agrave; Budapest. D&icirc;ner et logement.</p>', 6, 1, 0, NULL, NULL, NULL, NULL),
(272, 28, 'JOUR 7 : BUDAPEST – GODOLLO', '<p>Les 2 sites de <em>Buda</em> et de <em>Pest</em> prot&eacute;g&eacute;s figurent sur la liste du Patrimoine Mondial de l&#39;Humanit&eacute; : les seuls, se trouvant au bord d&#39;un fleuve, avec les rives de la Seine &agrave; Paris, &agrave; &ecirc;tre ainsi distingu&eacute;s par l&#39;Unesco.</p>\r\n\r\n<p>L&#39;ampleur majestueuse du fleuve qui atteint jusqu&#39;&agrave; 600 m de large, l&#39;&eacute;l&eacute;gance architecturale des nombreux b&acirc;timents qui s&#39;y refl&egrave;tent, le cadre de verdure que dessine la colline, l&#39;alignement des 9 ponts enjambant le Danube, l&#39;ensemble constitue un spectacle si captivant que l&#39;on comprend&nbsp;<span style="line-height:1.6em">pourquoi Budapest est aussi appel&eacute;e &laquo; La Perle du Danube &raquo;.</span></p>\r\n\r\n<p>Visite de Buda&nbsp;: le palais Royal, visite de <em>l&rsquo;&eacute;glise Mathias,</em> de pur style gothique.</p>\r\n\r\n<p>Bien que construite entre 1255 et 1269 et baptis&eacute;e &eacute;glise Notre-Dame-de-l&#39;Assomption, la tradition lui a donn&eacute; le nom du roi Mathias Corvin qui y fit c&eacute;l&eacute;brer ses 2 mariages, et entreprit de l&#39;agrandir entre 1458 et 1470.</p>\r\n\r\n<p>Parmi ses nombreux tr&eacute;sors, reliquaires et v&ecirc;tements sacerdotaux, elle abrite pr&eacute;cieusement une curiosit&eacute; historique : un morceau du voile de mari&eacute;e de l&#39;Imp&eacute;ratrice &Eacute;lisabeth, ou Sissi, couronn&eacute;e ici-m&ecirc;me reine de Hongrie</p>\r\n\r\n<p>Visite du <em>bastion des P&ecirc;cheurs</em> qui domine le fleuve. Mont&eacute;e au <em>Mont Gell&eacute;rt</em> qui offre une superbe vue sur la ville et le Danube.</p>\r\n\r\n<p>D&eacute;jeuner en cours de visite.</p>\r\n\r\n<p>D&eacute;part pour la visite du palais Grassalkovich &agrave; <em>Godollo</em>, palais o&ugrave; Fran&ccedil;ois-Joseph et Sissi aimaient passer le printemps ou l&acute;automne.</p>\r\n\r\n<p>D&icirc;ner &agrave; l&rsquo;h&ocirc;tel.</p>\r\n\r\n<p>Puis d&eacute;part pour une <em>promenade sur le Danube</em> et d&eacute;couverte des superbes monuments de Budapest Illumin&eacute;s.</p>\r\n\r\n<p>Retour &agrave; l&rsquo;h&ocirc;tel et logement.</p>', 7, 1, 0, NULL, NULL, NULL, NULL),
(273, 28, 'JOUR 8 : BUDAPEST ET RETOUR', '<p>Visite guid&eacute;e de Pest, quartier commer&ccedil;ant et anim&eacute;.&nbsp;<span style="line-height:1.6em">Vu de la rive oppos&eacute;e, le </span><em style="line-height:1.6em">c&eacute;l&egrave;bre Parlement</em><span style="line-height:1.6em"> cet impressionnant &eacute;difice n&#39;est pas sans &eacute;voquer le parlement de Londres. </span></p>\r\n\r\n<p><span style="line-height:1.6em">D&eacute;but&eacute;e en 1882, sa construction aura demand&eacute; plus de 20 ans.</span></p>\r\n\r\n<p><span style="line-height:1.6em">Le r&eacute;sultat est &agrave; la hauteur des ambitions : avec 10 cours int&eacute;rieures, pr&egrave;s de 700 salles, dont celle magnifique dite de &laquo; la Coupole &raquo;, tout est ici gigantesque. M&ecirc;lant des &eacute;l&eacute;ments de style byzantin, roman, gothique et oriental, l&#39;ensemble para&icirc;t habit&eacute; par le souvenir des plus beaux monuments d&#39;Europe dont il serait en quelque sorte la synth&egrave;se architecturale.</span></p>\r\n\r\n<p><span style="line-height:1.6em">En cela, il est la parfaite d&eacute;monstration de cet &eacute;clectisme qui donne son charme particulier &agrave; la capitale hongroise.</span></p>\r\n\r\n<p>D&eacute;couverte de la place des H&eacute;ros orn&eacute;e des statues des fondateurs de la Hongrie et de la basilique Saint Etienne. D&eacute;couverte des bains Szechenyi qui se trouvent &agrave; proximit&eacute; du Bois de la ville. D&eacute;jeuner en cours de visite.</p>\r\n\r\n<p>Puis vers transfert &agrave; l&#39;a&eacute;roport de Budapest. Assistance aux formalit&eacute;s d&#39;enregistrement .</p>\r\n\r\n<p>NB : Pour des raisons techniques, l&rsquo;ordre des visites et des excursions pourra &ecirc;tre modifi&eacute; ou invers&eacute;, tout en respectant le contenu du programme.</p>\r\n\r\n<p>Bien cordialement,</p>\r\n\r\n<p>Gabriela Přistoupilov&aacute;</p>', 8, 1, 0, NULL, NULL, NULL, NULL),
(274, 28, 'Les services inclus dans le forfait du paquet :', '<p>7x h&eacute;bergement en chambre double &agrave; l&acute;h&ocirc;tel 3*</p>\r\n\r\n<p>P&eacute;nsion compl&egrave;t du d&icirc;ner le jour 1 au d&eacute;jeuner le jour 8, 1 boisson aux chaque repas</p>\r\n\r\n<p>Soir&eacute;e folclorique avec d&icirc;ner (4 plats) + boisson &agrave; volont&eacute;</p>\r\n\r\n<p>Diner dans un Heurigen restaurant de Grinzing avec musique</p>\r\n\r\n<p>Visite guid&eacute;e selon le program</p>\r\n\r\n<p>D&eacute;placent ent en autocar grand tourisme</p>\r\n\r\n<p>Promenade en b&acirc;teau &agrave; Budapest</p>\r\n\r\n<p>Les entr&eacute;es suivent&nbsp;: biblioth&eacute;que de Strahov, ch&acirc;teau de Prague, l&acute;&eacute;glise St. Nicolas, tour de l&acute;h&ocirc;tel de ville, ch&acirc;teau de Sch&ouml;nbrunn &ndash; Imperial Tour, mus&eacute;e des Carosses, biblioth&egrave;que nationale de Vienne, basilique St. Etienne, palais de la Hofburg, basilique St. Adabert, forteresse de Visegrad, l&acute;&eacute;glise St. Mathias, bastion des P&ecirc;cheurs, ch&acirc;teau G&ouml;d&ouml;llo</p>', 9, 1, 1, NULL, NULL, NULL, NULL),
(275, 29, 'JOUR 1 : PRAGUE', '<p>Acceuil par notre guide sur l&acute;aeroport de Prague, transfert &agrave; l&acute;h&ocirc;tel, instalation dans les chambre, d&icirc;ner et logement &agrave; Prague.</p>\r\n\r\n<p>&nbsp;</p>', 1, 1, 0, NULL, NULL, NULL, NULL),
(276, 29, 'JOUR 2 : PRAGUE', '<p>Petit d&eacute;jeuner, transfert au ch&acirc;teau de Prague, visite du quartier de Hradcany (celui du Ch&acirc;teau de Prague) avec le couvent de Strahov qui fut un des plus riches de Boh&ecirc;me et qui demeure un grand centre intellectuel.</p>\r\n\r\n<p>D&eacute;couverte de sa biblioth&egrave;que ainsi que de ses magnifiques salles philosophiques et th&eacute;ologiques.</p>\r\n\r\n<p>Superbe vue sur Prague depuis la terrasse du couvent. Puis promenade jusqu&rsquo;au ch&acirc;teau en passant par la place de Lorette avec le palais Cernin, l&rsquo;&eacute;glise Notre-Dame-de-Lorette (carillon de 27 cloches et clochettes abritant &eacute;galement le Tr&eacute;sor ainsi que le fameux ostensoir de diamants) et le palais toscan (minist&egrave;re des Affaires Etrang&egrave;res).</p>\r\n\r\n<p>A l&rsquo;entr&eacute;e du ch&acirc;teau, rel&egrave;ve de la garde pr&eacute;sidentielle.</p>\r\n\r\n<p>Les entr&eacute;es inclus&nbsp;: biblioth&egrave;que de Strahov, ch&acirc;teau de Prague, jardins du ch&acirc;teau de Prague</p>\r\n\r\n<p>D&eacute;jeuner au restaurant historique dans le quartier Hradcany.</p>\r\n\r\n<p>L&rsquo;apr&egrave;s-midi, visite de l&rsquo;ancienne cit&eacute; imp&eacute;riale&nbsp;: les trois cours du Ch&acirc;teau de Prague avec la cath&eacute;drale St Guy (chambre du Tr&eacute;sor, tombeaux), l&rsquo;ancien Palais Royal abritant la salle Vladislav et l&rsquo;ancienne salle de la Di&egrave;te.</p>\r\n\r\n<p>En cours de visite, d&eacute;couverte de la galerie de peinture du ch&acirc;teau (tableaux de Cranach, Rubens, Tintoret, V&eacute;ron&egrave;se) et promenade dans les magnifiques jardins du ch&acirc;teau.</p>\r\n\r\n<p>Sortie ensuite par l&rsquo;escalier des cavaliers. Sur la place St Georges, d&eacute;couverte de la basilique du m&ecirc;me nom, superbe &eacute;difice roman suivi d&rsquo;une promenade dans la Ruelle d&rsquo;Or dont les petites maisons basses abritaient autrefois, dit-on, des alchimistes. Descente par les escaliers royaux.</p>\r\n\r\n<p>Transfert &agrave; l&acute;h&ocirc;tel, d&icirc;ner et logement &agrave; Prague.</p>', 2, 1, 0, NULL, NULL, NULL, NULL),
(277, 29, 'JOUR 3 : PRAGUE', '<p>Petit d&eacute;jeuner, transfert au centre ville.</p>\r\n\r\n<p>Le matine, visite du quartier de Stare Mesto - visite de l&rsquo;ancien quartier juif, l&#39;un des plus petits quartiers pragois datant de l&#39;&eacute;poque de Joseph II - d&#39;ou son appellation Josefov.</p>\r\n\r\n<p>T&eacute;moignage du plus grand ghetto d&rsquo;Europe Centrale, visite de plusieurs synagogues dont celle de Maisel de la fin du 16&egrave;me si&egrave;cle et de celle espagnole du style n&eacute;omauresque de la fin du 19&egrave;me si&egrave;cle.</p>\r\n\r\n<p>Visite de l&rsquo;impressionnant et vieux cimeti&egrave;re juif, unique dans le monde entier avec ses 12.000 pierres tombale. Par la rue Pař&iacute;žsk&aacute;, une des plus luxueuse de Prague, on arrive sur la place de la Vieille Ville avec l&#39;H&ocirc;tel de ville et sa c&eacute;l&egrave;bre horloge astronomique qui date du XV&egrave;me si&egrave;cle (d&eacute;fil&eacute; des automates &agrave; chaque heure).</p>\r\n\r\n<p>Visite de la Tour de l&rsquo;H&ocirc;tel de la Vieille Ville puis d&eacute;couverte de l&acute;Eglise baroque St Nicolas et de l&rsquo;impressionnante Eglise Notre Dame de Tyn.</p>\r\n\r\n<p>Promenade jusqu&#39;&agrave; la place de la R&eacute;publique o&ugrave; se dressent la Maison Municipale, un des plus importants &eacute;difices de style Art Nouveau &agrave; Prague du d&eacute;but du XX&egrave;me si&egrave;cle, et la Tour Poudri&egrave;re.</p>\r\n\r\n<p>D&eacute;jeuner au restaurant traditionel PLZEŇSK&Aacute; dans la Maison Municipale</p>\r\n\r\n<p>L&acute;apr&egrave;s-midi continuation vers le Th&ecirc;atre des Etats, la place Ungelt, la rue Karlova, Carolinum (Universit&eacute; Charles) et le pont Charles. Sur le pont gothique Charles, &oelig;uvre d&rsquo;art superbe bord&eacute;e de statues, panorama majestueux sur les quartiers historiques de Prague et les deux rives de la Vltava.</p>\r\n\r\n<p>Continuation vers la charmante presqu&rsquo;&icirc;le de Kampa, la Venise de Prague.</p>\r\n\r\n<p>D&eacute;couvert du quartier historique de Mal&aacute; Strana, le &laquo;&nbsp;petit c&ocirc;t&eacute;&nbsp;&raquo; de Prague admirablement conserv&eacute; depuis le milieu du 18&egrave;me si&egrave;cle et surnomm&eacute; aussi &quot;la perle du baroque&quot; en raison de la forte influence italienne.</p>\r\n\r\n<p>Visite de l&#39;&eacute;glise Saint Nicolas, l&rsquo;un des plus beaux &eacute;difices baroques d&rsquo;Europe Centrale avec ses plafonds en trompe l&rsquo;oeil, et de l&rsquo;&eacute;glise Notre-Dame de la Victoire, lieu de p&egrave;lerinage le plus c&eacute;l&egrave;bre de la capitale abritant la statuette du Petit Enfant J&eacute;sus de Prague.</p>\r\n\r\n<p>Promenade par la rue Neruda, une des plus pittoresques de Prague connue pour ses maisons bourgeoises orn&eacute;es d&#39;enseignes vari&eacute;es.</p>\r\n\r\n<p>Les entr&eacute;es inclus&nbsp;: le quartier juif, tour de l&acute;h&ocirc;tel de ville &agrave; Prague, l&acute;eglise Saint-Nicolas</p>\r\n\r\n<p>Transfert &agrave; l&acute;h&ocirc;tel, d&icirc;ner et logement &agrave; Prague.</p>', 3, 1, 0, NULL, NULL, NULL, NULL),
(278, 29, 'JOUR 4 : PRAGUE – excursion KUTNÁ HORA (UNESCO) et château de Český Šternberk', '<p>Petit d&eacute;jeuner, d&eacute;part pour l&acute;excursion guid&eacute;e.</p>\r\n\r\n<p>Le matin visite de Kutn&aacute; Hora, apr&egrave;s Prague la deuxi&egrave;me ville la plus importante du royaume de Boh&egrave;me au moyen &acirc;ge.</p>\r\n\r\n<p>Cette ville est c&eacute;l&egrave;bre gr&acirc;ce aux mines d&#39;argent&nbsp;desquelles est sorti, au moyen age&nbsp;, jusqu&#39;au tiers de la production europ&eacute;enne et qui ont permis de financer la construction d&#39;&eacute;glises, de monuments et maisons magnifiques inscrites sur la liste de pateimoine&nbsp;mondiale&nbsp;de l&#39;UNESCO.</p>\r\n\r\n<p>During your walk in Kutn&aacute; Hora you will visit the gothic cathedral of St. Barbara and the Italian Court - originally a Royal Mint.Pendant votre promenade &agrave; Kutn&aacute; Hora, vous visiterez l&rsquo;imposante cath&eacute;drale gothique de Sainte-Barbe, la Cour italienne ainsi que le mus&eacute;e de l&rsquo;exploitation mini&egrave;re.</p>\r\n\r\n<p>L&acute;apr&egrave;s-midi visite du m&eacute;dieval ch&acirc;teau de Česk&yacute; &Scaron;ternberg entour&eacute;e per la rivi&egrave;re S&aacute;zava.</p>\r\n\r\n<p>Rentr&eacute;e &agrave; Prague, d&icirc;ner et logement &agrave; Prague.</p>', 4, 1, 0, NULL, NULL, NULL, NULL),
(279, 29, 'JOUR 5 : MORAVIE – les château Lednice et Valtice', '<p>Petit d&eacute;jeuner, d&eacute;part vers Moravie.</p>\r\n\r\n<p>Visite du ch&acirc;teau LEDNICE avec le jardin &agrave; la francaise, avec une serre unique et un vaste parc se prolongeant en jardin paysager allant jusqu&acute;au ch&acirc;teau Valtice, font partie des expressions les plus remarquables de l&acute;apog&eacute;e du romantisme en Europe.</p>\r\n\r\n<p>Apr&egrave;s visite du splendide ch&acirc;teau VALTICE.</p>\r\n\r\n<p>Les architectes viennois y ont plant&eacute; de nombreuses fascinanes constructions romantiques destin&eacute;es &agrave; divertir les visiteurs.</p>\r\n\r\n<p>D&eacute;jeuner en cours de la visite.</p>\r\n\r\n<p>D&eacute;part pour Vienne, installation &agrave; l&rsquo;h&ocirc;tel pour 3 nuits. D&icirc;ner et logement.</p>', 5, 1, 0, NULL, NULL, NULL, NULL),
(280, 29, 'JOUR 6 : VIENNE', '<p>Petit d&eacute;jeuner.</p>\r\n\r\n<p>Tour panoramique sur la fameuse <em>&laquo;&nbsp;Ringstrasse&nbsp;&raquo;</em>, boulevard somptueux qui entoure le centre historique de Vienne et qui est bord&eacute; des monuments&nbsp;les plus importants de la ville : l&rsquo;Op&eacute;ra, l&rsquo;h&ocirc;tel de ville, le mus&eacute;e des Beaux Arts.</p>\r\n\r\n<p>Passage devant le Prater.</p>\r\n\r\n<p>Visite du centre historique de Vienne d&eacute;couverte de la basilique Saint Etienne.</p>\r\n\r\n<p>D&eacute;jeuner en cours de visite.</p>\r\n\r\n<p>L&acute;apr&egrave;s-midi visite <em>du palais de la Hofburg</em> (les appartements de Sissi, son Mus&eacute;e ainsi que le Mus&eacute;e de l&rsquo;Argenterie) et d&eacute;couverte ext&eacute;rieure du &laquo;&nbsp;Schweizerhof&nbsp;&raquo; partie la plus ancienne du palais qui abrite le tr&eacute;sor imp&eacute;rial.</p>\r\n\r\n<p>Rentr&eacute;e &agrave; l&acute;h&ocirc;tel, d&icirc;ner et logement.</p>', 6, 1, 0, NULL, NULL, NULL, NULL),
(281, 29, 'JOUR 7 : VIENNE', '<p>Petit d&eacute;jeuner.</p>\r\n\r\n<p>Le matine visite du <em>ch&acirc;teau de Sch&ouml;nbrunn</em>, le &laquo;&nbsp;Versailles viennois&nbsp;&raquo;, ancienne r&eacute;sidence d&rsquo;&eacute;t&eacute; de la cour imp&eacute;riale avec ses salles de r&eacute;ception et les appartements de Marie-Th&eacute;r&egrave;se et de Fran&ccedil;ois Etienne de Lorraine et enfin son superbe parc &agrave; la fran&ccedil;aise.</p>\r\n\r\n<p>Puis visite du <em>mus&eacute;e des Carosses</em> du couronnement, les voitures de Fran&ccedil;ois-Joseph et de Sissi.</p>\r\n\r\n<p>D&icirc;ner et logement.<em>D&icirc;ner dans un &laquo;&nbsp;Heurigen&nbsp;&raquo;,</em> restaurant typique de Grinzing, o&ugrave; l&rsquo;on d&eacute;guste du vin nouveau dans une atmosph&egrave;re musicale et conviviale.</p>\r\n\r\n<p>L&acute;apr&egrave;s-midi visite de l&acute;&eacute;glise Karlskirche, de la Place Schwarzenberg, le palais de l&acute;Art nouvea et de jardin des ch&acirc;teau Belvedere &ndash; r&eacute;sidence du dophine Eugene de Savoise.</p>\r\n\r\n<p>Rentr&eacute;e &agrave; l&acute;h&ocirc;tel, d&icirc;ner et logement.</p>', 7, 1, 0, NULL, NULL, NULL, NULL),
(282, 29, 'JOUR 8 : VIENNE - départ', '<p>Petit d&eacute;jeuner. Journ&eacute;e libre. On raccommande la promenade en march&eacute; Naschmarkt ou visite des mus&eacute;es.</p>\r\n\r\n<p>Transfert &agrave; l&acute;aeroport selon les horaires des vols.</p>', 8, 1, 0, NULL, NULL, NULL, NULL),
(283, 30, 'JOUR 1 : PRAGUE', '<p>Acceuil par notre guide sur l&acute;aeroport de Prague, transfert &agrave; l&acute;h&ocirc;tel, instalation dans les chambre, d&icirc;ner et logement &agrave; Prague.</p>', 1, 1, 0, NULL, NULL, NULL, NULL),
(284, 30, 'JOUR 2 : PRAGUE', '<p>Petit d&eacute;jeuner, transfert au ch&acirc;teau de Prague, visite du quartier de Hradcany (celui du Ch&acirc;teau de Prague) avec le couvent de Strahov qui fut un des plus riches de Boh&ecirc;me et qui demeure un grand centre intellectuel.</p>\r\n\r\n<p>D&eacute;couverte de sa biblioth&egrave;que ainsi que de ses magnifiques salles philosophiques et th&eacute;ologiques.<span style="line-height:1.6em">Superbe vue sur Prague depuis la terrasse du couvent.&nbsp;</span></p>\r\n\r\n<p>Puis promenade jusqu&rsquo;au ch&acirc;teau en passant par la place de Lorette avec le palais Cernin, l&rsquo;&eacute;glise Notre-Dame-de-Lorette (carillon de 27 cloches et clochettes abritant &eacute;galement le Tr&eacute;sor ainsi que le fameux ostensoir de diamants) et le palais toscan (minist&egrave;re des Affaires Etrang&egrave;res).</p>\r\n\r\n<p>A l&rsquo;entr&eacute;e du ch&acirc;teau, rel&egrave;ve de la garde pr&eacute;sidentielle.</p>\r\n\r\n<p>Les entr&eacute;es inclus&nbsp;: biblioth&egrave;que de Strahov, ch&acirc;teau de Prague, jardins du ch&acirc;teau de Prague</p>\r\n\r\n<p>D&eacute;jeuner au restaurant historique dans le quartier Hradcany.</p>\r\n\r\n<p>L&rsquo;apr&egrave;s-midi, visite de l&rsquo;ancienne cit&eacute; imp&eacute;riale&nbsp;: les trois cours du Ch&acirc;teau de Prague avec la cath&eacute;drale St Guy (chambre du Tr&eacute;sor, tombeaux), l&rsquo;ancien Palais Royal abritant la salle Vladislav et l&rsquo;ancienne salle de la Di&egrave;te.</p>\r\n\r\n<p>En cours de visite, d&eacute;couverte de la galerie de peinture du ch&acirc;teau (tableaux de Cranach, Rubens, Tintoret, V&eacute;ron&egrave;se) et promenade dans les magnifiques jardins du ch&acirc;teau.</p>\r\n\r\n<p>Sortie ensuite par l&rsquo;escalier des cavaliers. Sur la place St Georges, d&eacute;couverte de la basilique du m&ecirc;me nom, superbe &eacute;difice roman suivi d&rsquo;une promenade dans la Ruelle d&rsquo;Or dont les petites maisons basses abritaient autrefois, dit-on, des alchimistes. Descente par les escaliers royaux.</p>\r\n\r\n<p>Transfert &agrave; l&acute;h&ocirc;tel, d&icirc;ner et logement &agrave; Prague.</p>', 2, 1, 0, NULL, NULL, NULL, NULL),
(285, 30, 'JOUR 3 : PRAGUE', '<p>Petit d&eacute;jeuner, transfert au centre ville.</p>\r\n\r\n<p>Le matine, visite du quartier de Stare Mesto - visite de l&rsquo;ancien quartier juif, l&#39;un des plus petits quartiers pragois datant de l&#39;&eacute;poque de Joseph II - d&#39;ou son appellation Josefov.</p>\r\n\r\n<p>T&eacute;moignage du plus grand ghetto d&rsquo;Europe Centrale, visite de plusieurs synagogues dont celle de Maisel de la fin du 16&egrave;me si&egrave;cle et de celle espagnole du style n&eacute;omauresque de la fin du 19&egrave;me si&egrave;cle.</p>\r\n\r\n<p>Visite de l&rsquo;impressionnant et vieux cimeti&egrave;re juif, unique dans le monde entier avec ses 12.000 pierres tombale. Par la rue Pař&iacute;žsk&aacute;, une des plus luxueuse de Prague, on arrive sur la place de la Vieille Ville avec l&#39;H&ocirc;tel de ville et sa c&eacute;l&egrave;bre horloge astronomique qui date du XV&egrave;me si&egrave;cle (d&eacute;fil&eacute; des automates &agrave; chaque heure).</p>\r\n\r\n<p>Visite de la Tour de l&rsquo;H&ocirc;tel de la Vieille Ville puis d&eacute;couverte de l&acute;Eglise baroque St Nicolas et de l&rsquo;impressionnante Eglise Notre Dame de Tyn.</p>\r\n\r\n<p>Promenade jusqu&#39;&agrave; la place de la R&eacute;publique o&ugrave; se dressent la Maison Municipale, un des plus importants &eacute;difices de style Art Nouveau &agrave; Prague du d&eacute;but du XX&egrave;me si&egrave;cle, et la Tour Poudri&egrave;re.</p>\r\n\r\n<p>D&eacute;jeuner au restaurant traditionel PLZEŇSK&Aacute; dans la Maison Municipale</p>\r\n\r\n<p>L&acute;apr&egrave;s-midi continuation vers le Th&ecirc;atre des Etats, la place Ungelt, la rue Karlova, Carolinum (Universit&eacute; Charles) et le pont Charles.</p>\r\n\r\n<p>Sur le pont gothique Charles, &oelig;uvre d&rsquo;art superbe bord&eacute;e de statues, panorama majestueux sur les quartiers historiques de Prague et les deux rives de la Vltava. Continuation vers la charmante presqu&rsquo;&icirc;le de Kampa, la Venise de Prague.</p>\r\n\r\n<p>D&eacute;couvert du quartier historique de Mal&aacute; Strana, le &laquo;&nbsp;petit c&ocirc;t&eacute;&nbsp;&raquo; de Prague admirablement conserv&eacute; depuis le milieu du 18&egrave;me si&egrave;cle et surnomm&eacute; aussi &quot;la perle du baroque&quot; en raison de la forte influence italienne.</p>\r\n\r\n<p>Visite de l&#39;&eacute;glise Saint Nicolas, l&rsquo;un des plus beaux &eacute;difices baroques d&rsquo;Europe Centrale avec ses plafonds en trompe l&rsquo;oeil, et de l&rsquo;&eacute;glise Notre-Dame de la Victoire, lieu de p&egrave;lerinage le plus c&eacute;l&egrave;bre de la capitale abritant la statuette du Petit Enfant J&eacute;sus de Prague.</p>\r\n\r\n<p>Promenade par la rue Neruda, une des plus pittoresques de Prague connue pour ses maisons bourgeoises orn&eacute;es d&#39;enseignes vari&eacute;es.</p>\r\n\r\n<p>Les entr&eacute;es inclus&nbsp;: le quartier juif, tour de l&acute;h&ocirc;tel de ville &agrave; Prague, l&acute;eglise Saint-Nicolas</p>\r\n\r\n<p>Transfert &agrave; l&acute;h&ocirc;tel, d&icirc;ner et logement &agrave; Prague.</p>', 3, 1, 0, NULL, NULL, NULL, NULL),
(286, 30, 'JOUR 4 : PRAGUE – KARLOVY VARY (360 KM)', '<p>Petit d&eacute;jeuner. D&eacute;part pour l&acute;excursion guid&eacute;e &agrave; Mari&aacute;nsk&eacute; L&aacute;zně et Karlovy Vary.&nbsp;</p>\r\n\r\n<p>Le matin d&eacute;couvert de la villa de Mari&aacute;nsk&eacute; L&aacute;zně , lequeles splendide panorama, les ressources curatives de qualit&eacute;, les nombreuses sources bienfaisantes (le site m&ecirc;me en compte 40) et les excellents r&eacute;sultats th&eacute;rapeutiques assurent le renom international de la station.</p>\r\n\r\n<p>La particularit&eacute; est le geyser de gaz carbonique sec.</p>\r\n\r\n<p>D&eacute;part pour Karlovy Vary, d&eacute;jeuner au restaurant.</p>\r\n\r\n<p>Visite guid&eacute;e de cette station thermale, vill&eacute;giature de l&rsquo;aristocratie et des artistes d&rsquo;Europe Centrale aux 18&egrave;me et 19&egrave;me si&egrave;cles et v&eacute;ritable joyau de l&rsquo;Art Nouveau.</p>\r\n\r\n<p>Promenade dans le centre historique pour d&eacute;couvrir l&rsquo;architecture prestigieuse de cet &acirc;ge d&rsquo;or&nbsp;: ses &eacute;l&eacute;gantes colonnades reliant les diff&eacute;rentes sources chaudes, ses majestueux &eacute;tablissements thermaux et h&ocirc;tels de luxe dont le c&eacute;l&egrave;bre Grand Hotel Pupp cr&eacute;ant un ensemble urbain hors du commun.</p>\r\n\r\n<p>Mont&eacute;e en funiculaire possible derri&egrave;re celui-ci pour un beau point de vue sur la ville.</p>\r\n\r\n<p>Rentr&eacute; &agrave; Prague, d&icirc;ner et logement &agrave; Prague.</p>', 4, 1, 0, NULL, NULL, NULL, NULL),
(287, 30, 'JOUR 5 : BOHEME DE SUD (260 KM)', '<p>Petit d&eacute;jeuner, d&eacute;part pour la Boh&ecirc;me de Sud.</p>\r\n\r\n<p>Le matin visite Jindrichuv Hradec, ville aux superbes maisons aux pignons de couleurs de style gothique, renaissance et baroque.</p>\r\n\r\n<p>D&eacute;couverte dans le quartier historique de celles-ci avec de nombreux &eacute;difices religieux.</p>\r\n\r\n<p>En optione visite d&acute;un splendide chăteau Renaissance, dont les palais sont reli&eacute;s par des arcades. D&eacute;jeune au restaurant.</p>\r\n\r\n<p>L&acute;apr&egrave;s midi arr&ecirc;ts dans la ville tipique de la r&eacute;gion et la station thermal, TŘEOBOŇ. Promenade dans le centre historique et contituation vers Česk&eacute; Budějovice, centre &eacute;conomique et culturel de la Boh&egrave;me du sud, c&eacute;l&egrave;bre aussi pour sa fameuse bi&egrave;re Budweiser.</p>\r\n\r\n<p>Visite du ch&acirc;teau-fort HLUBOK&Aacute; construit au 13&egrave;me si&egrave;cle ayant subi des transformations successives aboutissant &agrave; son &eacute;tonnante architecture actuelle, de style gothique romantique Tudor rappelant le ch&acirc;teau de Windsor. L&rsquo;un des ch&acirc;teaux tch&egrave;ques les plus visit&eacute;s, il abrite de pr&eacute;cieuses collections de tapisseries, meubles, tableaux, lustres en cristal et boiseries sculpt&eacute;es.</p>\r\n\r\n<p>Instalation et logement &agrave; l&acute;h&ocirc;tel &agrave; Česk&eacute; Budějovice.</p>\r\n\r\n<p>D&icirc;ner &agrave; l&acute;h&ocirc;tel ou dans la brasserie populaire.</p>\r\n\r\n<p>Le soire promenade dans le centre ville; d&eacute;couverte -au d&eacute;tour de ruelles m&eacute;di&eacute;vales- de la plus grande place carr&eacute;e &laquo;&nbsp;Zizka&nbsp;&raquo; d&rsquo;Europe Centrale bord&eacute;e de maisons &agrave; arcades comprenant &eacute;galement une des plus grandes fontaines du pays et un h&ocirc;tel de ville Renaissance. Aper&ccedil;u de la Tour Noire.</p>\r\n\r\n<p>Les entr&eacute;es inclus&nbsp;: ch&acirc;teau de Hlubok&aacute;</p>', 5, 1, 0, NULL, NULL, NULL, NULL),
(288, 30, 'JOUR 6 : ČESKÝ KRUMLOV (UNESCO) - VIENNE', '<p>Apr&egrave;s le petit d&eacute;jeuner d&eacute;part pour Česk&yacute; Krumlov. Joyau exceptionnel de l&rsquo;architecture m&eacute;di&eacute;vale class&eacute;e patrimoine culturel mondial de l&rsquo;UNESCO, son plus grand &eacute;panouissement est li&eacute; &agrave; l&rsquo;&eacute;poque du r&egrave;gne des puissant&nbsp;seigneurs de Rožmberk (1302-1602) qui en firent le si&egrave;ge de leur vaste domaine.</p>\r\n\r\n<p>Cette superbe cit&eacute;, embl&egrave;me aujourd&rsquo;hui de la r&eacute;publique Tch&egrave;que, est enserr&eacute;e par la rivi&egrave;re Vltava et domin&eacute;e par son vaste et vieux ch&acirc;teau-fort (le 2&egrave;me plus grand du pays apr&egrave;s celui de Prague).</p>\r\n\r\n<p>Visite de celui-ci avec ses salles renaissances et baroques d&eacute;cor&eacute;es d&rsquo;&oelig;uvres d&rsquo;art et d&rsquo;artisanats des cinq derniers si&egrave;cles (dont la superbe salle des bals masqu&eacute;s et la fameuse cal&egrave;che d&rsquo;or).</p>\r\n\r\n<p>Decouverte du centre historique par une promenade au travers de ruelles pav&eacute;es, tortueuses et bord&eacute;es de maisons m&eacute;di&eacute;vales et renaissances souvent d&eacute;cor&eacute;es en trompe-l&rsquo;&oelig;il. Il rec&egrave;le &eacute;galement de belles arcades, de ponts tr&egrave;s vieux et de vieilles scieries &agrave; aube au bord du fleuve.</p>\r\n\r\n<p>D&eacute;jeuner au restaurant.</p>\r\n\r\n<p>D&eacute;part pour Vienne, installation &agrave; l&rsquo;h&ocirc;tel pour 2 nuits. D&icirc;ner et logement.</p>', 6, 1, 0, NULL, NULL, NULL, NULL),
(289, 30, 'JOUR 7 : VIENNE', '<p>Petit d&eacute;jeuner.</p>\r\n\r\n<p>Tour panoramique sur la fameuse <em>&laquo;&nbsp;Ringstrasse&nbsp;&raquo;</em>, boulevard somptueux qui entoure le centre historique de Vienne et qui est bord&eacute; des monuments&nbsp;les plus importants de la ville : l&rsquo;Op&eacute;ra, l&rsquo;h&ocirc;tel de ville, le mus&eacute;e des Beaux Arts.</p>\r\n\r\n<p>Passage devant le Prater.</p>\r\n\r\n<p>Visite du centre historique de Vienne d&eacute;couverte de la basilique Saint Etienne.</p>\r\n\r\n<p>D&eacute;jeuner en cours de visite.</p>\r\n\r\n<p>L&acute;apr&egrave;s-midi visite <em>du palais de la Hofburg</em> (les appartements de Sissi, son Mus&eacute;e ainsi que le Mus&eacute;e de l&rsquo;Argenterie) et d&eacute;couverte ext&eacute;rieure du &laquo;&nbsp;Schweizerhof&nbsp;&raquo; partie la plus ancienne du palais qui abrite le tr&eacute;sor imp&eacute;rial.</p>\r\n\r\n<p>Rentr&eacute;e &agrave; l&acute;h&ocirc;tel, d&icirc;ner et logement.</p>', 7, 1, 0, NULL, NULL, NULL, NULL),
(290, 30, 'JOUR 8 : VIENNE - BUDAPEST', '<p>Petit d&eacute;jeuner.</p>\r\n\r\n<p>Le matin&nbsp;visite du <em>ch&acirc;teau de Sch&ouml;nbrunn</em>, le &laquo;&nbsp;Versailles viennois&nbsp;&raquo;, ancienne r&eacute;sidence d&rsquo;&eacute;t&eacute; de la cour imp&eacute;riale avec ses salles de r&eacute;ception et les appartements de Marie-Th&eacute;r&egrave;se et de Fran&ccedil;ois Etienne de Lorraine et enfin son superbe parc &agrave; la fran&ccedil;aise.</p>\r\n\r\n<p>Puis visite du <em>mus&eacute;e des Carosses</em> du couronnement, les voitures de Fran&ccedil;ois-Joseph et de Sissi.</p>\r\n\r\n<p>D&icirc;ner et logement.</p>\r\n\r\n<p>L&acute;apr&egrave;s-midi visite d&eacute;part pour Budapest.</p>\r\n\r\n<p>installation &agrave; l&rsquo;h&ocirc;tel pour 2 nuits.</p>\r\n\r\n<p>D&icirc;ner et logement.</p>', 8, 1, 0, NULL, NULL, NULL, NULL),
(291, 30, 'JOUR 9 : BUDAPEST', '<p>Petit d&eacute;jeuner.</p>\r\n\r\n<p>Visite de Buda&nbsp;: le palais Royal, visite de <em>l&rsquo;&eacute;glise Mathias,</em> de pur style gothique. Bien que construite entre 1255 et 1269 et baptis&eacute;e &eacute;glise Notre-Dame-de-l&#39;Assomption, la tradition lui a donn&eacute; le nom du roi Mathias Corvin qui y fit c&eacute;l&eacute;brer ses 2 mariages, et entreprit de l&#39;agrandir entre 1458 et 1470.</p>\r\n\r\n<p>Parmi ses nombreux tr&eacute;sors, reliquaires et v&ecirc;tements sacerdotaux, elle abrite pr&eacute;cieusement une curiosit&eacute; historique : un morceau du voile de mari&eacute;e de l&#39;Imp&eacute;ratrice &Eacute;lisabeth, ou Sissi, couronn&eacute;e ici-m&ecirc;me reine de Hongrie .</p>\r\n\r\n<p>Visite du <em>bastion des P&ecirc;cheurs</em> qui domine le fleuve. Mont&eacute;e au <em>Mont Gell&eacute;rt</em> qui offre une superbe vue sur la ville et le Danube.</p>\r\n\r\n<p>D&eacute;jeuner en cours de visite.</p>\r\n\r\n<p>Visite guid&eacute;e de Pest, quartier commer&ccedil;ant et anim&eacute;.</p>\r\n\r\n<p>Vu de la rive oppos&eacute;e, le <em>c&eacute;l&egrave;bre Parlement</em> cet impressionnant &eacute;difice n&#39;est pas sans &eacute;voquer le parlement de Londres.</p>\r\n\r\n<p>D&eacute;but&eacute;e en 1882, sa construction aura demand&eacute; plus de 20 ans.</p>\r\n\r\n<p>Le r&eacute;sultat est &agrave; la hauteur des ambitions : avec 10 cours int&eacute;rieures, pr&egrave;s de 700 salles, dont celle magnifique dite de &laquo; la Coupole &raquo;, tout est ici gigantesque.</p>\r\n\r\n<p>M&ecirc;lant des &eacute;l&eacute;ments de style byzantin, roman, gothique et oriental, l&#39;ensemble para&icirc;t habit&eacute; par le souvenir des plus beaux monuments d&#39;Europe dont il serait en quelque sorte la synth&egrave;se architecturale.</p>\r\n\r\n<p>En cela, il est la parfaite d&eacute;monstration de cet &eacute;clectisme qui donne son charme particulier &agrave; la capitale hongroise.</p>\r\n\r\n<p>Soir&eacute;e tipique hogrois &ldquo;CZARDA&rdquo; avec musique et d&icirc;ner.</p>\r\n\r\n<p>Retour &agrave; l&rsquo;h&ocirc;tel et logement.</p>', 9, 1, 0, NULL, NULL, NULL, NULL),
(292, 30, 'JOUR 10 : BUDAPEST - départ', '<p>Petit d&eacute;jeuner. D&eacute;couverte de la place des H&eacute;ros orn&eacute;e des statues des fondateurs de la Hongrie et de la basilique Saint Etienne.</p>\r\n\r\n<p>D&eacute;couverte des bains Szechenyi qui se trouvent &agrave; proximit&eacute; du Bois de la ville.</p>\r\n\r\n<p>&Agrave; la fin du s&eacute;jour <em>promenade sur le Danube</em> et d&eacute;couverte des superbes monuments de Budapest du Danube.</p>\r\n\r\n<p>D&eacute;jeuner au restaurant.</p>\r\n\r\n<p>Transfert &agrave; l&acute;aeroport selon les horaires des vols.</p>', 10, 1, 0, NULL, NULL, NULL, NULL),
(293, 31, 'JOUR 1 : BERLIN', '<p>Accueil par le guide &agrave; l&rsquo;a&eacute;roport de Berlin, transfert au restaurant, d&eacute;jeuner au restaurant.</p>\r\n\r\n<p>L&acute;apr&egrave;s-midi consacr&eacute;e &agrave; la premi&egrave;re visite de Berlin :&nbsp;la partie Est de la ville.</p>\r\n\r\n<p>Vous verrez la tour de la t&eacute;l&eacute;vision, haute de 368 m&egrave;tres qui domine tout la ville, l&acute;all&eacute;e Karl Marx, symbole de l&acute;architecture sovi&eacute;tique puis la porte de Brandenbourg, trait d&acute;union entre &nbsp;l&acute;Est et l&acute;Ouest.</p>\r\n\r\n<p>Travers&eacute;e du Tiergerten, le grand parc de Berlin, pour d&eacute;couvrir la partie Ouest de la ville avec l&acute;&eacute;tonnant b&acirc;timent de la Philharmonie, le ch&acirc;teau de Bellevue, la colonne de la Victoire et le Kurf&uuml;rstendamm, art&egrave;re commerciale toujours anim&eacute;e, que les Berlinios appellent commun&eacute;ment le &bdquo;Ku&acute;damm.</p>\r\n\r\n<p>Arriv&eacute; &agrave; l&acute;h&ocirc;tel, l&acute;instalaltion dans les chambres,d&icirc;ner et logement.</p>', 1, 1, 0, NULL, NULL, NULL, NULL),
(294, 31, 'JOUR 2 : BERLIN', '<p>Petit d&eacute;jeuner et continuation de la visite guid&eacute;e de Berlin :&nbsp;la place de Potsdam ou on va montrer au Panoramapunkt avec vue panoramique supperbe sur Berlin, apr&egrave;s visite de Mus&eacute;e &#39;Checkpoint Charlie&#39;, le seul point de passage entre Berlin-Est et Berlin Ouest de 1961 &agrave; 1989.</p>\r\n\r\n<p>D&eacute;jeuner au restaurant en cours de visite. L&acute;apr&egrave;s-midi consacr&eacute;e pour la visite libre des mus&eacute;e sur &#39;l&acute;ile des Mus&eacute;e&#39;&nbsp;sur Spree ou schopping.</p>\r\n\r\n<p>D&icirc;ner et logement &agrave; l&acute;h&ocirc;tel.</p>', 2, 1, 0, NULL, NULL, NULL, NULL),
(295, 31, 'JOUR 3 : BERLIN – DRESDE - PRAGUE', '<p>P&eacute;tit d&eacute;jeuner et d&eacute;part pour Dresde.</p>\r\n\r\n<p>D&eacute;jeuneu au restaurant a Dresde et puis tour guid&eacute;e &agrave; travers la ville.</p>\r\n\r\n<p>&#39;La Florence de l&acute;Elbe&#39;&nbsp;peut s&acute;enorgueillir d&acute;une attrayante architecture caract&eacute;ristique du baroque allemand et de tr&egrave;s beaux &eacute;difices enti&egrave;rement restaur&eacute;es ou reconstruits &agrave; l&acute;identique apr&egrave;s la Seconde Guerre Mondiale. Promenade sur l&acute;esplanade du palais Zwinger, symbole du baroque tardif. Poursuite vers l&acute;Eglise de Cour et l&acute;Eglise Notre-Dame, reconstruite pierre apr&egrave;s depuis la r&eacute;unification.</p>\r\n\r\n<p>Continuation vers Prague, instalation &agrave; l&acute;h&ocirc;tel, d&icirc;ner et logement.</p>', 3, 1, 0, NULL, NULL, NULL, NULL),
(296, 31, 'JOUR 4 : PRAGUE', '<p>Petit d&eacute;jeuner, transfert au ch&acirc;teau de Prague, visite du quartier de Hradcany (celui du Ch&acirc;teau de Prague) avec le couvent de Strahov qui fut un des plus riches de Boh&ecirc;me et qui demeure un grand centre intellectuel.</p>\r\n\r\n<p>Superbe vue sur Prague depuis la terrasse du couvent.</p>\r\n\r\n<p>Puis promenade jusqu&rsquo;au ch&acirc;teau en passant par la place de Lorette avec le palais Cernin, l&rsquo;&eacute;glise Notre-Dame-de-Lorette (carillon de 27 cloches et clochettes abritant &eacute;galement le Tr&eacute;sor ainsi que le fameux ostensoir de diamants) et le palais toscan (minist&egrave;re des Affaires Etrang&egrave;res).</p>\r\n\r\n<p>A l&rsquo;entr&eacute;e du ch&acirc;teau, rel&egrave;ve de la garde pr&eacute;sidentielle.</p>\r\n\r\n<p>Visite de l&rsquo;ancienne cit&eacute; imp&eacute;riale&nbsp;: les trois cours du Ch&acirc;teau de Prague (de l&acute;exteri&egrave;re) avec la cath&eacute;drale St Guy (chambre du Tr&eacute;sor, tombeaux), l&rsquo;ancien Palais Royal abritant la salle Vladislav et l&rsquo;ancienne salle de la Di&egrave;te.</p>\r\n\r\n<p>D&eacute;jeuner au restaurant .</p>\r\n\r\n<p>L&acute;apr&egrave;s-midi d&eacute;couvert du quartier historique de Mal&aacute; Strana, le &laquo;&nbsp;petit c&ocirc;t&eacute;&nbsp;&raquo; de Prague admirablement conserv&eacute; depuis le milieu du 18&egrave;me si&egrave;cle et surnomm&eacute; aussi &quot;la perle du baroque&quot; en raison de la forte influence italienne.</p>\r\n\r\n<p>Promenade par la rue Neruda, une des plus pittoresques de Prague connue pour ses maisons bourgeoises orn&eacute;es d&#39;enseignes vari&eacute;es.</p>\r\n\r\n<p>En option visite de l&#39;&eacute;glise Saint Nicolas, l&rsquo;un des plus beaux &eacute;difices baroques d&rsquo;Europe Centrale avec ses plafonds en trompe l&rsquo;oeil, et de l&rsquo;&eacute;glise Notre-Dame de la Victoire (gratuit), lieu de p&egrave;lerinage le plus c&eacute;l&egrave;bre de la capitale abritant la statuette du Petit Enfant J&eacute;sus de Prague.</p>\r\n\r\n<p>Continuation vers la charmante presqu&rsquo;&icirc;le de Kampa, la Venise de Prague. &Agrave; la fin visite de pont gothique Charles, &oelig;uvre d&rsquo;art superbe bord&eacute;e de statues, panorama majestueux sur les quartiers historiques de Prague et les deux rives de la Vltava.</p>\r\n\r\n<p>Transfert &agrave; l&acute;h&ocirc;tel, d&icirc;ner et logement &agrave; Prague.</p>', 4, 1, 0, NULL, NULL, NULL, NULL),
(297, 31, 'JOUR 5 : PRAGUE', '<p>Petit d&eacute;jeuner. RDV avec le guide et d&eacute;part pour la d&eacute;couverte du quartier de Stare Mesto.</p>\r\n\r\n<p>Promenade autour de l&rsquo;ancien quartier juif, l&#39;un des plus petits quartiers pragois datant de l&#39;&eacute;poque de Joseph II - d&#39;ou son appellation Josefov.</p>\r\n\r\n<p>Par la rue Pař&iacute;žsk&aacute;, une des plus luxueuse de Prague, on arrive sur la place de la Vieille Ville avec l&#39;H&ocirc;tel de ville et sa c&eacute;l&egrave;bre horloge astronomique qui date du XV&egrave;me si&egrave;cle (d&eacute;fil&eacute; des automates &agrave; chaque heure).</p>\r\n\r\n<p>Visite de la Tour de l&rsquo;H&ocirc;tel de la Vieille Ville puis d&eacute;couverte de l&acute;Eglise baroque St Nicolas et de l&rsquo;impressionnante Eglise Notre Dame de Tyn. Promenade jusqu&#39;&agrave; la place de la R&eacute;publique o&ugrave; se dressent la Maison Municipale, un des plus importants &eacute;difices de style Art Nouveau &agrave; Prague du d&eacute;but du XX&egrave;me si&egrave;cle, et la Tour Poudri&egrave;re.</p>\r\n\r\n<p>Continuation vers le Th&ecirc;atre des Etats, la place Ungelt, la rue Karlova et Carolinum (Universit&eacute; Charles).</p>\r\n\r\n<p>D&eacute;jeuner au restaurant. L&acute;apr&egrave;s-midi libre</p>\r\n\r\n<p>D&icirc;ner et logement.&nbsp;</p>', 5, 1, 0, NULL, NULL, NULL, NULL),
(298, 31, 'JOUR 6 : PRAGUE – BRATISLAVA - BUDAPEST', '<p>Petit d&eacute;jeuner, d&eacute;part pour Bratislava. D&eacute;jeuner ou restaurant au centre Bratislava.</p>\r\n\r\n<p>L&acute;apr&egrave;s-midi d&eacute;couvert de la capitale Slovaque - BRATISLAVA: son centre historique et la colline du ch&acirc;teau fort de Devin, qui surplombe le Danube et forme la fronti&egrave;re entre l&#39;Autriche , la Slovaque et la Tch&eacute;quie, offrant un cadre tr&egrave;s agr&eacute;able &agrave; la fl&acirc;nerie.</p>\r\n\r\n<p>D&eacute;part pour Budapest, instalation &agrave; l&acute;h&ocirc;tel, d&icirc;ner.</p>\r\n\r\n<p>Puis d&eacute;part pour une <em>promenade sur le Danube</em> et d&eacute;couverte des superbes monuments de Budapest Illumin&eacute;s.</p>\r\n\r\n<p>Rentr&eacute;e &agrave; l&acute;h&ocirc;tel et nuit.</p>', 6, 1, 0, NULL, NULL, NULL, NULL),
(299, 31, 'JOUR 7 : BUDAPEST', '<p>Petit d&eacute;jeuner.</p>\r\n\r\n<p>Visite de Buda&nbsp;: le palais Royal, visite de <em>l&rsquo;&eacute;glise Mathias,</em> de pur style gothique.</p>\r\n\r\n<p>Bien que construite entre 1255 et 1269 et baptis&eacute;e &eacute;glise Notre-Dame-de-l&#39;Assomption, la tradition lui a donn&eacute; le nom du roi Mathias Corvin qui y fit c&eacute;l&eacute;brer ses 2 mariages, et entreprit de l&#39;agrandir entre 1458 et 1470.</p>\r\n\r\n<p>Parmi ses nombreux tr&eacute;sors, reliquaires et v&ecirc;tements sacerdotaux, elle abrite pr&eacute;cieusement une curiosit&eacute; historique : un morceau du voile de mari&eacute;e de l&#39;Imp&eacute;ratrice &Eacute;lisabeth, ou Sissi, couronn&eacute;e ici-m&ecirc;me reine de Hongrie .</p>\r\n\r\n<p>Visite du <em>bastion des P&ecirc;cheurs</em> qui domine le fleuve. Mont&eacute;e au <em>Mont Gell&eacute;rt</em> qui offre une superbe vue sur la ville et le Danube.</p>\r\n\r\n<p>D&eacute;jeuner en cours de visite.</p>\r\n\r\n<p>Visite guid&eacute;e de Pest, quartier commer&ccedil;ant et anim&eacute;.</p>\r\n\r\n<p>Vu de la rive oppos&eacute;e, le <em>c&eacute;l&egrave;bre Parlement</em> cet impressionnant &eacute;difice n&#39;est pas sans &eacute;voquer le parlement de Londres. D&eacute;but&eacute;e en 1882, sa construction aura demand&eacute; plus de 20 ans.</p>\r\n\r\n<p>Le r&eacute;sultat est &agrave; la hauteur des ambitions : avec 10 cours int&eacute;rieures, pr&egrave;s de 700 salles, dont celle magnifique dite de &laquo; la Coupole &raquo;, tout est ici gigantesque.</p>\r\n\r\n<p>M&ecirc;lant des &eacute;l&eacute;ments de style byzantin, roman, gothique et oriental, l&#39;ensemble para&icirc;t habit&eacute; par le souvenir des plus beaux monuments d&#39;Europe dont il serait en quelque sorte la synth&egrave;se architecturale.</p>\r\n\r\n<p>En cela, il est la parfaite d&eacute;monstration de cet &eacute;clectisme qui donne son charme particulier &agrave; la capitale hongroise.</p>\r\n\r\n<p>Soir&eacute;e tipique hogrois &ldquo;CZARDA&rdquo; avec musique et d&icirc;ner.</p>\r\n\r\n<p>Retour &agrave; l&rsquo;h&ocirc;tel et logement.</p>', 7, 1, 0, NULL, NULL, NULL, NULL),
(300, 31, 'JOUR 8 : BUDAPEST - VIENNE', '<p>Petit d&eacute;jeuner et d&eacute;part pour Vienne.</p>\r\n\r\n<p>Apr&egrave;s-midi, visite du ch&acirc;teau de Sch&ouml;nbrunn, le &laquo;&nbsp;Versailles viennois&nbsp;&raquo;, ancienne r&eacute;sidence d&rsquo;&eacute;t&eacute; de la cour imp&eacute;riale avec ses salles de r&eacute;ception et les appartements de Marie-Th&eacute;r&egrave;se et de Fran&ccedil;ois Etienne de Lorraine et enfin son superbe parc &agrave; la fran&ccedil;aise. Puis visite du mus&eacute;e des Carosses du couronnement, les voitures de Fran&ccedil;ois-Joseph et de Sissi.</p>\r\n\r\n<p>Installation &agrave; l&rsquo;h&ocirc;tel pour 2 nuits. <strong>D&icirc;ner et logement.</strong></p>', 8, 1, 0, NULL, NULL, NULL, NULL);
INSERT INTO `ost_vo_descriptions` (`id`, `voyage_id`, `libelle`, `texte`, `ordre`, `visible`, `lateral`, `titre`, `updated_at`, `photoVisible`, `path`) VALUES
(301, 31, 'JOUR 9 : VIENNE', '<p>Petit d&eacute;jeuner.</p>\r\n\r\n<p>Tour panoramique sur la fameuse <em>&laquo;&nbsp;Ringstrasse&nbsp;&raquo;</em>, boulevard somptueux qui entoure le centre historique de Vienne et qui est bord&eacute; des monuments&nbsp;les plus importants de la ville : l&rsquo;Op&eacute;ra, l&rsquo;h&ocirc;tel de ville, le mus&eacute;e des Beaux Arts.</p>\r\n\r\n<p>Passage devant le Prater. Visite du centre historique de Vienne d&eacute;couverte de la basilique Saint Etienne.</p>\r\n\r\n<p>D&eacute;jeuner en cours de visite.</p>\r\n\r\n<p>L&acute;apr&egrave;s-midi visite <em>du palais de la Hofburg</em> (les appartements de Sissi, son Mus&eacute;e ainsi que le Mus&eacute;e de l&rsquo;Argenterie) et d&eacute;couverte ext&eacute;rieure du &laquo;&nbsp;Schweizerhof&nbsp;&raquo; partie la plus ancienne du palais qui abrite le tr&eacute;sor imp&eacute;rial.</p>\r\n\r\n<p>Rentr&eacute;e &agrave; l&acute;h&ocirc;tel, d&icirc;ner et logement.</p>\r\n\r\n<p>En option&nbsp;: D&icirc;ner dans un &laquo;&nbsp;Heurigen&nbsp;&raquo;, restaurant typique de Grinzing, o&ugrave; l&rsquo;on d&eacute;guste du vin nouveau dans une atmosph&egrave;re musicale et conviviale.&nbsp;</p>', 9, 1, 0, NULL, NULL, NULL, NULL),
(302, 31, 'JOUR 10 : VIENNE', '<p>Petit d&eacute;jeuner. D&eacute;part pour le march&eacute; Nachmarkt, visite libre.</p>\r\n\r\n<p>D&eacute;jeuner au restaurant.</p>\r\n\r\n<p>Transfert &agrave; l&acute;aeroport avec l&acute;asistence francophone selon les horaires de vols.</p>', 10, 1, 0, NULL, NULL, NULL, NULL),
(303, 32, 'JOUR 1 : AÉROPORT DE BARCELONE – BARCELONE', '<p>Arriv&eacute;e &agrave; l&rsquo;a&eacute;roport de Barcelone<br />\r\nAccueil et transfert &agrave; l&rsquo;h&ocirc;tel<br />\r\nLogement &agrave; l&rsquo;h&ocirc;tel de Barcelone</p>', 1, 1, 0, NULL, NULL, NULL, NULL),
(304, 32, 'JOUR 2 : BARCELONE', '<p>Petit d&eacute;jeuner &agrave; l&rsquo;h&ocirc;tel<br />\r\nVisite panoramique de Barcelone<br />\r\nVisite guid&eacute;e du pueblo espagnol<br />\r\nD&eacute;jeuner libre<br />\r\nLogement &agrave; l&rsquo;h&ocirc;tel de Barcelone</p>', 2, 1, 0, NULL, NULL, NULL, NULL),
(305, 32, 'JOUR 3 : BARCELONE – MONTSERRAT - BARCELONE', '<p>Petit d&eacute;jeuner &agrave; l&rsquo;h&ocirc;tel<br />\r\nD&eacute;part en excursion pour Montserrat<br />\r\nVisite guid&eacute;e de Montserrat (Basilique royale, sanctuaire&hellip;)<br />\r\nD&eacute;jeuner libre<br />\r\nRetour &agrave; Barcelone pour la visite de Barcelone Artistique<br />\r\nLogement &agrave; l&rsquo;h&ocirc;tel de Barcelone</p>', 3, 1, 0, NULL, NULL, NULL, NULL),
(306, 32, 'JOUR 4: BARCELONE - AÉROPORT DE BARCELONE', '<p>Petit d&eacute;jeuner &agrave; l&rsquo;h&ocirc;tel<br />\r\nTransfert &agrave; l&rsquo;a&eacute;roport de Barcelone</p>', 4, 1, 0, NULL, NULL, NULL, NULL),
(307, 33, 'JOUR 1 : AÉROPORT DE MADRID – MADRID', '<p>Arriv&eacute;e &agrave; l&rsquo;a&eacute;roport de Madrid<br />\r\nAccueil et transfert &agrave; l&rsquo;h&ocirc;tel<br />\r\nLogement &agrave; l&rsquo;h&ocirc;tel de Madrid</p>', 1, 1, 0, NULL, NULL, NULL, NULL),
(308, 33, 'JOUR 2 : MADRID', '<p>Petit d&eacute;jeuner &agrave; l&rsquo;h&ocirc;tel<br />\r\nVisite panoramique de Madrid<br />\r\nD&eacute;jeuner libre<br />\r\nVisite guid&eacute;e du mus&eacute;e du Prado<br />\r\nLogement &agrave; l&rsquo;h&ocirc;tel de Madrid</p>', 2, 1, 0, NULL, NULL, NULL, NULL),
(309, 33, 'JOUR 3 : MADRID – TOLÈDE - MADRID', '<p>Petit d&eacute;jeuner &agrave; l&rsquo;h&ocirc;tel<br />\r\nD&eacute;part en excursion pour Tol&egrave;de<br />\r\nVisite guid&eacute;e de Tol&egrave;de (Cath&eacute;drale Santo Tome, Basilique<br />\r\nSanta Maria la Blanca)<br />\r\nD&eacute;jeuner libre<br />\r\nRetour &agrave; Madrid<br />\r\nLogement &agrave; l&rsquo;h&ocirc;tel de Madrid</p>', 3, 1, 0, NULL, NULL, NULL, NULL),
(310, 33, 'JOUR 4: MADRID - AÉROPORT DE MADRID', '<p>Petit d&eacute;jeuner &agrave; l&rsquo;h&ocirc;tel<br />\r\nTransfert &agrave; l&rsquo;a&eacute;roport de Madrid</p>', 4, 1, 0, NULL, NULL, NULL, NULL),
(311, 34, 'JOUR 1 / DIMANCHE: SAINT-PÉTERSBOURG (ARRIVÉE)', '<p>Arriv&eacute;e &agrave; Saint-P&eacute;tersbourg</p>\r\n\r\n<p>Transfert</p>\r\n\r\n<p>En option&nbsp;: D&icirc;ner &agrave; l&#39;h&ocirc;tel&nbsp;</p>', 1, 1, 0, NULL, NULL, NULL, NULL),
(312, 34, 'JOUR 2 / LUNDI: SAINT-PÉTERSBOURG', '<p>Petit-d&eacute;jeuner</p>\r\n\r\n<p>Visite panoramique de Saint-P&eacute;tersbourg</p>\r\n\r\n<p>Petite promenade dans le quartier Dosto&iuml;evski</p>\r\n\r\n<p>Visite du march&eacute; Kouznetchny</p>\r\n\r\n<p>Visite de l&rsquo;&Eacute;glise Notre-Dame de Vladimir</p>\r\n\r\n<p>Visite de la Forteresse Pierre et Paul</p>\r\n\r\n<p>Vue ext&eacute;rieure du croiseur &laquo;&nbsp;Aurore&nbsp;&raquo;</p>\r\n\r\n<p>D&eacute;jeuner</p>\r\n\r\n<p>Promenade sur la Perspective Nevsky et le quartier des Arts</p>\r\n\r\n<p>Visite de la Cath&eacute;drale Notre-Dame-de-Kazan</p>\r\n\r\n<p>D&icirc;ner &agrave; l&#39;h&ocirc;tel</p>', 2, 1, 0, NULL, NULL, NULL, NULL),
(313, 34, 'JOUR 3 / MARDI: SAINT-PÉTERSBOURG', '<p>Petit-d&eacute;jeuner</p>\r\n\r\n<p>Petite dans le quartier Pouchkine</p>\r\n\r\n<p>Visite du Mus&eacute;e de l&rsquo;Ermitage</p>\r\n\r\n<p>D&eacute;jeuner</p>\r\n\r\n<p>Visite de la Cath&eacute;drale Saint-Isaac</p>\r\n\r\n<p>D&icirc;ner &agrave; l&#39;h&ocirc;tel</p>', 3, 1, 0, NULL, NULL, NULL, NULL),
(314, 34, 'JOUR 4 / MERCREDI: SAINT-PÉTERSBOURG', '<p>Petit-d&eacute;jeuner</p>\r\n\r\n<p>Excursion &agrave; Pouchkine et visite du palais de Catherine et du parc</p>\r\n\r\n<p>Visite du parc de Pavlovsk</p>\r\n\r\n<p>D&eacute;jeuner</p>\r\n\r\n<p>D&eacute;part pour St. P&eacute;tersbourg</p>\r\n\r\n<p>Visite de la Cath&eacute;drale de St. Nicolas-des-Marins</p>\r\n\r\n<p>Temps libre</p>\r\n\r\n<p>D&icirc;ner</p>\r\n\r\n<p>Transfert &agrave; la gare</p>\r\n\r\n<p>D&eacute;part pour Moscou</p>\r\n\r\n<p>Nuit &agrave; bord du train en cabine quadruple</p>', 4, 1, 0, NULL, NULL, NULL, NULL),
(315, 34, 'JOUR 5 / JEUDI: MOSCOU', '<p>Petit-d&eacute;jeuner a bord du train</p>\r\n\r\n<p>Arriv&eacute;e &agrave; Moscou</p>\r\n\r\n<p>Tour panoramique de Moscou</p>\r\n\r\n<p>Visite ext&eacute;rieure du monast&egrave;re de Novodievitchi</p>\r\n\r\n<p>Tour &agrave; pied du centre historique</p>\r\n\r\n<p>D&eacute;jeuner</p>\r\n\r\n<p>Visite de la cath&eacute;drale Saint-Basile</p>\r\n\r\n<p>Visite du M&eacute;tro de Moscou</p>\r\n\r\n<p>D&icirc;ner &agrave; l&#39;h&ocirc;tel</p>', 5, 1, 0, NULL, NULL, NULL, NULL),
(316, 34, 'JOUR 6 / VENDREDI: MOSCOU', '<p>Petit-d&eacute;jeuner</p>\r\n\r\n<p>Visite du Kremlin et ses Cath&eacute;drales</p>\r\n\r\n<p>D&eacute;jeuner</p>\r\n\r\n<p>Visite de la cath&eacute;drale du Saint-Sauveur</p>\r\n\r\n<p>Promenade dans le quartier de Zamoskvorechye</p>\r\n\r\n<p>Visite de la Galerie Tretiakov</p>\r\n\r\n<p>D&icirc;ner &agrave; l&#39;h&ocirc;tel</p>', 6, 1, 0, NULL, NULL, NULL, NULL),
(317, 34, 'JOUR 7 / SAMEDI: SERGUIEV POSSAD - IZMAILOVO', '<p>Petit-d&eacute;jeuner</p>\r\n\r\n<p>Excursion a Serguiev Posad et visite du Monast&egrave;re</p>\r\n\r\n<p>D&eacute;jeuner</p>\r\n\r\n<p>Visite d&rsquo;Izmailovo</p>\r\n\r\n<p>Visite du mus&eacute;e de la Vodka &agrave; Izmailovo avec d&eacute;gustation</p>\r\n\r\n<p>D&icirc;ner &agrave; l&#39;h&ocirc;tel</p>', 7, 1, 0, NULL, NULL, NULL, NULL),
(318, 34, 'JOUR 8 / DIMANCHE: MOSCOU (DÉPART)', '<p>Petit-d&eacute;jeuner</p>\r\n\r\n<p>Transfert &agrave; l&rsquo;a&eacute;roport</p>', 8, 1, 0, NULL, NULL, NULL, NULL),
(319, 34, 'NOS PRIX COMPRENNENT', '<p>Logement dans l&rsquo;h&ocirc;tel de la cat&eacute;gorie choisie.</p>\r\n\r\n<p>Tous les transferts, visites et entr&eacute;es selon programme.</p>\r\n\r\n<p>Transport en v&eacute;hicule climatis&eacute; (voiture, minibus, autocar).</p>\r\n\r\n<p>Service de guide officiel francophone pendant les visites et les transferts.</p>\r\n\r\n<p>6 petits d&eacute;jeuners buffet (dans les h&ocirc;tels).</p>\r\n\r\n<p>1 petit d&eacute;jeuner &agrave; bord du train.</p>\r\n\r\n<p>6 d&eacute;jeuners.</p>\r\n\r\n<p>6 diners.</p>\r\n\r\n<p>Th&eacute;/caf&eacute;, eau min&eacute;rale pendant chaque repas.</p>\r\n\r\n<p>Billet de train de nuit cabine quadruple entre Saint-P&eacute;tersbourg et Moscou.</p>', 9, 1, 1, NULL, NULL, NULL, NULL),
(320, 35, 'JOUR 1 / JEUDI OU VENDREDI : SAINT-PÉTERSBOURG (ARRIVÉE)', '<p>Arriv&eacute;e &agrave; Saint-P&eacute;tersbourg</p>\r\n\r\n<p>Transfert</p>', 1, 1, 0, NULL, NULL, NULL, NULL),
(321, 35, 'JOUR 2 / VENDREDI OU SAMEDI : SAINT-PÉTERSBOURG', '<p>Petit-d&eacute;jeuner</p>\r\n\r\n<p>Jour libre</p>', 2, 1, 0, NULL, NULL, NULL, NULL),
(322, 35, 'JOUR 3 / SAMEDI OU DIMANCHE : SAINT-PÉTERSBOURG', '<p>Petit-d&eacute;jeuner</p>\r\n\r\n<p>Jour libre</p>', 3, 1, 0, NULL, NULL, NULL, NULL),
(323, 35, 'JOUR 4 / DIMANCHE LUNDI : SAINT-PÉTERSBOURG (DÉPART)', '<p>Petit-d&eacute;jeuner</p>\r\n\r\n<p>Transfert &agrave; l&rsquo;a&eacute;roport</p>', 4, 1, 0, NULL, NULL, NULL, NULL),
(325, 51, 'Jour 1', '<p>D&eacute;part de Tunis</p>', 1, 1, 0, NULL, NULL, NULL, NULL),
(326, 51, 'Jour 2:  Arrivée à Bangkok (45 km – 45 min)', '<p>Transfert &agrave; l&rsquo;h&ocirc;tel par vos soins.</p>\r\n\r\n<p>Journ&eacute;e libre. Installation &agrave; l&rsquo;h&ocirc;tel (chambres disponibles &agrave; partir de 14h).</p>\r\n\r\n<p>Diner et nuit &agrave; l&rsquo;h&ocirc;tel.</p>', 2, 1, 0, NULL, NULL, NULL, NULL),
(327, 51, 'Jour 3: Bangkok', '<p>D&eacute;couverte de la vie quotidienne &agrave; Bangkok par le m&eacute;tro a&eacute;rien suivi d&rsquo;une balade en bateau-taxi sur la rivi&egrave;re Chao Praya vers le d&eacute;barcad&egrave;re de Tha Tien.</p>\r\n\r\n<p>&nbsp;Visite du Palais Royal et du Wat Phra Keo qui abrite le Bouddha d&rsquo;Emeraude, la repr&eacute;sentation du Bouddha la plus v&eacute;n&eacute;r&eacute;e en Tha&iuml;lande.</p>\r\n\r\n<p>Continuation pour la visite du Wat Po et de son gigantesque Bouddha couch&eacute; et dor&eacute; d&rsquo;une longueur de 46m. D&eacute;jeuner en bord de rivi&egrave;re et d&eacute;gustation de Kai Kratiem, poulet frit &agrave; l&rsquo;ail avec une sauce soja.</p>\r\n\r\n<p>L&rsquo;apr&egrave;s-midi, d&eacute;couverte du quartier chinois de Yaowarat et du tr&egrave;s anim&eacute; march&eacute; aux fleurs.</p>\r\n\r\n<p>D&icirc;ner. Nuit &agrave; l&rsquo;h&ocirc;tel.</p>', 3, 1, 0, NULL, NULL, NULL, NULL),
(328, 51, 'Jour 4: Bangkok – Croisière – Ayutthaya (80 Km – 1h30)', '<p>D&eacute;part de l&rsquo;h&ocirc;tel et transfert vers l&rsquo;embarcad&egrave;re pour la croisi&egrave;re vers Ayuthaya.</p>\r\n\r\n<p>Passage devant le Wat Arun et le Grand Palais, travers&eacute;e de paysages de campagne.</p>\r\n\r\n<p>D&eacute;jeuner &agrave; bord et arriv&eacute;e au d&eacute;barcad&egrave;re.</p>\r\n\r\n<p>D&eacute;couverte d&rsquo;Ayutthaya ancienne capitale du Siam et remarquable site arch&eacute;ologique class&eacute; au patrimoine mondial de l&rsquo;Unesco.</p>\r\n\r\n<p>Visite du Wat Phra Mongkhon Bophit abritant le plus grand bouddha de bronze du pays, du Wat Phra Si Sanphet, temple royal construit au XV&egrave;me si&egrave;cle et du Wat Lokaya Sutharam avec son bouddha couch&eacute; de 42 m&egrave;tres.</p>\r\n\r\n<p>D&icirc;ner et d&eacute;gustation du Khiaw Wan : un m&eacute;lange de viande et de l&eacute;gumes, condiment&eacute; avec du curry vert l&eacute;g&egrave;rement sucr&eacute;.</p>\r\n\r\n<p>Nuit &agrave; l&rsquo;h&ocirc;tel.</p>', 4, 1, 0, NULL, NULL, NULL, NULL),
(329, 51, 'Jour 5 :  Ayuttahaya – Suphan Buri – Uthai Thani – Pitsanuloke (395 Km – 4h00)', '<p>Route vers Suphan Buri pour la visite du Wat Phra Sri Mahathat.</p>\r\n\r\n<p>Continuation vers la petite ville d&rsquo;Uthai Thani &agrave; d&eacute;couvrir &agrave; bord d&rsquo;une barge &agrave; riz traditionnelle sur la rivi&egrave;re Tha Chin.</p>\r\n\r\n<p>D&eacute;jeuner et d&eacute;gustation du Kuay Tiao : des nouilles de riz, saut&eacute;es avec des l&eacute;gumes et de la viande. Arriv&eacute;e &agrave; Phitsanuloke en fin de journ&eacute;e.</p>\r\n\r\n<p>En option en suppl&eacute;ment (sur place) : Promenade nocturne en cyclo-pousse et d&eacute;gustation facultative d&rsquo;insectes grill&eacute;s : la grande sp&eacute;cialit&eacute; r&eacute;gionale.</p>\r\n\r\n<p>D&icirc;ner. Nuit &agrave; l&rsquo;h&ocirc;tel.</p>', 5, 1, 0, NULL, NULL, NULL, NULL),
(330, 51, 'Jour 6: Phitsanuioke – Sukhothai – Lampang – Chiang Mai (340 Km – 4h50)', '<p>Route vers le parc historique de Sukhothai, inscrit au patrimoine mondial de l&rsquo;Unesco.</p>\r\n\r\n<p>Visite en v&eacute;lo de ses principaux vestiges du XIII&egrave;me si&egrave;cle : le Wat Mahathat et le Wat Sra Sri.</p>\r\n\r\n<p>D&eacute;jeuner &agrave; Lampang et d&eacute;gustation de la sp&eacute;cialit&eacute; : le Tom Kha Kai, soupe de poulet au lait de coco, aromatis&eacute;e de citronnelle.</p>\r\n\r\n<p>D&eacute;couverte en cal&egrave;che de Lampang, o&ugrave; l&rsquo;influence birmane se retrouve dans l&rsquo;architecture de plusieurs temples.</p>\r\n\r\n<p>Visite du Wat Phra That Lampang Luang et promenade au march&eacute; local. Visite d&rsquo;une maison traditionnelle en tek qui ne comporte pas moins de 116 piliers. Route vers Chiang Mai.</p>\r\n\r\n<p>Diner. Nuit &agrave; l&rsquo;h&ocirc;tel.</p>', 6, 1, 0, NULL, NULL, NULL, NULL),
(331, 51, 'Jour 7: Chiang Mai (50 km – 1h)', '<p>Observation au lever du soleil de la c&eacute;r&eacute;monie des offrandes : une longue procession de moines parcourt la ville, pr&eacute;c&eacute;d&eacute;e du plus &acirc;g&eacute; d&rsquo;entre eux.</p>\r\n\r\n<p>Visite du Doi Suthep, culminant &agrave; 1601m, l&rsquo;un des plus grands sanctuaires bouddhistes du pays.</p>\r\n\r\n<p>D&eacute;jeuner et d&eacute;gustation de la boisson nationale : Le Samg Som.</p>\r\n\r\n<p>Visite du village de Sankhamphaeng pour appr&eacute;cier la diversit&eacute; de l&rsquo;artisanat du Nord et faire vos achats de laque, soie, bijoux et ombrelles.</p>\r\n\r\n<p>D&icirc;ner de sp&eacute;cialit&eacute;s Kantoke et spectacle de danses traditionnelles du Nord. En option en suppl&eacute;ment (sur place) : S&eacute;ance collective d&rsquo;une heure de massage traditionnel tha&iuml;.</p>\r\n\r\n<p>D&eacute;couvrez par vous m&ecirc;me le march&eacute; de nuit de Chiang Mai.</p>\r\n\r\n<p>Nuit &agrave; l&rsquo;h&ocirc;tel.</p>', 7, 1, 0, NULL, NULL, NULL, NULL),
(332, 51, 'Jour 8: Chiang Mai – Camp des éléphants – Ferme D’orchidees – Chiang Mai (50 km – 1h)', '<p>Visite d&rsquo;un camp de dressage et d&rsquo;entra&icirc;nement des &eacute;l&eacute;phants au travail.</p>\r\n\r\n<p>En option en suppl&eacute;ment (sur place) : balade &agrave; dos d&rsquo;&eacute;l&eacute;phant dans la for&ecirc;t verdoyante o&ugrave; les pachydermes font preuve de pr&eacute;cision et d&rsquo;habilet&eacute; dans leurs d&eacute;placements.</p>\r\n\r\n<p>Promenade au march&eacute; color&eacute; et anim&eacute; de Mae Malai.</p>\r\n\r\n<p>D&eacute;jeuner et d&eacute;gustation d&rsquo;une sp&eacute;cialit&eacute; de Chiang Mai : le Kao Soi, des nouilles aux &oelig;ufs servies dans du curry rouge au lait de coco et accompagn&eacute;es de condiments.</p>\r\n\r\n<p>Visite d&rsquo;une ferme d&rsquo;orchid&eacute;es dont pas moins de 1300 vari&eacute;t&eacute;s sont recens&eacute;es dans le pays.</p>\r\n\r\n<p>Diner. Nuit &agrave; l&rsquo;h&ocirc;tel.</p>', 8, 1, 0, NULL, NULL, NULL, NULL),
(333, 51, 'Jour 9 : Chiang Mai', '<p>Petit d&eacute;jeuner. Journ&eacute;e et repas libres. Transfert &agrave; l&rsquo;a&eacute;roport ou &agrave; la gare de Chiang Mai par vos soins pour le vol retour.</p>', 9, 1, 0, NULL, NULL, NULL, NULL),
(334, 51, '10e Jour', '<p>&nbsp;Arriv&eacute;e &agrave; Tunis</p>', 10, 1, 0, NULL, NULL, NULL, NULL),
(335, 52, '1er jour : Départ de Tunis', '<p>D&eacute;part de Tunis</p>', 1, 1, 0, NULL, NULL, NULL, NULL),
(336, 52, '2e jour : Arrivée à Bangkok (45 km – 45 min) (-/-/din', '<p>Transfert de l&rsquo;a&eacute;roport a votre h&ocirc;tel (chambres disponibles &agrave; partit de 14h) par vos soins.</p>\r\n\r\n<p>Ses palais, ses monuments, sa vie nocturne, sa fr&eacute;n&eacute;sie d&rsquo;activit&eacute;s, ses boutiques et ses march&eacute;s font de Bangkok une des villes les plus authentiques d&rsquo;Asie.&nbsp;</p>\r\n\r\n<p>D&eacute;jeuner libre. Journ&eacute;e libre.</p>\r\n\r\n<p>Diner et nuit &agrave; l&rsquo;h&ocirc;tel.</p>', 2, 1, 0, NULL, NULL, NULL, NULL),
(337, 52, '3 e jour : Bangkok – Damnoen Saduak – Kanchanaburi (200 km – 3h) (p.dej/dej/din)', '<p>D&eacute;part matinal pour le march&eacute; flottant de Damnoen Saduak.</p>\r\n\r\n<p>Ce march&eacute; flottant situe a une centaine de kilom&egrave;tres de Bangkok est rest&eacute; tr&egrave;s authentique. D&eacute;sormais c&rsquo;est le plus c&eacute;l&egrave;bre et le plus color&eacute; de Tha&iuml;lande. L&rsquo;atmosph&egrave;re du march&eacute;, chaleureuse et vivante est celle d&rsquo;une v&eacute;ritable fourmili&egrave;re.<span style="line-height:1.6em">Acc&egrave;s au march&eacute; flottant en pirogue &agrave; travers les canaux pour contempler les maisons sur pilotis. </span></p>\r\n\r\n<p><span style="line-height:1.6em">D&eacute;barquement. D&eacute;couverte des marchands dont les embarcations sont charg&eacute;es de fruits et de l&eacute;gumes.</span></p>\r\n\r\n<p><span style="line-height:1.6em">Continuation vers Kanchanaburi &laquo; la ville d&rsquo;or &raquo;. Arr&ecirc;t au Cimeti&egrave;re des Alli&eacute;s pour comprendre l&rsquo;histoire de la r&eacute;gion. </span></p>\r\n\r\n<p><span style="line-height:1.6em">D&eacute;jeuner dans un restaurant au bord de l&rsquo;eau &agrave; deux pas du pont de la rivi&egrave;re Kwai. Visite du Mus&eacute;e de la Guerre JEATH. </span></p>\r\n\r\n<p><span style="line-height:1.6em">Cette enclave sur un quartier en bord de rivi&egrave;re a &eacute;t&eacute; en majeure partie construite sous la forme d&rsquo;un camp de prisonniers de guerres alli&eacute;s. </span></p>\r\n\r\n<p><span style="line-height:1.6em">D&icirc;ner. Nuit &agrave; l&rsquo;h&ocirc;tel.</span></p>\r\n\r\n<p>&nbsp;</p>', 3, 1, 0, NULL, NULL, NULL, NULL),
(338, 52, '4e jour : Kanchanaburi – Ayutthaya (200 km – 3h) (p.dej/dej/din)', '<p>D&eacute;part pour la province de Suphanburi.</p>\r\n\r\n<p>Visite du parc agricole de Suphan, ou vous d&eacute;couvrirez les coutumes et traditions tha&iuml;landaises.</p>\r\n\r\n<p>Durant cette visite vous pourrez assister &agrave; des spectacles destin&eacute;s &agrave; faire connaitre quelques facettes des modes d&rsquo;expressions tha&iuml;landais. Tout est mis en sc&egrave;ne avec beaucoup de gout dans un cadre enchanteur.</p>\r\n\r\n<p>Vous d&eacute;couvrirez &eacute;galement l&rsquo;&eacute;laboration de plats typiques de la cuisine tha&iuml;landaise que vous pourrez d&eacute;guster.</p>\r\n\r\n<p>Vous assisterez ensuite a un spectacle de buffles, qui sont &agrave; la fois des animaux sacr&eacute;s et employ&eacute;s pour les travaux dans les champs.</p>\r\n\r\n<p>Route vers Ayutthaya, ancienne capitale du Siam et remarquable site arch&eacute;ologique class&eacute; au patrimoine mondial de l&rsquo;Unesco.</p>\r\n\r\n<p>Diner. Nuit &agrave; l&rsquo;h&ocirc;tel.</p>', 4, 1, 0, NULL, NULL, NULL, NULL),
(339, 52, '5e jour : Ayuthaya – Phitsanuloke (300 km – 3h30) (p.dej/dej/din)', '<p>Aujourd&rsquo;hui vous prendrez la route en direction du Nord de la Tha&iuml;lande et traverserez ainsi la Plaine Centrale, surnomm&eacute;e le &laquo; Grenier a Riz &raquo; du pays.</p>\r\n\r\n<p>Ici, la Maenam Chao Praya se prend &agrave; paresser parmi les rizi&egrave;res qu&rsquo;elle abreuve jusqu&rsquo;&agrave; son embouchure au sud de Bangkok.</p>\r\n\r\n<p>La Plaine Centrale c&rsquo;est le ventre et le c&oelig;ur de la Tha&iuml;lande, et le lieu ou elle s&rsquo;est successivement constitu&eacute;e et dissoute &agrave; travers les si&egrave;cles, au fil des victoires et des d&eacute;faites.</p>\r\n\r\n<p>La vie est la bruyante, p&eacute;taradante et moderne, indiff&eacute;rente aux ruines silencieuses qui t&eacute;moignent pourtant de la gloire du pass&eacute;&hellip;</p>\r\n\r\n<p>Visite du Wat Phra Mahathat. Ce monument est particuli&egrave;rement connu pour la t&ecirc;te de Bouddha, il est plus probable qu&rsquo;il ait &eacute;t&eacute; construit par le Roi Boromaraja quelques ann&eacute;es plus tard.</p>\r\n\r\n<p>Le Wat Phra Mahathat est un des temples les plus anciens d&rsquo;Ayutthaya et poss&egrave;de le prang (terme qui d&eacute;signe dans l&rsquo;architecture religieuse de Tha&iuml;lande un type particulier de tour sanctuaire) le plus ancien de la ville. Reprise de la route et arriv&eacute;e &agrave; Lopburi.</p>\r\n\r\n<p>Ce site habit&eacute; depuis la pr&eacute;histoire a longtemps subi l&rsquo;influence Khmer de l&rsquo;empire d&rsquo;Angkor.</p>\r\n\r\n<p>D&eacute;jeuner. Visite de San Phra Kan, cet ancien temple brahmane situ&eacute; pr&egrave;s de Phra Prang Sam Yot, comprend deux parties, la plus ancienne datant de la p&eacute;riode khm&egrave;re, la plus r&eacute;cente datant de 1951.</p>\r\n\r\n<p>Cette derni&egrave;re abrite une divinit&eacute; a quatre bras surmont&eacute;e d&rsquo;une t&ecirc;te du Bouddha et qui est la figure d&rsquo;un navire de guerre.</p>\r\n\r\n<p>Ce lieu de p&egrave;lerinage est r&eacute;put&eacute; pour la troupe de singes espi&egrave;gles et amusants qui l&rsquo;habite.</p>\r\n\r\n<p>Continuation vers Phitsanuloke. La ville est tourn&eacute;e vers la Nam Nan, rivi&egrave;re sinueuse et nonchalante ou sont amarr&eacute;es de nombreuses maisons flottantes.</p>\r\n\r\n<p>Diner. Nuit &agrave; l&rsquo;h&ocirc;tel.</p>', 5, 1, 0, NULL, NULL, NULL, NULL),
(340, 52, '6e jour : Phitsanuloke – Sukhothai – Chiang Rai (530 km – 6h15) (p.dej/dej/din)', '<p>D&eacute;part pour le parc historique de Sukhothai. &laquo; L&rsquo;aube de la joie &raquo; est devenue le premier royaume tha&iuml; r&eacute;ellement ind&eacute;pendant en 1238.</p>\r\n\r\n<p>Des &eacute;l&eacute;ments historiques ont prouv&eacute; que la culture tha&iuml;e, et en particulier l&rsquo;alphabet et le langage tha&iuml;s, &eacute;taient n&eacute;s &agrave; Sukhothai, qui constitue grandement le Parc Historique de Sukhothai, d&eacute;sign&eacute; par l&rsquo;UNESCO comme un Site du Patrimoine Mondial.</p>\r\n\r\n<p>Arr&ecirc;t &agrave; Lampang et D&eacute;jeuner.</p>\r\n\r\n<p>Continuation vers Chiang Rai dont la proximit&eacute; avec le Triangle d&rsquo;Or en fait un excellent point de d&eacute;part pour effectuer des excursions vers les villages de montagne ou vivent les minorit&eacute;s ethniques du pays.</p>\r\n\r\n<p>Arr&ecirc;t en cours de route pour visiter une plantation d&rsquo;ananas et decouvrir un magnifique point de vue sur le lac Prayao bord&eacute; de cha&icirc;nes de montagnes.</p>\r\n\r\n<p>Arriv&eacute;e &agrave; Chiang Rai en fin de journee.</p>\r\n\r\n<p>Diner et nuit &agrave; l&rsquo;h&ocirc;tel.</p>', 6, 1, 0, NULL, NULL, NULL, NULL),
(341, 52, '7e jour : Chiang Rai – Triangle d’or – Chiang Mai (400 km – 6h) (p.dej/dej/din)', '<p>Immersion dans le fameux TRIANGLE D&rsquo;OR au parfum interdit.</p>\r\n\r\n<p>C&rsquo;est dans cette r&eacute;gion aux confins de la Tha&iuml;lande, du Laos et de la Birmanie que venus, de Chine, les M&rsquo;Hongs, les Yaos, les Akhas se sont arr&ecirc;t&eacute;s au si&egrave;cle dernier, Longtemps ils ont cultiv&eacute; le pavot et produit l&rsquo;opium aujourd&rsquo;hui interdits par la loi.</p>\r\n\r\n<p>D&eacute;jeuner dans un restaurant &agrave; bord du fleuve M&eacute;kong. Sur le chemin du retour &agrave; Chiang Rai, promenade en pirogue a moteur le long de la rivi&egrave;re Kok.</p>\r\n\r\n<p>Puis route vers Chiang Mai. Fond&eacute; au XVIII&egrave;me si&egrave;cle, Chiang Mai, seconde ville du pays, d&eacute;borde largement des remparts et des douves qui l&rsquo;ont longtemps enserr&eacute;e.</p>\r\n\r\n<p>Bien que les embouteillages aux heures de pointe fassent partie de la vie quotidienne, ici aussi, le contraste avec Bangkok est patent. Chiang Mai est en effet une ville aux dimensions plus humaines.</p>\r\n\r\n<p>Il y a plus de 200 pagodes et les plus anciennes sont pleines de charme, avec leurs toits bas, typiques de l&rsquo;architecture du Nord, leurs portes sculpt&eacute;es et dor&eacute;es et leurs jardins.</p>\r\n\r\n<p>Diner. Nuit &agrave; l&rsquo;h&ocirc;tel.</p>', 7, 1, 0, NULL, NULL, NULL, NULL),
(342, 52, '8e jour : Chiang Mai (p.dej/dej/din)', '<p>Visite de Chiang Mai, capitale du Nord de la Tha&iuml;lande, situ&eacute;e au bord de la rivi&egrave;re Ping dans une valle entour&eacute;e de collines bois&eacute;es.</p>\r\n\r\n<p>Chiang Mai compte pr&egrave;s d&rsquo;une centaine de temples dont l&rsquo;architecture a subi les influences Manes et Birmanes.</p>\r\n\r\n<p>Malgr&eacute; l&rsquo;apparition de b&acirc;timents modernes, on y retrouve l&rsquo;atmosph&egrave;re du passe dans les multiples &laquo; Soi &raquo; fleuris, ces rues qui d&eacute;bouchent sur de villes demeures en bois et dans ces temples qui distillent la paix du bouddha derri&egrave;re le mur d&rsquo;enceinte. &nbsp;</p>\r\n\r\n<p>D&eacute;part en bus pour la visite du &laquo; Doi Suthep &raquo;, le plus c&eacute;l&egrave;bre temple de Chiang Mai, coiffant une colline de 1676 m&egrave;tre d&rsquo;altitude.</p>\r\n\r\n<p>On y acc&egrave;de apr&egrave;s avoir gravi un escalier de 290 marches.</p>\r\n\r\n<p>D&rsquo;apr&egrave;s la l&eacute;gende le choix de cet emplacement aurait &eacute;t&eacute; confie a un &eacute;l&eacute;phant blanc, porteur des reliques que devait abriter le futur sanctuaire.</p>\r\n\r\n<p>&nbsp;</p>\r\n\r\n<p>Le pachyderme gravit la montagne et s&rsquo;arr&ecirc;ta sur la plate-forme ou se dresse maintenant un vaste ensemble de b&acirc;timents aux toits a trois niveaux, en tuiles vertes et orange. Au centre s&rsquo;&eacute;l&egrave;ve un magnifique &laquo; Chedi &raquo; haut de 24 m&egrave;tres dont la spirale blanche est presque recouverte de plaques d&rsquo;or grav&eacute;.</p>\r\n\r\n<p>Du parvis vous pourrez admirer le panorama sur toute la vall&eacute;e de Chiang Mai.</p>\r\n\r\n<p>D&eacute;jeuner. Cette apr&egrave;s-midi nous vous emmenons &agrave; la d&eacute;couverte des quartiers et villages d&rsquo;artisans de la ville. Ici comme dans les villes europ&eacute;ennes du Moyen Age, les artisans se regroupent par rues, par quartiers, et m&ecirc;me par villages en fonction de leur sp&eacute;cialit&eacute; : sculpteurs de bois, argentiers, fabricants d&rsquo;ombrelles traditionnelles.</p>\r\n\r\n<p>Ce soir, diner Kantoke : assis autour des tables basses vous d&eacute;gusterez des plats typiques du nord du pays et assisterez &agrave; des danses et chants montagnards.</p>\r\n\r\n<p>D&icirc;ner. Nuit &agrave; l&rsquo;h&ocirc;tel.</p>', 8, 1, 0, NULL, NULL, NULL, NULL),
(343, 52, '9e jour : Chiang Mai – Bangkok (train de nuit) (700 km) (p.dej/dej/din)', '<p>D&eacute;part pour la visite d&rsquo;une ferme d&rsquo;entrainement au travail pour &eacute;l&eacute;phants situ&eacute;e en pleine foret : Vous pourrez assister au bain matinal des &eacute;l&eacute;phants dans la rivi&egrave;re puis spectacle du travail de ces &eacute;normes mastodontes qui acheminent des troncs d&rsquo;arbres g&eacute;ants.</p>\r\n\r\n<p>Visite d&rsquo;une serre d&rsquo;orchid&eacute;es.</p>\r\n\r\n<p>Vous d&eacute;couvrirez des milliers de vari&eacute;t&eacute;s de ces magnifiques fleurs si fragiles. Ici elles poussent sans probl&egrave;me.</p>\r\n\r\n<p>D&eacute;jeuner lors de la visite de la serre d&rsquo;orchid&eacute;es.</p>\r\n\r\n<p>En fin d&rsquo;apr&egrave;s-midi transfert a la gare de Lampang pour prendre le train de nuit a destination de Bangkok. Diner &laquo; panier-repas &raquo; et nuit dans le train-couchettes.</p>', 9, 1, 0, NULL, NULL, NULL, NULL),
(344, 52, '10e jour: Bangkok  (p.dej/-/-)', '<p>Arriv&eacute;e &agrave; la gare de Bangkok.</p>\r\n\r\n<p>Transfert a l&rsquo;h&ocirc;tel ou vous prendrez votre petit-d&eacute;jeuner&nbsp;sous r&eacute;serve que le train n&rsquo;ait pas de retard auquel cas le petit-d&eacute;jeuner vous sera servi &agrave; bord du train.</p>\r\n\r\n<p>D&eacute;part pour la visite de l&rsquo;extraordinaire &laquo; Cit&eacute; Royale &raquo; avec ses palais et ses principaux temples &laquo; : Le Wat Phra Keo ou &laquo; Chapelle Royale &raquo; offre sans nul doute un des plus &eacute;tonnants spectacles du monde, c&rsquo;est un ensemble &eacute;blouissant de spires dor&eacute;es, de pavillons aux toits de tuiles multicolores, et de statues &agrave; la fois effrayantes et pleines de charme.</p>\r\n\r\n<p>Le Wat Phra Keo fut &eacute;lev&eacute; en 1782 par le premier roi de l&rsquo;actuelle dynastie &laquo; Rama 1er &raquo; pour y abriter le fameux Phra Keo (Bouddha d&rsquo;Emeraude). &laquo; Le temple du Bouddha d&rsquo;Emeraude &raquo; renferme la &laquo; statue de Bouddha la plus sacr&eacute;e de tout le pays &raquo;.</p>\r\n\r\n<p>Personne ne conna&icirc;t l&rsquo;origine de cette statue de 70 centim&egrave;tres de haut, apparue au XV si&egrave;cle dans le nord du pays &agrave; Chiang Ra&iuml; et qui fut ramen&eacute; au XVIII si&egrave;cle &agrave; Bangkok.</p>\r\n\r\n<p>Trois fois par an le roi vient changer les v&ecirc;tements de la statue qui repose dans une cage en verre au sommet d&rsquo;un autel de 11 m&egrave;tres de haut sous un parasol &agrave; neuf &eacute;tages. Le Panth&eacute;on Royal construit au XIX si&egrave;cle renfermant les huit statues des premiers rois de la &laquo; dynastie Chakri &raquo;.</p>\r\n\r\n<p>Il n&rsquo;est ouvert au public qu&rsquo;une fois par an, le 6 avril, jour de f&ecirc;te de la dynastie.</p>\r\n\r\n<p>D&eacute;jeuner libre. Apr&egrave;s-midi libre.</p>\r\n\r\n<p>D&icirc;ner libre. Nuit &agrave; l&rsquo;h&ocirc;tel.</p>', 10, 1, 0, NULL, NULL, NULL, NULL),
(345, 52, '11e jour: Bangkok (p.dej/-/-)', '<p>Transfert &agrave; l&rsquo;a&eacute;roport de Bangkok par vos soins pour votre vol international.</p>', 11, 1, 0, NULL, NULL, NULL, NULL),
(346, 52, '12e Jour : Arrivée à Tunis', '<p>Arriv&eacute;e &agrave; Tunis</p>', 12, 1, 0, NULL, NULL, NULL, NULL),
(347, 53, '1er Jour : Départ de Tunis', '<p>&nbsp;D&eacute;part de Tunis</p>', 1, 1, 0, NULL, NULL, NULL, NULL),
(348, 53, '2e Jour : Arrivée à Bangkok (45 Km – 45 min)', '<p>Transfert &agrave; l&rsquo;h&ocirc;tel par vos soins. Journ&eacute;e libre. Installation &agrave; l&rsquo;h&ocirc;tel (chambres disponibles &agrave; partir de14h).</p>\r\n\r\n<p>Diner et nuit &agrave; l&rsquo;h&ocirc;tel.</p>', 2, 1, 0, NULL, NULL, NULL, NULL),
(349, 53, '3 e Jour : bangkok – Damnoem Saduak – kanchanaburi (200 Km – 3h00)', '<p>D&eacute;part pour Damnoen Saduak.</p>\r\n\r\n<p>Sur le trajet, arr&ecirc;t dans une fabrique ou l&rsquo;on extrait le sucre de noix de coco. Acc&egrave;s au march&eacute; flottant en pirogue &agrave; travers les canaux pour contempler les maisons sur pilotis.</p>\r\n\r\n<p>D&eacute;barquement. D&eacute;couverte des marchands dont les embarcations sont charg&eacute;es de fruits et de l&eacute;gumes.</p>\r\n\r\n<p>Continuation vers Kanchanaburi. Arr&ecirc;t au &nbsp;Cimeti&egrave;re des Alli&eacute;s pour comprendre l&rsquo;histoire de la r&eacute;gion.</p>\r\n\r\n<p>D&eacute;gustation de Kaeng Kai Baan, un curry de poulet fermier, une sp&eacute;cialit&eacute; de Kanchanaburi.</p>\r\n\r\n<p>D&eacute;jeuner. Trajet &agrave; bord du petit train tortillard au travers de paysages bucoliques.</p>\r\n\r\n<p>D&icirc;ner. Nuit &agrave; l&rsquo;h&ocirc;tel.</p>', 3, 1, 0, NULL, NULL, NULL, NULL),
(350, 53, '4e Jour : KanChanaburi – Ayutthaya – Lopburi – Phitsanuloke ( 395 km – 5h30)', '<p>D&eacute;part pour Ayutthaya, ancienne capitale du Siam et remarquable site arch&eacute;ologique class&eacute; au patrimoine mondial de l&rsquo;Unesco.</p>\r\n\r\n<p>Visite du Wat Phra Mongkhon Bophit abritant le plus grand bouddha de bronze du pays, du Wat Phra Si Sanphet, temple royal construit au XV&egrave;me si&egrave;cle et du Wat Lokaya Sutharam avec son bouddha couch&eacute; de 42 m&egrave;tres.</p>\r\n\r\n<p>Continuation vers Lopburi pour le d&eacute;jeuner. L&rsquo;apr&egrave;s-midi, visite du Temple des Singes sacr&eacute;s.</p>\r\n\r\n<p>Arriv&eacute;e &agrave; Phitsanuloke en fin de journ&eacute;e.</p>\r\n\r\n<p>En option en suppl&eacute;ment (sur place) : Promenade nocturne en cyclo-pousse et d&eacute;gustation facultative d&rsquo;insectes grill&eacute;s : la grande sp&eacute;cialit&eacute; r&eacute;gionale.</p>\r\n\r\n<p>D&icirc;ner. Nuit &agrave; l&rsquo;h&ocirc;tel.</p>', 4, 1, 0, NULL, NULL, NULL, NULL),
(351, 53, '5e Jour : Phitsanuloke – Sukhothai – Lampang – Chiang Rai (520 Km – 6h)', '<p>Route vers le parc historique de Sukhothai, inscrit au patrimoine mondial de l&rsquo;Unesco.</p>\r\n\r\n<p>Visite de ses principaux vestiges du XIII&egrave;me si&egrave;cle : le Wat Mahathat et le Wat Sra Sri.</p>\r\n\r\n<p>D&eacute;gustation &agrave; Lampang de la sp&eacute;cialit&eacute; : le Tom Kha Kai, soupe de poulet au lait de coco, aromatis&eacute;e de citronnelle.</p>\r\n\r\n<p>D&eacute;jeuner.<span style="line-height:1.6em">Route pour Chiang Rai. &nbsp;</span></p>\r\n\r\n<p>Arr&ecirc;t en cours de route dans un march&eacute; local pour d&eacute;couvrir les fruits de saison.</p>\r\n\r\n<p>Continuation pour le lac Prayao bord&eacute; de cha&icirc;nes de montagnes. Diner et d&eacute;gustation des fruits du march&eacute;. Nuit &agrave; l&rsquo;h&ocirc;tel.</p>', 5, 1, 0, NULL, NULL, NULL, NULL),
(352, 53, '6e Jour : Chiang Rai – Triangle d’Or – Chiang  Mai (240 Km – 2h30).', '<p>Observation au lever du soleil de la c&eacute;r&eacute;monie des offrandes : une longue procession de moines parcourt la ville, pr&eacute;c&eacute;d&eacute;e du plus &acirc;g&eacute; d&rsquo;entre eux.</p>\r\n\r\n<p>Continuation vers le Triangle d&rsquo;or aux confins du M&eacute;kong et promenade en bateau sur le fleuve, fronti&egrave;re naturelle entre le Laos, la Birmanie et la Tha&iuml;lande.</p>\r\n\r\n<p>D&eacute;gustation de la boisson nationale : Le Samg Som. D&eacute;jeuner. Route vers Chiang Mai.</p>\r\n\r\n<p>Visite du village de Sankhamphaeng pour appr&eacute;cier la diversit&eacute; de l&rsquo;artisanat du Nord et faire vos achats de laque, soie, bijoux et ombrelles.</p>\r\n\r\n<p>D&icirc;ner de sp&eacute;cialit&eacute;s Kantoke et spectacle de danses traditionnelles du Nord. En option en suppl&eacute;ment (sur place) : S&eacute;ance collective d&rsquo;une heure de massage traditionnel tha&iuml;.</p>\r\n\r\n<p>D&eacute;couvrez par vous m&ecirc;me le march&eacute; de nuit de Chiang Mai.</p>\r\n\r\n<p>Nuit &agrave; l&rsquo;h&ocirc;tel.</p>', 6, 1, 0, NULL, NULL, NULL, NULL),
(353, 53, '7e Jour : Chiang Mai – Camp des éléphants – ferme d’Orchidées – Bangkok (Train)', '<p>Visite du Doi Suthep, culminant &agrave; 1601m, l&rsquo;un des plus grands sanctuaires bouddhistes du pays.</p>\r\n\r\n<p>Visite d&rsquo;un camp de dressage et d&rsquo;entra&icirc;nement des &eacute;l&eacute;phants au travail.</p>\r\n\r\n<p>En option en suppl&eacute;ment (sur place) : balade &agrave; dos d&rsquo;&eacute;l&eacute;phant dans la for&ecirc;t verdoyante o&ugrave; les pachydermes font preuve de pr&eacute;cision et d&rsquo;habilet&eacute; dans leurs d&eacute;placements.</p>\r\n\r\n<p>Promenade au march&eacute; color&eacute; et anim&eacute; de Mae Malai. D&eacute;gustation d&rsquo;une sp&eacute;cialit&eacute; de Chiang Mai : le Kao Soi, des nouilles aux &oelig;ufs servies dans du curry rouge au lait de coco et accompagn&eacute;es de condiments.</p>\r\n\r\n<p>D&eacute;jeuner. Visite d&rsquo;une ferme d&rsquo;orchid&eacute;es dont pas moins de 1300 vari&eacute;t&eacute;s sont recens&eacute;es dans le pays.</p>\r\n\r\n<p>En fin de journ&eacute;e, transfert &agrave; la gare et voyage en train de nuit couchettes 2&egrave;me classe.</p>\r\n\r\n<p>D&icirc;ner : Panier repas dans le train.</p>', 7, 1, 0, NULL, NULL, NULL, NULL),
(354, 53, '8e Jour : Bangkok', '<p>Petit d&eacute;jeuner &agrave; l&rsquo;h&ocirc;tel ou dans le train.</p>\r\n\r\n<p>D&eacute;couverte de la vie quotidienne &agrave; Bangkok par le m&eacute;tro a&eacute;rien suivi d&rsquo;une balade en bateau-taxi sur la rivi&egrave;re Chao Praya vers le d&eacute;barcad&egrave;re de Tha Tien.</p>\r\n\r\n<p>Visite du &nbsp;Palais Royal et du Wat Phra Keo qui abrite le Bouddha d&rsquo;Emeraude, la repr&eacute;sentation du Bouddha la plus v&eacute;n&eacute;r&eacute;e en Tha&iuml;lande.</p>\r\n\r\n<p>Continuation pour la visite du Wat Po et de son gigantesque Bouddha couch&eacute; et dor&eacute; d&rsquo;une longueur de 46m.</p>\r\n\r\n<p>D&eacute;gustation de Kai Kratiem, poulet frit &agrave; l&rsquo;ail avec une sauce soja. D&eacute;jeuner en bord de rivi&egrave;re. L&rsquo;apr&egrave;s-midi, d&eacute;couverte du quartier chinois de Yaowarat et du tr&egrave;s anim&eacute; march&eacute; aux fleurs.</p>\r\n\r\n<p>D&icirc;ner. Nuit &agrave; l&rsquo;h&ocirc;tel.</p>', 8, 1, 0, NULL, NULL, NULL, NULL),
(355, 53, '9e Jour : Départ de Bangkok (45 Km – 45 min)', '<p>Petit d&eacute;jeuner. Journ&eacute;e et repas libres.</p>\r\n\r\n<p>Transfert &agrave; l&rsquo;a&eacute;roport de Bangkok par vos soins pour le vol retour.</p>', 9, 1, 0, NULL, NULL, NULL, NULL),
(356, 53, '10e Jour : Arrivée à Tunis', '<p>Arriv&eacute;e &agrave; Tunis</p>', 10, 1, 0, NULL, NULL, NULL, NULL),
(357, 54, '1er Jour : Départ de Tunis', '<p>D&eacute;part de Tunis</p>', 1, 1, 0, NULL, NULL, NULL, NULL),
(358, 54, '2e Jour : Arrivée à Bangkok', '<p>&nbsp;Transfert &agrave; l&rsquo;h&ocirc;tel. Journ&eacute;e libre.</p>\r\n\r\n<p>Installation &agrave; l&rsquo;h&ocirc;tel (chambres disponibles &agrave; partir de14h).</p>\r\n\r\n<p>&nbsp;Diner. Nuit &agrave; l&rsquo;h&ocirc;tel.</p>', 2, 1, 0, NULL, NULL, NULL, NULL),
(359, 54, '3e Jour : Bangkok', '<p>&nbsp;D&eacute;couverte de la vie quotidienne &agrave; Bangkok par le m&eacute;tro a&eacute;rien suivie d&rsquo;une balade en bateau-taxi sur la rivi&egrave;re Chao Praya vers le d&eacute;barcad&egrave;re de Tha Tien.</p>\r\n\r\n<p>Visite du &nbsp;Palais Royal et du Wat Phra Keo qui abrite le Bouddha d&rsquo;Emeraude, la repr&eacute;sentation du Bouddha le plus v&eacute;n&eacute;r&eacute; en Tha&iuml;lande.</p>\r\n\r\n<p>Continuation pour la visite du Wat Po et de son gigantesque Bouddha couch&eacute; et dor&eacute; d&rsquo;une longueur de 46m.</p>\r\n\r\n<p>D&eacute;gustation de Kai Kratiem, poulet frit &agrave; l&rsquo;ail avec une sauce soja. D&eacute;jeuner au bord de la rivi&egrave;re.</p>\r\n\r\n<p>L&rsquo;apr&egrave;s-midi, d&eacute;couverte du quartier chinois de Yaowarat et du tr&egrave;s anim&eacute; march&eacute; aux fleurs.</p>\r\n\r\n<p>D&icirc;ner. Nuit &agrave; l&rsquo;h&ocirc;tel.</p>', 3, 1, 0, NULL, NULL, NULL, NULL),
(360, 54, '4e Jour : Bangkok – Damnoen Saduak – Kanchanaburi (190km – 3H)', '<p>D&eacute;part pour Damnoen Saduak.</p>\r\n\r\n<p>Sur le trajet, arr&ecirc;t dans une fabrique ou l&rsquo;on extrait le sucre de noix de coco.</p>\r\n\r\n<p>Acc&egrave;s au march&eacute; flottant en pirogue &agrave; travers les canaux pour contempler les maisons sur pilotis.</p>\r\n\r\n<p>D&eacute;barquement. D&eacute;couverte des marchands dont les embarcations sont charg&eacute;es de fruits et de l&eacute;gumes.</p>\r\n\r\n<p>Continuation vers Kanchanaburi. Arr&ecirc;t au Cimeti&egrave;re des Alli&eacute;s pour comprendre l&rsquo;histoire de la r&eacute;gion.</p>\r\n\r\n<p>D&eacute;gustation de Kaeng Kai Baan, un curry de poulet fermier, une sp&eacute;cialit&eacute; de Kanchanaburi. D&eacute;jeuner. Trajet &agrave; bord du petit train tortillard au travers de paysages bucoliques.</p>\r\n\r\n<p>D&icirc;ner. Nuit &agrave; l&rsquo;h&ocirc;tel.</p>', 4, 1, 0, NULL, NULL, NULL, NULL),
(361, 54, '5e Jour : Kanchanaburi – Ayutthaya – Lopburi – Phitsanuloke (495km – 6h30)', '<p>D&eacute;part pour Ayutthaya, ancienne capitale du Siam et remarquable site arch&eacute;ologique class&eacute; au patrimoine mondial de l&rsquo;Unesco.</p>\r\n\r\n<p>Visite du Wat Phra Mongkhon Bophit abritant le plus grand bouddha de bronze du pays, du Wat Phra Si Sanphet, temple royal construit au XV&egrave;me si&egrave;cle et du Wat Lokaya Sutharam avec son bouddha couch&eacute; de 42 m&egrave;tres.</p>\r\n\r\n<p>Continuation vers Lopburi.</p>\r\n\r\n<p>D&eacute;gustation de Pad Thai, des nouilles saut&eacute;es accompagn&eacute;es de soja, de crevettes s&eacute;ch&eacute;es et de sauce de poisson. &nbsp;D&eacute;jeuner.</p>\r\n\r\n<p>L&rsquo;apr&egrave;s-midi, visite du Temple des Singes sacr&eacute;s. Arriv&eacute;e &agrave; Phitsanuloke en fin de journ&eacute;e. En option avec suppl&eacute;ment (sur place) : Promenade nocturne en cyclo-pousse et d&eacute;gustation facultative d&rsquo;insectes grill&eacute;s : la grande sp&eacute;cialit&eacute; r&eacute;gionale.</p>\r\n\r\n<p>D&icirc;ner. Nuit &agrave; l&rsquo;h&ocirc;tel.</p>', 5, 1, 0, NULL, NULL, NULL, NULL),
(362, 54, '6e Jour : Phitsanuloke – Sukhothai – Lampang – Chiang Mai (375km – 5h)', '<p>Route vers le parc historique de Sukhothai, inscrit au patrimoine mondial de l&rsquo;Unesco.</p>\r\n\r\n<p>Visite de ses principaux vestiges du XIII&egrave;me si&egrave;cle : le Wat Mahathat et le Wat Sra Sri.</p>\r\n\r\n<p>Profitez de cette visite soit &agrave; v&eacute;lo, soit &agrave; pied, accompagn&eacute;s du guide.</p>\r\n\r\n<p>D&eacute;gustation duTom Kha Kai, soupe de poulet au lait de coco, aromatis&eacute;e de citronnelle. D&eacute;jeuner. Route pour Chiang Mai.</p>\r\n\r\n<p>D&icirc;ner. Nuit &agrave; l&rsquo;h&ocirc;tel.</p>', 6, 1, 0, NULL, NULL, NULL, NULL),
(363, 54, '7e Jour : Chiang Mai', '<p>Observation au lever du soleil de la c&eacute;r&eacute;monie des offrandes : une longue procession de moines parcourt la ville, pr&eacute;c&eacute;d&eacute;e du plus &acirc;g&eacute; d&rsquo;entre eux.</p>\r\n\r\n<p>Visite du Doi Suthep, culminant &agrave; 1601m, l&rsquo;un des plus grands sanctuaires bouddhistes du pays.</p>\r\n\r\n<p>D&eacute;gustation de la boisson nationale : Le Samg Som.</p>\r\n\r\n<p>D&eacute;jeuner.</p>\r\n\r\n<p>Visite du village de Sankhamphaeng pour appr&eacute;cier la diversit&eacute; de l&rsquo;artisanat du Nord et faire vos achats de laque, soie, bijoux et ombrelles.</p>\r\n\r\n<p>D&icirc;ner de sp&eacute;cialit&eacute;s Kantoke et spectacle de danses traditionnelles du Nord.</p>\r\n\r\n<p>En option avec suppl&eacute;ment (sur place) : S&eacute;ance collective d&rsquo;une heure de massage traditionnel tha&iuml;landais.</p>\r\n\r\n<p>D&eacute;couvrez par vous-m&ecirc;me le march&eacute; de nuit de Chiang Mai.</p>\r\n\r\n<p>Nuit &agrave; l&rsquo;h&ocirc;tel.</p>', 7, 1, 0, NULL, NULL, NULL, NULL),
(364, 54, '8e Jour : Chiang Mai – Camp Des Éléphants – Ferme D’orchidées – Bangkok (Train)', '<p>Visite d&rsquo;un camp de dressage et d&rsquo;entra&icirc;nement des &eacute;l&eacute;phants au travail.</p>\r\n\r\n<p>En option avec suppl&eacute;ment (sur place) : balade &agrave; dos d&rsquo;&eacute;l&eacute;phant dans la for&ecirc;t verdoyante o&ugrave; les pachydermes font preuve de pr&eacute;cision et d&rsquo;habilet&eacute; dans leurs d&eacute;placements.</p>\r\n\r\n<p>Promenade sur le march&eacute; color&eacute; et anim&eacute; de Mae Malai.</p>\r\n\r\n<p>D&eacute;gustation d&rsquo;une sp&eacute;cialit&eacute; de Chiang Mai : le Kao Soi, des nouilles aux &oelig;ufs servies dans du curry rouge au lait de coco et accompagn&eacute;es de condiments.</p>\r\n\r\n<p>D&eacute;jeuner.&nbsp;<span style="line-height:1.6em">Visite d&rsquo;une ferme d&rsquo;orchid&eacute;es dont pas moins de 1300 vari&eacute;t&eacute;s sont recens&eacute;es dans le pays.&nbsp;</span></p>\r\n\r\n<p>En fin de journ&eacute;e, transfert &agrave; la gare et voyage en train de nuit couchettes 2&egrave;me classe.</p>\r\n\r\n<p>D&icirc;ner : Panier repas dans le train.</p>', 8, 1, 0, NULL, NULL, NULL, NULL),
(365, 54, '9e Jour : Bangkok – Départ', '<p>Petit d&eacute;jeuner et passage &agrave; l&rsquo;h&ocirc;tel.</p>\r\n\r\n<p>Chambres &agrave; disposition pour se rafraichir (1 chambre pour 6 personnes).</p>\r\n\r\n<p>Journ&eacute;e et repas libres.</p>\r\n\r\n<p>Transfert &agrave; l&rsquo;a&eacute;roport de Bangkok pour le vol retour.</p>', 9, 1, 0, NULL, NULL, NULL, NULL),
(366, 54, '10e Jour : Arrivée', '<p>10e Jour : Arriv&eacute;e &agrave; Tunis</p>', 10, 1, 0, NULL, NULL, NULL, NULL),
(367, 55, '1er Jour : Départ à Tunis', '<p>D&eacute;part &agrave; Tunis</p>', 1, 1, 0, NULL, NULL, NULL, NULL),
(368, 55, '2e Jour : Arrivée A Bangkok', '<p><span style="line-height:1.6em">Transfert &agrave; l&rsquo;h&ocirc;tel.</span></p>\r\n\r\n<p><span style="line-height:1.6em">Journ&eacute;e libre. Installation &agrave; l&rsquo;h&ocirc;tel (chambres disponibles &agrave; partir de14h). </span></p>\r\n\r\n<p><span style="line-height:1.6em">Diner. Nuit &agrave; l&rsquo;h&ocirc;tel.</span></p>', 2, 1, 0, NULL, NULL, NULL, NULL),
(369, 55, '3e Jour : Bangkok', '<p>D&eacute;couverte de la vie quotidienne &agrave; Bangkok par le m&eacute;tro a&eacute;rien suivie d&rsquo;une balade en bateau-taxi sur la rivi&egrave;re Chao Praya vers le d&eacute;barcad&egrave;re de Tha Tien.</p>\r\n\r\n<p>Visite du &nbsp;Palais Royal et du Wat Phra Keo qui abrite le Bouddha d&rsquo;Emeraude, la repr&eacute;sentation du Bouddha le plus v&eacute;n&eacute;r&eacute; en Tha&iuml;lande.</p>\r\n\r\n<p>Continuation pour la visite du Wat Po et de son gigantesque Bouddha couch&eacute; et dor&eacute; d&rsquo;une longueur de 46m.</p>\r\n\r\n<p>D&eacute;gustation de Kai Kratiem, poulet frit &agrave; l&rsquo;ail avec une sauce soja. D&eacute;jeuner au bord de la rivi&egrave;re.</p>\r\n\r\n<p>L&rsquo;apr&egrave;s-midi, d&eacute;couverte du quartier chinois de Yaowarat et du tr&egrave;s anim&eacute; march&eacute; aux fleurs.</p>\r\n\r\n<p>D&icirc;ner. Nuit &agrave; l&rsquo;h&ocirc;tel.</p>', 3, 1, 0, NULL, NULL, NULL, NULL),
(370, 55, '4e Jour : Bangkok – Damnoen Saduak – Kanchanaburi (190km – 3h)', '<p>D&eacute;part pour Damnoen Saduak. Sur le trajet, arr&ecirc;t dans une fabrique ou l&rsquo;on extrait le sucre de noix de coco.</p>\r\n\r\n<p>Acc&egrave;s au march&eacute; flottant en pirogue &agrave; travers les canaux pour contempler les maisons sur pilotis.</p>\r\n\r\n<p>D&eacute;barquement. D&eacute;couverte des marchands dont les embarcations sont charg&eacute;es de fruits et de l&eacute;gumes.</p>\r\n\r\n<p>Continuation vers Kanchanaburi. Arr&ecirc;t au &nbsp;Cimeti&egrave;re des Alli&eacute;s pour comprendre l&rsquo;histoire de la r&eacute;gion. D&eacute;gustation de Kaeng Kai Baan, un curry de poulet fermier, une sp&eacute;cialit&eacute; de Kanchanaburi.</p>\r\n\r\n<p>D&eacute;jeuner. Trajet &agrave; bord du petit train tortillard au travers de paysages bucoliques.</p>\r\n\r\n<p>D&icirc;ner. Nuit &agrave; l&rsquo;h&ocirc;tel.</p>', 4, 1, 0, NULL, NULL, NULL, NULL),
(371, 55, '5e Jour : Kanchanaburi – Ayutthaya – Lopburi – Phitsanuloke (495km – 6h30)', '<p>D&eacute;part pour Ayutthaya, ancienne capitale du Siam et remarquable site arch&eacute;ologique class&eacute; au patrimoine mondial de l&rsquo;Unesco.</p>\r\n\r\n<p>Visite du Wat Phra Mongkhon Bophit abritant le plus grand bouddha de bronze du pays, du Wat Phra Si Sanphet, temple royal construit au XV&egrave;me si&egrave;cle et du Wat Lokaya Sutharam avec son bouddha couch&eacute; de 42 m&egrave;tres.</p>\r\n\r\n<p>Continuation vers Lopburi.</p>\r\n\r\n<p>D&eacute;gustation de Pad Thai, des nouilles saut&eacute;es accompagn&eacute;es de soja, de crevettes s&eacute;ch&eacute;es et de sauce de poisson. &nbsp;</p>\r\n\r\n<p>D&eacute;jeuner. L&rsquo;apr&egrave;s-midi, visite du Temple des Singes sacr&eacute;s.</p>\r\n\r\n<p>Arriv&eacute;e &agrave; Phitsanuloke en fin de journ&eacute;e.</p>\r\n\r\n<p>En option avec suppl&eacute;ment (sur place) : Promenade nocturne en cyclo-pousse et d&eacute;gustation facultative d&rsquo;insectes grill&eacute;s.</p>', 5, 1, 0, NULL, NULL, NULL, NULL),
(372, 55, '6e Jour : Phitsanuloke – Sukhothai – Lampang – Chiang Mai (375km – 5h)', '<p>Route vers le parc historique de Sukhothai, inscrit au patrimoine mondial de l&rsquo;Unesco.</p>\r\n\r\n<p>Visite de ses principaux vestiges du XIII&egrave;me si&egrave;cle : le Wat Mahathat et le Wat Sra Sri. Profitez de cette visite soit &agrave; v&eacute;lo, soit &agrave; pied, accompagn&eacute;s du guide.</p>\r\n\r\n<p>D&eacute;gustation &agrave; Lampang de la sp&eacute;cialit&eacute; : le Tom Kha Kai, soupe de poulet au lait de coco, aromatis&eacute;e de citronnelle.</p>\r\n\r\n<p>D&eacute;jeuner. Route pour Chiang Mai.</p>\r\n\r\n<p>D&icirc;ner. Nuit &agrave; l&rsquo;h&ocirc;tel.</p>', 6, 1, 0, NULL, NULL, NULL, NULL),
(373, 55, '7e Jour : Chiang Mai', '<p>Observation au lever du soleil de la c&eacute;r&eacute;monie des offrandes : une longue procession de moines parcourt la ville, pr&eacute;c&eacute;d&eacute;e du plus &acirc;g&eacute; d&rsquo;entre eux.</p>\r\n\r\n<p>Visite du Doi Suthep, culminant &agrave; 1601m, l&rsquo;un des plus grands sanctuaires bouddhistes du pays.</p>\r\n\r\n<p>D&eacute;gustation de la boisson nationale : Le Samg Som.</p>\r\n\r\n<p>D&eacute;jeuner. Visite du village de Sankhamphaeng pour appr&eacute;cier la diversit&eacute; de l&rsquo;artisanat du Nord et faire vos achats de laque, soie, bijoux et ombrelles.</p>\r\n\r\n<p>D&icirc;ner de sp&eacute;cialit&eacute;s Kantoke et spectacle de danses traditionnelles du Nord.</p>\r\n\r\n<p>En option avec suppl&eacute;ment (sur place) : S&eacute;ance collective d&rsquo;une heure de massage traditionnel tha&iuml;.</p>\r\n\r\n<p>D&eacute;couvrez par vous-m&ecirc;me le march&eacute; de nuit de Chiang Mai.</p>\r\n\r\n<p>Nuit &agrave; l&rsquo;h&ocirc;tel.</p>', 7, 1, 0, NULL, NULL, NULL, NULL);
INSERT INTO `ost_vo_descriptions` (`id`, `voyage_id`, `libelle`, `texte`, `ordre`, `visible`, `lateral`, `titre`, `updated_at`, `photoVisible`, `path`) VALUES
(374, 55, '8e Jour : Chiang Mai – Camp Des Eléphants – Ferme D’orchidees – Bangkok (Train)', '<p>Visite d&rsquo;un camp de dressage et d&rsquo;entra&icirc;nement des &eacute;l&eacute;phants au travail.</p>\r\n\r\n<p>En option avec suppl&eacute;ment (sur place) : balade &agrave; dos d&rsquo;&eacute;l&eacute;phant dans la for&ecirc;t verdoyante o&ugrave; les pachydermes font preuve de pr&eacute;cision et d&rsquo;habilet&eacute; dans leurs d&eacute;placements.</p>\r\n\r\n<p>Promenade sur le march&eacute; color&eacute; et anim&eacute; de Mae Malai.</p>\r\n\r\n<p>D&eacute;gustation d&rsquo;une sp&eacute;cialit&eacute; de Chiang Mai : le Kao Soi, des nouilles aux &oelig;ufs servies dans du curry rouge au lait de coco et accompagn&eacute;es de condiments.</p>\r\n\r\n<p>D&eacute;jeuner. Visite d&rsquo;une ferme d&rsquo;orchid&eacute;es dont pas moins de 1300 vari&eacute;t&eacute;s sont recens&eacute;es dans le pays.</p>\r\n\r\n<p>En fin de journ&eacute;e, transfert &agrave; la gare et voyage en train de nuit couchettes 2&egrave;me classe.</p>\r\n\r\n<p>D&icirc;ner : Panier repas dans le train.</p>', 8, 1, 0, NULL, NULL, NULL, NULL),
(375, 55, '9e Jour : Bangkok – Jomtien / Pattaya (150km – 2h)', '<p>Petit d&eacute;jeuner et route vers Jomtien / Pattaya.</p>\r\n\r\n<p>Journ&eacute;e et repas libres.</p>\r\n\r\n<p>Nuit &agrave; l&rsquo;h&ocirc;tel.</p>', 9, 1, 0, NULL, NULL, NULL, NULL),
(376, 55, '10e Jour : Jomtien / Pattaya', '<p>Journ&eacute;e et repas libres.</p>\r\n\r\n<p>Nuit &agrave; l&rsquo;h&ocirc;tel.</p>', 10, 1, 0, NULL, NULL, NULL, NULL),
(377, 55, '11e Jour : Jomtien / Pattaya', '<p>Journ&eacute;e et repas libres. Nuit &agrave; l&rsquo;h&ocirc;tel.</p>', 11, 1, 0, NULL, NULL, NULL, NULL),
(378, 55, '12e Jour : Jomtien  / Pattaya', '<p>Journ&eacute;e et repas libres.</p>\r\n\r\n<p>Nuit &agrave; l&rsquo;h&ocirc;tel.</p>', 12, 1, 0, NULL, NULL, NULL, NULL),
(379, 55, '13e Jour : Jomtien / Pattaya – Bangkok – Départ  (150km – 2h)', '<p>Journ&eacute;e et repas libres.</p>\r\n\r\n<p>Transfert &agrave; l&rsquo;a&eacute;roport de Bangkok pour le vol retour.</p>', 13, 1, 0, NULL, NULL, NULL, NULL),
(380, 55, '14e Jour : Arrivée à Tunis', '<p>Arriv&eacute;e &agrave; Tunis</p>', 14, 1, 0, NULL, NULL, NULL, NULL),
(381, 56, 'JOUR 1 : FRANCE – DENVER', '<p>Bienvenue dans la capitale du Colorado, la bien surnomm&eacute;e &laquo; Mile High City &raquo; juch&eacute;e mine de rien &agrave; d&eacute;j&agrave; 1600 m&egrave;tres d&#39;altitude.</p>\r\n\r\n<p>N&eacute;e &agrave; la confluence des Rocheuses et des Hautes Plaines, de la Ru&eacute;e vers l&rsquo;Or du Colorado de 1858, c&rsquo;est une authentique ville de la conqu&ecirc;te de l&rsquo;Ouest.</p>\r\n\r\n<p>Son centre-ville plant&eacute; de gratte-ciel &eacute;lanc&eacute;s se visite en grande partie &agrave; pied en arpentant la promenade semi-pi&eacute;tonne du 16th Street Mall reliant le Capitole au d&ocirc;me dor&eacute; &agrave; l&rsquo;or fin aux vieux quartiers en brique sauvegard&eacute;s de LoDo (Lower Downtown) qui autour de Larimer Square.</p>\r\n\r\n<p>Diner libre et nuit</p>', 1, 1, 0, NULL, NULL, NULL, NULL),
(382, 56, 'JOUR 2 : DENVER – CHEYENNE (200 km)', '<p>Petit-d&eacute;jeuner &agrave; l&rsquo;h&ocirc;tel. Lors du tour de ville, on remarquera le flambant neuf History Colorado Center et le spectaculaire Denver Art Museum aux divers styles contemporains qui se fondent harmonieusement dans un urbanisme plus classique.</p>\r\n\r\n<p>Continuation vers les fantastiques collections du Colorado Railroad Museum de Golden racontent la pr&eacute;pond&eacute;rance du train dans la conqu&ecirc;te de l&rsquo;espace am&eacute;ricain.</p>\r\n\r\n<p>D&eacute;jeuner. Il est temps de partir escalader les premiers contreforts des Rocheuses.</p>\r\n\r\n<p>Arr&ecirc;t sur la tombe de William Cody, qui conna&icirc;t l&rsquo;&eacute;ternit&eacute; sous le nom de Buffalo Bill. Estes Park est la porte d&rsquo;entr&eacute;e orientale du Rocky Mountain National Park. Au charmant mus&eacute;e local sont racont&eacute;es ses origines de station fr&eacute;quent&eacute;e en leur temps par Buffalo Bill, Th&eacute;odore Roosevelt ou l&rsquo;empereur du Japon&hellip;</p>\r\n\r\n<p>On y trouve une antique et rarissime automobile Stanley dont l&rsquo;inventeur donna aussi son nom &agrave; l&rsquo;h&ocirc;tel construit en 1909 et qui inspira &laquo; Shining &raquo; &agrave; Stephen King.</p>\r\n\r\n<p>Pour vous changer les id&eacute;es, allez-vous d&eacute;gourdir les jambes et respirer un grand bol d&rsquo;air pur dans Rocky Mountain National Park o&ugrave; vous attendent 359 miles de sentiers de randonn&eacute;e et 60 sommets s&rsquo;&eacute;tageant de 3700 &agrave; 4400 m&egrave;tres. Lacs, cascades et neiges &eacute;ternelles &agrave; volont&eacute;, marmottes, mouflons et cervid&eacute;s &agrave; gogo! La spectaculaire Trail Ridge Road, serpente sur une soixantaine de kilom&egrave;tres, tutoyant les montagnes en culminant &agrave; plus de 3700 m&egrave;tres dans un d&eacute;cor de toundra.</p>\r\n\r\n<p>Traversant le parc de part en part, elle passe le Continental Divide, la ligne de partage des eaux. Redescendu au pied de la Front Range, on rallie Cheyenne</p>\r\n\r\n<p>La capitale du Wyoming, ancienne ville des barons du b&eacute;tail au pass&eacute; houleux, s&rsquo;anime au moment des Frontier Days fin juillet. Perdue dans l&rsquo;oc&eacute;an des hautes plaines, la ville fleure bon la province autour de son Capitole, du superbe D&eacute;p&ocirc;t de l&rsquo;Union Pacific, en face duquel on essaye des fringues western &agrave; volont&eacute; au Wrangler.</p>\r\n\r\n<p>Les prestigieuses demeures victoriennes de Cattle Row rappellent son pass&eacute; de reine du b&eacute;tail.</p>\r\n\r\n<p>Diner et nuit &agrave; l&rsquo;hotel.</p>', 2, 1, 0, NULL, NULL, NULL, NULL),
(383, 56, 'JOUR 3 : CHEYENNE – RAPID CITY (490 km)', '<p>Petit-d&eacute;jeuner &agrave; l&rsquo;h&ocirc;tel.</p>\r\n\r\n<p>D&eacute;part en direction de Rapid City. A Guernsey, les chariots de la Piste de l&rsquo;Oregon ont laiss&eacute; leur empreinte dans le roc, et les &eacute;migrants leurs graffitis grav&eacute;s sur les Register Cliffs.</p>\r\n\r\n<p>Fort Laramie, un peu &agrave; l&rsquo;est, eut un r&ocirc;le fondamental dans l&rsquo;histoire de l&rsquo;Ouest et ses restes sont tr&egrave;s &eacute;vocateurs.</p>\r\n\r\n<p>D&eacute;jeuner. Suivant la Platte en aval, au Nebraska, Scottsbluff National Monument et Chimney Rock, sont deux des rep&egrave;res embl&eacute;matiques de la Piste qui servaient autrefois d&rsquo;amers aux caravaniers.</p>\r\n\r\n<p>Prenez le frais au Wind Cave National Park avant d&rsquo;aller dormir au c&oelig;ur des Black Hills, territoire sacr&eacute; des Sioux, dans le Dakota du Sud.</p>\r\n\r\n<p>Diner et nuit &agrave; l&rsquo;h&ocirc;tel.</p>', 3, 1, 0, NULL, NULL, NULL, NULL),
(384, 56, 'JOUR 4 : CUSTER STATE PARK – BADLANDS NAT. PARK – DEADWOOD (200 km)', '<p>Petit-d&eacute;jeuner &agrave; l&rsquo;h&ocirc;tel.</p>\r\n\r\n<p>M&ecirc;me si la Needles Highway qui tournicote dans les for&ecirc;ts surmont&eacute;es d&rsquo;aiguilles de pierres n&rsquo;est pas accessible aux autocars, il y a d&rsquo;autres routes spectaculaires dans les Black Hills. Au Custer State Park, rencontre avec les bisons vedettes de &laquo; Danse avec les Loups &raquo;.</p>\r\n\r\n<p>Autre embl&egrave;me r&eacute;gional, le Mount Rushmore National Memorial et ses quatre pr&eacute;sidents connus universellement gr&acirc;ce &agrave; Sir Alfred Hitchcock qui l&rsquo;utilisa magistralement, recr&eacute;&eacute; en studio, dans &laquo; La Mort aux Trousses &raquo;.</p>\r\n\r\n<p>Dans les parages, en contrepoint, le Crazy Horse Memorial est sculpt&eacute; &agrave; la dynamite depuis 1948. D&eacute;jeuner.</p>\r\n\r\n<p>On part plein est en direction de Badlands National Park.</p>\r\n\r\n<p>Ici, la Prairie a taraud&eacute;e par l&rsquo;&eacute;rosion pour laisser appara&icirc;tre des formations ruiniformes, des remparts &eacute;croul&eacute;s ou des crevasses d&rsquo;o&ugrave; l&rsquo;on a exhum&eacute; quantit&eacute;s de fossiles pr&eacute;historiques. Autrefois hant&eacute;s par les Sioux, ils ont eu &agrave; leur tour les faveurs des cin&eacute;astes&hellip;</p>\r\n\r\n<p>Malgr&eacute; les casinos, l&rsquo;ambiance &quot;Wild West&quot; est &agrave; son comble dans le centre class&eacute; de Deadwood qui a donn&eacute; son nom &agrave; l&rsquo;une des meilleures s&eacute;ries t&eacute;l&eacute; de l&rsquo;histoire. C&rsquo;est ici que Wild Bill Hickock termina sa carri&egrave;re, abattu en pleine partie de cartes au saloon No 10.</p>\r\n\r\n<p>Il repose &agrave; c&ocirc;t&eacute; de Calamity Jane au cimeti&egrave;re de Mount Moriah. Aux environs Ta Tanka - Story of the Bison est un centre d&rsquo;interpr&eacute;tation financ&eacute; par Kevin Costner rendant hommage aux indiens.</p>\r\n\r\n<p>Diner et nuit &agrave; l&rsquo;h&ocirc;tel.</p>', 4, 1, 0, NULL, NULL, NULL, NULL),
(385, 56, 'JOUR 5: DEADWOOD – SHERIDAN – CODY (575 km)', '<p>Petit-d&eacute;jeuner &agrave; l&rsquo;h&ocirc;tel.</p>\r\n\r\n<p>Faites le tour &agrave; pied de la tour de basalte couronnant la plaine de Devil&#39;s Tower, l&#39;un des lieux magiques de l&#39;Ouest utilis&eacute; par Steven Spielberg dans &laquo; Rencontres du Troisi&egrave;me Type &raquo;. &nbsp;</p>\r\n\r\n<p>Continuez sur Buffalo au centre de la guerre entre fermiers et &eacute;leveurs du Comt&eacute; de Johnson racont&eacute;e dans &laquo; La Porte du Paradis &raquo; et dont l&rsquo;H&ocirc;tel Occidental re&ccedil;ut les plus fameuses figures de l&rsquo;ouest sauvage.</p>\r\n\r\n<p>Vous suivez d&eacute;sormais la piste Bozeman qui vit tant de sanglants affrontements comme &agrave; Fort Phil Kearny en 1866 incendi&eacute; par les guerriers de Red Cloud. Revivez l&rsquo;&eacute;poque des cowboys au ranch-mus&eacute;e Bradford Brinton Memorial &amp; Museum.</p>\r\n\r\n<p>D&eacute;jeuner &agrave; Sheridan. Fond&eacute;e en 1882, Sheridan porte le nom du fameux g&eacute;n&eacute;ral.</p>\r\n\r\n<p>Elle a bien conserv&eacute; son Main Street Historic District, tout en brique. Voir aussi le joli Trail End Museum dans un manoir de style flamand et le King&#39;s Saddlery &amp; Western Museum.</p>\r\n\r\n<p>Vous traverserez le Parc de Bighorn National Forest. Poursuite vers Cody qui doit son nom &agrave; Buffalo Bill, l&rsquo;un des h&eacute;ros les plus controvers&eacute;s de l&rsquo;ouest. Passant devant le tr&egrave;s couleur locale h&ocirc;tel Irma, du nom de sa fille, ne manquez sous aucun pr&eacute;texte le Buffalo Bill Historical Center et ses somptueux mus&eacute;es ni Old Trail Town, collection de b&acirc;timents historiques align&eacute;s sur une rue digne d&rsquo;une ville fant&ocirc;me, avant d&rsquo;assister au rod&eacute;o quotidien.</p>\r\n\r\n<p>Diner et nuit &agrave; l&rsquo;h&ocirc;tel.</p>', 5, 1, 0, NULL, NULL, NULL, NULL),
(386, 56, 'JOUR 6 : CODY – YELLOWSTONE NAT. PARK (150 km)', '<p>Petit-d&eacute;jeuner &agrave; l&rsquo;h&ocirc;tel. Le plus ancien parc national am&eacute;ricain (1872) est l&rsquo;un des plus fantastiques! Montagnes, for&ecirc;ts, rivi&egrave;res, cascades et bien s&ucirc;r le lac, les chutes et le canyon de la Yellowstone, les terrasses fumantes de Mammoth Hot Springs, les &laquo; champs &raquo; de geysers et la faune en libert&eacute;, notamment les bisons, et les vieux lodges historiques du d&eacute;but du tourisme composent un d&eacute;cor splendide, sans &eacute;quivalent dans le monde.</p>\r\n\r\n<p>D&eacute;jeuner et diner inclus.</p>\r\n\r\n<p>Nuit &agrave; l&rsquo;h&ocirc;tel.</p>', 6, 1, 0, NULL, NULL, NULL, NULL),
(387, 56, 'JOUR 7 : YELLOWSTONE NAT. PARK', '<p>Petit-d&eacute;jeuner &agrave; l&rsquo;h&ocirc;tel.</p>\r\n\r\n<p>Continuez votre visite de Yellowstone Nat. Parc &agrave; votre rythme.</p>\r\n\r\n<p>D&eacute;jeuner et diner inclus.</p>\r\n\r\n<p>Nuit &agrave; l&rsquo;h&ocirc;tel.</p>', 7, 0, 0, NULL, NULL, NULL, NULL),
(388, 56, 'JOUR 8: YELLOWSTONE NAT. PARK – GRAND TETON NAT. PARK – JACKSON (120 km)', '<p>Petit-d&eacute;jeuner grand Teton National Park doit son nom aux trappeurs fran&ccedil;ais inspir&eacute;s par les formes g&eacute;n&eacute;reuses de ses pics fi&egrave;rement dress&eacute;s et encore couverts de n&eacute;v&eacute;s, miroitant dans les lacs Jackson et Jenny ou les m&eacute;andres de la bien nomm&eacute;e Snake River.</p>\r\n\r\n<p>D&eacute;jeuner. Continuation vers Jackson, une petite station tr&egrave;s anim&eacute;e dans la vall&eacute;e, le &laquo; Hole &raquo; qui autrefois accueillait les grands &laquo; rendez-vous &raquo; entre les compagnies de fourrures et les indiens.</p>\r\n\r\n<p>Diner et logement &agrave; l&rsquo;h&ocirc;tel.</p>', 8, 1, 0, NULL, NULL, NULL, NULL),
(389, 56, 'JOUR 9 : JACKSON – SALT LAKE CITY (450 km)', '<p>Petit-d&eacute;jeuner &agrave; l&rsquo;h&ocirc;tel. D&eacute;part en direction de Salt Lake City.</p>\r\n\r\n<p>D&eacute;jeuner. En route, d&eacute;couvrez le Golden Spike National Historic Site, lieu de la jonction du chemin de fer transcontinental en 1869 entre l&rsquo;Union Pacific venue des Plaines et la Central Pacific qui avait r&eacute;ussi la travers&eacute;e de la Sierra Nevada.</p>\r\n\r\n<p>Apr&egrave;s Ogden, la ville des fr&egrave;res Browning, bienvenue dans la belle capitale de l&rsquo;Utah. Salt Lake City est aussi la capitale de l&rsquo;Eglise de J&eacute;sus Christ des Saints des Derniers Jours plus connus sous le nom de Mormons, fiers de leur temple immacul&eacute; et du tabernacle.</p>\r\n\r\n<p>Tour de ville.</p>\r\n\r\n<p>Diner et nuit &agrave; l&rsquo;h&ocirc;tel.</p>', 9, 1, 0, NULL, NULL, NULL, NULL),
(390, 56, 'JOUR 10 : SALT LAKE CITY – MOAB (375 km)', '<p>Petit-d&eacute;jeuner.</p>\r\n\r\n<p>D&eacute;part vers le Capitol Reef National Parc, c&eacute;l&egrave;bre pour ses formations g&eacute;ologiques compos&eacute;es de roches color&eacute;es &acirc;g&eacute;es d&rsquo;une dizaine de millions d&rsquo;ann&eacute;es.</p>\r\n\r\n<p>Il abrite de nombreuses esp&egrave;ces animales et v&eacute;g&eacute;tales pouvant r&eacute;sister &agrave; un climat semi-aride.</p>\r\n\r\n<p>D&eacute;jeuner. Poursuite de votre visite et route vers Moab.</p>\r\n\r\n<p>Diner et logement &agrave; l&rsquo;h&ocirc;tel.</p>', 10, 1, 0, NULL, NULL, NULL, NULL),
(391, 56, 'JOUR 11 : MOAB', '<p>Petit-d&eacute;jeuner.</p>\r\n\r\n<p>D&eacute;part pour le site de Dead Horse Point dans Canyonlands, l&rsquo;un des plus beaux et certainement le moins connu des parcs.</p>\r\n\r\n<p>Sa caract&eacute;ristique la plus remarquable r&eacute;side dans la diversit&eacute; de ses couleurs et de ses formes.</p>\r\n\r\n<p>Les pics &eacute;lev&eacute;s, les m&eacute;sas chauves, les aiguilles, les arches, l&rsquo;enchev&ecirc;trement des canyons, les rapides grondants, les petites &icirc;les et les bancs de sable, constituent autant de spectacles surprenants.</p>\r\n\r\n<p>D&eacute;jeuner et diner inclus.</p>\r\n\r\n<p>Nuit &agrave; l&rsquo;h&ocirc;tel.&nbsp;</p>', 11, 1, 0, NULL, NULL, NULL, NULL),
(392, 56, 'JOUR 12 : MOAB – GRAND JUNCTION (182 km)', '<p>Petit-d&eacute;jeuner &agrave; l&rsquo;h&ocirc;tel.</p>\r\n\r\n<p>D&eacute;part pour la visite d&rsquo;Arches National Park regroupant plus de 2000 formations rocheuses dont les couleurs rouge, ocre et blanche changent suivant la luminosit&eacute;.</p>\r\n\r\n<p>D&eacute;jeuner. Continuation de votre visite et route pour Grand Junction.</p>\r\n\r\n<p>Diner. Nuit &agrave; Moab.&nbsp;</p>', 12, 1, 0, NULL, NULL, NULL, NULL),
(393, 56, 'JOUR 13 : GRAND JUNCTION – DENVER (390 km)', '<p>Petit-d&eacute;jeuner &agrave; l&rsquo;h&ocirc;tel.</p>\r\n\r\n<p>Puis travers&eacute;e des villes de Copper Mountain, Vail une station de ski r&eacute;put&eacute;e dans le monde et des superbes paysages des rocheuses ou fut tourn&eacute; le film de Thelma et Louise.</p>\r\n\r\n<p>Poursuite vers Denver.</p>\r\n\r\n<p>D&eacute;jeuner. Temps libre pour une d&eacute;couverte personnelle de Denver.</p>\r\n\r\n<p>Diner et nuit &agrave; l&rsquo;h&ocirc;tel.</p>', 13, 1, 0, NULL, NULL, NULL, NULL),
(394, 56, 'JOUR 14 : DENVER – FRANCE', '<p>Matin&eacute;e et d&eacute;jeuner libres.</p>\r\n\r\n<p>Transfert &agrave; l&rsquo;a&eacute;roport selon l&rsquo;horaire du vol retour et assistance aux formalit&eacute;s d&rsquo;enregistrement</p>\r\n\r\n<p>Envol &agrave; destination de la France</p>', 14, 1, 0, NULL, NULL, NULL, NULL),
(395, 56, 'JOUR 15 : ARRIVÉE EN FRANCE', '<p>Arriv&eacute;e en France</p>', 15, 1, 0, NULL, NULL, NULL, NULL),
(396, 56, 'CE PRIX COMPREND :', '<p>-&nbsp;&nbsp; &nbsp;Les services d&rsquo;un autocar privatis&eacute; grand tourisme pour toute la dur&eacute;e du s&eacute;jour (hors temps libre).<br />\r\n-&nbsp;&nbsp; &nbsp;Les services d&rsquo;un guide accompagnateur francophones pour toute la dur&eacute;e du s&eacute;jour.<br />\r\n-&nbsp;&nbsp; &nbsp;L&rsquo;h&eacute;bergement 13 dans des h&ocirc;tels de premi&egrave;re cat&eacute;gorie, en chambre standard et base occupation double. &nbsp;<br />\r\n-&nbsp;&nbsp; &nbsp;La pension suivant le programme (13 petits d&eacute;jeuners, 12 d&eacute;jeuners et 12 diners)<br />\r\n-&nbsp;&nbsp; &nbsp;Les visites des villes et excursions mentionn&eacute;es au programme.</p>', 16, 1, 1, NULL, NULL, NULL, NULL),
(397, 56, 'CE PRIX NE COMPREND PAS :', '<p>-&nbsp;&nbsp; &nbsp;Les vols internationaux et taxes d&rsquo;a&eacute;roport (&agrave; partir de 940 &euro;, nous consulter).&nbsp;<br />\r\n-&nbsp;&nbsp; &nbsp;Le suppl&eacute;ment chambre individuelle.<br />\r\n-&nbsp;&nbsp; &nbsp;Les repas non mentionn&eacute;s au programme.&nbsp;<br />\r\n-&nbsp;&nbsp; &nbsp;Les boissons lors des repas.&nbsp;<br />\r\n-&nbsp;&nbsp; &nbsp;Les d&eacute;penses personnelles et les options indiqu&eacute;es.<br />\r\n-&nbsp;&nbsp; &nbsp;Toute prestation non mentionn&eacute;e au programme.<br />\r\n-&nbsp;&nbsp; &nbsp;Les pourboires aux guides et chauffeurs (minimum de $5 par &nbsp;jour/personne).</p>', 17, 1, 1, NULL, NULL, NULL, NULL),
(398, 57, 'JOUR 01 - PARIS - LAS VEGAS', '<p>Accueil &agrave; l&rsquo;a&eacute;roport par votre guide francophone. Transfert &agrave; l&rsquo;h&ocirc;tel.<br />\r\nDiner libre.</p>', 1, 1, 0, NULL, NULL, NULL, NULL),
(399, 57, 'JOUR 02 – LAS VEGAS – VALLEY OF FIRE – BRYCE CANYON – (415 Km)', '<p>Petit d&eacute;jeuner &agrave; l&rsquo;h&ocirc;tel.</p>\r\n\r\n<p>D&eacute;part pour la visite de Valley of Fire (la Vall&eacute;e du Feu) avec ses paysages d&eacute;sertiques et ses roches aux tons flamboyants auxquelles l&rsquo;&eacute;rosion a donn&eacute; des formes extraordinaires.</p>\r\n\r\n<p>Poursuite vers St George, l&rsquo;une des villes fond&eacute;es par les Mormons.&nbsp;</p>\r\n\r\n<p>D&eacute;jeuner.&nbsp;L&rsquo;apr&egrave;s-midi, visite de Bryce Canyon, l&rsquo;un des plus beaux parcs naturels de l&rsquo;Utah. Ce site a &eacute;t&eacute; d&eacute;couvert par les Mormons &agrave; la fin du 19e si&egrave;cle.</p>\r\n\r\n<p>Diner Western en musique.&nbsp;</p>', 2, 1, 0, NULL, NULL, NULL, NULL),
(400, 57, 'JOUR 03 – BRYCE – DEAD HORSE POINT – ARCHES NATIONAL PARK – MOAB  (440 Km)', '<p>Petit d&eacute;jeuner &agrave; l&rsquo;h&ocirc;tel.</p>\r\n\r\n<p>Route vers l&rsquo;Est en direction de Moab. Belle travers&eacute;e de la Dixie National Forest. D&eacute;part pour le site de Dead Horse Point avec une superbe vue sur Canyonlands, l&rsquo;un des parcs les plus sauvages des Etats Unis.</p>\r\n\r\n<p>D&eacute;jeuner.</p>\r\n\r\n<p>L&rsquo;apr&egrave;s-midi visite de Arches National Park compose de plus de 150 arches de gr&egrave;s rouge. Ce parc renferme aussi des formations rocheuses aux formes &eacute;tonnantes comme &laquo; Balance Rock &raquo; ou &laquo; The Three Gossips &raquo;.</p>\r\n\r\n<p>Diner.</p>', 3, 1, 0, NULL, NULL, NULL, NULL),
(401, 57, 'JOUR 04 – MOAB – MESA VERDE NATIONAL PARK – MEXICAN HAT (270 Km)', '<p>Petit d&eacute;jeuner &agrave; l&rsquo;h&ocirc;tel.</p>\r\n\r\n<p>D&eacute;part pour Mesa Verde. AS ET LES&nbsp;</p>\r\n\r\n<p><span style="line-height:1.6em">D&eacute;jeuner.</span></p>\r\n\r\n<p>Visite de Mesa Verde National Park, cr&eacute;&eacute; pour conserver les ruines de centaines d&rsquo;habitations construites par les Indiens dans les premiers si&egrave;cles de l&rsquo;&egrave;re chr&eacute;tiennes. Vous verrez les ruines les plus spectaculaires autour de Chapin Mesa : Spruce Tree House, ensemble d&rsquo;habitations abrit&eacute;es dans une grotte naturelle.</p>\r\n\r\n<p>Tour de 3 heures avec un Ranger &agrave; Mesa Verde &ndash; visite dans le cadre de ce tour de Cliff Palace, la plus grande et la plus c&eacute;l&egrave;bre demeure du parc (acc&egrave;s non autoris&eacute; sans ranger).</p>\r\n\r\n<p>Diner.</p>', 4, 1, 0, NULL, NULL, NULL, NULL),
(402, 57, 'JOUR 05 – MEXICAN HAT – MONUMENT VALLEY – FLAGSTAFF (634 Km)', '<p>Petit d&eacute;jeuner &agrave; l&rsquo;h&ocirc;tel</p>\r\n\r\n<p>D&eacute;part pour Monument Valley. Vous vous trouverez dans un d&eacute;cor de collines rouge-sang. Visite de ce site impressionnant, lieu de tournage de nombreux films de cow-boys.</p>\r\n\r\n<p>En Option : tour en jeep avec les Indiens Navajos (&agrave; r&eacute;gler sur place)</p>\r\n\r\n<p>Poursuite vers Page.</p>\r\n\r\n<p>D&eacute;jeuner. Arr&ecirc;t sur les bords du Lake Powell, au barrage de Glen Canyon.</p>\r\n\r\n<p>Diner.</p>', 5, 1, 0, NULL, NULL, NULL, NULL),
(403, 57, 'JOUR 06 – FLAGSTAFF – GRAND CANYON – LAUGHLIN (445 Km)', '<p>Petit d&eacute;jeuner &agrave; l&rsquo;h&ocirc;tel. D&eacute;part vers le Grand canyon.</p>\r\n\r\n<p>D&eacute;jeuner.</p>\r\n\r\n<p>Balade sur la cr&ecirc;te sud et observation de l&rsquo;une des plus belles merveilles naturelles du monde : le Grand Canyon National Park, situ&eacute; &agrave; 215 m&egrave;tres d&rsquo;altitude est le r&eacute;sultat de millions d&rsquo;ann&eacute;es d&rsquo;&eacute;rosion par le vent et les eaux. Entoure d&rsquo;une magnifique for&ecirc;t, le Grand Canyon semble comme prot&eacute;g&eacute; par cet &eacute;cran de verdure. La rivi&egrave;re Colorado s&rsquo;&eacute;coule plus de 1500 m&egrave;tres plus bas. Ce sera l&agrave; un des points fort de votre voyage.</p>\r\n\r\n<p>En Option : survol en h&eacute;licopt&egrave;re du Canyon avec des commentaires en Fran&ccedil;ais (A r&eacute;gler sur place)</p>\r\n\r\n<p>Arriv&eacute;e &agrave; Laughlin en fin d&rsquo;apr&egrave;s-midi.</p>\r\n\r\n<p>Diner.</p>', 6, 1, 0, NULL, NULL, NULL, NULL),
(404, 57, 'JOUR 07 – LAUGHLIN – DEATH VALLEY – LAS VEGAS (556 Km)', '<p>Petit d&eacute;jeuner &agrave; l&rsquo;h&ocirc;tel.</p>\r\n\r\n<p>D&eacute;part en direction de Pahrump et de Shoshone &agrave; travers le dessert du Nevada.</p>\r\n\r\n<p>Entr&eacute;e en Californie et descente vers la fameuse Death Valley &ndash; la Vall&eacute;e de la Mort &ndash; situ&eacute;e &agrave; 80 m&egrave;tres en dessous du niveau de la mer.</p>\r\n\r\n<p>Le paysage est si d&eacute;sert que les premiers cow-boys disaient de lui &laquo; Pas un seul ruisseau pour y boire, pas un seul arbre pour s&rsquo;y perdre &raquo;</p>\r\n\r\n<p>D&eacute;jeuner &agrave; Furnace Creek.</p>\r\n\r\n<p>D&eacute;couverte des dunes de sable de Stovepipe.</p>\r\n\r\n<p>Arriv&eacute;e &agrave; Las Vegas, capitale du jeu que l&rsquo;on d&eacute;couvre comme tel un mirage au milieu du d&eacute;sert.</p>\r\n\r\n<p>Diner.</p>', 7, 1, 0, NULL, NULL, NULL, NULL),
(405, 57, 'JOUR 08 – LAS VEGAS – Retour en France', '<p>Petit d&eacute;jeuner &agrave; l&rsquo;h&ocirc;tel.</p>\r\n\r\n<p>Matin&eacute;e libre pour d&eacute;couvrir la ville &agrave; son rythme. Rendez-vous &agrave; l&rsquo;h&ocirc;tel pour le transfert &agrave; l&rsquo;a&eacute;roport de Las Vegas.<br />\r\nD&eacute;jeuner libre.</p>\r\n\r\n<p>Assistance aux formalit&eacute;s d&rsquo;embarquement</p>\r\n\r\n<p>D&eacute;collage du vol &agrave; destination de la France.</p>\r\n\r\n<p>Diner et nuit &agrave; bord.</p>', 8, 1, 0, NULL, NULL, NULL, NULL),
(406, 57, 'JOUR 09 - FRANCE', '<p>Petit d&eacute;jeuner &agrave; bord et arriv&eacute;e en France.</p>', 9, 1, 0, NULL, NULL, NULL, NULL),
(407, 58, 'JOUR 1 : FRANCE – PHOENIX', '<p>Arriv&eacute;e &agrave; l&rsquo;a&eacute;roport de Phoenix, accueil par votre guide accompagnateur.</p>\r\n\r\n<p>Ph&oelig;nix, capitale de l&rsquo;&eacute;tat de l&rsquo;Arizona, est situ&eacute;e au centre de son d&eacute;sert impressionnant, dans une zone bien irrigu&eacute;e dont les champs produisent un grand nombre de fruits et de l&eacute;gumes ; c&rsquo;est l&#39;une des raisons pour laquelle on la surnomme &laquo; La Vall&eacute;e du Soleil &raquo;.</p>\r\n\r\n<p>Ph&oelig;nix est jumel&eacute;e avec la ville de Scottsdale, elles forment &agrave; elles deux la plus grande agglom&eacute;ration de l&rsquo;&eacute;tat.</p>\r\n\r\n<p>Transfert et installation &agrave; l&rsquo;h&ocirc;tel &agrave; Scottsdale.</p>\r\n\r\n<p>D&icirc;ner libre. Nuit &agrave; l&rsquo;h&ocirc;tel.</p>', 1, 1, 0, NULL, NULL, NULL, NULL),
(408, 58, 'JOUR 2 : PHOENIX – GRAND CANYON', '<p>Petit-d&eacute;jeuner &agrave; l&rsquo;h&ocirc;tel.</p>\r\n\r\n<p>Route en direction du Grand Canyon.</p>\r\n\r\n<p>Arr&ecirc;t &agrave; Sedona, une ancienne petite ville typique de l&rsquo;Ouest avec le quartier commercial de Tlaquepaque, construit, au milieu des sycomores, dans le plus pur style espagnol.</p>\r\n\r\n<p>Continuation via Oak Creek Canyon, et ses couleurs vives o&ugrave; domine le rouge flamboyant, puis Flagstaff, petite ville ferroviaire qui se d&eacute;veloppa autour du d&eacute;p&ocirc;t de train.</p>\r\n\r\n<p>D&eacute;jeuner. Travers&eacute;e de Kaibab National Forest avant d&rsquo;arriver au Grand Canyon. Arriv&eacute;e au Grand Canyon. Le Grand Canyon est un gouffre grandiose, un ph&eacute;nom&egrave;ne g&eacute;ologique qui demeure partiellement une &eacute;nigme pour les scientifiques et un spectacle hors du commun.</p>\r\n\r\n<p>Vous serez saisi par la grandeur &eacute;crasante de cette immense faille, creus&eacute;e dans le plateau par le Colorado.</p>\r\n\r\n<p>Une partie du Grand Canyon se trouve &agrave; l&#39;int&eacute;rieur du Parc National qui est divis&eacute; en deux parties par le fleuve Colorado : le North Rim (Rive Nord) et le South Rim (Rive Sud) pouvant atteindre 1,6 km de profondeur et 29 km de largeur.</p>\r\n\r\n<p>Visite panoramique de la rive sud du Grand Canyon.</p>\r\n\r\n<p>Installation dans le parc national du Grand Canyon. D&icirc;ner. Nuit dans un lodge du parc.</p>', 2, 1, 0, NULL, NULL, NULL, NULL),
(409, 58, 'JOUR 3 : GRAND CANYON – MONUMENT VALLEY – CORTEZ', '<p>Petit-d&eacute;jeuner &agrave; l&rsquo;h&ocirc;tel. Matin&eacute;e d&eacute;couverte du Grand Canyon.</p>\r\n\r\n<p>D&eacute;part en direction de Cameron en suivant la South Rim du Canyon. Puis reprise de l&rsquo;autocar en direction de Monument Valley.</p>\r\n\r\n<p>Visite de Monument Valley. C&rsquo;est une terre immens&eacute;ment riche, avec d&rsquo;&eacute;tonnantes formations g&eacute;ologiques, la couleur m&ecirc;me de la terre r&eacute;v&eacute;lant une chaleur qui avive nos &eacute;motions.</p>\r\n\r\n<p>Ses &eacute;perons rocheux, d&eacute;cor de nombreux films &laquo; western &raquo;, demeurent le symbole des grands espaces am&eacute;ricains.</p>\r\n\r\n<p>Promenade en 4X4 dans le site (environ 2h30 incluant le d&eacute;jeuner). D&eacute;jeuner BBQ de sp&eacute;cialit&eacute;s Navajos au milieu de Monument Valley.</p>\r\n\r\n<p>Dans l&rsquo;apr&egrave;s-midi continuation en direction de Cortez.</p>\r\n\r\n<p>D&icirc;ner et nuit &agrave; l&rsquo;h&ocirc;tel.</p>', 3, 1, 0, NULL, NULL, NULL, NULL),
(410, 58, 'JOUR 4 : CORTEZ – MESA VERDE – PAGE', '<p>Petit-d&eacute;jeuner &agrave; l&rsquo;h&ocirc;tel.</p>\r\n\r\n<p>D&eacute;part pour la visite de Mesa Verde National Park.</p>\r\n\r\n<p>Cet immense plateau verdoyant fut habit&eacute; par les Indiens Pueblo, qui vivaient d&rsquo;agriculture et de chasse dans des maisons d&rsquo;argiles. La conservation de ces habitations est surprenante.</p>\r\n\r\n<p>D&eacute;jeuner dans le parc.</p>\r\n\r\n<p>Continuation vers Page- Lake Powell. Arriv&eacute;e &agrave; Page, une petite ville typique de l&#39;Arizona.</p>\r\n\r\n<p>Elle fut fond&eacute;e lors de la construction du barrage de Glen Canyon.</p>\r\n\r\n<p>La gigantesque retenue d&#39;eau, avec ses 290 km de long, forme le lac Powell, le second lac artificiel des Etats-Unis et le plus spectaculaire.</p>\r\n\r\n<p>D&icirc;ner et nuit &agrave; l&rsquo;h&ocirc;tel.</p>', 4, 1, 0, NULL, NULL, NULL, NULL),
(411, 58, 'JOUR 5: PAGE – LAKE POWELL – BRYCE CANYON', '<p>Petit-d&eacute;jeuner &agrave; l&rsquo;h&ocirc;tel.</p>\r\n\r\n<p>Route vers Bryce Canyon, l&rsquo;un des plus beaux parcs naturels de l&rsquo;Utah. Arr&ecirc;t &agrave; Kanab, petite ville mormone appel&eacute;e &lsquo;&rsquo;The little Hollywood&rsquo;&rsquo; pour d&eacute;jeuner.</p>\r\n\r\n<p>Visite du Parc National de Bryce. Bryce Canyon doit son nom au mormon Ebeneezer Bryce qui avait coutume de dire qu&rsquo;il s&rsquo;agissait du &laquo; dernier endroit au monde o&ugrave; perdre une vache ! &raquo; ; langage fort prosa&iuml;que pour d&eacute;signer ce paysage color&eacute; et f&eacute;erique, taill&eacute; dans la roche et le gr&egrave;s. &nbsp;</p>\r\n\r\n<p>Ce n&rsquo;est pas v&eacute;ritablement un canyon, aucun fleuve n&rsquo;ayant model&eacute; le paysage, mais plut&ocirc;t une s&eacute;rie d&rsquo;amphith&eacute;&acirc;tres sculpt&eacute;s par l&rsquo;&eacute;rosion au cours de plusieurs millions d&#39;ann&eacute;es.</p>\r\n\r\n<p>Vous d&eacute;couvrirez un panorama surprenant avec un d&eacute;dale d&rsquo;escarpements, des d&ocirc;mes, de curieuses cimes, des arches, des parois et des aiguilles.</p>\r\n\r\n<p>D&icirc;ner et nuit au lodge.</p>', 5, 1, 0, NULL, NULL, NULL, NULL),
(412, 58, 'JOUR 6 : BRYCE CANYON – LAS VEGAS', '<p>Petit-d&eacute;jeuner &agrave; l&rsquo;h&ocirc;tel.</p>\r\n\r\n<p>Poursuite jusqu&rsquo;&agrave; Las Vegas en passant par Saint George, l&rsquo;une des villes fond&eacute;es par les Mormons.</p>\r\n\r\n<p>D&eacute;jeuner &agrave; Saint George.</p>\r\n\r\n<p>Arriv&eacute;e dans l&rsquo;apr&egrave;s-midi &agrave; Las Vegas.</p>\r\n\r\n<p>Las Vegas n&rsquo;&eacute;tait qu&rsquo;une oasis en plein d&eacute;sert du Nevada lorsqu&rsquo;une trentaine de Mormons y arriv&egrave;rent en 1855. La ru&eacute;e vers l&rsquo;or et l&rsquo;&eacute;tablissement de nombreuses villes et mines au nord de Las Vegas, &agrave; partir de 1870, puis la construction du chemin de fer en 1905 sont &agrave; l&rsquo;origine de la fortune de la ville.</p>\r\n\r\n<p>Le jeu, qui &eacute;tait l&rsquo;une des rares distractions dans ce d&eacute;sert o&ugrave; l&rsquo;on s&rsquo;ennuyait, fut l&eacute;galis&eacute; en 1931.</p>\r\n\r\n<p>La ville n&#39;a cess&eacute; depuis de faire et de d&eacute;faire les fortunes et la combinaison jeux-spectacles reste son meilleur atout. D&icirc;ner libre. La soir&eacute;e est laiss&eacute;e libre pour d&eacute;couvrir le &laquo; strip &raquo; et ses impressionnants h&ocirc;tels-casinos.</p>\r\n\r\n<p>Nuit &agrave; l&rsquo;h&ocirc;tel</p>', 6, 1, 0, NULL, NULL, NULL, NULL),
(413, 58, 'JOUR 7 : LAS VEGAS – DEATH VALLEY – BAKERSFIELD', '<p>Petit-d&eacute;jeuner &agrave; l&rsquo;h&ocirc;tel.</p>\r\n\r\n<p>Route &agrave; travers le d&eacute;sert du Nevada et descente vers la fameuse Death Valley, un d&eacute;sert de 8 000 km&sup2;, un chaos de rochers et de sable. Une partie de la vall&eacute;e, qu&rsquo;aucun fleuve n&rsquo;a creus&eacute;e, se trouve en dessous du niveau de la mer, tandis que le point culminant se situe &agrave; 3 000 m&egrave;tres. La temp&eacute;rature diurne, en &eacute;t&eacute;, d&eacute;passe constamment 40&deg;C &agrave; l&rsquo;ombre.</p>\r\n\r\n<p>En juin et septembre, les temp&eacute;ratures sont de l&rsquo;ordre de 30&deg; C dans l&rsquo;apr&egrave;s-midi, mais les d&eacute;buts de matin&eacute;es sont relativement frais.</p>\r\n\r\n<p>Cette vaste et fascinante &eacute;tendue aride a &eacute;t&eacute; fa&ccedil;onn&eacute;e par la mont&eacute;e progressive des montagnes, l&rsquo;eau, encore pr&eacute;sente et circulant sous la terre, et les volcans dont on peut voir encore quelques grands crat&egrave;res.</p>\r\n\r\n<p>Malgr&eacute; les apparences, c&rsquo;est un d&eacute;sert vivant avec une flore et une faune diversifi&eacute;es : le chuckwalla mangeur de fourmis, le crotale, le coyote, le lapin, animaux qui sortent surtout la nuit, ainsi que quelque 600 vari&eacute;t&eacute;s de plantes.</p>\r\n\r\n<p>D&eacute;jeuner au Furnace Creek Ranch.</p>\r\n\r\n<p>Continuation de la visite en passant par diff&eacute;rents points de vue exceptionnels &agrave; travers les plaines. Arriv&eacute;e &agrave; Bakersfield, nomm&eacute;e la capitale de la musique Western. Installation &agrave; l&rsquo;h&ocirc;tel.</p>\r\n\r\n<p>D&icirc;ner et nuit &agrave; l&rsquo;h&ocirc;tel.</p>', 7, 1, 0, NULL, NULL, NULL, NULL),
(414, 58, 'JOUR 8 : BAKERSFIELD – SEQUOIA NATIONAL PARK – MODESTO', '<p>Petit-d&eacute;jeuner &agrave; l&rsquo;h&ocirc;tel.</p>\r\n\r\n<p>D&eacute;part pour la d&eacute;couverte du Sequoia National Park.</p>\r\n\r\n<p>Ce parc national s&rsquo;&eacute;tend sur plus de 100 km, des contreforts vallonn&eacute;s de San Joaquin Valley &agrave; la cime de la Sierra Nevada. Il englobe le plus haut sommet des Etats Unis (hors Alaska), Mount Whitney 4 418 m&egrave;tres.</p>\r\n\r\n<p>Visite de la partie Est depuis Owens Valley.</p>\r\n\r\n<p>La v&eacute;g&eacute;tation particuli&egrave;rement sauvage, abrite une flore et une faune prodigieuse. La particularit&eacute; de ce parc est le s&eacute;quoia g&eacute;ant, cet arbre mill&eacute;naire qui couvrait une grande partie de la plan&egrave;te il y a quelques millions d&lsquo;ann&eacute;es.</p>\r\n\r\n<p>On y trouve notamment le General Sherman, un s&eacute;quoia mesurant 83 m&egrave;tres de hauteur.</p>\r\n\r\n<p>Il est parfois consid&eacute;r&eacute; comme l&#39;&ecirc;tre vivant le plus volumineux de la plan&egrave;te. Le nombre de s&eacute;quoias g&eacute;ants que l&#39;on trouve dans ce parc est aussi impressionnant que leurs tailles. D&eacute;jeuner dans le parc. Travers&eacute;e de la San Joaquin Valley pour arriver &agrave; Merced.</p>\r\n\r\n<p>D&icirc;ner &agrave; Merced.</p>\r\n\r\n<p>Installation et nuit &agrave; l&rsquo;h&ocirc;tel &agrave; Modesto.</p>', 8, 1, 0, NULL, NULL, NULL, NULL),
(415, 58, 'JOUR 9 : MODESTO – SAN FRANCISCO', '<p>Petit-d&eacute;jeuner &agrave; l&rsquo;h&ocirc;tel.&nbsp;<span style="line-height:1.6em">D&eacute;part en direction de San Francisco. </span></p>\r\n\r\n<p><span style="line-height:1.6em">Arriv&eacute;e &agrave; San Francisco. San Francisco est la ville pr&eacute;f&eacute;r&eacute;e des Europ&eacute;ens. Son charme r&eacute;side dans sa situation, &agrave; la pointe nord d&#39;une presqu&#39;&icirc;le vallonn&eacute;e entour&eacute;e par l&#39;oc&eacute;an Pacifique, l&rsquo;un des plus beaux sites du monde, mais &eacute;galement dans son mode de vie et ses rues bord&eacute;es de maisons victoriennes color&eacute;es que vous aurez l&rsquo;occasion de d&eacute;couvrir au cours de votre promenade.</span></p>\r\n\r\n<p><span style="line-height:1.6em">C&rsquo;est en effet &agrave; pied qu&rsquo;il vous sera possible de mieux comprendre d&rsquo;o&ugrave; vient la s&eacute;duction de San Francisco, souvent consid&eacute;r&eacute;e comme la ville la moins am&eacute;ricaine du pays. Tour de ville de San Francisco :&nbsp;</span></p>\r\n\r\n<p>-Le Civic Center, avec le City Hall, imposant b&acirc;timent construit en 1915 sur le mod&egrave;le de la basilique Saint Pierre de Rome.</p>\r\n\r\n<p>-Le Financial District, quartier qui s&rsquo;&eacute;tend sur une vingtaine de blocks dans un triangle d&eacute;limit&eacute; par Market Street, Kearny et Wastington Street</p>\r\n\r\n<p>La Transamerica Pyramid de 260 m&egrave;tres de haut ; large de 45 m&egrave;tres &agrave; la base elle n&rsquo;en fait plus que 14 m&egrave;tres au 48&egrave;me &eacute;tage.</p>\r\n\r\n<p>-Alamo Square et ses maisons victoriennes appel&eacute;es &lsquo;&rsquo; Painted Ladies&rsquo;&rsquo; datant de la fin des ann&eacute;es 1800.</p>\r\n\r\n<p>-Twins Peaks qui nous offre une vue spectaculaire de la ville.</p>\r\n\r\n<p>-Golden Gate Park avec ses 410 hectares est l&rsquo;un des plus beaux jardins des Etats Unis. Il s&rsquo;&eacute;tend sur 5 km jusqu&#39;&agrave; l&rsquo;Oc&eacute;an Pacifique et fut am&eacute;nag&eacute; sur des dunes de sable. On y trouve des mus&eacute;es, une roseraie, un jardin botanique, un lac, une serre et un jardin de th&eacute; japonais.</p>\r\n\r\n<p>-Cliff House d&rsquo;o&ugrave; nous pourrons admirer les Seals Rocks, refuge de p&eacute;licans et d&rsquo;otaries ainsi que les vestiges de Bains Sutro, immenses bassins d&rsquo;eau de mer qui pouvaient accueillir 1600 baigneurs.</p>\r\n\r\n<p>D&eacute;jeuner &agrave; Union Square. Temps libre pour profiter de la ville.</p>\r\n\r\n<p>D&icirc;ner et nuit &agrave; l&rsquo;h&ocirc;tel.<br />\r\n&nbsp;</p>', 9, 1, 0, NULL, NULL, NULL, NULL),
(416, 58, 'OUR 10 : SAN FRANCISCO – SAUSALITO – SAN FRANCISCO', '<p>Petit-d&eacute;jeuner &agrave; l&rsquo;h&ocirc;tel. D&eacute;part en d&eacute;but de matin&eacute;e pour la visite de Sausalito. Travers&eacute;e du Golden Gate Bridge, ce c&eacute;l&egrave;bre pont rouge franchit la Porte d&rsquo;Or, le d&eacute;troit qui s&eacute;pare la ville de San Francisco de la Marin Peninsula.</p>\r\n\r\n<p>Continuation de l&rsquo;excursion vers Sausalito. Vous serez tr&egrave;s certainement s&eacute;duit par le charme de Sausalito, ce port de plaisance qui a connu bien des modes, celle des Beatniks et des Hippies, entre autres, et o&ugrave; v&eacute;cut l&rsquo;&eacute;crivain californien Jack London.</p>\r\n\r\n<p>En fin de matin&eacute;e, travers&eacute;e de retour en ferry de la baie et d&eacute;couverte de Fisherman&rsquo;s Wharf. C&rsquo;est le haut lieu du tourisme. Le Quai 39 fut am&eacute;nag&eacute; en 1977 afin d&rsquo;accueillir les touristes. Plus de 100 restaurants et boutiques, les pieds dans l&rsquo;eau, sans oublier les centaines d&rsquo;otaries qui entretiennent l&rsquo;ambiance, donnent &agrave; ce lieu une atmosph&egrave;re tr&egrave;s sp&eacute;ciale.</p>\r\n\r\n<p>D&eacute;jeuner &agrave; Fisherman&rsquo;s Wharf.</p>\r\n\r\n<p>Apr&egrave;s-midi libre, depuis le Pier 39, afin de vous consacrer &agrave; vos derniers achats souvenirs et &agrave; une d&eacute;couverte personnelle de la ville.</p>\r\n\r\n<p>D&icirc;ner et nuit &agrave; l&rsquo;h&ocirc;tel.</p>', 10, 1, 0, NULL, NULL, NULL, NULL),
(417, 58, 'JOUR 11 : SAN FRANCISCO – FRANCE', '<p>Petit d&eacute;jeuner &agrave; l&rsquo;h&ocirc;tel. Matin&eacute;e et d&eacute;jeuner libres. Selon l&rsquo;horaire de votre vol retour, transfert &agrave; l&rsquo;a&eacute;roport. Assistance aux formalit&eacute;s d&rsquo;enregistrement.&nbsp;</p>\r\n\r\n<p>Envol &agrave; destination de la France.&nbsp;</p>', 11, 1, 0, NULL, NULL, NULL, NULL),
(418, 58, 'JOUR 12 : ARRIVÉE EN FRANCE', '<p>Arriv&eacute;e en France&nbsp;</p>', 12, 1, 0, NULL, NULL, NULL, NULL),
(419, 58, 'CE PRIX COMPREND :', '<p>-&nbsp;&nbsp; &nbsp;Les services d&rsquo;un autocar privatis&eacute; grand tourisme pour toute la dur&eacute;e du s&eacute;jour (hors temps libre).</p>\r\n\r\n<p>-&nbsp;&nbsp; &nbsp;Les services d&rsquo;un guide accompagnateur francophones pour toute la dur&eacute;e du s&eacute;jour.</p>\r\n\r\n<p>-&nbsp;&nbsp; &nbsp;L&rsquo;h&eacute;bergement 10 dans des h&ocirc;tels de premi&egrave;re cat&eacute;gorie, en chambre standard et base occupation double. &nbsp;</p>\r\n\r\n<p>-&nbsp;&nbsp; &nbsp;La pension suivant le programme (10 petits d&eacute;jeuners, 9 d&eacute;jeuners et 8 diners)</p>\r\n\r\n<p>-&nbsp;&nbsp; &nbsp;Les visites des villes et excursions mentionn&eacute;es au programme.</p>', 13, 1, 1, NULL, NULL, NULL, NULL),
(420, 58, 'CE PRIX NE COMPREND PAS :', '<p>-&nbsp;&nbsp; &nbsp;Les vols internationaux et taxes d&rsquo;a&eacute;roport (&agrave; partir 940 &euro; nous consulter).&nbsp;</p>\r\n\r\n<p>-&nbsp;&nbsp; &nbsp;Le suppl&eacute;ment chambre individuelle.</p>\r\n\r\n<p>-&nbsp;&nbsp; &nbsp;Les repas non mentionn&eacute;s au programme.&nbsp;</p>\r\n\r\n<p>-&nbsp;&nbsp; &nbsp;Les boissons lors des repas.&nbsp;</p>\r\n\r\n<p>-&nbsp;&nbsp; &nbsp;Les d&eacute;penses personnelles et les options indiqu&eacute;es.</p>\r\n\r\n<p>-&nbsp;&nbsp; &nbsp;Toute prestation non mentionn&eacute;e au programme.</p>\r\n\r\n<p>-&nbsp;&nbsp; &nbsp;Les pourboires aux guides et chauffeurs (minimum de $5 par &nbsp;jour/personne).</p>', 14, 1, 1, NULL, NULL, NULL, NULL),
(421, 59, 'JOUR 1: FRANCE – NEW YORK', '<p>Bienvenu &agrave; New Orleans !</p>\r\n\r\n<p>Embarquement &agrave; bord du Norwegian Dawn pour 7 jours de r&ecirc;ve au milieu de l&rsquo;archipel des Bahamas. &nbsp;</p>\r\n\r\n<p>04.00 PM :&nbsp;D&eacute;part du bateau Prestations et nuit r&eacute;serv&eacute;es &agrave; bord du bateau &#39;Norwegian Dawn&#39;&nbsp;.&nbsp;</p>\r\n\r\n<p>Le Norwegian Dawn offre l&rsquo;ultime exp&eacute;rience de libert&eacute;. Voguant dans les Cara&iuml;bes en hiver, le navire a &eacute;t&eacute; construit avec un certain esprit de libert&eacute;. Le Norwegian Dawn vous offre plus de 14 choix de restaurants, 12 bars et salons, un centre de fitness &amp; spa, casino, piscines et bien plus encore. De plus, vous avez acc&egrave;s &agrave; un h&eacute;bergement accessible aux familles et &agrave; votre budget.</p>\r\n\r\n<p>Activit&eacute;s et infrastructures sur le bateau :</p>\r\n\r\n<p>-Jacuzzis, piscines,</p>\r\n\r\n<p>-Complexe sportif, spa, piste de jogging</p>\r\n\r\n<p>-Galerie marchande, biblioth&egrave;que, th&eacute;&acirc;tre</p>\r\n\r\n<p>-Centre pour les jeunes</p>\r\n\r\n<p>-Cave &agrave; vins, restaurants, bars</p>', 1, 1, 0, NULL, NULL, NULL, NULL),
(422, 59, 'JOUR 2: JOURNÉE EN MER', '<p>Journ&eacute;e en mer. Vous aurez le plaisir de profiter des infrastructures du bateau et des activit&eacute;s, pour petits et grands, propos&eacute;es &agrave; bord. Prestations et nuit r&eacute;serv&eacute;es &agrave; bord du bateau.</p>', 2, 1, 0, NULL, NULL, NULL, NULL),
(423, 59, 'JOUR 3: COZUMEL, MEXIQUE', '<p>08.00 AM: Cozumel, Mexique.</p>\r\n\r\n<p>Bien que Cozumel soit la plus grande &icirc;le Mexicaine des Cara&iuml;bes, il aura fallu attendre 1960 que ce village de p&ecirc;che paisible devienne une attraction touristique &agrave; la suite d&rsquo;un documentaire de Jacques Cousteau, qui la d&eacute;crira comme l&rsquo;une des plus belles r&eacute;gions pour la plong&eacute;e sous-marine.</p>\r\n\r\n<p>Seulement un tiers de l&rsquo;&icirc;le a &eacute;t&eacute; d&eacute;velopp&eacute; pour le tourisme, laissant de grandes &eacute;tendues de for&ecirc;t vierge et plages de sable intacte.</p>\r\n\r\n<p>Cette &icirc;le au large du Yucatan, offre un large panel d&rsquo;options pour les amateurs de sport nautique, gr&acirc;ce &agrave; sa proximit&eacute; avec le r&eacute;cif de corail.</p>\r\n\r\n<p>Vous pourrez &eacute;galement faire des affaires &agrave; San Miguel avec les bijoux, artisanat Mexicain et autres souvenirs.&nbsp;</p>\r\n\r\n<p>Temps libre. De nombreuses options (en surco&ucirc;t) vous seront propos&eacute;es sur place.</p>\r\n\r\n<p>(Inscription et paiement la veille &agrave; bord du Navire).</p>\r\n\r\n<p>05.00 PM : D&eacute;part pour une nouvelle destination.</p>\r\n\r\n<p>Prestations et nuit r&eacute;serv&eacute;es &agrave; bord du bateau.</p>', 3, 1, 0, NULL, NULL, NULL, NULL),
(424, 59, 'JOUR 4: BELIZE CITY, BELIZE', '<p>08.00 AM : Arriv&eacute;e &agrave; Belize City, Belize. Bordant le Mexique, le Guatemala et les cara&iuml;bes, le Belize est le plus petit pays d&rsquo;Am&eacute;rique Centrale.</p>\r\n\r\n<p>Plus de la moiti&eacute; des terres sont couvertes de for&ecirc;ts denses, et le large des c&ocirc;tes sont bord&eacute;s par de nombreuses petites iles et bancs de sable.</p>\r\n\r\n<p>Le Belize attire de nombreux touristes, notamment gr&acirc;ce &agrave; la r&eacute;putation de ses sites de plong&eacute;e.</p>\r\n\r\n<p>C&eacute;l&egrave;bres gr&acirc;ce &agrave; une ligne presque ininterrompue de r&eacute;cifs de corail et bancs de sable s&rsquo;&eacute;tendant sur 240 km le long de la c&ocirc;te.</p>\r\n\r\n<p>A l&rsquo;int&eacute;rieur des terres, vous pourrez d&eacute;couvrir de nombreux sites Mayas comme Altun Ha et Xunantunich qui sont d&rsquo;excellentes excursions pour la journ&eacute;e. Quant &agrave; Belize City, ses b&acirc;timents en bois et brique d&eacute;gagent un certain charme colonial.</p>\r\n\r\n<p>Temps libre. De nombreuses options (en surco&ucirc;t) vous seront propos&eacute;es sur place. (Inscription et paiement la veille &agrave; bord du Navire).</p>\r\n\r\n<p>06.00 PM : D&eacute;part pour une nouvelle destination.</p>\r\n\r\n<p>Prestations et nuit r&eacute;serv&eacute;es &agrave; bord du bateau.</p>', 4, 1, 0, NULL, NULL, NULL, NULL),
(425, 59, 'JOUR 5: COXEN HOLE, ROATAN, BAY ISLAND, HONDURAS', '<p>08.00 AM : Arriv&eacute;e &agrave; Coxen Hole, Roatan, Bay Island, Honduras. Coxen Hole est &eacute;galement appel&eacute;e Roatan Town et est la plus grande ville de l&rsquo;&icirc;le de Roatan en Honduras.</p>\r\n\r\n<p>L&rsquo;association des montagnes et de la mer font de Coxen Hole un endroit absolument remarquable. Vous y retrouverez une forte influence Africaine et Antillaise qui cr&eacute;e une communaut&eacute; tr&egrave;s int&eacute;ressante.</p>\r\n\r\n<p>C&rsquo;est &eacute;galement l&rsquo;endroit id&eacute;al pour acheter vos souvenirs. &nbsp;</p>\r\n\r\n<p>Temps libre. De nombreuses options (en surco&ucirc;t) vous seront propos&eacute;es sur place. (Inscription et paiement la veille &agrave; bord du Navire).</p>\r\n\r\n<p>05.00 PM : D&eacute;part pour une nouvelle destination.</p>\r\n\r\n<p>Prestations et nuit r&eacute;serv&eacute;es &agrave; bord du bateau.</p>', 5, 1, 0, NULL, NULL, NULL, NULL),
(426, 59, 'JOUR 6: COSTA MAYA, MEXICO', '<p>08.00 AM : Arriv&eacute;e &agrave; Costa Maya, Mexique. Costa Maya, situ&eacute; &agrave; 160 km au Sud de Playa del Carmen donne l&rsquo;impression d&rsquo;une &icirc;le priv&eacute;e cr&eacute;e sp&eacute;cialement pour les croisi&eacute;ristes.</p>\r\n\r\n<p>Le port b&eacute;n&eacute;ficie de nombreux am&eacute;nagements comme des piscines, des restaurants, bars, mais &eacute;galement une petite plage.</p>\r\n\r\n<p>Vous y trouverez &eacute;galement un espace d&eacute;di&eacute; aux sports nautiques sur la plage.</p>\r\n\r\n<p>En dehors de cela, le village de p&ecirc;cheurs de Mahahual, est devenu un lieu attractif avec ses plages, sports nautiques restaurants et h&ocirc;tels.</p>\r\n\r\n<p>Si vous ne souhaitez pas profiter de ses infrastructures, la r&eacute;gion offre quelques ruines Maya.</p>\r\n\r\n<p>La plupart des passagers viennent voir Chacchoben, sinon les excursions se concentrent sur l&rsquo;alimentation et la culture Maya.</p>\r\n\r\n<p>Au final, tout le monde trouvera son bonheur &agrave; Costa Maya !&nbsp;</p>\r\n\r\n<p>Temps libre. De nombreuses options (en surco&ucirc;t) vous seront propos&eacute;es sur place.</p>\r\n\r\n<p>(Inscription et paiement la veille &agrave; bord du Navire).</p>\r\n\r\n<p>04.00 PM : D&eacute;part pour une nouvelle destination.</p>\r\n\r\n<p>Prestations et nuit r&eacute;serv&eacute;es &agrave; bord du bateau.</p>', 6, 1, 0, NULL, NULL, NULL, NULL),
(427, 59, 'JOUR 7: JOURNÉE EN MER', '<p>Journ&eacute;e en mer. Vous aurez le plaisir de profiter des infrastructures du bateau et des activit&eacute;s, pour petits et grands, propos&eacute;es &agrave; bord.</p>\r\n\r\n<p>&nbsp;Prestations et nuit r&eacute;serv&eacute;es &agrave; bord du bateau.</p>', 7, 1, 0, NULL, NULL, NULL, NULL),
(428, 59, 'JOUR 8 : NEW ORLEANS, LOUISIANE', '<p>Petit d&eacute;jeuner sur le bateau.&nbsp;</p>\r\n\r\n<p>08.00 AM: Arriv&eacute;e au port de New Orleans, Louisiane.&nbsp;</p>', 8, 1, 0, NULL, NULL, NULL, NULL),
(429, 59, 'JOUR 9 : ARRIVÉE EN FRANCE', '<p>Arriv&eacute;e en France</p>', 9, 1, 0, NULL, NULL, NULL, NULL),
(430, 59, 'ARRIVÉE EN FRANCE', '<p>- &nbsp; L&rsquo;h&eacute;bergement 7 nuits sur le Norwegian Dawn.&nbsp;</p>\r\n\r\n<p>-&nbsp;&nbsp; &nbsp;Les taxes f&eacute;d&eacute;rales et redevances aux autorit&eacute;s portuaires</p>\r\n\r\n<p>-&nbsp;&nbsp; &nbsp;Les transferts &nbsp;au bateau (aller/retours)</p>\r\n\r\n<p>-&nbsp;&nbsp; &nbsp;Les pourboires pour le service &agrave; bord (obligatoire).&nbsp;</p>\r\n\r\n<p>-&nbsp;&nbsp; &nbsp;La pension compl&egrave;te du diner du jour 1 au petit d&eacute;jeuner du jour 8 &agrave; bord du Norwegian Dawn.&nbsp;</p>\r\n\r\n<p>-&nbsp;&nbsp; &nbsp;L&rsquo;OPTION PR&Eacute; ou POST &nbsp;SEJOUR &Agrave; NEW ORLEANS : 2 nuits &agrave; New Orleans en h&ocirc;tel de premi&egrave;re cat&eacute;gorie (base chambre standard et occupation double) ; les petits d&eacute;jeuners &agrave; l&rsquo;h&ocirc;tel.&nbsp;</p>', 10, 1, 1, NULL, NULL, NULL, NULL),
(431, 59, 'CES PRIX NE COMPRENNENT PAS :', '<p>-&nbsp;&nbsp; &nbsp;Les vols internationaux et taxes d&rsquo;a&eacute;roport (A partir de 940&euro; / nous consulter).</p>\r\n\r\n<p>-&nbsp;&nbsp; &nbsp;Le suppl&eacute;ment cabine/chambre individuelle.</p>\r\n\r\n<p>-&nbsp;&nbsp; &nbsp;Les boissons durant toute la dur&eacute;e de votre s&eacute;jour.&nbsp;</p>\r\n\r\n<p>-&nbsp;&nbsp; &nbsp;Les repas non mentionn&eacute;s au programme.&nbsp;</p>\r\n\r\n<p>-&nbsp;&nbsp; &nbsp;Les d&eacute;penses personnelles.&nbsp;</p>\r\n\r\n<p>-&nbsp;&nbsp; &nbsp;Toute prestation non mentionn&eacute;e au programme et options.</p>\r\n\r\n<p>-&nbsp;&nbsp; &nbsp;L&rsquo;OPTION PR&Eacute; ou POST &nbsp;CROISIERE A NEW ORLEANS : 2 nuits &agrave; New Orl&eacute;ans en h&ocirc;tel de premi&egrave;re cat&eacute;gorie (base chambre standard et occupation double) ; les petits d&eacute;jeuners &agrave; l&rsquo;h&ocirc;tel.&nbsp;</p>', 11, 1, 1, NULL, NULL, NULL, NULL);
INSERT INTO `ost_vo_descriptions` (`id`, `voyage_id`, `libelle`, `texte`, `ordre`, `visible`, `lateral`, `titre`, `updated_at`, `photoVisible`, `path`) VALUES
(432, 60, 'Jour1: Casablanca -Marrakech  (-/-/D)', '<p>Arriv&eacute;e &agrave; l&rsquo;a&eacute;roport &nbsp;de Casablanca</p>\r\n\r\n<p>Transfert &agrave; l&rsquo;h&ocirc;tel &agrave; Marrakech.</p>\r\n\r\n<p>Diner et h&eacute;bergement &agrave; l&rsquo;h&ocirc;tel.</p>', 1, 1, 0, NULL, NULL, NULL, NULL),
(433, 60, 'Jour2: Marrakech  (b/-/D)', '<p>Petit d&eacute;jeuner &agrave; l&rsquo;h&ocirc;tel</p>\r\n\r\n<p>Excursion &frac12; journ&eacute;e visite de Marrakech</p>\r\n\r\n<p>Diner et h&eacute;bergement &agrave; l&rsquo;h&ocirc;tel.</p>', 2, 1, 0, NULL, NULL, NULL, NULL),
(434, 60, 'Jour3: Marrakech  (b/-/D)', '<p>Petit d&eacute;jeuner &agrave; l&rsquo;h&ocirc;tel</p>\r\n\r\n<p>Journ&eacute;e libre</p>\r\n\r\n<p>Diner et h&eacute;bergement &agrave; l&rsquo;h&ocirc;tel.</p>', 3, 1, 0, NULL, NULL, NULL, NULL),
(435, 60, 'Jour4: Marrakech  (b/-/D)', '<p>Petit d&eacute;jeuner &agrave; l&rsquo;h&ocirc;tel</p>\r\n\r\n<p>Journ&eacute;e libre</p>\r\n\r\n<p>Diner et h&eacute;bergement &agrave; l&rsquo;h&ocirc;tel</p>', 4, 1, 0, NULL, NULL, NULL, NULL),
(436, 60, 'Jour5: Marrakech  - Casablanca (b/-/-)', '<p>Petit d&eacute;jeuner &agrave; l&rsquo;h&ocirc;tel</p>\r\n\r\n<p>Transfert de l&rsquo;h&ocirc;tel de Marrakech&nbsp;</p>\r\n\r\n<p>+ Excursion &frac12; journ&eacute;e Casablanca continuation &agrave; l&rsquo;h&ocirc;tel de Casablanca</p>\r\n\r\n<p><span style="line-height:1.6em">Nuit et h&eacute;bergement &agrave; l&rsquo;h&ocirc;tel.</span></p>', 5, 1, 0, NULL, NULL, NULL, NULL),
(437, 60, 'Jour6: Casablanca (b/-/-)', '<p>Petit d&eacute;jeuner &agrave; l&rsquo;h&ocirc;tel</p>\r\n\r\n<p>Journ&eacute;e libre</p>\r\n\r\n<p>Nuit et h&eacute;bergement &agrave; l&rsquo;h&ocirc;tel.</p>', 6, 1, 0, NULL, NULL, NULL, NULL),
(438, 60, 'Jour7: Casablanca (b/-/-)', '<p>Petit d&eacute;jeuner &agrave; l&rsquo;h&ocirc;tel</p>\r\n\r\n<p>Journ&eacute;e libre</p>\r\n\r\n<p>Nuit et h&eacute;bergement &agrave; l&rsquo;h&ocirc;tel.</p>', 7, 1, 0, NULL, NULL, NULL, NULL),
(439, 60, 'Jour8: Départ - Casablanca (b/-/-)', '<p>Petit d&eacute;jeuner &agrave; l&rsquo;h&ocirc;tel</p>\r\n\r\n<p>Transfert vers l&rsquo;a&eacute;roport pour d&eacute;part</p>', 8, 1, 0, NULL, NULL, NULL, NULL),
(440, 60, 'Le forfait de base comprend :', '<p>- Transfert APT &nbsp;Casablanca - &nbsp;Hotel Marrakech</p>\r\n\r\n<p>-&nbsp;04 nuits &agrave; l&rsquo;h&ocirc;tel Ci-dessus &agrave; Marrakech ou similaire en Demi pension.</p>\r\n\r\n<p>-&nbsp;<span style="line-height:1.6em">&nbsp;&frac12; journ&eacute;e visite de Marrakech.</span></p>\r\n\r\n<p>-&nbsp;03 nuits &agrave; l&rsquo;h&ocirc;tel ci-dessus &agrave; Casablanca en logement petit d&eacute;jeuner.</p>\r\n\r\n<p>-&nbsp;Transfert Hotel Marrakech &ndash; HOTEL CASA.</p>\r\n\r\n<p>- &nbsp;&frac12; journ&eacute;e visite de Casablanca.</p>\r\n\r\n<p>- TRF HOT CASA-APT CASA</p>', 9, 1, 1, NULL, NULL, NULL, NULL),
(441, 60, 'Le forfait de base ne comprend pas :', '<p>- Vol International&nbsp;</p>\r\n\r\n<p>-&nbsp;Les assurances.</p>\r\n\r\n<p>-&nbsp;Les d&eacute;jeuner pendant les excursions</p>\r\n\r\n<p>- Excursions en extra.</p>\r\n\r\n<p>- D&rsquo;une fa&ccedil;on g&eacute;n&eacute;rale tout ce qui n&rsquo;est pas mentionn&eacute; dans la rubrique &laquo; Le forfait de base comprend &raquo;</p>', 10, 1, 1, NULL, NULL, NULL, NULL),
(442, 61, 'Jour 1 : Arrivée au Tyrol / environ 35 km', '<p>&Agrave; l&rsquo;arriv&eacute;e, accueil par l&rsquo;accompagnateur &agrave; l&rsquo;a&eacute;roport.</p>\r\n\r\n<p>Transfert &agrave; l&rsquo;h&ocirc;tel, boisson de bienvenue, d&icirc;ner et nuit. Si l&rsquo;arriv&eacute;e a lieu dans la matin&eacute;e, possibilit&eacute; optionnelle de r&eacute;server un d&eacute;jeuner (avec suppl&eacute;ment).</p>', 1, 1, 0, NULL, NULL, NULL, NULL),
(443, 61, 'Jour 2 : Tratzberg – Schwaz / environ 20 km', '<p>D&eacute;part pour le magnifique ch&acirc;teau de Tratzberg.</p>\r\n\r\n<p>La visite s&rsquo;effectue &agrave; l&rsquo;aide d&rsquo;audio-guides. D&eacute;jeuner &agrave; Stans. D&eacute;part pour Schwaz, une ancienne cit&eacute; mini&egrave;re d&rsquo;argent.</p>\r\n\r\n<p>Visite guid&eacute;e dans le quartier m&eacute;di&eacute;val avec visite du clo&icirc;tre de l&rsquo;&eacute;glise franciscaine.</p>\r\n\r\n<p>Temps libre &agrave; Schwaz.</p>\r\n\r\n<p>Retour &agrave; l&rsquo;h&ocirc;tel.</p>\r\n\r\n<p>D&icirc;ner et nuit.</p>', 2, 1, 0, NULL, NULL, NULL, NULL),
(444, 61, 'Jour 3 : Lac Achensee – Stans / environ 57 km', '<p>Route jusqu&rsquo;au lac Achensee, c&rsquo;est le plus grand du Tyrol avec 9 km de longueur et 1,3 km de largeur ; il compte 133 m de profondeur &agrave; son point le plus bas.</p>\r\n\r\n<p><span style="line-height:1.6em">Promenade en bateau sur le lac entre les villages d&rsquo;Achenkirch et de Pertisau (ou inversement). </span></p>\r\n\r\n<p><span style="line-height:1.6em">D&eacute;jeuner dans un restaurant d&rsquo;alpage install&eacute; dans un refuge du parc naturel du Karwendel. </span></p>\r\n\r\n<p><span style="line-height:1.6em">Temps libre &agrave; Pertisau. </span></p>\r\n\r\n<p><span style="line-height:1.6em">Continuation pour Stans. </span></p>\r\n\r\n<p><span style="line-height:1.6em">Participation au s&eacute;minaire &laquo; stroudel &raquo;. Vous d&eacute;couvrirez la recette originale du &laquo; Stroudel &raquo; et go&ucirc;terez &agrave; cette d&eacute;licatesse autrichienne, accompagn&eacute;e d&rsquo;un caf&eacute;.</span></p>\r\n\r\n<p><span style="line-height:1.6em">Retour &agrave; l&rsquo;h&ocirc;tel. D&icirc;ner. Nuit.&nbsp;</span></p>', 3, 1, 0, NULL, NULL, NULL, NULL),
(445, 61, 'Jour 4 : Innsbruck – la chaîne du nord / environ 65 km', '<p>D&eacute;part pour Innsbruck, la capitale du Tyrol. Visite guid&eacute;e de la vieille ville pleine de charme.</p>\r\n\r\n<p>Entr&eacute;e au palais imp&eacute;rial.</p>\r\n\r\n<p>D&eacute;jeuner. Excursion sur les hauteurs d&rsquo;Innsbruck.</p>\r\n\r\n<p>Trajet avec le funiculaire du Hungerburg.</p>\r\n\r\n<p>L&rsquo;ascension se poursuit en t&eacute;l&eacute;cabine, du Hungerburg au Seegrube &agrave; 1911 m d&rsquo;altitude. De l&agrave;, merveilleuse vue sur la vall&eacute;e et les Alpes.</p>\r\n\r\n<p>Retour &agrave; l&rsquo;h&ocirc;tel. D&icirc;ner.</p>\r\n\r\n<p>En option (avec suppl&eacute;ment) : soir&eacute;e tyrolienne avec musique et danses. Nuit.</p>', 4, 1, 0, NULL, NULL, NULL, NULL),
(446, 61, 'Jour 5 : Vallée du Zillertal – Rattenberg / environ 100 km', '<p>D&eacute;part pour la vall&eacute;e du Zillertal.</p>\r\n\r\n<p>Avant le d&eacute;jeuner, temps libre pour d&eacute;couvrir le centre du village Mayrhofen, lieu principal de la vall&eacute;e du Zillertal.</p>\r\n\r\n<p>D&eacute;jeuner. L&rsquo;apr&egrave;s-midi, promenade en train &agrave; vapeur dans la vall&eacute;e du Zillertal avec musique et d&eacute;gustation de &laquo; Schnaps &raquo;.</p>\r\n\r\n<p>Ensuite, d&eacute;part pour Rattenberg.</p>\r\n\r\n<p>Visite du mus&eacute;e d&rsquo;art populaire et du comptoir aux &eacute;pices.</p>\r\n\r\n<p>Retour &agrave; l&rsquo;h&ocirc;tel. D&icirc;ner et nuit.</p>', 5, 1, 0, NULL, NULL, NULL, NULL),
(447, 61, 'Jour 6 : Innsbruck – Stams – Axams / environ 140 km', '<p>D&eacute;part pour Innsbruck pour visiter le tremplin de saut &agrave; ski du Bergisel, chef d&rsquo;&oelig;uvre d&rsquo;architecture con&ccedil;u par Zaha Hadid, qui a &eacute;galement appos&eacute; sa griffe &agrave; Tokyo, Cincinatti et Madrid.</p>\r\n\r\n<p>Continuation pour l&rsquo;abbaye baroque de Stams.</p>\r\n\r\n<p>Visite guid&eacute;e.</p>\r\n\r\n<p>Continuation pour Axams. D&eacute;jeuner. Sympathique promenade en cal&egrave;che en compagnie de Fritz.</p>\r\n\r\n<p>D&eacute;couverte de la superbe r&eacute;gion olympique d&rsquo;Axams, Birgitz et G&ouml;tzens.</p>\r\n\r\n<p>Visite de la plus belle &eacute;glise rococo de la r&eacute;gion &agrave; G&ouml;tzens. Au chalet des cal&egrave;ches postales, un verre de schnaps fait maison est offert, avec animation musicale.</p>\r\n\r\n<p>Retour &agrave; l&rsquo;h&ocirc;tel. D&icirc;ner. Nuit.</p>', 6, 1, 0, NULL, NULL, NULL, NULL),
(448, 61, 'Jour 7 : Kitzbühel – Oberndorf – Krimml / environ 215 km', '<p>D&eacute;part en direction de Kitzb&uuml;hel, une petite ville m&eacute;di&eacute;vale.</p>\r\n\r\n<p>Le centre ville alterne boutiques de luxe, terrasses de caf&eacute;s et grandes marques de v&ecirc;tements traditionnels, mais aussi un bel ensemble de maisons typiques et color&eacute;es.</p>\r\n\r\n<p>Temps libre. Continuation pour la visite d&rsquo;une ferme traditionnelle &agrave; Oberndorf.</p>\r\n\r\n<p>D&eacute;gustation de produits locaux.</p>\r\n\r\n<p>D&eacute;jeuner. L&rsquo;apr&egrave;s-midi, d&eacute;part pour Krimml.</p>\r\n\r\n<p>Visite des magnifiques chutes, qui sont les plus hautes d&rsquo;Europe.</p>\r\n\r\n<p>Retour &agrave; l&rsquo;h&ocirc;tel. D&icirc;ner et nuit.&nbsp;</p>', 7, 1, 0, NULL, NULL, NULL, NULL),
(449, 61, 'Jour 8 : Départ du Tyrol / environ 35 km', '<p>Transfert &agrave; l&rsquo;a&eacute;roport en fonction de l&rsquo;horaire du vol. Assistance aux formalit&eacute;s d&rsquo;enregistrement et vol retour.</p>\r\n\r\n<p>Si le d&eacute;part a lieu dans l&rsquo;apr&egrave;s-midi, possibilit&eacute; de r&eacute;server un d&eacute;jeuner (avec suppl&eacute;ment).</p>\r\n\r\n<p>Kilom&eacute;trage approximatif : 667 km</p>', 8, 1, 0, NULL, NULL, NULL, NULL),
(450, 62, '1er Jour : vol à destination de Bangkok', '<p>vol &agrave; destination de Bangkok</p>', 1, 1, 0, NULL, NULL, NULL, NULL),
(451, 62, '2e Jour : Arrivée à Bangkok 45 Km (-/-/Din)', '<p>Accueil par votre guide francophone et transfert &agrave; l&rsquo;h&ocirc;tel (Chambres disponibles &agrave; partir de 14h).&nbsp;</p>\r\n\r\n<p><span style="line-height:1.6em">Journ&eacute;e libre.</span><span style="line-height:1.6em">Installation et d&eacute;tente ou possibilit&eacute; d&rsquo;excursions optionnelles avec guide : la d&eacute;couverte des Klongs de la rivi&egrave;re Chao Praya en bateau traditionnel avec la visite du Wat Arun ou la d&eacute;couverte du tr&egrave;s anim&eacute; march&eacute; aux fleurs. </span></p>\r\n\r\n<p><span style="line-height:1.6em">D&icirc;ner avec d&eacute;gustation de Pad Thai, des nouilles saut&eacute;es accompagn&eacute;es de soja, de crevettes s&eacute;ch&eacute;es et de sauce de poisson. </span></p>\r\n\r\n<p><span style="line-height:1.6em">Nuit &agrave; l&rsquo;h&ocirc;tel.</span></p>', 2, 1, 0, NULL, NULL, NULL, NULL),
(452, 62, '3e Jour : Bangkok – Lampang 680 km < train > (P.dej/Dej/Din)', '<p>Petit d&eacute;jeuner &agrave; l&rsquo;h&ocirc;tel.</p>\r\n\r\n<p>D&eacute;couverte de la vie quotidienne &agrave; Bangkok par le m&eacute;tro a&eacute;rien suivi d&rsquo;une balade en bateau-taxi r&eacute;gulier sur la rivi&egrave;re Chao Praya vers le d&eacute;barcad&egrave;re de Tha Tien.</p>\r\n\r\n<p>Visite du Palais Royal, du Wat Phra Keo qui abrite le Bouddha d&rsquo;Emeraude la repr&eacute;sentation du Bouddha la plus v&eacute;n&eacute;r&eacute;e en Tha&iuml;lande, et du Wat Po et de son gigantesque Bouddha Couch&eacute; et dor&eacute; de 46m de long.</p>\r\n\r\n<p>D&eacute;jeuner dans un restaurant local en bord de rivi&egrave;re. Temps libre pour d&eacute;couvrir &agrave; votre gr&eacute; le quartier chinois.</p>\r\n\r\n<p>En fin de journ&eacute;e, transfert &agrave; la gare.</p>\r\n\r\n<p>D&icirc;ner (panier-repas). Nuit &agrave; bord du train couchette.</p>', 3, 1, 0, NULL, NULL, NULL, NULL),
(453, 62, '4e Jour : Lampang – Phrae 140 Km (P.dej/Dej/Din)', '<p>Arriv&eacute;e &agrave; Lampang et petit d&eacute;jeuner.</p>\r\n\r\n<p>D&eacute;couverte du Wat Phra That Lampang Luang, un joyau de l&rsquo;architecture Lanna, avec ses toits &agrave; longues pentes, typiques de la r&eacute;gion.</p>\r\n\r\n<p>Entre rizi&egrave;res et maisons de tek, arr&ecirc;t &agrave; Baan Chatawan dans un atelier de tissage de pi&egrave;ces en coton appel&eacute;es &laquo; Jok &raquo;, aux motifs ray&eacute;s de noir et rouge, tr&egrave;s commun&eacute;ment utilis&eacute;es par les femmes comme sarong.</p>\r\n\r\n<p>Cette activit&eacute; donne aux familles un revenu compl&eacute;mentaire lorsque la culture du riz est termin&eacute;e.</p>\r\n\r\n<p>D&eacute;jeuner. Route vers Phrae, &agrave; travers le parc national de Wiang Ko Sai et sa for&ecirc;t luxuriante.</p>\r\n\r\n<p>Visite du Wat Phra That Chaw Hae, o&ugrave; l&rsquo;on acc&egrave;de au Chedi dor&eacute; par un escalier bord&eacute; de nagas sculpt&eacute;s.</p>\r\n\r\n<p>Promenade en cyclo-pousse dans les rues bord&eacute;es de nombreuses maisons typiques en tek, jusqu&rsquo;au march&eacute; de Muang Daeng, o&ugrave; les habitants viennent acheter fruits et l&eacute;gumes.</p>\r\n\r\n<p>D&icirc;ner. Nuit &agrave; l&rsquo;h&ocirc;tel.</p>', 4, 1, 0, NULL, NULL, NULL, NULL),
(454, 62, '5e Jour : Phrae – Nan – Don mun 230 Km (P.dej/Dej/Din)', '<p>Petit d&eacute;jeuner &agrave; l&rsquo;h&ocirc;tel.</p>\r\n\r\n<p>Visite des maisons traditionnelles de Wangburi et de Khun Luang, deux magnifiques demeures du si&egrave;cle dernier enti&egrave;rement &eacute;difi&eacute;es en bois de tek.</p>\r\n\r\n<p>Route vers Baan Tung Ho &agrave; la rencontre d&rsquo;une famille d&rsquo;artisans sp&eacute;cialis&eacute;s dans la teinture &agrave; l&rsquo;indigo.</p>\r\n\r\n<p>Initiation &agrave; ce proc&eacute;d&eacute; traditionnel de coloration du tissu.</p>\r\n\r\n<p>Continuation vers Baan Sri Phung o&ugrave; les habitants travaillent le bambou et la vannerie. Initiation &agrave; la confection du panier utilis&eacute; pour la cuisson du riz gluant.</p>\r\n\r\n<p>Route vers Phae Muang Phi o&ugrave; l&rsquo;&eacute;rosion a laiss&eacute; place &agrave; d&rsquo;&eacute;tranges formations rocheuses.</p>\r\n\r\n<p>D&eacute;jeuner. Route vers Nan et visite de l&rsquo;un des temples les plus c&eacute;l&egrave;bres du Nord : le Wat Phumin, d&eacute;cor&eacute; de magnifiques fresques.</p>\r\n\r\n<p>Promenade au march&eacute; local de Khaluang pour une d&eacute;couverte des produits r&eacute;gionaux. Route vers Don Mun, dans le district de Ta Wang Pha.</p>\r\n\r\n<p>D&icirc;ner et nuit chez l&rsquo;habitant.</p>', 5, 1, 0, NULL, NULL, NULL, NULL),
(455, 62, '6e Jour : Don Mun – Chiang Khan – Chiang Khong 390 Km (P.dej/Dej/Din)', '<p>Petit d&eacute;jeuner chez l&rsquo;habitant.</p>\r\n\r\n<p>D&eacute;part vers Don Tan, village r&eacute;put&eacute; pour son travail du mobilier en rotin. Les artisans pr&eacute;senteront leur atelier avec une initiation aux techniques de fabrication.</p>\r\n\r\n<p>Continuation vers Chiang Khan en traversant le parc national de Phu Sang, sur une route de montagne offrant des panoramas magnifiques sur les for&ecirc;ts mitoyennes avec le Laos. Les montagnards continuent de pratiquer encore trop souvent les cultures sur br&ucirc;lis pour d&eacute;velopper leur agriculture.</p>\r\n\r\n<p>D&eacute;jeuner &agrave; Chiang Khong et installation au Lodge de style Hmong. Pr&eacute;sentation des tribus de la r&eacute;gion.</p>\r\n\r\n<p>Visite d&rsquo;un village traditionnel Hmong, initiation &agrave; l&rsquo;artisanat batik avec les femmes de la tribu. D&icirc;ner et spectacle de danses traditionnelles.</p>\r\n\r\n<p>Nuit au Lodge.</p>', 6, 1, 0, NULL, NULL, NULL, NULL),
(456, 62, '6e Jour : Don Mun – Chiang Khan – Chiang Khong 390 Km (P.dej/Dej/Din)', '<p>Petit d&eacute;jeuner chez l&rsquo;habitant.</p>\r\n\r\n<p>D&eacute;part vers Don Tan, village r&eacute;put&eacute; pour son travail du mobilier en rotin. Les artisans pr&eacute;senteront leur atelier avec une initiation aux techniques de fabrication.</p>\r\n\r\n<p>Continuation vers Chiang Khan en traversant le parc national de Phu Sang, sur une route de montagne offrant des panoramas magnifiques sur les for&ecirc;ts mitoyennes avec le Laos. Les montagnards continuent de pratiquer encore trop souvent les cultures sur br&ucirc;lis pour d&eacute;velopper leur agriculture.</p>\r\n\r\n<p>D&eacute;jeuner &agrave; Chiang Khong et installation au Lodge de style Hmong. Pr&eacute;sentation des tribus de la r&eacute;gion.</p>\r\n\r\n<p>Visite d&rsquo;un village traditionnel Hmong, initiation &agrave; l&rsquo;artisanat batik avec les femmes de la tribu. D&icirc;ner et spectacle de danses traditionnelles.</p>\r\n\r\n<p>Nuit au Lodge.</p>', 6, 1, 0, NULL, NULL, NULL, NULL),
(457, 62, '7e Jour : Chiang Khong – Mae Salong – Fang 190 Km (P.dej/Dej/Din)', '<p>Petit d&eacute;jeuner au lodge.</p>\r\n\r\n<p>Route vers les Jardins de Mae Fah Luang, sur un parcours montagneux offrant des paysages de for&ecirc;t dense et sauvage.</p>\r\n\r\n<p>Continuation pour la visite du village de Thoed Thai, &agrave; l&rsquo;&eacute;tonnant pluralisme religieux, qui fut longtemps le repaire du &laquo; seigneur de la mort &raquo;. La statue de Khun Sa &agrave; cheval si&egrave;ge toujours au milieu de son ancien quartier g&eacute;n&eacute;ral.</p>\r\n\r\n<p>Route vers le village de Mae Salong, perch&eacute; &agrave; 1350m d&rsquo;altitude, et qui ressemble &agrave; un village typique du Sud de la Chine, avec ses maisons du Yunnan et sa population issue du Kuomintang.</p>\r\n\r\n<p>D&eacute;gustation du th&eacute; local avec une vue incroyable sur les plantations de th&eacute;iers qui recouvrent les montagnes environnantes.</p>\r\n\r\n<p>D&eacute;jeuner. Promenade et rencontres dans un village Akha entre modernit&eacute; et tradition.</p>\r\n\r\n<p>Arr&ecirc;t au village de Ban Lorcha pour mieux comprendre les traditions ethniques.</p>\r\n\r\n<p>Continuation vers Thaton. Promenade en bateau sur la rivi&egrave;re Kok. Route vers la petite ville de Fang.</p>\r\n\r\n<p>D&icirc;ner. Nuit &agrave; l&rsquo;h&ocirc;tel.</p>', 7, 1, 0, NULL, NULL, NULL, NULL),
(458, 62, '8e Jour : Fang – Doi Pha Hom Pok 40 Km (P.dej/Dej/Din)', '<p>Petit d&eacute;jeuner &agrave; l&rsquo;h&ocirc;tel.</p>\r\n\r\n<p>D&eacute;part pour le Doi Pha Hom Pok o&ugrave; vous serez accueillis par votre famille de l&rsquo;ethnie Lahu.</p>\r\n\r\n<p>Vous vivrez la journ&eacute;e au rythme des villageois qui vous feront participer aux travaux quotidiens et &agrave; la pr&eacute;paration des repas.</p>\r\n\r\n<p>Vous d&eacute;couvrirez la culture et le travail traditionnel du th&eacute; qui est tri&eacute;, mass&eacute; sur des nattes v&eacute;g&eacute;tales et s&eacute;ch&eacute; dans un &eacute;norme wok chauff&eacute; par des tisons de bambou.</p>\r\n\r\n<p>Rencontre avec les villageois et promenade dans la for&ecirc;t et les cultures environnantes. Danses et musiques traditionnelles.</p>\r\n\r\n<p>D&icirc;ner et nuit chez l&rsquo;habitant au village Lahu.</p>', 8, 1, 0, NULL, NULL, NULL, NULL),
(459, 62, '9e Jour : Doi Pha Hom Pok – Chiang Dao – Pai 210 Km (P.dej/Dej/Din)', '<p>Petit d&eacute;jeuner chez l&rsquo;habitant.</p>\r\n\r\n<p>Promenade dans la for&ecirc;t vers les chutes d&rsquo;eau de Phumanee.</p>\r\n\r\n<p>D&eacute;gustation de riz cuit dans des bambous avant de prendre la route vers Chiang Dao au travers de paysages de montagnes verdoyantes, v&eacute;ritables sanctuaires de flore et de faune.</p>\r\n\r\n<p>Promenade dans les grottes de Tham Chiang Dao et leur remarquable r&eacute;seau de galeries souterraines, o&ugrave; les p&egrave;lerins Shan ont laiss&eacute; au fil des ann&eacute;es de nombreuses statues de Bouddha. Visite du temple voisin reconnaissable &agrave; son Chedi prot&eacute;g&eacute; par un naga &agrave; cinq t&egrave;tes.</p>\r\n\r\n<p>D&eacute;jeuner. Continuation vers Pai, bourgade entour&eacute;e de collines, carrefour des minorit&eacute;s de la r&eacute;gion.</p>\r\n\r\n<p>Installation &agrave; l&rsquo;h&ocirc;tel et temps libre pour appr&eacute;cier la nature environnante.</p>\r\n\r\n<p>D&icirc;ner local dans la ville. Promenade nocturne au march&eacute;. Nuit &agrave; l&rsquo;h&ocirc;tel.</p>', 9, 1, 0, NULL, NULL, NULL, NULL),
(460, 62, '10e Jour : Pai – Soppong – Baan Ruam Thai 130 Km (P.dej/Dej/Din)', '<p>Petit d&eacute;jeuner &agrave; l&rsquo;h&ocirc;tel.</p>\r\n\r\n<p>Route montagneuse vers Soppong au milieu d&rsquo;immenses for&ecirc;ts de tek.</p>\r\n\r\n<p>Visite du march&eacute; local haut en couleurs, o&ugrave; de nombreuses tribus viennent vendre leurs produits.</p>\r\n\r\n<p>Continuation pour les c&eacute;l&egrave;bres grottes de Tham Lot, un des plus longs r&eacute;seaux souterrains en Asie du sud est. La visite se fera en radeau de bambou &agrave; la d&eacute;couverte de superbes concr&eacute;tions calcaires et d&rsquo;antiques s&eacute;pultures en bois de tek.</p>\r\n\r\n<p>D&eacute;jeuner. Route vers le village tr&egrave;s recul&eacute; de Baan Ruam Thai en bordure d&rsquo;une petite for&ecirc;t luxuriante et &agrave; proximit&eacute; d&rsquo;un lac.</p>\r\n\r\n<p>Promenade dans le projet royal de Pang Ung. Rencontre avec les habitants qui vous apprendrons &agrave; griller le caf&eacute; arabica cultiv&eacute; dans cette r&eacute;gion o&ugrave; la population est majoritairement Shan.</p>\r\n\r\n<p>D&eacute;gustation. D&icirc;ner. Nuit dans des huttes traditionnelles entre bambous et caf&eacute;iers.</p>', 10, 1, 0, NULL, NULL, NULL, NULL),
(461, 62, '11e Jour : Baan Ruam Thai – Mae Hong Son – Mae Sariang 200 Km (P.dej/Dej/Din)', '<p>Petit d&eacute;jeuner chez l&rsquo;habitant.</p>\r\n\r\n<p>Route vers Mae Hong Son et ses for&ecirc;ts de tong tueng, arbres omnipr&eacute;sents dans la r&eacute;gion, et qui gr&acirc;ce &agrave; leur feuillage, permettent aux tribus Karen de confectionner le toit de leur habitation traditionnelle.</p>\r\n\r\n<p>Visite du Wat Doi Kong Mu qui offre une vue imprenable sur la paisible petite ville de Mae Hong Son.</p>\r\n\r\n<p>Promenade au march&eacute; local.</p>\r\n\r\n<p>Visite du Wat Chong Kham, construit par les Shan et tr&egrave;s c&eacute;l&eacute;br&eacute; pour son Bouddha assis.</p>\r\n\r\n<p>Promenade &agrave; dos d&rsquo;&eacute;l&eacute;phant dans la for&ecirc;t tropicale. Vous pourrez voir les femmes girafes de la tribu Padaung en acceptant les conditions d&rsquo;exploitation commerciale dont elles font l&rsquo;objet.</p>\r\n\r\n<p>Cette visite est n&eacute;anmoins facultative.</p>\r\n\r\n<p>Route vers Khun Yuam pour la visite du Wat Tor Pae saisissant de naturel et d&rsquo;authenticit&eacute; avec quelques arbres incroyables dans la petite cour &agrave; l&rsquo;arri&egrave;re du b&acirc;timent.</p>\r\n\r\n<p>Continuation vers Mae Sariang avec plusieurs arr&ecirc;ts impromptus. D&icirc;ner. Nuit &agrave; l&rsquo;h&ocirc;tel.</p>', 11, 1, 0, NULL, NULL, NULL, NULL),
(462, 62, '12e jour : Mae Sariang – Mae Sot 230 Km (P.dej/Dej/Din)', '<p>Petit d&eacute;jeuner &agrave; l&rsquo;h&ocirc;tel.</p>\r\n\r\n<p>Promenade matinale au march&eacute; local color&eacute; et tr&egrave;s anim&eacute;.</p>\r\n\r\n<p>Visite d&rsquo;un village Karen, incroyable d&rsquo;authenticit&eacute; avec ses habitants rencontr&eacute;s au hasard de leur occupation.</p>\r\n\r\n<p>Route vers Ban Mae Salit pour visiter son temple dominant le petit village. Les coteaux montagneux abrupts sont souvent recouverts de cultures. De nombreuses rencontres au gr&eacute; des petits march&eacute;s en bord de route et des villages &agrave; flanc de montagne. Un incroyable spectacle sur cette route frontali&egrave;re avec la Birmanie encore peu souvent visit&eacute;e</p>\r\n\r\n<p>Arriv&eacute;e &agrave; Mae Sot en fin d&rsquo;apr&egrave;s midi.</p>\r\n\r\n<p>D&icirc;ner. Nuit &agrave; l&rsquo;h&ocirc;tel.</p>', 12, 1, 0, NULL, NULL, NULL, NULL),
(463, 62, '13e Jour : Mae Sot – Tak – Sukhothai – KamphAeng Phet 370 Km (P.dej/Dej/Din)', '<p>Petit d&eacute;jeuner &agrave; l&rsquo;h&ocirc;tel.</p>\r\n\r\n<p>D&eacute;part matinal pour le march&eacute; alimentaire de Mae Sot, tr&egrave;s pittoresque et influenc&eacute; par les tenues vestimentaires traditionnelles birmanes qui se m&eacute;langent aux couleurs chatoyantes des costumes ethniques de la r&eacute;gion.</p>\r\n\r\n<p>Route vers Tak pour d&eacute;couvrir la statue du Roi Taksin, ancien gouverneur de la r&eacute;gion en 1767, lieu tr&egrave;s fr&eacute;quent&eacute; et tr&egrave;s v&eacute;n&eacute;r&eacute;.</p>\r\n\r\n<p>Route vers Sukhothai, l&rsquo;ancienne capitale du Royaume du Siam.</p>\r\n\r\n<p>D&eacute;jeuner. Visite du site arch&eacute;ologique, inscrit au patrimoine mondial de l&rsquo;Unesco.</p>\r\n\r\n<p>Le Wat Mahathat formait le c&oelig;ur de l&rsquo;ancienne cit&eacute; royale. Route vers Kamphaeng Phet.</p>\r\n\r\n<p>D&icirc;ner. Nuit &agrave; l&rsquo;h&ocirc;tel.</p>', 13, 1, 0, NULL, NULL, NULL, NULL),
(464, 62, '14e Jour : Kamphaeng Phet – Nakhon Sawan – Ayutthaya 310 Km (P.dej/Dej/Din)', '<p>Petit d&eacute;jeuner &agrave; l&rsquo;h&ocirc;tel.</p>\r\n\r\n<p>Visite matinale de la vieille ville historique de Kamphaeng Phet aux abords de la rivi&egrave;re Ping, class&eacute;e au patrimoine mondial de l&rsquo;Unesco. D&eacute;couverte du Wat Phrae Kaeo et du Wat Phra That.</p>\r\n\r\n<p>Route vers Nakhon Sawan.</p>\r\n\r\n<p>D&eacute;jeuner. Continuation vers Ayutthaya. D&icirc;ner. Nuit &agrave; l&rsquo;h&ocirc;tel.</p>', 14, 1, 0, NULL, NULL, NULL, NULL),
(465, 62, '15e Jour : Ayutthaya – Angthong – Ayutthaya (P.dej/Dej/Din)', '<p>Petit d&eacute;jeuner &agrave; l&rsquo;h&ocirc;tel.</p>\r\n\r\n<p>D&eacute;part pour Angtong. Participation &agrave; la vie quotidienne et aux activit&eacute;s du village. Offrande matinale aux moines.</p>\r\n\r\n<p>Visite du temple de Wat Sakaew tout proche, &agrave; la rencontre des moines qui s&rsquo;occupent des enfants de l&rsquo;orphelinat. Vous pourrez vous exercer &agrave; la taille de fines baguettes de bambous destin&eacute;es &agrave; devenir des b&acirc;tons d&rsquo;encens, ou bien essayer de sculpter des reproductions de barques miniatures, figurines r&eacute;put&eacute;es dans tout le pays.</p>\r\n\r\n<p>Promenade aux alentours du village jusqu&rsquo;&agrave; la rivi&egrave;re Chao Praya o&ugrave; les villageois &eacute;l&egrave;vent en viviers des poissons connus dans la r&eacute;gion.</p>\r\n\r\n<p>D&eacute;jeuner. Balade jusqu&rsquo;&agrave; un temple voisin o&ugrave; sont fabriqu&eacute;es de minuscules poup&eacute;es de terre cuite, peintes &agrave; la main, repr&eacute;sentant des sc&egrave;nes de la vie quotidienne traditionnelle tha&iuml;landaise. Vous pourrez essayer de sculpter et de peindre votre propre poup&eacute;e.</p>\r\n\r\n<p>Continuation jusqu&rsquo;&agrave; une petite usine de traitement du riz apr&egrave;s la r&eacute;colte. La sp&eacute;cialit&eacute; locale consiste &agrave; m&eacute;langer du riz avec des herbes color&eacute;es et aromatis&eacute;es.</p>\r\n\r\n<p>Retour &agrave; Ayutthaya. D&icirc;ner. Nuit &agrave; l&rsquo;h&ocirc;tel.</p>', 15, 1, 0, NULL, NULL, NULL, NULL),
(466, 62, '16e jour : Ayutthaya – Bangkok 140 Km (P.dej/Dej/-)', '<p>Petit d&eacute;jeuner &agrave; l&rsquo;h&ocirc;tel.</p>\r\n\r\n<p>D&eacute;couverte d&rsquo;Ayutthaya, ancienne capitale du Siam et remarquable site arch&eacute;ologique class&eacute; au patrimoine mondial de l&rsquo;Unesco.</p>\r\n\r\n<p>Visite du Wat Phra Mongkhon Bophit abritant le plus grand Bouddha de bronze du pays, du Wat Phra Si Sanphet, temple royal construit au XV&egrave;me si&egrave;cle.</p>\r\n\r\n<p>D&eacute;jeuner &agrave; Bangkok.</p>\r\n\r\n<p>Temps libre jusqu&rsquo;au transfert &agrave; l&rsquo;a&eacute;roport de Bangkok pour le vol de retour. Assistance aux formalit&eacute;s de d&eacute;part.</p>', 16, 1, 0, NULL, NULL, NULL, NULL),
(467, 62, '17e jour : Arrivée', '<p>&nbsp;Arriv&eacute;e</p>', 17, 1, 0, NULL, NULL, NULL, NULL),
(468, 63, 'Jour 1 : TUNIS / BARCELONE', '<p>D&eacute;part vers Barcelone sur TUNISAIR &agrave; &nbsp;9h35.</p>\r\n\r\n<p>Rendez-vous &agrave; l&rsquo;a&eacute;roport &nbsp;Carthage avant 3h Arriv&eacute;e &agrave; 12h20 ;Transfert &agrave; l&rsquo;h&ocirc;tel.</p>\r\n\r\n<p>Nuit&eacute;e &agrave; l&rsquo;h&ocirc;tel &nbsp;BARCELONA 505 &nbsp;4**** sup. www.hoteles-catalonia.com</p>', 1, 1, 0, NULL, NULL, NULL, NULL),
(469, 63, 'Jour 2 :  BARCELONE', '<p>Tour panoramique de la ville : visite de &nbsp;Las Ramblas, Cit&eacute; Olympique, Coline de Montjuic &nbsp;, Quartier Gothique ,</p>\r\n\r\n<p>Example :&nbsp;Passeig de Gr&agrave;cia Maisons , Sagrada Fam&iacute;lia(Ext&eacute;rieur) Exposition Internationale de 1888 , &nbsp;Front de mer Place Catalunya, Place d&rsquo;Espagne, &nbsp;STADE CAMP NOU ( exterieur)&hellip;.</p>\r\n\r\n<p>Apr&eacute;s Midi &nbsp;Libre .</p>\r\n\r\n<p>Nuit&eacute;e &agrave; l&rsquo;h&ocirc;tel &nbsp;BARCELONA 505 &nbsp;4**** &nbsp;sup.</p>', 2, 1, 0, NULL, NULL, NULL, NULL),
(470, 63, 'Jour 3 : BARCELONE/ ANDORRA  (EXTRA)', '<p>Journ&eacute;e Libre ou Excursion &nbsp;vers la Principaut&eacute; d&rsquo;ANDORRE &hellip;.(EXTRA )</p>\r\n\r\n<p>La principaut&eacute; d&rsquo;Andorre est un petit pays situ&eacute; entre la France et l&rsquo;Espagne, dans une vall&eacute;e au milieu des Pyr&eacute;n&eacute;es., connu &nbsp;par ces commerces, ses grands centres commerciaux, ses boutiques o&ugrave; les marques les plus mondialement connues se donnent rendez-vous &agrave; n&rsquo;importe quel coin de rues d&rsquo;Andorra la Vella, sa capitale.</p>\r\n\r\n<p>Si vous prenez en compte qu&rsquo;il s&rsquo;agit d&rsquo;un paradis fiscal, cela la rend encore plus attractive pour jouir d&rsquo;une journ&eacute;e d&rsquo;achats de v&ecirc;tements, d&rsquo;appareils &eacute;lectroniques, de parfums, de tabac&hellip;..</p>\r\n\r\n<p>Nuit&eacute;e &agrave; l&rsquo;h&ocirc;tel &nbsp;BARCELONA 505 &nbsp;4**** sup.</p>', 3, 1, 0, NULL, NULL, NULL, NULL),
(471, 63, 'Jour 4 :  BARCELONE   / PARC PORT AVENTURA  ( EXTRA)', '<p>Journ&eacute;e libre ou Partez en bus le matin &nbsp;pour l&rsquo;un des parcs les plus c&eacute;l&egrave;bres du sud de l&rsquo;Europe, Porta ventura et passez une journ&eacute;e inoubliable.</p>\r\n\r\n<p>Vous pourrez essayer les attractions telles que le Serpent Sacr&eacute; dans la zone mexicaine, le Kontiki Wave (un bateau pirate), une mini montagne russe appel&eacute; Tomahawk dans la zone Asie et le Buffalo Rodeo Dodgem.</p>\r\n\r\n<p>Ne manquez pas les zone M&eacute;diterran&eacute;enne, Polyn&eacute;sie et Chine du parc.</p>\r\n\r\n<p>Nuit&eacute;e &agrave; l&rsquo;h&ocirc;tel &nbsp;BARCELONA 505 &nbsp;4****sup.</p>', 4, 1, 0, NULL, NULL, NULL, NULL),
(472, 63, 'Jour 5 : BARCELONE/ NICE', '<p>D&eacute;part vers NICE en &nbsp;bus &nbsp;Touristique confort .</p>\r\n\r\n<p>Nuit&eacute;e &agrave; l&rsquo;h&ocirc;tel ***</p>', 5, 1, 0, NULL, NULL, NULL, NULL),
(473, 63, 'Jour 6 : NICE /CANNES', '<p>Matin : Tour Panoramique de &nbsp;NICE : D&eacute;couvrez &nbsp;la capitale de la C&ocirc;te d&rsquo;Azur, avec sa Promenade des Anglais &nbsp;qui longe la mer sur 7km.</p>\r\n\r\n<p>Puis les jardins Albert Ier qui comporte un th&eacute;atre de Verdure et la magnifique Place Massena.Fl&acirc;nez dans la vieille ville de Nice avec le march&eacute; aux fleurs sur le cour Saleya(le matin uniquement et le lundi la brocante) .</p>\r\n\r\n<p>La vieille ville est situ&eacute;e entre le centre ville et la mer appel&eacute;e aussi &laquo; Vieux Nice &raquo;.La colline du Ch&acirc;teau vous enchantera par sa vue panoramique, de Nice au massif de l&rsquo;Esterel, ainsi que sur le port et le mont Boron. Vous appr&eacute;cierez aussi la cascade et les jardins.</p>\r\n\r\n<p>Vous vous rendrez &agrave; Cimiez, quartier aristocratique de Nice o&ugrave; s&eacute;journait la reine Victoria, et o&ugrave; se trouve le mus&eacute;e Chagall et Matisse, ainsi que le monast&egrave;re franciscain et ses jardins de roses.</p>\r\n\r\n<p>Puis le quartier Russe avec sa cath&eacute;drale orthodoxe St Nicolas. C&rsquo;est le plus grand &eacute;difice religieux russe hors de la Russie.</p>\r\n\r\n<p>Vous arriverez &agrave; Cannes par la Croisette ,cr&eacute;&eacute;e en 1868, avec les grands Palaces (Martinez, Carlton, Majestic&hellip;) o&ugrave; s&eacute;journent les stars lors du Festival du Film et en bout de Croisette le Palais des Festivals avec les fameuses marches et son tapis rouge.</p>\r\n\r\n<p>Lord Brougham est l&rsquo;inventeur de Cannes et vous pourrez voir sa statue, dans les all&eacute;es de la libert&eacute;, situ&eacute;e face au Palais des Festivals .</p>\r\n\r\n<p>Vous irez ensuite &agrave; St Paul de Vence, magnifique village fortifi&eacute; du Moyen Age et un des villages les plus visit&eacute; en France.St Paul de Vence est devenu le rendez-vous des peintres (Bonnard,Braque, Dufy, Matisse), du monde des lettres(Pr&eacute;vert, Pagnol) et du spectacle(Signoret, Montand).</p>\r\n\r\n<p>Fl&acirc;nez le long des remparts et &agrave; l&rsquo;interieur de l&rsquo;enceinte, les ruelles sont plaisantes, bord&eacute;es de boutiques et de maisons en pierre calcaire.</p>\r\n\r\n<p>Nuit&eacute;e &agrave; l&rsquo;h&ocirc;tel &nbsp; &nbsp;3***&nbsp;</p>', 6, 1, 0, NULL, NULL, NULL, NULL),
(474, 63, 'Jour 7 : NICE /MONACO', '<p>D&eacute;part vers &nbsp;la Principaut&eacute; de MONACO.</p>\r\n\r\n<p>Vous commencerez avec la vieille ville appel&eacute;e le Rocher dominant la mer et le port d&rsquo;une hauteur de plus de 60m. La Vieille ville regroupe le Gouvernement, le Palais Princier &nbsp;avec sa rel&egrave;ve de la garde , la Cath&eacute;drale et le Mus&eacute;e Oc&eacute;anographique.</p>\r\n\r\n<p>Vous continuerez &agrave; Monte Carlo avec au centre la Place du Casino, &agrave; droite l&rsquo;h&ocirc;tel de Paris construit en 1864, &agrave; gauche le caf&eacute; de Paris et le Casino avec sa salle de th&eacute;&acirc;tre et son d&ocirc;me cr&eacute;&eacute;e par Charles Garnier, architecte de l&rsquo;op&eacute;ra de Paris.</p>\r\n\r\n<p>Nuit&eacute;e &agrave; l&rsquo;h&ocirc;tel &nbsp;3*** .</p>', 7, 1, 0, NULL, NULL, NULL, NULL),
(475, 63, 'Jour 8 : NICE  / TUNIS', '<p>Matin&eacute;e &nbsp;libre .</p>\r\n\r\n<p>Transfert &agrave; l&rsquo;A&eacute;roport pour le retour.</p>\r\n\r\n<p>D&eacute;part &agrave;18H35 arriv&eacute;e 19H10</p>', 8, 1, 0, NULL, NULL, NULL, NULL),
(476, 63, 'CE PROGRAMME COMPREND :', '<p>- &nbsp; &nbsp;Vol aller /retour (Tarif non remboursable, non modifiable)</p>\r\n\r\n<p>-&nbsp;&nbsp; &nbsp;Transfert a&eacute;roport/ h&ocirc;tel / a&eacute;roport</p>\r\n\r\n<p>-&nbsp;&nbsp; &nbsp;Logement dans un h&ocirc;tel 4**** SUP avec petit d&eacute;jeuner pendant 04 nuit&eacute;es &agrave; BARCELONE</p>\r\n\r\n<p>-&nbsp;&nbsp; &nbsp;Logement dans un h&ocirc;tel 3*** SUP avec petit d&eacute;jeuner Pendant 03 nuit&eacute;es &agrave; &nbsp;NICE</p>\r\n\r\n<p>-&nbsp;&nbsp; &nbsp;Tour panoramique de Barcelone</p>\r\n\r\n<p>-&nbsp;&nbsp; &nbsp;Visite de NICE</p>\r\n\r\n<p>- &nbsp; &nbsp;Visite de CANNES</p>\r\n\r\n<p>-&nbsp;&nbsp; &nbsp;Visite de MONACO</p>', 9, 1, 1, NULL, NULL, NULL, NULL),
(477, 63, 'CE PROGRAMME  NE  COMPREND PAS  :', '<p>-&nbsp;&nbsp; &nbsp;Frais de visa Espagne : 190 DT ( Esp&egrave;ce).</p>\r\n\r\n<p>-&nbsp;&nbsp; &nbsp;Frais d&rsquo;Assurance : 20 DT .</p>\r\n\r\n<p>-&nbsp;&nbsp; &nbsp;PARC PORT AVENTURA : 85 &euro;.</p>\r\n\r\n<p>-&nbsp;&nbsp; &nbsp;ANDORRA : 50 &euro;.</p>', 10, 1, 1, NULL, NULL, NULL, NULL),
(478, 64, '1er Jour : vol à destination de Phnom Penh', '<p>vol &agrave; destination de Phnom Penh</p>', 1, 1, 0, NULL, NULL, NULL, NULL),
(479, 64, '2e Jour : Arrivée à Phnom Penh 15 Km (-/-/Din)', '<p>Accueil &agrave; l&rsquo;a&eacute;roport par votre guide francophone et transfert &agrave; l&rsquo;h&ocirc;tel (Chambres disponibles &agrave; partir de 14h).</p>\r\n\r\n<p>Visite du Palais Royal, principale r&eacute;sidence du Roi et de la Reine.</p>\r\n\r\n<p>Dans l&rsquo;enceinte du Palais, d&eacute;couverte de la Pagode d&rsquo;Argent, abritant des fresques inspir&eacute;es du Ramayana, et des tr&eacute;sors de la couronne.</p>\r\n\r\n<p>Visite du mus&eacute;e national, construit par les Fran&ccedil;ais &agrave; partir de 1917, et qui occupe un vaste b&acirc;timent de couleur ocre abritant une tr&egrave;s belle collection d&rsquo;art khmer.</p>\r\n\r\n<p>Ap&eacute;ritif sur le quai Sisovat, le centre anim&eacute; de la capitale.</p>\r\n\r\n<p>Diner. Nuit &agrave; l&rsquo;h&ocirc;tel.</p>', 2, 1, 0, NULL, NULL, NULL, NULL),
(480, 64, '3e Jour : Phnom Penh (Pdj/Dej/Din)', '<p>Petit d&eacute;jeuner &agrave; l&rsquo;h&ocirc;tel.</p>\r\n\r\n<p>Balade en cyclo-pousse &agrave; travers les rues de la capitale vers le port autonome de Phnom Penh.</p>\r\n\r\n<p>Embarquement sur un bateau local pour une croisi&egrave;re au confluent du M&eacute;kong et du Tonle Sap.</p>\r\n\r\n<p>Balade sur les &icirc;les Koh Dach et Onha Tey.</p>\r\n\r\n<p>D&eacute;jeuner grillade &agrave; bord du bateau.</p>\r\n\r\n<p>Moment de rencontre avec les habitants des &icirc;les pour decouvrir leurs activit&eacute;s quotidiennes.</p>\r\n\r\n<p>Retour &agrave; Phnom Penh en fin d&rsquo;apr&egrave;s-midi. Diner. Nuit &agrave; l&rsquo;h&ocirc;tel.</p>', 3, 1, 0, NULL, NULL, NULL, NULL),
(481, 64, '4e Jour : Phnom Penh – Kompong Cham – Kompong Thom 110 Km (Pdj/Dej/Din)', '<p>Petit d&eacute;jeuner &agrave; l&rsquo;h&ocirc;tel.</p>\r\n\r\n<p>Route vers Kompong Thom, en passant par de magnifiques paysages de rizi&egrave;re parsem&eacute;s de maisons traditionnelles.</p>\r\n\r\n<p>D&eacute;couverte d&rsquo;un village de sculpteurs.</p>\r\n\r\n<p>D&eacute;jeuner. D&eacute;part vers Ishanapura, l&rsquo;ancienne capitale du grand royaume Chen La, &agrave; environ 40 kilom&egrave;tres de Kompong Thom.</p>\r\n\r\n<p>C&rsquo;est le plus important des sites pr&eacute;angkoriens, avec de nombreux monuments datant du VIII&egrave;me si&egrave;cle. Diner. Nuit &agrave; l&rsquo;h&ocirc;tel.</p>', 4, 1, 0, NULL, NULL, NULL, NULL),
(482, 64, '5e Jour : Kompong Thom – Siem Reap 145 Km (Pdj/Dej/Din)', '<p>Petit d&eacute;jeuner &agrave; l&rsquo;h&ocirc;tel.</p>\r\n\r\n<p>D&eacute;part pour Siem Reap, petite ville &agrave; proximit&eacute; du fabuleux site d&rsquo;Angkor.</p>\r\n\r\n<p>En cours de route, d&eacute;couverte des villages traditionnels cambodgiens et rencontre avec les habitants.</p>\r\n\r\n<p>Arr&ecirc;t sur un ancien pont de l&rsquo;&eacute;poque angkorien, toujours utilis&eacute; de nos jours.</p>\r\n\r\n<p>Arriv&eacute;e &agrave; Siem Reap.</p>\r\n\r\n<p>D&eacute;jeuner. D&eacute;part pour le temple Beng Meala, tout &agrave; la fois ville et sanctuaire. Peu restaur&eacute; et enfoui dans la jungle, il vous fera revivre les sensations des explorateurs d&rsquo;antan.</p>\r\n\r\n<p>Diner. Nuit &agrave; l&rsquo;h&ocirc;tel.</p>', 5, 1, 0, NULL, NULL, NULL, NULL),
(484, 64, '6e Jour : Siem Reap – Angkor 50 Km (Pdj/Dej/Din)', '<p>Petit d&eacute;jeuner &agrave; l&rsquo;h&ocirc;tel.</p>\r\n\r\n<p>D&eacute;couverte du merveilleux site d&rsquo;Angkor, class&eacute; au patrimoine mondial de l&rsquo;Unesco. La matin&eacute;e est consacr&eacute;e &agrave; la visite du temple d&rsquo;Angkor Vat. Il repr&eacute;sente le mont Meru, la maison des dieux dans la mythologie hindoue.</p>\r\n\r\n<p>Il est &eacute;galement le symbole du Cambodge et figure sur son drapeau national. D&eacute;jeuner.</p>\r\n\r\n<p>Visite du Preah Khan, dont le nom signifie &laquo; &Eacute;p&eacute;e Sacr&eacute;e &raquo;, un grand complexe bouddhiste qui devait autrefois abriter une ville compos&eacute;e de maisons en bois. D&eacute;couverte du Neak Pean, un grand bassin entour&eacute; d&rsquo;escaliers o&ugrave; les moines venaient s&rsquo;asperger d&rsquo;eau sacr&eacute;e.</p>\r\n\r\n<p>Diner. Nuit &agrave; l&rsquo;h&ocirc;tel.</p>', 6, 1, 0, NULL, NULL, NULL, NULL),
(485, 64, '7e Jour : Siem Reap – Angkor 50 Km (Pdj/Dej/Din)', '<p>Petit d&eacute;jeuner &agrave; l&rsquo;h&ocirc;tel. Matin&eacute;e consacr&eacute;e &agrave; la visite de Banteay Srey, la &laquo; Citadelle des Femmes &raquo;. V&eacute;ritable dentelle de pierre, ce temple est enti&egrave;rement recouvert de bas reliefs d&rsquo;une extr&ecirc;me finesse, taill&eacute;s dans du gr&egrave;s rose qui lui donne une couleur diff&eacute;rente selon l&rsquo;orientation du soleil.</p>\r\n\r\n<p>D&eacute;jeuner. Poursuite des visites avec le site du Roluos, situ&eacute; &agrave; 16 km au sud de Siem Reap.</p>\r\n\r\n<p>D&eacute;couverte de trois monuments datant du IX&egrave;me si&egrave;cle.</p>\r\n\r\n<p>Visite du temple Preah Ko, monument fun&eacute;raire et du Bakhong, premier &eacute;difice construit en gr&egrave;s au centre de la capitale.</p>\r\n\r\n<p>D&eacute;couverte du temple de Lolei, b&acirc;ti sur une &icirc;le au milieu d&rsquo;une grande pi&egrave;ce d&rsquo;eau qui alimentait la ville.</p>\r\n\r\n<p>Il pr&eacute;sente de tr&egrave;s belles divinit&eacute;s f&eacute;minines et des linteaux finement sculpt&eacute;s.</p>\r\n\r\n<p>Retour sur Siem Reap. Diner. Nuit &agrave; l&rsquo;h&ocirc;tel.</p>', 7, 1, 0, NULL, NULL, NULL, NULL),
(486, 64, '8e Jour : Siem Reap – Angkor 50 Km (Pdj/Dej/Din)', '<p>Petit d&eacute;jeuner &agrave; l&rsquo;h&ocirc;tel. Visite du Bayon, avec ses visages au sourire &eacute;nigmatique.</p>\r\n\r\n<p>Ce temple montagne, v&eacute;ritable for&ecirc;t de t&ecirc;tes gigantesques est &eacute;galement un labyrinthe de terrasses, de tours, d&rsquo;escaliers et de couloirs.</p>\r\n\r\n<p>Promenade sur la terrasse du Roi L&eacute;preux, qui servait de lieu de cr&eacute;mation et sur la terrasse des &Eacute;l&eacute;phants, probablement destin&eacute;e au roi, lors des c&eacute;r&eacute;monies.</p>\r\n\r\n<p>Visite du Baphuon, temple royal, l&rsquo;un des plus grands &eacute;difices religieux du Cambodge. Sa restauration &agrave; &eacute;t&eacute; confi&eacute;e &agrave; l&rsquo;&Eacute;cole Fran&ccedil;aise d&rsquo;Extr&ecirc;me Orient.</p>\r\n\r\n<p>D&eacute;jeuner. Continuation pour le monast&egrave;re bouddhiste Ta Prom, prisonnier des gigantesques racines d&rsquo;arbre. Visite du Ta Keo, appel&eacute; &laquo; le Sanctuaire du Joyau de Cristal &raquo;, temple shiva&iuml;te datant de la fin du X&egrave;me si&egrave;cle.</p>\r\n\r\n<p>Visite du Banteay Kdei, imposant temple bouddhiste datant du XII&egrave;me si&egrave;cle et d&eacute;couverte du lac de Srasb Srang.</p>\r\n\r\n<p>Diner. Nuit &agrave; l&rsquo;h&ocirc;tel.</p>', 8, 1, 0, NULL, NULL, NULL, NULL),
(487, 64, '9e Jour : Siem Reap – Battambang < bateau > (Pdj/Dej/Din)', '<p>Petit d&eacute;jeuner &agrave; l&rsquo;h&ocirc;tel. Si le niveau d&rsquo;eau de la rivi&egrave;re Sangker le permet, d&eacute;part pour le village de p&ecirc;cheurs de Chong Kneas.</p>\r\n\r\n<p>Embarquement sur un bateau de bois traditionnel pour une journ&eacute;e de croisi&egrave;re &agrave; destination de Battambang.</p>\r\n\r\n<p>Travers&eacute;e du lac Tonle Sap pour atteindre la rivi&egrave;re Sangker.</p>\r\n\r\n<p>Remont&eacute;e de la rivi&egrave;re pour d&eacute;couvrir la r&eacute;serve de biosph&egrave;re de Prek Toal, qui abrite plusieurs vari&eacute;t&eacute;s d&rsquo;oiseaux migrateurs.</p>\r\n\r\n<p>D&eacute;jeuner pique-nique &agrave; bord .D&eacute;couverte de plusieurs villages flottants o&ugrave; les techniques de p&ecirc;che traditionnelle sont toujours utilis&eacute;es.</p>\r\n\r\n<p>Arriv&eacute;e &agrave; Battambang. Diner. Nuit &agrave; l&rsquo;h&ocirc;tel.</p>', 9, 1, 0, NULL, NULL, NULL, NULL),
(488, 64, '10e Jour : Battambang – Kompong Chnang– Oudong – Phnom Penh 215 Km (Pdj/Dej/Din)', '<p>Petit d&eacute;jeuner &agrave; l&rsquo;h&ocirc;tel. D</p>\r\n\r\n<p>&eacute;couverte du march&eacute; principal inaugur&eacute; par les Fran&ccedil;ais en 1936.</p>\r\n\r\n<p>Visite du temple Tahm Rai Saw construit en 1840 et qui abrite des statues d&rsquo;&eacute;l&eacute;phants blancs.</p>\r\n\r\n<p>Balade dans le centre ville en tuk -tuk, petite moto tirant une carriole, tr&egrave;s utilis&eacute; comme moyen de transport au Cambodge.</p>\r\n\r\n<p>D&eacute;jeuner. L&rsquo;apr&egrave;s-midi, route vers le sud, pour Kompong Chhnang.</p>\r\n\r\n<p>D&eacute;couverte d&rsquo;un village traditionnel, sp&eacute;cialis&eacute; dans la fabrique de poterie en utilisant des techniques anciennes.</p>\r\n\r\n<p>Arriv&eacute;e &agrave; Phnom Penh. Diner. Nuit &agrave; l&rsquo;h&ocirc;tel.</p>', 10, 1, 0, NULL, NULL, NULL, NULL),
(489, 64, '11e Jour : Phnom Penh 15 Km (Pdj/-/-)', '<p>Petit d&eacute;jeuner &agrave; l&rsquo;h&ocirc;tel.</p>\r\n\r\n<p>Petit d&eacute;jeuner.</p>\r\n\r\n<p>Journ&eacute;e et repas libres jusqu&rsquo;au transfert &agrave; l&rsquo;a&eacute;roport pour le vol de retour.</p>\r\n\r\n<p>Assistance aux formalit&eacute;s de d&eacute;part.</p>', 11, 1, 0, NULL, NULL, NULL, NULL),
(490, 64, '12e Jour : Arrivée', '<p>Arriv&eacute;e</p>', 12, 1, 0, NULL, NULL, NULL, NULL),
(491, 65, '1er Jour : Départ', '<p>D&eacute;part</p>', 1, 1, 0, NULL, NULL, NULL, NULL),
(492, 65, '2e Jour : Arrivée A Bangkok', '<p>Transfert &agrave; l&rsquo;h&ocirc;tel.</p>\r\n\r\n<p>Journ&eacute;e libre. Installation &agrave; l&rsquo;h&ocirc;tel (chambres disponibles &agrave; partir de 14h).</p>\r\n\r\n<p>Diner. Nuit &agrave; l&rsquo;h&ocirc;tel.</p>', 2, 1, 0, NULL, NULL, NULL, NULL),
(493, 65, '3e Jour : Bangkok', '<p>D&eacute;couverte de la vie quotidienne &agrave; Bangkok par le m&eacute;tro a&eacute;rien suivie d&rsquo;une balade en bateau-taxi sur la rivi&egrave;re Chao Praya vers le d&eacute;barcad&egrave;re de Tha Tien. Visite du &nbsp;Palais Royal et du Wat Phra Keo qui abrite le Bouddha d&rsquo;Emeraude, la repr&eacute;sentation du Bouddha le plus v&eacute;n&eacute;r&eacute; en Tha&iuml;lande.</p>\r\n\r\n<p>Continuation pour la visite du Wat Po et de son gigantesque Bouddha couch&eacute; et dor&eacute; d&rsquo;une longueur de 46m.</p>\r\n\r\n<p>D&eacute;gustation de Kai Kratiem, poulet frit &agrave; l&rsquo;ail avec une sauce soja.</p>\r\n\r\n<p>D&eacute;jeuner au bord de la rivi&egrave;re.</p>\r\n\r\n<p>L&rsquo;apr&egrave;s-midi, d&eacute;couverte du quartier chinois de Yaowarat et du tr&egrave;s anim&eacute; march&eacute; aux fleurs.</p>\r\n\r\n<p>D&icirc;ner. Nuit &agrave; l&rsquo;h&ocirc;tel.</p>', 3, 1, 0, NULL, NULL, NULL, NULL),
(494, 65, '4e Jour : Bangkok – Damnoen Saduak – Kanchanaburi (190km – 3h)', '<p>D&eacute;part pour Damnoen Saduak. Sur le trajet, arr&ecirc;t dans une fabrique ou l&rsquo;on extrait le sucre de noix de coco.</p>\r\n\r\n<p>Acc&egrave;s au march&eacute; flottant en pirogue &agrave; travers les canaux pour contempler les maisons sur pilotis.</p>\r\n\r\n<p>D&eacute;barquement. D&eacute;couverte des marchands dont les embarcations sont charg&eacute;es de fruits et de l&eacute;gumes.</p>\r\n\r\n<p>Continuation vers Kanchanaburi.</p>\r\n\r\n<p>Arr&ecirc;t au &nbsp;Cimeti&egrave;re des Alli&eacute;s pour comprendre l&rsquo;histoire de la r&eacute;gion.</p>\r\n\r\n<p>D&eacute;gustation de Kaeng Kai Baan, un curry de poulet fermier, une sp&eacute;cialit&eacute; de Kanchanaburi.</p>\r\n\r\n<p>D&eacute;jeuner. Trajet &agrave; bord du petit train tortillard au travers de paysages bucoliques.</p>\r\n\r\n<p>D&icirc;ner. Nuit &agrave; l&rsquo;h&ocirc;tel.</p>', 4, 1, 0, NULL, NULL, NULL, NULL),
(495, 65, '5e Jour : Kanchanaburi – Ayutthaya – Lopburi – Phitsanuloke (495km – 6h30)', '<p>&nbsp;D&eacute;part pour Ayutthaya, ancienne capitale du Siam et remarquable site arch&eacute;ologique class&eacute; au patrimoine mondial de l&rsquo;Unesco.</p>\r\n\r\n<p>Visite du Wat Phra Mongkhon Bophit abritant le plus grand bouddha de bronze du pays, du Wat Phra Si Sanphet, temple royal construit au XV&egrave;me si&egrave;cle et du Wat Lokaya Sutharam avec son bouddha couch&eacute; de 42 m&egrave;tres.</p>\r\n\r\n<p>Continuation vers Lopburi. D&eacute;gustation de Pad Thai, des nouilles saut&eacute;es accompagn&eacute;es de soja, de crevettes s&eacute;ch&eacute;es et de sauce de poisson.</p>\r\n\r\n<p>D&eacute;jeuner. L&rsquo;apr&egrave;s-midi, visite du Temple des Singes sacr&eacute;s.</p>\r\n\r\n<p>Arriv&eacute;e &agrave; Phitsanuloke en fin de journ&eacute;e. En option avec suppl&eacute;ment (sur place) : Promenade nocturne en cyclo-pousse et d&eacute;gustation facultative d&rsquo;insectes grill&eacute;s : la grande sp&eacute;cialit&eacute; r&eacute;gionale.</p>\r\n\r\n<p>D&icirc;ner. Nuit &agrave; l&rsquo;h&ocirc;tel.</p>', 5, 1, 0, NULL, NULL, NULL, NULL),
(496, 65, '6e Jour : Phitsanuloke – Sukhothai – Lampang – Chiang Mai (375km – 5h)', '<p>Route vers le parc historique de Sukhothai, inscrit au patrimoine mondial de l&rsquo;Unesco.</p>\r\n\r\n<p>Visite de ses principaux vestiges du XIII&egrave;me si&egrave;cle : le Wat Mahathat et le Wat Sra Sri. Profitez de cette visite soit &agrave; v&eacute;lo, soit &agrave; pied, accompagn&eacute;s du guide.</p>\r\n\r\n<p>D&eacute;gustation &agrave; Lampang de la sp&eacute;cialit&eacute; : le Tom Kha Kai, soupe de poulet au lait de coco, aromatis&eacute;e de citronnelle.</p>\r\n\r\n<p>D&eacute;jeuner. Route pour Chiang Mai.</p>\r\n\r\n<p>D&icirc;ner. Nuit &agrave; l&rsquo;h&ocirc;tel.</p>', 6, 1, 0, NULL, NULL, NULL, NULL),
(497, 65, '7e Jour : Chiang Mai', '<p>Observation au lever du soleil de la c&eacute;r&eacute;monie des offrandes : une longue procession de moines parcourt la ville, pr&eacute;c&eacute;d&eacute;e du plus &acirc;g&eacute; d&rsquo;entre eux.</p>\r\n\r\n<p>Visite du Doi Suthep, culminant &agrave; 1601m, l&rsquo;un des plus grands sanctuaires bouddhistes du pays.</p>\r\n\r\n<p>D&eacute;gustation de la boisson nationale : Le Samg Som.</p>\r\n\r\n<p>D&eacute;jeuner. Visite du village de Sankhamphaeng pour appr&eacute;cier la diversit&eacute; de l&rsquo;artisanat du Nord et faire vos achats de laque, soie, bijoux et ombrelles.</p>\r\n\r\n<p>D&icirc;ner de sp&eacute;cialit&eacute;s Kantoke et spectacle de danses traditionnelles du Nord.</p>\r\n\r\n<p>En option avec suppl&eacute;ment (sur place) : S&eacute;ance collective d&rsquo;une heure de massage traditionnel tha&iuml;.</p>\r\n\r\n<p>D&eacute;couvrez par vous-m&ecirc;me le march&eacute; de nuit de Chiang Mai.</p>\r\n\r\n<p>Nuit &agrave; l&rsquo;h&ocirc;tel.</p>', 7, 1, 0, NULL, NULL, NULL, NULL);
INSERT INTO `ost_vo_descriptions` (`id`, `voyage_id`, `libelle`, `texte`, `ordre`, `visible`, `lateral`, `titre`, `updated_at`, `photoVisible`, `path`) VALUES
(498, 65, '8e Jour : Chiang Mai – Camp Des Eléphants – Ferme D’orchidees – Bangkok (Train)', '<p>Visite d&rsquo;un camp de dressage et d&rsquo;entra&icirc;nement des &eacute;l&eacute;phants au travail.</p>\r\n\r\n<p>En option avec suppl&eacute;ment (sur place) : balade &agrave; dos d&rsquo;&eacute;l&eacute;phant dans la for&ecirc;t verdoyante o&ugrave; les pachydermes font preuve de pr&eacute;cision et d&rsquo;habilet&eacute; dans leurs d&eacute;placements. Promenade sur le march&eacute; color&eacute; et anim&eacute; de Mae Malai.</p>\r\n\r\n<p>D&eacute;gustation d&rsquo;une sp&eacute;cialit&eacute; de Chiang Mai : le Kao Soi, des nouilles aux &oelig;ufs servies dans du curry rouge au lait de coco et accompagn&eacute;es de condiments.</p>\r\n\r\n<p>D&eacute;jeuner. Visite d&rsquo;une ferme d&rsquo;orchid&eacute;es dont pas moins de 1300 vari&eacute;t&eacute;s sont recens&eacute;es dans le pays.</p>\r\n\r\n<p>En fin de journ&eacute;e, transfert &agrave; la gare et voyage en train de nuit couchettes 2&egrave;me classe.</p>\r\n\r\n<p>D&icirc;ner : Panier repas dans le train.</p>', 8, 1, 0, NULL, NULL, NULL, NULL),
(499, 65, '9e Jour : Bangkok – Poipet – Siem Reap (400km – 5h30)', '<p>Petit d&eacute;jeuner et passage &agrave; l&rsquo;h&ocirc;tel. Chambres &agrave; disposition pour se rafraichir (1 chambre pour 6 personnes).</p>\r\n\r\n<p>Route pour la fronti&egrave;re Cambodgienne.</p>\r\n\r\n<p>D&eacute;jeuner. Passage de la fronti&egrave;re et formalit&eacute;s d&rsquo;immigration par vos soins.</p>\r\n\r\n<p>Accueil par le guide Cambodgien.</p>\r\n\r\n<p>Route vers Siem Reap. D&icirc;ner. Nuit &agrave; l&rsquo;h&ocirc;tel.</p>', 9, 1, 0, NULL, NULL, NULL, NULL),
(500, 65, '10e Jour: Siem Reap – Angkor – Siem Reap', '<p>D&eacute;couverte du merveilleux site d&rsquo;Angkor, class&eacute; au patrimoine mondial de l&rsquo;Unesco.</p>\r\n\r\n<p>La matin&eacute;e est consacr&eacute;e &agrave; la visite du temple d&rsquo;Angkor Vat. Il repr&eacute;sente le mont Meru, la maison des dieux dans la mythologie hindoue.</p>\r\n\r\n<p>Il est &eacute;galement le symbole du Cambodge et figure sur son drapeau national.</p>\r\n\r\n<p>&nbsp;D&eacute;jeuner. Visite du Bayon, avec ses visages aux sourires &eacute;nigmatiques. Ce temple montagne, v&eacute;ritable for&ecirc;t de t&ecirc;tes gigantesques, est &eacute;galement un labyrinthe de terrasses, de tours, d&rsquo;escaliers et de couloirs.</p>\r\n\r\n<p>Promenade sur la terrasse du Roi L&eacute;preux, qui servait de lieu de cr&eacute;mation et sur la terrasse des &Eacute;l&eacute;phants, probablement destin&eacute;e au roi, lors des c&eacute;r&eacute;monies. Visite du Baphuon, temple royal, l&rsquo;un des plus grands &eacute;difices religieux du Cambodge.</p>\r\n\r\n<p>Sa restauration a &eacute;t&eacute; confi&eacute;e &agrave; l&rsquo;&Eacute;cole Fran&ccedil;aise d&rsquo;Extr&ecirc;me Orient.</p>\r\n\r\n<p>Continuation pour le monast&egrave;re bouddhiste Ta Prom, prisonnier des gigantesques racines d&rsquo;arbre.</p>\r\n\r\n<p>D&icirc;ner. Nuit &agrave; l&rsquo;h&ocirc;tel.</p>', 10, 1, 0, NULL, NULL, NULL, NULL),
(501, 65, '11e Jour : Siem Reap – Beng Mealea – Koh Ker – Siem Reap', '<p>D&eacute;part pour le temple de Beng Mealea, entour&eacute; de for&ecirc;t.</p>\r\n\r\n<p>La v&eacute;g&eacute;tation envahissante lui donne l&rsquo;aspect des temples tel que les premiers explorateurs ont d&eacute;couvert Angkor.</p>\r\n\r\n<p>Les arbres ont pouss&eacute; sur les tours, les racines et les lianes enlacent les colonnes.</p>\r\n\r\n<p>Une passerelle de bois serpentant &agrave; travers le temple en hauteur permet d&rsquo;avoir un point de vue original sur l&rsquo;&eacute;difice. Il a &eacute;galement servi au d&eacute;cor du film de Jean-Jacques Annaud &laquo;Deux fr&egrave;res &raquo;.</p>\r\n\r\n<p>D&eacute;jeuner. Route vers Koh Ker, situ&eacute; sur un haut plateau tr&egrave;s fertile.</p>\r\n\r\n<p>D&eacute;couverte entre autres du Prasat Thom, avec sa pyramide de 40m offrant de son sommet un point de vue imprenable, puis du Prasat Bram, avec ses tours en briques envahies par les racines des arbres.</p>\r\n\r\n<p>Route vers Siem Reap.</p>\r\n\r\n<p>D&icirc;ner. Nuit &agrave; l&rsquo;h&ocirc;tel.</p>', 11, 1, 0, NULL, NULL, NULL, NULL),
(502, 65, '12e Jour : Siem Reap – Poi Pet – Bangkok (400km – 5h30)', '<p>D&eacute;couverte des villages de p&eacute;cheurs du Tonle Sap et rencontre avec les habitants pour d&eacute;couvrir leur mode de vie unique.</p>\r\n\r\n<p>Route vers la fronti&egrave;re Tha&iuml;landaise. D&eacute;jeuner. Passage de la fronti&egrave;re et formalit&eacute;s d&rsquo;immigration par vos soins.</p>\r\n\r\n<p>Accueil par le guide Tha&iuml;landais.</p>\r\n\r\n<p>Route vers Bangkok.</p>\r\n\r\n<p>D&icirc;ner libre. Nuit &agrave; l&rsquo;h&ocirc;tel.</p>', 12, 1, 0, NULL, NULL, NULL, NULL),
(503, 65, '13e Jour : Départ De Bangkok', '<p>Journ&eacute;e et repas libres.</p>\r\n\r\n<p>Transfert &agrave; l&rsquo;a&eacute;roport de Bangkok pour le vol retour.</p>', 13, 1, 0, NULL, NULL, NULL, NULL),
(504, 65, '14e Jour : Arrivée', '<p>Arriv&eacute;e</p>', 14, 1, 0, NULL, NULL, NULL, NULL),
(505, 66, 'Jour 1: Arrivée à Dubaï', '<p>Assistance et transfert. Nuit &agrave; l&#39;h&ocirc;tel.</p>', 1, 1, 0, NULL, NULL, NULL, NULL),
(506, 66, 'Jour 2: Découverte de Dubaï et safari dans le désert', '<p>Apr&egrave;s le petit-d&eacute;jeuner, nous partons pour une demi-journ&eacute;e consacr&eacute;e &agrave; la visite de Duba&iuml;.</p>\r\n\r\n<p>Au programme : quartier Bastakiya, travers&eacute;e de l&rsquo;Abra, souk des &eacute;pices, Burj Al-Arab et mosqu&eacute;e de Jumeirah.</p>\r\n\r\n<p>Apr&egrave;s le d&eacute;jeuner, d&eacute;part de la r&eacute;ception de l&#39;h&ocirc;tel pour un safari dans le d&eacute;sert.</p>\r\n\r\n<p>D&icirc;ner et spectacle au camp ! Transfert &agrave; l&#39;h&ocirc;tel pour la nuit.</p>', 2, 1, 0, NULL, NULL, NULL, NULL),
(507, 66, 'Jour 3: Visite d’Abu Dhabi', '<p>Apr&egrave;s le petit-d&eacute;jeuner, nous partons pour une journ&eacute;e compl&egrave;te consacr&eacute;e &agrave; la visite d&#39;Abu Dhabi.</p>\r\n\r\n<p>Au programme : mosqu&eacute;e Sheikh Zayed, Corniche, Heritage Village, &icirc;les Yas et Saadiyat.</p>\r\n\r\n<p>Transfert &agrave; Duba&iuml; et nuit &agrave; l&#39;h&ocirc;tel.</p>', 3, 1, 0, NULL, NULL, NULL, NULL),
(508, 66, 'Jour 4: Journée libre et croisière en Dhow', '<p>Petit-d&eacute;jeuner &agrave; l&#39;h&ocirc;tel. Temps libre &agrave; consacrer aux activit&eacute;s personnelles.</p>\r\n\r\n<p>En soir&eacute;e, transfert &agrave; la crique pour une croisi&egrave;re romantique de 2 heures.</p>\r\n\r\n<p>Retour et nuit &agrave; l&#39;h&ocirc;tel.</p>', 4, 1, 0, NULL, NULL, NULL, NULL),
(509, 66, 'Jour 5: Escapade à Al-Ain', '<p>Apr&egrave;s le petit-d&eacute;jeuner, nous partons pour une une journ&eacute;e compl&egrave;te consacr&eacute;e &agrave; la visite Al-Ain.</p>\r\n\r\n<p>Au programme: Al-Ain Palace, Palm Oasis, Mus&eacute;e d&rsquo;Al-Ain, la montagne Jebel Hafeet.</p>\r\n\r\n<p>Retour &agrave; Duba&iuml; en fin d&#39;apr&egrave;s-midi et nuit &agrave; l&#39;h&ocirc;tel.</p>', 5, 1, 0, NULL, NULL, NULL, NULL),
(510, 66, 'Jour 6: Fin du séjour', '<p>Petit-d&eacute;jeuner &agrave; l&rsquo;h&ocirc;tel.</p>\r\n\r\n<p>Temps libre.</p>\r\n\r\n<p>Transfert priv&eacute; &agrave; l&#39;a&eacute;roport.</p>', 6, 1, 0, NULL, NULL, NULL, NULL),
(511, 67, 'Jour 1: Arrivée à Dubaï', '<p>Assistance et transfert. Nuit &agrave; l&#39;h&ocirc;tel.</p>', 1, 1, 0, NULL, NULL, NULL, NULL),
(512, 67, 'Jour 2: Découverte de Dubaï et safari dans le désert', '<p>Apr&egrave;s le petit-d&eacute;jeuner, nous partons pour une demi-journ&eacute;e consacr&eacute;e &agrave; la visite de Duba&iuml;.</p>\r\n\r\n<p>Au programme: quartier Bastakiya, travers&eacute;e de l&rsquo;Abra, souk des &eacute;pices, Burj Al-Arab et mosqu&eacute;e de Jumeirah.</p>\r\n\r\n<p>Apr&egrave;s le d&eacute;jeuner, d&eacute;part de la r&eacute;ception de l&#39;h&ocirc;tel pour un safari dans le d&eacute;sert.</p>\r\n\r\n<p>D&icirc;ner et spectacle au camp ! Transfert &agrave; l&#39;h&ocirc;tel pour la nuit.</p>', 2, 1, 0, NULL, NULL, NULL, NULL),
(513, 67, 'Jour 3:  Visite d’Abu Dhabi', '<p>Apr&egrave;s le petit-d&eacute;jeuner, nous partons pour une journ&eacute;e compl&egrave;te consacr&eacute;e &agrave; la visite d&#39;Abu Dhabi.</p>\r\n\r\n<p>Au programme: mosqu&eacute;e Sheikh Zayed, Corniche, Heritage Village, &icirc;les Yas et Saadiyat.</p>\r\n\r\n<p>Transfert &agrave; Duba&iuml; et nuit &agrave; l&#39;h&ocirc;tel.</p>', 3, 1, 0, NULL, NULL, NULL, NULL),
(514, 67, 'Jour 4: Journée libre et croisière en Dhow', '<p>Petit-d&eacute;jeuner &agrave; l&#39;h&ocirc;tel.</p>\r\n\r\n<p>Temps libre &agrave; consacrer aux activit&eacute;s personnelles.</p>\r\n\r\n<p>En soir&eacute;e, transfert &agrave; la crique pour une croisi&egrave;re romantique de 2 heures.</p>\r\n\r\n<p>Retour et nuit &agrave; l&#39;h&ocirc;tel.</p>', 4, 1, 0, NULL, NULL, NULL, NULL),
(515, 67, 'Jour 5: Escapade à Al-Ain', '<p>Apr&egrave;s le petit-d&eacute;jeuner, nous partons pour une une journ&eacute;e compl&egrave;te consacr&eacute;e &agrave; la visite d&#39;Al-Ain.</p>\r\n\r\n<p>Au programme: Al-Ain Palace, Palm Oasis, Mus&eacute;e d&rsquo;Al-Ain, la montagne Jebel Hafeet.</p>\r\n\r\n<p>Retour &agrave; Duba&iuml; en fin d&#39;apr&egrave;s-midi et nuit &agrave; l&#39;h&ocirc;tel.</p>', 5, 1, 0, NULL, NULL, NULL, NULL),
(516, 67, 'Jour 6: Découverte de Sharjah et Ajman', '<p>Apr&egrave;s le petit-d&eacute;jeuner, nous partons pour une une journ&eacute;e compl&egrave;te consacr&eacute;e &agrave; la visite de Sharjah, la &quot;perle&quot; du golfe avec ses mosqu&eacute;es et souks, et d&#39;Ajman et ses 16 kilom&egrave;tres de plage de sable blanc.</p>\r\n\r\n<p>Cette visite vous fait longer le Golfe persique en empruntant la c&eacute;l&egrave;bre corniche entre Duba&iuml; et l&#39;Emirat de Sharjah.</p>\r\n\r\n<p>Vous traverserez son souk Al Majarra (et son d&ocirc;me dor&eacute; tr&egrave;s caract&eacute;ristique) et ses nombreux march&eacute;s de b&eacute;tail, de l&eacute;gumes et de poissons.</p>\r\n\r\n<p>En face du souk se dresse le monument de la Perle et la mosqu&eacute;e majestueuse du roi Faysal, l&#39;une des plus grandes des Emirats Arabes Unis.</p>\r\n\r\n<p>Retour &agrave; Duba&iuml; en fin d&#39;apr&egrave;s-midi et nuit &agrave; l&#39;h&ocirc;tel.</p>', 6, 1, 0, NULL, NULL, NULL, NULL),
(517, 67, 'Jour 7: Départ pour la côte est', '<p>Apr&egrave;s le petit-d&eacute;jeuner, nous partons sur ​​la c&ocirc;te Est pour visiter les Emirats de Fujairah et Ras Al Khaima, connus pour leurs villages traditionnels et leurs plages de sable blanc.</p>\r\n\r\n<p>Retour &agrave; Duba&iuml; en fin d&#39;apr&egrave;s-midi et nuit &agrave; l&#39;h&ocirc;tel</p>', 7, 1, 0, NULL, NULL, NULL, NULL),
(518, 67, 'Jour 8: Fin du séjour', '<p>Petit-d&eacute;jeuner &agrave; l&rsquo;h&ocirc;tel. Temps libre.</p>\r\n\r\n<p>Transfert priv&eacute; &agrave; l&#39;a&eacute;roport.</p>', 8, 1, 0, NULL, NULL, NULL, NULL),
(519, 68, 'Jour 1 : ​Arrivée à l''île Maurice', '<p>Arriv&eacute;e &agrave; l&rsquo;Ile Maurice dans la matin&eacute;e et d&eacute;part pour l&#39;h&ocirc;tel.</p>\r\n\r\n<p>Accueil personnalis&eacute; par nos repr&eacute;sentants.</p>\r\n\r\n<p>Transfert accompagn&eacute; par un guide qui vous transmettra des informations utiles pour votre s&eacute;jour.</p>\r\n\r\n<p>Arriv&eacute;e &agrave; l&rsquo;h&ocirc;tel et installation en chambre.</p>', 1, 1, 0, NULL, NULL, NULL, NULL),
(520, 68, 'Jour 2: L’île aux Cerfs en Bateau Rapide', '<p>D&eacute;couvrez l&#39;Ile Maurice vue de la mer &agrave; bord d&#39;un bateau rapide avec un &eacute;quipage exp&eacute;riment&eacute; qui vous am&egrave;nera dans les endroits les plus agr&eacute;ables.</p>\r\n\r\n<p>Vous aurez du temps pour vous adonner &agrave; la plong&eacute;e avec tuba et &agrave; la natation. Vous admirerez les cascades de la Grande Rivi&egrave;re Sud Est.</p>\r\n\r\n<p>Le d&eacute;jeuner sera servi dans un des restaurants sur l&rsquo;&icirc;le aux Cerfs, aussi connue sous le nom de &laquo; l&rsquo;&icirc;le paradisiaque &raquo;, gr&acirc;ce &agrave; ses eaux turquoise et limpides, sa v&eacute;g&eacute;tation luxuriante, et ses plages de sable fin.</p>\r\n\r\n<p>Vous profiterez du reste de la journ&eacute;e comme bon vous semblera.</p>\r\n\r\n<p>Farniente ou sport nautique, il y en aura pour tous les go&ucirc;ts et pour tous les &acirc;ges. Un must &hellip;</p>', 2, 1, 0, NULL, NULL, NULL, NULL),
(521, 68, 'Jour 3: Les Merveilles du Sud', '<p>Cette journ&eacute;e vous permettra de d&eacute;couvrir le sud de l&rsquo;&icirc;le en commen&ccedil;ant par le crat&egrave;re de Trou aux Cerfs, volcan &eacute;teint depuis longtemps d&eacute;j&agrave;, d&rsquo;o&ugrave; vous pourrez admirer une vue panoramique de Curepipe.</p>\r\n\r\n<p>Curepipe est un excellent endroit pour le shopping (bijoux, maquettes de bateaux, pulls en cashmere).</p>\r\n\r\n<p>Vous continuerez en passant par la r&eacute;serve naturelle de Plaine Champagne, le Parc National de Rivi&egrave;re Noire, dont vous contemplerez les gorges, et avec un peu de chance les oiseaux tropicaux comme le paille en queue et d&rsquo;autres encore.</p>\r\n\r\n<p>Vous visiterez &eacute;galement le Grand Bassin, haut lieu religieux de l&rsquo;&icirc;le pour les hindous, un tr&egrave;s ancien volcan rempli d&rsquo;eau.</p>\r\n\r\n<p>Par la suite un d&eacute;jeuner typiquement mauricien vous sera servi dans un restaurant &agrave; Chamarel, o&ugrave; se trouve les tr&egrave;s c&eacute;l&egrave;bres terres de sept couleurs.</p>\r\n\r\n<p>De l&rsquo;ocre au marron, du rouge au violet, venez d&eacute;couvrir ces bandes de terre qui ondule au milieu d&rsquo;une clairi&egrave;re, et qui reste toujours un myst&egrave;re pour les scientifiques. Sur le chemin du retour, vous vous arr&ecirc;terez pour avoir une vue imprenable du Morne.</p>\r\n\r\n<p>Amateurs de photographie, &agrave; vos cam&eacute;ras ! Une journ&eacute;e que vous ne serez pas pr&egrave;s d&rsquo;oublier.​</p>', 3, 1, 0, NULL, NULL, NULL, NULL),
(522, 68, 'Jour 4: Il était une fois dans l’ouest', '<p>Le parc Casela est l&rsquo;habitat de quelques 1500 oiseaux, une s&eacute;lection de chats sauvages, des z&egrave;bres, des tortues g&eacute;antes, des singes &agrave; longue queue, entre autres.</p>\r\n\r\n<p>Apr&egrave;s la visite du parc, vous voila pr&ecirc;ts pour faire le parcours en quad accompagn&eacute;s par un guide chevronn&eacute; !</p>\r\n\r\n<p>D&eacute;couvrez toute l&#39;excitation d&rsquo;une ballade d&rsquo;une heure en quad au milieu des z&egrave;bres, des autruches et des antilopes d&#39;Afrique dans leur environnement naturel. Le d&eacute;jeuner vous sera servi sur place.</p>\r\n\r\n<p>Puis, en route pour un safari photo. La r&eacute;serve africaine est &agrave; vous au cours de ces 45 minutes de voyage dans un v&eacute;hicule de safari 10 ou 30 places.</p>\r\n\r\n<p>Une journ&eacute;e nature et safari &hellip;&nbsp;</p>', 4, 1, 0, NULL, NULL, NULL, NULL),
(523, 68, 'Jour 5: L’île des deux Cocos', '<p>Vous serez accueillis avec une serviette froide et rafra&icirc;chissante et un verre de bienvenue avant d&#39;explorer ce havre de paix.</p>\r\n\r\n<p>Nagez dans les eaux cristallines chaudes, et avec un tuba, plongez parmi les coraux et les bancs de poissons lumineux tropicaux voletant autour du parc marin en mer.</p>\r\n\r\n<p>D&eacute;tendez-vous sur la plage, promenez-vous le long des petits sentiers &agrave; travers la for&ecirc;t native.</p>\r\n\r\n<p>Le d&eacute;jeuner est servi en plein air avec vue sur l&#39;oc&eacute;an, ou &agrave; l&#39;ombre d&#39;un chapiteau blanc o&ugrave; vous pouvez vous installer dans des canap&eacute;s profonds.</p>\r\n\r\n<p>Vous savez que vous &ecirc;tes en vacances quand un panier de cr&egrave;me glac&eacute;e charg&eacute; de d&eacute;lices tropicaux fra&icirc;chement pr&eacute;par&eacute;s vous abordera. Succulent buffet pour le d&eacute;jeuner.</p>\r\n\r\n<p>L&#39;apr&egrave;s-midi est le v&ocirc;tre et se termine par une d&eacute;gustation de rhum aromatis&eacute; maison, histoire de conclure une autre journ&eacute;e parfaite.</p>', 5, 1, 0, NULL, NULL, NULL, NULL),
(524, 68, 'Jour 6: Tyrolienne à Chazal et Parc aux Crocodiles', '<p>Survolez une rivi&egrave;re et d&eacute;couvrez sa faune, sa flore, ses paysages environnants... gr&acirc;ce &agrave; une enfilade de tyroliennes qui vous fait traverser le lit de la &laquo; Rivi&egrave;re des Galets &raquo; !</p>\r\n\r\n<p>Chaque tyrolienne permet de d&eacute;couvrir un paysage unique. A mi-parcours, vous pourrez descendre nager dans la rivi&egrave;re, passer sous la cascade, plonger dans des bassins naturels...</p>\r\n\r\n<p>Un moment merveilleux !Une fois ce &laquo; trekking en tyrolienne &raquo; termin&eacute;, un repas typiquement mauricien vous attend &agrave; la table d&rsquo;h&ocirc;tes de Chazal.</p>\r\n\r\n<p>Apr&egrave;s le d&eacute;jeuner, en route pour la R&eacute;serve des Mascareignes &laquo;La Vanille parc de crocodiles&raquo;.</p>\r\n\r\n<p>Il vous sera permis de voir le plus grand &eacute;leveur de tortues g&eacute;antes au monde mais aussi un zoo d&rsquo;animaux des Mascareignes.</p>\r\n\r\n<p>Vous ferez la rencontre des crocodiles import&eacute;s de Madagascar et &eacute;lev&eacute;s sur le site.&nbsp;</p>', 6, 1, 0, NULL, NULL, NULL, NULL),
(525, 68, 'Jour 7:  Escapade historique', '<p>Votre journ&eacute;e d&eacute;butera avec la visite du Mus&eacute;e naval &agrave; Mah&eacute;bourg, dans une splendide demeure coloniale datant du XVIIIe si&egrave;cle.</p>\r\n\r\n<p>Apr&egrave;s la pause historique, vous d&eacute;jeunerez dans l&rsquo;un des meilleurs restaurants du village avant de visiter la Biscuiterie familiale des Rault.</p>\r\n\r\n<p>Rien n&#39;a chang&eacute; depuis qu&#39;Hilarion, le cadet de la famille Rault, d&eacute;barqu&eacute; de Bretagne, m&icirc;t au point la formule du biscuit manioc en 1868.</p>\r\n\r\n<p>La petite industrie familiale fut d&#39;une grande aide &agrave; la population mauricienne pendant la premi&egrave;re guerre mondiale car les denr&eacute;es alimentaires n&#39;arrivaient que tr&egrave;s rarement sur l&#39;&icirc;le.</p>\r\n\r\n<p>Vous aurez l&rsquo;occasion de d&eacute;guster les diff&eacute;rentes vari&eacute;t&eacute;s de biscuits maniocs qui font la fiert&eacute; des villageois de Mah&eacute;bourg.</p>', 7, 1, 0, NULL, NULL, NULL, NULL),
(526, 68, 'Jour 8:  Fin du séjour', '<p>Transfert &agrave; l&rsquo;a&eacute;roport et fin de nos services.</p>', 8, 1, 0, NULL, NULL, NULL, NULL),
(527, 73, 'Jour 1 : Arrivée à Venise / environ 40 km', '<p>Arriv&eacute;e &agrave; l&rsquo;a&eacute;roport de Venise. Accueil par votre accompagnateur &agrave; l&rsquo;a&eacute;roport.</p>\r\n\r\n<p>Transfert &agrave; l&rsquo;h&ocirc;tel dans la r&eacute;gion Venise, Lido de Jesolo.</p>\r\n\r\n<p>D&icirc;ner et nuit. Si l&rsquo;arriv&eacute;e a lieu dans la matin&eacute;e, possibilit&eacute; optionnelle de r&eacute;server un d&eacute;jeuner (avec suppl&eacute;ment).</p>', 1, 1, 0, NULL, NULL, NULL, NULL),
(528, 73, 'Jour 2 : Venise / environ 80 km', '<p>La journ&eacute;e sera consacr&eacute;e &agrave; la d&eacute;couverte de Venise, l&#39;un des rares sites &agrave; exercer un pouvoir de fascination aussi extraordinaire. Venise et sa lagune de la mer Adriatique sont inscrites au patrimoine mondial de l&#39;Unesco.</p>\r\n\r\n<p>Venise est une ville unique au monde, que tout le monde devrait visiter.</p>\r\n\r\n<p>Un lieu qui r&eacute;ussira toujours &agrave; vous &eacute;tonner, gr&acirc;ce aux &eacute;motions et &agrave; l&rsquo;atmosph&egrave;re qui &eacute;mane d&#39;elle.</p>\r\n\r\n<p>La ville insulaire semble flotter sur les eaux de la lagune. Construite sur 118 petites &icirc;les, Venise est un extraordinaire chef-d&#39;&oelig;uvre architectural.</p>\r\n\r\n<p>Visite guid&eacute;e de Venise : d&eacute;couverte de la place Saint Marc et de la basilique.</p>\r\n\r\n<p>Puis, visite du palais des Doges et de ses somptueux appartements d&eacute;cor&eacute;s par les plus grands artistes italiens et du pont des soupirs.</p>\r\n\r\n<p>Le Palais des Doges est un incontournable qui r&eacute;sume toute l&#39;histoire de Venise et r&eacute;v&egrave;le ses secrets.</p>\r\n\r\n<p>D&eacute;jeuner. Apr&egrave;s-midi libre pour les d&eacute;couvertes personnelles.</p>\r\n\r\n<p>Perdez-vous dans ses quartiers excentr&eacute;s, ses palais oubli&eacute;s, ses cours secr&egrave;tes et ses ruelles cach&eacute;es.</p>\r\n\r\n<p>Retour &agrave; l&rsquo;h&ocirc;tel. D&icirc;ner et nuit.</p>', 2, 1, 0, NULL, NULL, NULL, NULL),
(529, 73, 'Jour 3 : Îles de la lagune de Venise – Florence / environ 300 km', '<p>D&eacute;part en bateau de Punta Sabbioni pour l&rsquo;excursion dans les &icirc;les de la lagune de Venise.</p>\r\n\r\n<p>Vous d&eacute;couvrirez Murano, l&rsquo;&icirc;le du verre depuis la fin du 13&egrave;me si&egrave;cle, &eacute;poque &agrave; laquelle le grand conseil craignait les incendies et d&eacute;cida donc de transf&eacute;rer les verreries sur l&rsquo;&icirc;le.</p>\r\n\r\n<p>L&#39;&icirc;le est berc&eacute;e par un v&eacute;ritable souffle artistique que l&#39;on respire en s&#39;y promenant.</p>\r\n\r\n<p>Ensuite, d&eacute;couverte de Burano, connue pour ses canaux bord&eacute;s de maisons color&eacute;es qui donnent aux ruelles et aux quais du village une grande gaiet&eacute; et ses dentelles &agrave; l&#39;aiguille pratiqu&eacute;e depuis le 16&egrave;me si&egrave;cle, remarquablement fines, qui furent &agrave; la base de plusieurs fabriques europ&eacute;ennes.</p>\r\n\r\n<p>D&eacute;jeuner dans un restaurant typique sur l&rsquo;&icirc;le de Burano. Dans l&rsquo;apr&egrave;s-midi, retour en bateau &agrave; Punta Sabbioni.</p>\r\n\r\n<p>Route vers Florence.</p>\r\n\r\n<p>Installation &agrave; l&rsquo;h&ocirc;tel dans la r&eacute;gion de Florence / Sienne, d&icirc;ner et logement</p>', 3, 1, 0, NULL, NULL, NULL, NULL),
(530, 73, 'Jour 3 : Îles de la lagune de Venise – Florence / environ 300 km', '<p>D&eacute;part en bateau de Punta Sabbioni pour l&rsquo;excursion dans les &icirc;les de la lagune de Venise.</p>\r\n\r\n<p>Vous d&eacute;couvrirez Murano, l&rsquo;&icirc;le du verre depuis la fin du 13&egrave;me si&egrave;cle, &eacute;poque &agrave; laquelle le grand conseil craignait les incendies et d&eacute;cida donc de transf&eacute;rer les verreries sur l&rsquo;&icirc;le.</p>\r\n\r\n<p>L&#39;&icirc;le est berc&eacute;e par un v&eacute;ritable souffle artistique que l&#39;on respire en s&#39;y promenant.</p>\r\n\r\n<p>Ensuite, d&eacute;couverte de Burano, connue pour ses canaux bord&eacute;s de maisons color&eacute;es qui donnent aux ruelles et aux quais du village une grande gaiet&eacute; et ses dentelles &agrave; l&#39;aiguille pratiqu&eacute;e depuis le 16&egrave;me si&egrave;cle, remarquablement fines, qui furent &agrave; la base de plusieurs fabriques europ&eacute;ennes.</p>\r\n\r\n<p>D&eacute;jeuner dans un restaurant typique sur l&rsquo;&icirc;le de Burano.</p>\r\n\r\n<p>Dans l&rsquo;apr&egrave;s-midi, retour en bateau &agrave; Punta Sabbioni.</p>\r\n\r\n<p>Route vers Florence. Installation &agrave; l&rsquo;h&ocirc;tel dans la r&eacute;gion de Florence / Sienne, d&icirc;ner et logement</p>', 3, 1, 0, NULL, NULL, NULL, NULL),
(531, 73, 'Jour 4 : Florence / environ 30 km', '<p>D&eacute;part pour Florence, l&#39;une des plus belles et des plus charmantes villes d&#39;Italie.</p>\r\n\r\n<p>Patrie de Dante, le p&egrave;re de la langue italienne et cit&eacute; des M&eacute;dicis, riche famille toscane qui a permis une nette &eacute;volution de la ville, multipliant ainsi les interventions en mati&egrave;re culturelle, &eacute;conomique et politique, Florence offre un panorama unique.</p>\r\n\r\n<p>Ville symbole de la Renaissance italienne, elle est sans aucun doute la ville o&ugrave; le g&eacute;nie italien se manifeste de la fa&ccedil;on la plus &eacute;vidente.</p>\r\n\r\n<p>Pendant quatre si&egrave;cles (du 13&egrave;me au 16&egrave;me si&egrave;cle), elle sera le creuset d&rsquo;une multitude d&rsquo;esprits cr&eacute;ateurs qui fa&ccedil;onneront le visage de l&rsquo;Italie, mais aussi celui de toute l&rsquo;Europe.</p>\r\n\r\n<p>Visite guid&eacute;e de la ville : la Piazza del Duomo, la Piazza della Signoria, le Palazzo Vecchio et le m&eacute;di&eacute;val Ponte Vecchio qui enjambe le fleuve Arno. D&eacute;jeuner &agrave; Florence.</p>\r\n\r\n<p>Apr&egrave;s le d&eacute;jeuner entr&eacute;e &agrave; la galerie des offices (Galleria degli Uffizi). Temps libre pour les d&eacute;couvertes personnelles.</p>\r\n\r\n<p>Votre accompagnateur restera &agrave; disposition.</p>\r\n\r\n<p>Retour &agrave; l&rsquo;h&ocirc;tel. D&icirc;ner et nuit.</p>', 4, 1, 0, NULL, NULL, NULL, NULL),
(532, 73, 'Jour 5 : Sienne – Rome / environ 385 km', '<p>D&eacute;part en direction de Sienne, qui se trouve au c&oelig;ur de la campagne toscane. L&rsquo;int&eacute;r&ecirc;t de cette ville est qu&rsquo;elle a conserv&eacute; le m&ecirc;me visage qu&rsquo;aux 13&egrave;me et 14&egrave;me si&egrave;cles.</p>\r\n\r\n<p>Ce qui fait dire &agrave; Hippolyte Taine que Sienne est &laquo; comme un Pomp&eacute;i du Moyen &Acirc;ge &raquo;.</p>\r\n\r\n<p>Visite guid&eacute;e de la ville construite sur trois collines d&rsquo;argile rouge&acirc;tre, couleur &laquo; terre de Sienne &raquo;.</p>\r\n\r\n<p>Elle est connue pour sa place en forme de &laquo; coquille Saint Jacques &raquo; sur laquelle se d&eacute;roule chaque ann&eacute;e le palio.</p>\r\n\r\n<p>Visite de la cath&eacute;drale et passage par la piazza del campo, magique, o&ugrave; bat le c&oelig;ur de la cit&eacute;, les rues gothiques bord&eacute;es de palais, les maisons patriciennes et le palazzo publico. Apr&egrave;s le d&eacute;jeuner, d&eacute;part en direction de Rome, la capitale de l&rsquo;Italie.</p>\r\n\r\n<p>D&icirc;ner et nuit &agrave; l&rsquo;h&ocirc;tel situ&eacute; dans les environs de Rome.</p>', 5, 1, 0, NULL, NULL, NULL, NULL),
(533, 73, 'Jour 6 : Rome / environ 20 km', '<p>D&eacute;part pour Rome, la ville immortelle, qui a longtemps domin&eacute;e le &laquo; monde civilis&eacute; &raquo; et renferme mille et un t&eacute;moignages de son tr&egrave;s riche pass&eacute;.</p>\r\n\r\n<p>Les nombreuses &eacute;glises, fontaines et innombrables vestiges sont les empreintes laiss&eacute;es par chaque &eacute;poque.</p>\r\n\r\n<p>Rome est une capitale vivante. Son mode de vie &laquo; Dolce Vita &raquo; et son temp&eacute;rament m&eacute;diterran&eacute;en, ses sp&eacute;cialit&eacute;s culinaires sont quelques-unes des richesses que la ville vous invite &agrave; d&eacute;couvrir.</p>\r\n\r\n<p>La journ&eacute;e sera consacr&eacute;e &agrave; la visite guid&eacute;e de la capitale italienne et commencera avec la d&eacute;couverte de la Rome baroque : la fontaine de Tr&eacute;vi, o&ugrave; vous pourrez exprimer votre souhait en jetant une petite pi&egrave;ce dans l&rsquo;eau, la place Navona, la place d&rsquo;Espagne, le Panth&eacute;on et la place Venezia (vues ext&eacute;rieures).</p>\r\n\r\n<p>Apr&egrave;s le d&eacute;jeuner, visite de la Rome Antique : le Palatin, sans doute la plus c&eacute;l&egrave;bre des 7 collines de Rome, gr&acirc;ce &agrave; la l&eacute;gende des fr&egrave;res jumeaux Romulus et Remus, le forum romain et l&rsquo;arc de Constantin.</p>\r\n\r\n<p>Puis, visite du colis&eacute;e, symbole universellement connu de Rome.</p>\r\n\r\n<p>Vous d&eacute;couvrirez ce b&acirc;timent aux dimensions extraordinaires.</p>\r\n\r\n<p>Retour &agrave; l&rsquo;h&ocirc;tel. D&icirc;ner et nuit &agrave; l&rsquo;h&ocirc;tel dans la r&eacute;gion de Rome.</p>', 6, 1, 0, NULL, NULL, NULL, NULL),
(534, 73, 'Jour 7 : Rome / environ 20 km', '<p>Visite guid&eacute;e de la Rome chr&eacute;tienne : vous allez d&eacute;couvrir les mus&eacute;es du Vatican (avec audio guides obligatoires) et leurs tr&eacute;sors, notamment la chapelle Sixtine avec les magnifiques fresques de la vo&ucirc;te, chef-d&#39;&oelig;uvre de Michel Ange ; vous continuerez la visite avec la place et la basilique St.</p>\r\n\r\n<p>Pierre, centre de la chr&eacute;tient&eacute; et riche d&rsquo;&oelig;uvres d&rsquo;art telles que la Piet&agrave; de Michel Ange.</p>\r\n\r\n<p>D&eacute;jeuner. Temps libre pour les d&eacute;couvertes personnelles et fl&acirc;ner dans le quartier du Quirinal.</p>\r\n\r\n<p>La colline du Quirinal est domin&eacute;e par le Palais du Quirinal, le Palais pr&eacute;sidentiel italien.</p>\r\n\r\n<p>C&#39;est en bas de la colline que se trouve la fontaine de Tr&eacute;vi, la plus c&eacute;l&egrave;bre de Rome et haut lieu mondial d&#39;attraction touristique. Ce quartier est un des plus beaux de Rome.</p>\r\n\r\n<p>Deux petites &eacute;glises particuli&egrave;rement int&eacute;ressantes se trouvent &agrave; proximit&eacute; du palais : Saint-Charles des quatre fontaines, r&eacute;alis&eacute;e par Borromini, et Saint-Andr&eacute; du Quirinal, r&eacute;alis&eacute;e par son illustre concurrent artistique, Michel Ange. Retour &agrave; l&rsquo;h&ocirc;tel. D&icirc;ner et nuit dans la r&eacute;gion de Rome.</p>', 7, 1, 0, NULL, NULL, NULL, NULL),
(535, 73, 'Jour 8 : Départ de Rome / environ 15 km', '<p>Transfert &agrave; l&rsquo;a&eacute;roport de Rome en fonction des horaires d&rsquo;avion.</p>\r\n\r\n<p>Assistance aux formalit&eacute;s d&rsquo;enregistrement.</p>\r\n\r\n<p>Si le d&eacute;part a lieu dans l&rsquo;apr&egrave;s-midi, possibilit&eacute; optionnelle de r&eacute;server un d&eacute;jeuner (avec suppl&eacute;ment).</p>', 8, 1, 0, NULL, NULL, NULL, NULL),
(536, 74, 'Jour 1 :   Athènes', '<p>Accueil &agrave; l&rsquo;arriv&eacute;e &agrave; l&rsquo;A&eacute;roport.</p>\r\n\r\n<p>Transfert &agrave; l&rsquo;h&ocirc;tel &agrave; Ath&egrave;nes.</p>\r\n\r\n<p>&nbsp;Nuit et h&eacute;bergement &agrave; l&rsquo;h&ocirc;tel</p>', 1, 1, 0, NULL, NULL, NULL, NULL),
(537, 74, 'Jour 2:   Athènes', '<p>Petit d&eacute;jeuner &agrave; l&rsquo;h&ocirc;tel&nbsp;</p>\r\n\r\n<p>Demi-journ&eacute;e city tour avec la visite de l&rsquo;Acropole et le&nbsp;nouveau mus&eacute;e d&rsquo;Acropole</p>\r\n\r\n<p>Nuit et h&eacute;bergement &agrave; l&rsquo;h&ocirc;tel</p>', 2, 1, 0, NULL, NULL, NULL, NULL),
(538, 74, 'Jour 3:   Athènes/Mykonos', '<p>Petit d&eacute;jeuner &agrave; l&rsquo;h&ocirc;tel&nbsp;</p>\r\n\r\n<p>Pick-up pour le transfert vers le port d&rsquo;Ath&egrave;nes &nbsp;pour prendre le ferry pour Mykonos.</p>\r\n\r\n<p>Arriv&eacute;e &agrave; Mykonos, transfert &agrave; l&rsquo;h&ocirc;tel</p>\r\n\r\n<p>Nuit et h&eacute;bergement &agrave; l&rsquo;h&ocirc;tel</p>', 3, 1, 0, NULL, NULL, NULL, NULL),
(539, 74, 'Jour 4:   Mykonos', '<p>Petit d&eacute;jeuner &agrave; l&rsquo;h&ocirc;tel</p>\r\n\r\n<p>Journ&eacute;e libre : Profitez de la plage et le soleil et les&nbsp;beaut&eacute;s de cette &icirc;le unique</p>\r\n\r\n<p>Nuit et h&eacute;bergement &agrave; l&rsquo;h&ocirc;tel</p>', 4, 1, 0, NULL, NULL, NULL, NULL),
(540, 74, 'Jour 5:   Mykonos/Santorin', '<p>Petit d&eacute;jeuner &agrave; l&rsquo;h&ocirc;tel</p>\r\n\r\n<p>Pick-up pour le transfert au port de Mykonos pour&nbsp;prendre le ferry &agrave; Santorin&nbsp;</p>\r\n\r\n<p>Arriv&eacute;e &agrave; Santorin, transfert &agrave; l&rsquo;h&ocirc;tel</p>\r\n\r\n<p>Nuit et h&eacute;bergement &agrave; l&rsquo;h&ocirc;tel</p>', 5, 1, 0, NULL, NULL, NULL, NULL),
(541, 74, 'Jour 6:   Santorin', '<p>Petit d&eacute;jeuner &agrave; l&rsquo;h&ocirc;tel</p>\r\n\r\n<p>Profitez de la vue inoubliable dans l&#39;&icirc;le la plus&nbsp;romantique du monde</p>\r\n\r\n<p>Nuit et h&eacute;bergement &agrave; l&rsquo;h&ocirc;tel.</p>', 6, 1, 0, NULL, NULL, NULL, NULL),
(542, 74, 'Jour 7:   Santorin/Athènes', '<p>Petit d&eacute;jeuner &agrave; l&rsquo;h&ocirc;tel</p>\r\n\r\n<p>Pick-up pour le transfert au port pour prendre le ferry&nbsp;&agrave; Ath&egrave;nes.</p>\r\n\r\n<p>Arriv&eacute;e &agrave; Ath&egrave;nes, transfert &agrave; l&rsquo;h&ocirc;tel</p>\r\n\r\n<p>Nuit et h&eacute;bergement &agrave; l&rsquo;h&ocirc;tel.</p>', 7, 1, 0, NULL, NULL, NULL, NULL),
(543, 74, 'Jour 8:   Départ Athènes', '<p>Petit d&eacute;jeuner &agrave; l&rsquo;h&ocirc;tel</p>\r\n\r\n<p>Pick-up pour le transfert &agrave; l&rsquo;a&eacute;roport d&rsquo;Ath&egrave;nes</p>', 8, 1, 0, NULL, NULL, NULL, NULL),
(544, 74, 'Le forfait de base comprend :', '<p>-&nbsp; &nbsp;3 nuits &agrave; l&rsquo;h&ocirc;tel choisi 3*/4* &agrave; Ath&egrave;nes en chambre standard en LPD</p>\r\n\r\n<p>-&nbsp; &nbsp;2 nuits &agrave; l&rsquo;h&ocirc;tel choisi 3*/4* &nbsp;&agrave; Mykonos en chambre standard en LPD</p>\r\n\r\n<p>-&nbsp;&nbsp; 2 nuits &agrave; l&rsquo;h&ocirc;tel choisi 3*/4* &nbsp;&agrave; Santorin en chambre standard en LPD</p>\r\n\r\n<p>-&nbsp;&nbsp;&nbsp;Tous les transferts &agrave; Ath&egrave;nes sur une base priv&eacute;e - dans les &icirc;les par navette</p>\r\n\r\n<p>-&nbsp;&nbsp;&nbsp;Visite de la ville Ath&egrave;nes &nbsp;et le nouveau mus&eacute;e d&rsquo;Acropole (Hors Lundi - Dur&eacute;e de la visite 5 heures)</p>\r\n\r\n<p>-&nbsp;&nbsp; Billets de ferry (en classe &eacute;conomique - traversiers normal)&nbsp;</p>\r\n\r\n<p>&nbsp; &nbsp; &nbsp; &nbsp; &nbsp; &nbsp; &nbsp; &nbsp; &nbsp; &nbsp; &nbsp; &nbsp; &nbsp; &nbsp; Ath&egrave;nes / Mykonos (07 h 30-13h15)&nbsp;<br />\r\n&nbsp; &nbsp; &nbsp; &nbsp; &nbsp; &nbsp; &nbsp; &nbsp; &nbsp; &nbsp; &nbsp; &nbsp; &nbsp; &nbsp; Mykonos / Santorin (14h55-17h35)&nbsp;<br />\r\n&nbsp; &nbsp; &nbsp; &nbsp; &nbsp; &nbsp; &nbsp; &nbsp; &nbsp; &nbsp; &nbsp; &nbsp; &nbsp; &nbsp; Santorin / Ath&egrave;nes (15h30-23h25)&nbsp;</p>\r\n\r\n<p>-&nbsp; &nbsp;Tous les frais d&#39;entr&eacute;e, les taxes et les frais de service.</p>', 9, 1, 1, NULL, NULL, NULL, NULL),
(545, 74, 'Le forfait de base ne comprend pas :', '<p>-&nbsp; &nbsp;VOL INTERNATIONAL&nbsp;</p>\r\n\r\n<p>-&nbsp; &nbsp;Frais du Visa</p>\r\n\r\n<p>-&nbsp; &nbsp;Tout ce qui n&rsquo;est pas marqu&eacute; dans la rubrique &laquo; le forfait de base comprend&raquo;<br />\r\n&nbsp;</p>', 10, 1, 1, NULL, NULL, NULL, NULL),
(546, 75, 'Jour 1: Arrivée à Casablanca, capitale économique du Maroc', '<p>Arriv&eacute;e &agrave; l&#39;a&eacute;roport de Casablanca et accueil par votre guide, transfert &agrave; votre h&ocirc;tel.</p>\r\n\r\n<p>D&icirc;ner et nuit&eacute;e.</p>\r\n\r\n<p><span style="line-height:1.6em">Temps de trajet : 1h, 94km.</span></p>', 1, 1, 0, NULL, NULL, NULL, NULL),
(547, 75, 'Jour 2: Départ pour Meknès', '<p>Petit-d&eacute;jeuner puis d&eacute;part en direction de la ville imp&eacute;riale de Mekn&egrave;s, reconnue pour ses monuments historiques : les grandioses greniers, le Mausol&eacute;e Moulay Isma&iuml;l, le Bassin Agdal, Bab El Mansour, la place Hadim, les remparts.</p>\r\n\r\n<p>D&eacute;jeuner libre puis continuation vers la ville sainte de Moulay Idriss Zahroun et le site de Volubilis.</p>\r\n\r\n<p>D&eacute;couverte des ruines d&rsquo;un site authentiquement romain.</p>\r\n\r\n<p>Continuation vers F&egrave;s.</p>\r\n\r\n<p>D&icirc;ner et nuit&eacute;e &agrave; l&rsquo;h&ocirc;tel.</p>\r\n\r\n<p>Temps de trajet : 2h, 202km.</p>', 2, 1, 0, NULL, NULL, NULL, NULL),
(548, 75, 'Jour 3: Découverte de Rabat, capitale moderne et ville historique', '<p>Petit-d&eacute;jeuner et route pour Rabat, la ville imp&eacute;riale et la capitale du Royaume.</p>\r\n\r\n<p>Vous d&eacute;couvrirez le Grand M&eacute;chouar du Palais Royal, le Mausol&eacute;e Mohamed V, la Tour Hassan.</p>\r\n\r\n<p>D&eacute;jeuner libre puis visite de la Kasbah des Oudayas et d&eacute;couverte de son magnifique jardin de style andalou.</p>\r\n\r\n<p>D&icirc;ner et nuit&eacute;e &agrave; l&rsquo;h&ocirc;tel.</p>\r\n\r\n<p>Temps de trajet : 1h, 94km.</p>', 3, 1, 0, NULL, NULL, NULL, NULL),
(549, 75, 'Jour 4: Visite de Fès, capitale culturelle et spirituelle', '<p>Journ&eacute;e consacr&eacute;e &agrave; la visite de la capitale religieuse du Maroc : F&egrave;s-el-Bali, le c&oelig;ur historique de la ville, sa m&eacute;dina traditionnelle avec son labyrinthe de ruelles grouillantes d&#39;activit&eacute;s artisanales et marchandes, ses fontaines, ses medersas, dont la fameuse Attarine et la mosqu&eacute;e-universit&eacute; Karaouine, une des plus anciennes du monde.</p>\r\n\r\n<p>D&eacute;jeuner libre puis continuation par Fez-Jdid, la ville Imp&eacute;riale o&ugrave; se situent l&#39;actuel Palais Royal et l&#39;ancien Mellah.</p>\r\n\r\n<p>D&icirc;ner et nuit.</p>', 4, 1, 0, NULL, NULL, NULL, NULL),
(550, 75, 'Jour 5: Traversée des paysages montagneux du Moyen-Atlas', '<p>Petit-d&eacute;jeuner et d&eacute;part en direction de Marrakech, par une route &agrave; travers un paysage somptueux offrant des contrastes surprenants : oliveraies, canyons, d&eacute;sert,...</p>\r\n\r\n<p>Nous traverserons Azrou, une ville d&#39;altitude (1250 m) bord&eacute;e de montagnes plant&eacute;es de ch&ecirc;nes verts et de c&egrave;dres; Kh&eacute;nifra une ville aux couleurs rouge&acirc;tres, b&acirc;tie entre plateau central et Moyen Atlas.</p>\r\n\r\n<p>Nous admirerons les Cascades d&rsquo;Ouzoud, les chutes d&rsquo;eau les plus impressionnantes du Royaume; B&eacute;ni Mellal par la plaine fertile du Tadla.</p>\r\n\r\n<p>D&eacute;jeuner libre et continuation vers Marrakech.</p>\r\n\r\n<p>D&icirc;ner et nuit&eacute;e &agrave; l&rsquo;h&ocirc;tel.</p>\r\n\r\n<p>Temps de trajet : 5h, 540km.</p>', 5, 1, 0, NULL, NULL, NULL, NULL),
(551, 75, 'Jour 6: Découverte de Marrakech, capitale touristique du Maroc', '<p>Journ&eacute;e consacr&eacute;e &agrave; la visite de Marrakech, ancienne ville imp&eacute;riale et capitale du sud : la Koutoubia qui domine les maisons rouges, les tombeaux &nbsp;Saadiens, le palais de la Bahia, si&egrave;ge du grand Vizir Baha Ahmed, puis le jardin et le bassin de la M&eacute;nara.</p>\r\n\r\n<p>D&eacute;couverte de la place Jemaa-el- Fna.</p>\r\n\r\n<p>Temps libre pour une promenade dans les souks.</p>\r\n\r\n<p>D&icirc;ner et nuit &agrave; l&rsquo;h&ocirc;tel.</p>', 6, 1, 0, NULL, NULL, NULL, NULL),
(552, 75, 'Jour 7: Journée à Casablanca', '<p>Petit-d&eacute;jeuner t&ocirc;t le matin, d&eacute;part pour Casablanca.</p>\r\n\r\n<p>Visite de la ville pour la d&eacute;couverte de la magnifique Mosqu&eacute;e Hassan II, puis tour de la ville avec l&rsquo;&eacute;l&eacute;gant quartier r&eacute;sidentiel d&rsquo;Anfa, la Place des Nations Unies, la Place Mohammed V, la Cath&eacute;drale Notre Dame de Lourdes, puis balade dans le quartier des Habous, ses ruelles pleines de charme, ses souks traditionnels, son palais typique de l&rsquo;architecture n&eacute;o-mauresque des ann&eacute;es 30.</p>\r\n\r\n<p>D&icirc;ner et nuit&eacute;e &agrave; l&rsquo;h&ocirc;tel.</p>\r\n\r\n<p>Temps de trajet : 2h30, 240km.</p>', 7, 1, 0, NULL, NULL, NULL, NULL),
(553, 75, 'Jour 8: Fin du séjour', '<p>Transfert &agrave; l&rsquo;a&eacute;roport de Casablanca.</p>\r\n\r\n<p>Assistance aux formalit&eacute;s d&rsquo;embarquement.</p>', 8, 1, 0, NULL, NULL, NULL, NULL),
(554, 76, 'Jour1: Casablanca -Marrakech  (-/-/D)', '<p>Arriv&eacute;e &agrave; l&rsquo;a&eacute;roport &nbsp;de Casablanca</p>\r\n\r\n<p>Transfert &agrave; l&rsquo;h&ocirc;tel &agrave; Marrakech.</p>\r\n\r\n<p>Diner et h&eacute;bergement &agrave; l&rsquo;h&ocirc;tel.</p>', 1, 1, 0, NULL, NULL, NULL, NULL),
(555, 76, 'Jour2: Marrakech  (b/-/D)', '<p>Petit d&eacute;jeuner &agrave; l&rsquo;h&ocirc;tel</p>\r\n\r\n<p>Excursion &frac12; journ&eacute;e visite de Marrakech</p>\r\n\r\n<p>Diner et h&eacute;bergement &agrave; l&rsquo;h&ocirc;tel.</p>', 2, 1, 0, NULL, NULL, NULL, NULL),
(556, 76, 'Jour3: Marrakech  (b/-/D)', '<p>Petit d&eacute;jeuner &agrave; l&rsquo;h&ocirc;tel</p>\r\n\r\n<p>Journ&eacute;e libre</p>\r\n\r\n<p>Diner et h&eacute;bergement &agrave; l&rsquo;h&ocirc;tel.</p>', 3, 1, 0, NULL, NULL, NULL, NULL),
(557, 76, 'Jour4: Marrakech  (b/-/D)', '<p>Petit d&eacute;jeuner &agrave; l&rsquo;h&ocirc;tel</p>\r\n\r\n<p>Journ&eacute;e libre</p>\r\n\r\n<p>Diner et h&eacute;bergement &agrave; l&rsquo;h&ocirc;tel</p>', 4, 1, 0, NULL, NULL, NULL, NULL),
(558, 76, 'Jour 5: Marrakech  - Casablanca (b/-/-)', '<p>Petit d&eacute;jeuner &agrave; l&rsquo;h&ocirc;tel</p>\r\n\r\n<p>Transfert de l&rsquo;h&ocirc;tel de Marrakech&nbsp;</p>\r\n\r\n<p>+ Excursion &frac12; journ&eacute;e Casablanca continuation &agrave; l&rsquo;h&ocirc;tel de Casablanca</p>\r\n\r\n<p>&nbsp;Nuit et h&eacute;bergement &agrave; l&rsquo;h&ocirc;tel.</p>', 5, 1, 0, NULL, NULL, NULL, NULL),
(559, 76, 'Jour6: Casablanca (b/-/-)', '<p>Petit d&eacute;jeuner &agrave; l&rsquo;h&ocirc;tel</p>\r\n\r\n<p>Journ&eacute;e libre</p>\r\n\r\n<p>Nuit et h&eacute;bergement &agrave; l&rsquo;h&ocirc;tel.</p>', 6, 1, 0, NULL, NULL, NULL, NULL),
(560, 76, 'Jour7: Casablanca (b/-/-)', '<p>Petit d&eacute;jeuner &agrave; l&rsquo;h&ocirc;tel</p>\r\n\r\n<p>Journ&eacute;e libre</p>\r\n\r\n<p>Nuit et h&eacute;bergement &agrave; l&rsquo;h&ocirc;tel.</p>', 7, 1, 0, NULL, NULL, NULL, NULL),
(561, 76, 'Jour8: Départ - Casablanca (b/-/-)', '<p>Petit d&eacute;jeuner &agrave; l&rsquo;h&ocirc;tel</p>\r\n\r\n<p><span style="line-height:1.6em">Transfert vers l&rsquo;a&eacute;roport pour d&eacute;part.</span></p>', 8, 1, 0, NULL, NULL, NULL, NULL),
(562, 76, 'Le forfait de base comprend :', '<p>-&nbsp;&nbsp; &nbsp;Transfert APT &nbsp;Casablanca - &nbsp;Hotel Marrakech</p>\r\n\r\n<p>-&nbsp;&nbsp; &nbsp;04 nuits &agrave; l&rsquo;h&ocirc;tel Ci-dessus &agrave; Marrakech ou similaire en Demi pension.</p>\r\n\r\n<p>-&nbsp;&nbsp; &nbsp;&frac12; journ&eacute;e visite de Marrakech.</p>\r\n\r\n<p>-&nbsp;&nbsp; &nbsp;03 nuits &agrave; l&rsquo;h&ocirc;tel ci-dessus &agrave; Casablanca en logement petit d&eacute;jeuner.</p>\r\n\r\n<p>-&nbsp;&nbsp; &nbsp;Transfert Hotel Marrakech &ndash; HOTEL CASA.</p>\r\n\r\n<p>-&nbsp;&nbsp; &nbsp;&frac12; journ&eacute;e visite de Casablanca.</p>\r\n\r\n<p>-&nbsp;&nbsp; &nbsp;TRF HOT CASA-APT CASA</p>', 9, 1, 1, NULL, NULL, NULL, NULL),
(563, 76, 'Le forfait de base ne comprend pas :', '<p>-&nbsp;&nbsp; &nbsp;Vol International&nbsp;</p>\r\n\r\n<p>-&nbsp;&nbsp; &nbsp;Les assurances.</p>\r\n\r\n<p>-&nbsp;&nbsp; &nbsp;Les d&eacute;jeuner pendant les excursions</p>\r\n\r\n<p>-&nbsp;&nbsp; &nbsp;Excursions en extra.</p>\r\n\r\n<p>-&nbsp;&nbsp; &nbsp;D&rsquo;une fa&ccedil;on g&eacute;n&eacute;rale tout ce qui n&rsquo;est pas mentionn&eacute; dans la rubrique &laquo; Le forfait de base comprend &raquo;</p>', 10, 1, 1, NULL, NULL, NULL, NULL),
(564, 77, '1er Jour : Vol à destination De Ho Chi Minh', '<p>Vol &agrave; destination De Ho Chi Minh</p>', 1, 1, 0, NULL, NULL, NULL, NULL),
(565, 77, '2e Jour : Arrivée à Ho Chi Minh 60 Km (-/-/Din)', '<p>Accueil &agrave; l&rsquo;a&eacute;roport par votre guide francophone et transfert &agrave; l&rsquo;h&ocirc;tel.</p>\r\n\r\n<p>Ho Chi Minh est la plus grande ville du pays et s&rsquo;est affirm&eacute;e tr&egrave;s t&ocirc;t comme la capitale &eacute;conomique.</p>\r\n\r\n<p>Rebaptis&eacute;e Ho Chi Minh Ville en 1976 apr&egrave;s le d&eacute;part des Am&eacute;ricains, l&rsquo;ex-capitale du sud Vi&ecirc;t Nam a gard&eacute; comme nom Saigon pour la majorit&eacute; de ses 4,5 millions d&rsquo;habitants.</p>\r\n\r\n<p>La pr&eacute;sence fran&ccedil;aise est encore tr&egrave;s marqu&eacute;e par de longues avenues ombrag&eacute;es jalonn&eacute;es de maisons coloniales, de monuments et de jardins. D&eacute;jeuner libre.</p>\r\n\r\n<p>Visite de la cath&eacute;drale Notre Dame et de la Poste centrale qui fut construite par Gustave Eiffel en 1891.</p>\r\n\r\n<p>Promenade au march&eacute; Ben Thanh.</p>\r\n\r\n<p>D&icirc;ner croisi&egrave;re sur la rivi&egrave;re Saigon.</p>\r\n\r\n<p>Nuit &agrave; l&rsquo;h&ocirc;tel.</p>', 2, 1, 0, NULL, NULL, NULL, NULL),
(566, 77, '3e Jour : Ho chi Minh – Ban Me Thuot 380 Km (P.dej/Dej/Din)', '<p>Petit d&eacute;jeuner &agrave; l&rsquo;h&ocirc;tel.</p>\r\n\r\n<p>D&eacute;part pour Ban Me Thuot, pays de terres rouges et fertiles dans la r&eacute;gion des hauts plateaux et des ethnies minoritaires.</p>\r\n\r\n<p>La ville de Ban Me Thuot est la capitale du caf&eacute; et fut choisie en 1904 comme capitale administrative de la province.</p>\r\n\r\n<p>Travers&eacute;e des parcs nationaux, qui repr&eacute;sentent une des plus importante r&eacute;serve de biodiversit&eacute; du Vi&ecirc;t Nam.</p>\r\n\r\n<p>Arr&ecirc;t dans une plantation d&rsquo;h&eacute;v&eacute;as et de caf&eacute;iers.</p>\r\n\r\n<p>D&eacute;jeuner. D&eacute;couverte des superbes chutes d&rsquo;eau de Dray Sap en pleine for&ecirc;t tropicale.</p>\r\n\r\n<p>D&eacute;gustation du caf&eacute; local. D&icirc;ner. Nuit &agrave; l&rsquo;h&ocirc;tel.</p>', 3, 1, 0, NULL, NULL, NULL, NULL),
(567, 77, '4e Jour : Ban Me Thuot 100 Km (P.dej/Dej/Din)', '<p>Petit d&eacute;jeuner &agrave; l&rsquo;h&ocirc;tel.</p>\r\n\r\n<p>D&eacute;couverte d&rsquo;un village de la minorit&eacute; Ede avec ses longues maisons en forme de bateau et son march&eacute; typique.</p>\r\n\r\n<p>Visite du mus&eacute;e des minorit&eacute;s ethniques qui pr&eacute;sente des objets de la vie quotidienne des diff&eacute;rentes ethnies de la r&eacute;gion : Ede, mais aussi Mnong, Muong, Tha&iuml;, Dao et Giarai.</p>\r\n\r\n<p>D&eacute;jeuner et d&eacute;gustation d&rsquo;alcool de riz.</p>\r\n\r\n<p>Balade &agrave; dos d&rsquo;&eacute;l&eacute;phant autour du Lac Lak pour rejoindre le village Mnong de Mlieng.</p>\r\n\r\n<p>D&eacute;couverte des longues maisons traditionnelles pouvant abriter plusieurs g&eacute;n&eacute;rations puis retour sur l&rsquo;autre rive en pirogue.</p>\r\n\r\n<p>D&icirc;ner. Nuit &agrave; l&rsquo;h&ocirc;tel.</p>', 4, 1, 0, NULL, NULL, NULL, NULL),
(568, 77, '5e Jour : Ban Me Thuot – Pleiku 200 Km (P.dej/Dej/Din)', '<p>Petit d&eacute;jeuner &agrave; l&rsquo;h&ocirc;tel.</p>\r\n\r\n<p>Route vers Pleiku, qui fut une base logistique importante de l&rsquo;arm&eacute;e am&eacute;ricaine.</p>\r\n\r\n<p>La r&eacute;gion de Pleiku est connue pour son importante population de Degar, une minorit&eacute; compos&eacute;e de plusieurs groupes ethniques qui peuplent les hauts plateaux.&nbsp;</p>\r\n\r\n<p><span style="line-height:1.6em">D&eacute;jeuner. Balade au grand march&eacute; de Pleiku o&ugrave; l&rsquo;on trouve du th&eacute; et du caf&eacute; provenant des plantations environnantes. </span></p>\r\n\r\n<p><span style="line-height:1.6em">Promenade autour du Lac de Bien Ho entour&eacute; de pins verts. </span></p>\r\n\r\n<p><span style="line-height:1.6em">D&icirc;ner. Nuit &agrave; l&rsquo;h&ocirc;tel.</span></p>', 5, 1, 0, NULL, NULL, NULL, NULL),
(569, 77, '6e Jour : Pleuki – Danang – Hoi an 35 Km < vol > (P.dej/Dej/Din)', '<p>Petit d&eacute;jeuner &agrave; l&rsquo;h&ocirc;tel.</p>\r\n\r\n<p>Rencontre avec les ethnies de la r&eacute;gion dans le village des Bahnar, animistes v&eacute;n&eacute;rant les arbres, et dans le village des Jarai, connus pour leurs instruments de musique.</p>\r\n\r\n<p>D&eacute;jeuner. Transfert &agrave; l&rsquo;a&eacute;roport pour le vol &agrave; destination de Danang.</p>\r\n\r\n<p>Route vers Hoi An, ancien port de commerce, mus&eacute;e vivant, m&eacute;langeant vieilles architectures chinoises, japonaises et vietnamiennes, class&eacute;e au patrimoine mondial de l&rsquo;Unesco.</p>\r\n\r\n<p>D&icirc;ner avec d&eacute;gustation du Banh Vac, &laquo; rose blanche &raquo;, p&acirc;te de riz blanc farcie de crevettes, ce plat se pr&eacute;pare uniquement &agrave; Hoi An.</p>\r\n\r\n<p>Nuit &agrave; l&rsquo;h&ocirc;tel.</p>', 6, 1, 0, NULL, NULL, NULL, NULL),
(570, 77, '7e Jour : Hoi an (P.dej/Dej/Din)', '<p>Petit d&eacute;jeuner &agrave; l&rsquo;h&ocirc;tel.</p>\r\n\r\n<p>Promenade &agrave; pied dans les rues de Hoi An parmi les maisons antiques et temples chinois.</p>\r\n\r\n<p>Visite du pont japonais et de quelques maisons coloniales.</p>\r\n\r\n<p>D&eacute;couverte de l&rsquo;artisanat local : la fabrication de lanternes et de b&acirc;tons d&rsquo;encens.</p>\r\n\r\n<p>D&eacute;jeuner avec initiation &agrave; la pr&eacute;paration des plats vietnamiens et d&eacute;gustation.</p>\r\n\r\n<p>Croisi&egrave;re sur la rivi&egrave;re Thubon jusqu&rsquo;au village de Kimbong o&ugrave; les menuisiers fabriquent les bateaux pour les p&ecirc;cheurs de tout le centre du Vi&ecirc;t Nam. Ils restaurent aussi les vieux monuments et sculptent le bois des meubles traditionnels.</p>\r\n\r\n<p>Tour &agrave; v&eacute;lo dans la campagne environnante et promenade au march&eacute;.</p>\r\n\r\n<p>D&icirc;ner. Nuit &agrave; l&rsquo;h&ocirc;tel.</p>', 7, 1, 0, NULL, NULL, NULL, NULL),
(571, 77, '8e Jour : Hoi an – Danang – Hue 150 Km (P.dej/Dej/Din)', '<p>Petit d&eacute;jeuner &agrave; l&rsquo;h&ocirc;tel.</p>\r\n\r\n<p>Visite du mus&eacute;e Cham &agrave; Danang, &eacute;difi&eacute; en 1916 et qui regroupe la plus belle collection d&rsquo;art de l&rsquo;ancien Royaume Cham.</p>\r\n\r\n<p>Route pour Hu&eacute; en passant par la fameuse route du Col des Nuages d&rsquo;o&ugrave; vous aurez une tr&egrave;s belle vue sur la p&eacute;ninsule de Lang Co. Hu&eacute;, ancienne capitale imp&eacute;riale de 1802 &agrave; 1945, est class&eacute;e au patrimoine mondial de l&rsquo;Unesco depuis 1993.</p>\r\n\r\n<p>La ville offre de nombreux sites historiques encore tr&egrave;s bien conserv&eacute;s.</p>\r\n\r\n<p>D&eacute;jeuner. Promenade en bateau sur la Rivi&egrave;re des Parfums jusqu&rsquo;&agrave; la Pagode de la Dame C&eacute;leste dont la tour octogonale est reconnaissable de tr&egrave;s loin. Visite du tombeau royal de Minh Mang.</p>\r\n\r\n<p>D&eacute;couverte d&rsquo;une sp&eacute;cialit&eacute; artisanale de la r&eacute;gion : la confection des cerfs-volants. D&icirc;ner imp&eacute;rial costum&eacute; et musique traditionnelle.</p>\r\n\r\n<p>Nuit &agrave; l&rsquo;h&ocirc;tel.</p>', 8, 1, 0, NULL, NULL, NULL, NULL);
INSERT INTO `ost_vo_descriptions` (`id`, `voyage_id`, `libelle`, `texte`, `ordre`, `visible`, `lateral`, `titre`, `updated_at`, `photoVisible`, `path`) VALUES
(572, 77, '9e Jour : Hue (P.dej/Dej/Din)', '<p>Petit d&eacute;jeuner &agrave; l&rsquo;h&ocirc;tel.</p>\r\n\r\n<p>D&eacute;couverte de la Citadelle Imp&eacute;riale construite &agrave; partir de 1805 sur le mod&egrave;le de la Cit&eacute; Interdite de P&eacute;kin.</p>\r\n\r\n<p>Visite du mausol&eacute;e de l&rsquo;empereur Tu Duc au milieu des frangipaniers et des pins, et du mausol&eacute;e de l&rsquo;empereur Khai Dinh, &agrave; l&rsquo;architecture &eacute;tonnante.</p>\r\n\r\n<p>D&eacute;jeuner au c&oelig;ur de la citadelle. D&eacute;couverte d&rsquo;une sp&eacute;cialit&eacute; artisanale de la r&eacute;gion : la fabrique de chapeaux coniques.</p>\r\n\r\n<p>Balade &agrave; pied pour fl&acirc;ner et se m&ecirc;ler &agrave; la population du march&eacute; Dong Ba, le plus anim&eacute; et le plus pittoresque de la ville.</p>\r\n\r\n<p>D&icirc;ner. Nuit &agrave; l&rsquo;h&ocirc;tel.</p>', 9, 1, 0, NULL, NULL, NULL, NULL),
(573, 77, '10e Jour : Hue – Hanoi – Lao Cai 400 Km < vol > < train > (P.dej/Dej/Din)', '<p>Petit d&eacute;jeuner &agrave; l&rsquo;h&ocirc;tel.</p>\r\n\r\n<p>Transfert &agrave; l&rsquo;a&eacute;roport de Hu&eacute; pour le vol &agrave; destination de Hanoi, la capitale du Vi&ecirc;t Nam unifi&eacute;, qui a su conserver par endroit le charme d&eacute;suet de l&rsquo;&eacute;poque coloniale fran&ccedil;aise.</p>\r\n\r\n<p>La modernisation de la ville entreprise par les Fran&ccedil;ais &agrave; partir de 1882 s&rsquo;est prolong&eacute;e jusqu&rsquo;en 1955 et le visage d&rsquo;Hanoi n&rsquo;a plus beaucoup chang&eacute; depuis. Certains b&acirc;timents remarquablement conserv&eacute;s ou restaur&eacute;s se d&eacute;tachent d&rsquo;un ensemble architectural harmonieux.</p>\r\n\r\n<p>Hanoi est sans aucun doute la ville la plus charmante du Vi&ecirc;t Nam avec toute son authenticit&eacute; au travers de grandes avenues ombrag&eacute;es, de nombreux lacs, et de jardins soign&eacute;s.</p>\r\n\r\n<p>D&eacute;jeuner. Visite de l&rsquo;ext&eacute;rieur du Mausol&eacute;e d&rsquo;Ho Chi Minh, de son ancienne r&eacute;sidence, de la Pagode au Pilier Unique, du mus&eacute;e d&rsquo;ethnographie et du Temple de la Litt&eacute;rature, d&eacute;di&eacute; au culte de Confucius.</p>\r\n\r\n<p>D&icirc;ner de sp&eacute;cialit&eacute; : le Chaca de poisson, une vraie tradition au nord du Vi&ecirc;t Nam.</p>\r\n\r\n<p>Nuit &agrave; bord du train pour Lao Cai en couchette climatis&eacute;e.</p>', 10, 1, 0, NULL, NULL, NULL, NULL),
(574, 77, '11e Jour : Lao cai– Sapa – Giang Ta Chai 40 Km (P.dej/Dej/Din)', '<p>Arriv&eacute;e matinale &agrave; Lao Cai. Petit d&eacute;jeuner.</p>\r\n\r\n<p>Route vers Sapa, &agrave; 34 Km du poste fronti&egrave;re de Lao Cai. Sapa fut une station d&rsquo;altitude tr&egrave;s appr&eacute;ci&eacute;e des Fran&ccedil;ais qui y construisirent une &eacute;glise et de nombreuses villas.</p>\r\n\r\n<p>C&rsquo;est &eacute;galement le point de d&eacute;part pour aller &agrave; la rencontre des nombreuses minorit&eacute;s ethniques de la r&eacute;gion.</p>\r\n\r\n<p>D&eacute;jeuner. Visite du village de Ta Fin, principalement habit&eacute; par des Dao rouges et des Hmong noirs.</p>\r\n\r\n<p>Balade dans le jardin des fleurs Hamrong qui abrite &eacute;galement quelques maisons sur pilotis pr&eacute;sentant les coutumes des ethnies de la r&eacute;gion.</p>\r\n\r\n<p>D&eacute;part vers le village de Tavan o&ugrave; vit la minorit&eacute; Dao, dont les hommes sont habill&eacute;s d&rsquo;un pantalon et d&rsquo;une courte veste indigo.</p>\r\n\r\n<p>D&icirc;ner et nuit chez l&rsquo;habitant.</p>', 11, 1, 0, NULL, NULL, NULL, NULL),
(575, 77, '12e Jour : Giang Ta Chai (P.dej/Dej/Din)', '<p>Petit d&eacute;jeuner chez l&rsquo;habitant.</p>\r\n\r\n<p>D&eacute;couverte du march&eacute; local avec la famille d&rsquo;accueil &agrave; la recherche des produits n&eacute;cessaires &agrave; l&rsquo;&eacute;laboration du repas.</p>\r\n\r\n<p>Pr&eacute;paration collective de plats typiques et d&eacute;jeuner-d&eacute;gustation.</p>\r\n\r\n<p>Dans l&rsquo;apr&egrave;s midi, d&eacute;couverte de la r&eacute;gion.</p>\r\n\r\n<p>Balade au village de Lao Chai dont la partie basse est habit&eacute;e par les Day et la partie haute par les Hmong.</p>\r\n\r\n<p>Poursuite vers Cat Cat o&ugrave; cohabitent les ethnies Hmong et Dao.</p>\r\n\r\n<p>D&icirc;ner et nuit chez l&rsquo;habitant.</p>', 12, 1, 0, NULL, NULL, NULL, NULL),
(576, 77, '13e Jour : Giang Ta Chai – Lai Chau 150 Km (P.dej/Dej/Din)', '<p>Petit d&eacute;jeuner chez l&rsquo;habitant.</p>\r\n\r\n<p>Route pour Lai Chau, petite ville nich&eacute;e au fond d&rsquo;une vall&eacute;e, capitale d&rsquo;une province ne comptant pas moins de 23 groupes ethniques.</p>\r\n\r\n<p>Promenade aux chutes de Thac Bac.</p>\r\n\r\n<p>D&eacute;couverte de la vie locale d&rsquo;un village et rencontre avec ses habitants de l&rsquo;ethnie Lu.</p>\r\n\r\n<p>D&eacute;jeuner. Balade dans les villages de la r&eacute;gion &agrave; la rencontre des ethnies Dai d&rsquo;origine chinoise et des Dzao.</p>\r\n\r\n<p>De nombreux arr&ecirc;ts impromptus en cours de route.</p>\r\n\r\n<p>D&icirc;ner. Nuit &agrave; l&rsquo;h&ocirc;tel.</p>', 13, 1, 0, NULL, NULL, NULL, NULL),
(577, 77, '14e Jour : Lai Chau – Dien Bien Phu 210 Km (P.dej/Dej/Din)', '<p>Petit d&eacute;jeuner &agrave; l&rsquo;h&ocirc;tel.</p>\r\n\r\n<p>Route pour Dien Bien Phu.</p>\r\n\r\n<p>Rencontre avec les habitants des villages de Hmong rouges, de Thai noirs et de Thai blancs.</p>\r\n\r\n<p>D&eacute;jeuner. Arriv&eacute;e &agrave; Dien Bien Phu. Cette vall&eacute;e fertile et encaiss&eacute;e o&ugrave; l&rsquo;on cultive aujourd&rsquo;hui le riz, le ma&iuml;s, et le th&eacute; fut en son temps le camp retranch&eacute; du G&eacute;n&eacute;ral Henri Navarre.</p>\r\n\r\n<p>Les ethnies Kinh et les Thai constituent une grande partie de la population de la ville.</p>\r\n\r\n<p>D&icirc;ner. Nuit &agrave; l&rsquo;h&ocirc;tel.</p>', 14, 1, 0, NULL, NULL, NULL, NULL),
(578, 77, '15e Jour : Dien Bien Phu – HANOI < vol > (P.dej/Dej/Din)', '<p>Petit d&eacute;jeuner &agrave; l&rsquo;h&ocirc;tel.</p>\r\n\r\n<p>Visite du site qui garde encore les traces du pass&eacute; fran&ccedil;ais en Indochine : le PC du Colonel de Castries et les 9 collines baptis&eacute;es de pr&eacute;noms de femmes par les militaires.</p>\r\n\r\n<p>Visite des vestiges de l&rsquo;ancien champ de bataille, la colline A1 et le mus&eacute;e historique.</p>\r\n\r\n<p>D&eacute;jeuner. Transfert &agrave; l&rsquo;a&eacute;roport pour le vol &agrave; destination de Hanoi. Spectacle de marionnettes sur l&rsquo;eau, animation, par une technique unique au monde, de figurines sculpt&eacute;es.</p>\r\n\r\n<p>D&icirc;ner. Nuit &agrave; l&rsquo;h&ocirc;tel.</p>', 15, 1, 0, NULL, NULL, NULL, NULL),
(579, 77, '16e Jour : Hanoi – Baie D’halong 180 Km (P.dej/Dej/Din)', '<p>Petit d&eacute;jeuner &agrave; l&rsquo;h&ocirc;tel.</p>\r\n\r\n<p>D&eacute;part pour la baie d&rsquo;Halong.</p>\r\n\r\n<p>Arr&ecirc;t au village des potiers de Dong Trieu. La baie d&rsquo;Halong est une merveille de la nature class&eacute;e au patrimoine mondial naturel de l&rsquo;Unesco depuis 1994.&nbsp;</p>\r\n\r\n<p><span style="line-height:1.6em">Embarquement pour une croisi&egrave;re en jonque dans ce lieu magique, &agrave; travers les c&eacute;l&egrave;bres pains de sucre karstiques et les 3000 &icirc;les et &icirc;lots &eacute;mergeant de l&rsquo;eau verte &eacute;meraude du golfe du Tonkin. </span></p>\r\n\r\n<p><span style="line-height:1.6em">D&eacute;jeuner de produits de la mer sur les eaux de la &laquo; 8eme merveille du monde &raquo;. Retour &agrave; Halong et d&eacute;barquement en fin d&rsquo;apr&egrave;s midi. </span></p>\r\n\r\n<p><span style="line-height:1.6em">D&icirc;ner et d&eacute;gustation du Bun Rieu (prononcer boum juo), une soupe de vermicelles avec un bouillon cuisin&eacute; &agrave; la tomate, au crabe et au porc. </span></p>\r\n\r\n<p><span style="line-height:1.6em">Nuit &agrave; l&rsquo;h&ocirc;tel.</span></p>', 16, 1, 0, NULL, NULL, NULL, NULL),
(580, 77, '17e Jour : BAIE D’halong – Hanoi 180 Km (P.dej/Dej/-)', '<p>Petit d&eacute;jeuner &agrave; l&rsquo;h&ocirc;tel.</p>\r\n\r\n<p>Retour vers Hanoi en passant par le village des sculpteurs sur bois de Dong Ky.</p>\r\n\r\n<p>D&eacute;jeuner &agrave; Hanoi. Promenade en cyclo-pousse dans le centre ville du vieil Hanoi et ses petites rues commer&ccedil;antes : la rue de la soie, la rue du coton, aussi appel&eacute; le &laquo; Quartier des 36 corporations &raquo;.</p>\r\n\r\n<p>Cette balade permet de d&eacute;couvrir autrement les principaux centres d&rsquo;int&eacute;r&ecirc;ts de la capitale et le quartier des ambassades avec ses nombreuses maisons coloniales dans les environs du Lac Hoan Kiem. Balade au march&eacute; tr&egrave;s anim&eacute; de Hangbe.</p>\r\n\r\n<p>D&eacute;gustation du c&eacute;l&egrave;bre Pho (prononcer feu) qui est sans aucun doute LE plat national.</p>\r\n\r\n<p>Transfert &agrave; l&rsquo;a&eacute;roport de Hanoi pour le vol de retour.</p>\r\n\r\n<p>Assistance aux formalit&eacute;s de d&eacute;part.</p>', 17, 1, 0, NULL, NULL, NULL, NULL),
(581, 77, '18e Jour : Arrivée', '<p>Arriv&eacute;e</p>', 18, 1, 0, NULL, NULL, NULL, NULL),
(582, 78, 'Jour 1 : Arrivée à Venise / environ 40 km', '<p>Arriv&eacute;e &agrave; l&rsquo;a&eacute;roport de Venise. Accueil par votre accompagnateur &agrave; l&rsquo;a&eacute;roport.</p>\r\n\r\n<p>Transfert &agrave; l&rsquo;h&ocirc;tel dans la r&eacute;gion Venise, Lido de Jesolo.</p>\r\n\r\n<p>D&icirc;ner et nuit.</p>', 1, 1, 0, NULL, NULL, NULL, NULL),
(583, 78, 'Jour 2 : Venise / environ 80 km', '<p>La journ&eacute;e sera consacr&eacute;e &agrave; la d&eacute;couverte de Venise, l&#39;un des rares sites &agrave; exercer un pouvoir de fascination aussi extraordinaire.</p>\r\n\r\n<p>Venise et sa lagune de la mer Adriatique sont inscrites au patrimoine mondial de l&#39;Unesco.</p>\r\n\r\n<p>Venise est une ville unique au monde, que tout le monde devrait visiter. Un lieu qui r&eacute;ussira toujours &agrave; vous &eacute;tonner, gr&acirc;ce aux &eacute;motions et &agrave; l&rsquo;atmosph&egrave;re qui &eacute;mane d&#39;elle.</p>\r\n\r\n<p>La ville insulaire semble flotter sur les eaux de la lagune.</p>\r\n\r\n<p>Construite sur 118 petites &icirc;les, Venise est un extraordinaire chef-d&#39;&oelig;uvre architectural.</p>\r\n\r\n<p>Visite guid&eacute;e de Venise : d&eacute;couverte de la place Saint Marc et de la basilique. Puis, visite du palais des Doges et de ses somptueux appartements d&eacute;cor&eacute;s par les plus grands artistes italiens et du pont des soupirs.</p>\r\n\r\n<p>Le Palais des Doges est un incontournable qui r&eacute;sume toute l&#39;histoire de Venise et r&eacute;v&egrave;le ses secrets.</p>\r\n\r\n<p>D&eacute;jeuner. Apr&egrave;s-midi libre pour les d&eacute;couvertes personnelles.</p>\r\n\r\n<p>Perdez-vous dans ses quartiers excentr&eacute;s, ses palais oubli&eacute;s, ses cours secr&egrave;tes et ses ruelles cach&eacute;es.</p>\r\n\r\n<p>Retour &agrave; l&rsquo;h&ocirc;tel. D&icirc;ner et nuit.</p>', 2, 1, 0, NULL, NULL, NULL, NULL),
(584, 78, 'Jour 3 : Îles de la lagune de Venise – Florence / environ 300 km', '<p>D&eacute;part en bateau de Punta Sabbioni pour l&rsquo;excursion dans les &icirc;les de la lagune de Venise.</p>\r\n\r\n<p>Vous d&eacute;couvrirez Murano, l&rsquo;&icirc;le du verre depuis la fin du 13&egrave;me si&egrave;cle, &eacute;poque &agrave; laquelle le grand conseil craignait les incendies et d&eacute;cida donc de transf&eacute;rer les verreries sur l&rsquo;&icirc;le.</p>\r\n\r\n<p>L&#39;&icirc;le est berc&eacute;e par un v&eacute;ritable souffle artistique que l&#39;on respire en s&#39;y promenant.</p>\r\n\r\n<p>Ensuite, d&eacute;couverte de Burano, connue pour ses canaux bord&eacute;s de maisons color&eacute;es qui donnent aux ruelles et aux quais du village une grande gaiet&eacute; et ses dentelles &agrave; l&#39;aiguille pratiqu&eacute;e depuis le 16&egrave;me si&egrave;cle, remarquablement fines, qui furent &agrave; la base de plusieurs fabriques europ&eacute;ennes.</p>\r\n\r\n<p>D&eacute;jeuner dans un restaurant typique sur l&rsquo;&icirc;le de Burano.</p>\r\n\r\n<p>Dans l&rsquo;apr&egrave;s-midi, retour en bateau &agrave; Punta Sabbioni.</p>\r\n\r\n<p>Route vers Florence. Installation &agrave; l&rsquo;h&ocirc;tel dans la r&eacute;gion de Florence / Sienne, d&icirc;ner et logement.</p>', 3, 1, 0, NULL, NULL, NULL, NULL),
(585, 78, 'Jour 4 : Florence / environ 30 km', '<p>D&eacute;part pour Florence, l&#39;une des plus belles et des plus charmantes villes d&#39;Italie.</p>\r\n\r\n<p>Patrie de Dante, le p&egrave;re de la langue italienne et cit&eacute; des M&eacute;dicis, riche famille toscane qui a permis une nette &eacute;volution de la ville, multipliant ainsi les interventions en mati&egrave;re culturelle, &eacute;conomique et politique, Florence offre un panorama unique.</p>\r\n\r\n<p>Ville symbole de la Renaissance italienne, elle est sans aucun doute la ville o&ugrave; le g&eacute;nie italien se manifeste de la fa&ccedil;on la plus &eacute;vidente.</p>\r\n\r\n<p>Pendant quatre si&egrave;cles (du 13&egrave;me au 16&egrave;me si&egrave;cle), elle sera le creuset d&rsquo;une multitude d&rsquo;esprits cr&eacute;ateurs qui fa&ccedil;onneront le visage de l&rsquo;Italie, mais aussi celui de toute l&rsquo;Europe. Visite guid&eacute;e de la ville : la Piazza del Duomo, la Piazza della Signoria, le Palazzo Vecchio et le m&eacute;di&eacute;val Ponte Vecchio qui enjambe le fleuve Arno.</p>\r\n\r\n<p>D&eacute;jeuner &agrave; Florence. Apr&egrave;s le d&eacute;jeuner entr&eacute;e &agrave; la galerie des offices (Galleria degli Uffizi).</p>\r\n\r\n<p>Temps libre pour les d&eacute;couvertes personnelles. Votre accompagnateur restera &agrave; disposition.</p>\r\n\r\n<p>Retour &agrave; l&rsquo;h&ocirc;tel. D&icirc;ner et nuit.</p>', 4, 1, 0, NULL, NULL, NULL, NULL),
(586, 78, 'Jour 5 : Sienne – Rome / environ 385 km', '<p>D&eacute;part en direction de Sienne, qui se trouve au c&oelig;ur de la campagne toscane.</p>\r\n\r\n<p>L&rsquo;int&eacute;r&ecirc;t de cette ville est qu&rsquo;elle a conserv&eacute; le m&ecirc;me visage qu&rsquo;aux 13&egrave;me et 14&egrave;me si&egrave;cles. Ce qui fait dire &agrave; Hippolyte Taine que Sienne est &laquo; comme un Pomp&eacute;i du Moyen &Acirc;ge &raquo;.</p>\r\n\r\n<p>Visite guid&eacute;e de la ville construite sur trois collines d&rsquo;argile rouge&acirc;tre, couleur &laquo; terre de Sienne &raquo;.</p>\r\n\r\n<p>Elle est connue pour sa place en forme de &laquo; coquille Saint Jacques &raquo; sur laquelle se d&eacute;roule chaque ann&eacute;e le palio.</p>\r\n\r\n<p>Visite de la cath&eacute;drale et passage par la piazza del campo, magique, o&ugrave; bat le c&oelig;ur de la cit&eacute;, les rues gothiques bord&eacute;es de palais, les maisons patriciennes et le palazzo publico.</p>\r\n\r\n<p>Apr&egrave;s le d&eacute;jeuner, d&eacute;part en direction de Rome, la capitale de l&rsquo;Italie.</p>\r\n\r\n<p>D&icirc;ner et nuit &agrave; l&rsquo;h&ocirc;tel situ&eacute; dans les environs de Rome.</p>', 5, 1, 0, NULL, NULL, NULL, NULL),
(587, 78, 'Jour 6 : Rome / environ 20 km', '<p>D&eacute;part pour Rome, la ville immortelle, qui a longtemps domin&eacute;e le &laquo; monde civilis&eacute; &raquo; et renferme mille et un t&eacute;moignages de son tr&egrave;s riche pass&eacute;.</p>\r\n\r\n<p>Les nombreuses &eacute;glises, fontaines et innombrables vestiges sont les empreintes laiss&eacute;es par chaque &eacute;poque.</p>\r\n\r\n<p>Rome est une capitale vivante. Son mode de vie &laquo; Dolce Vita &raquo; et son temp&eacute;rament m&eacute;diterran&eacute;en, ses sp&eacute;cialit&eacute;s culinaires sont quelques-unes des richesses que la ville vous invite &agrave; d&eacute;couvrir.</p>\r\n\r\n<p>La journ&eacute;e sera consacr&eacute;e &agrave; la visite guid&eacute;e de la capitale italienne et commencera avec la d&eacute;couverte de la Rome baroque : la fontaine de Tr&eacute;vi, o&ugrave; vous pourrez exprimer votre souhait en jetant une petite pi&egrave;ce dans l&rsquo;eau, la place Navona, la place d&rsquo;Espagne, le Panth&eacute;on et la place Venezia (vues ext&eacute;rieures).</p>\r\n\r\n<p>Apr&egrave;s le d&eacute;jeuner, visite de la Rome Antique : le Palatin, sans doute la plus c&eacute;l&egrave;bre des 7 collines de Rome, gr&acirc;ce &agrave; la l&eacute;gende des fr&egrave;res jumeaux Romulus et Remus, le forum romain et l&rsquo;arc de Constantin.</p>\r\n\r\n<p>Puis, visite du colis&eacute;e, symbole universellement connu de Rome. Vous d&eacute;couvrirez ce b&acirc;timent aux dimensions extraordinaires.</p>\r\n\r\n<p>Retour &agrave; l&rsquo;h&ocirc;tel.</p>\r\n\r\n<p>D&icirc;ner et nuit &agrave; l&rsquo;h&ocirc;tel dans la r&eacute;gion de Rome.</p>', 6, 1, 0, NULL, NULL, NULL, NULL),
(588, 78, 'Jour 7 : Rome / environ 20 km', '<p>Visite guid&eacute;e de la Rome chr&eacute;tienne: vous allez d&eacute;couvrir les mus&eacute;es du Vatican (avec audio guides obligatoires) et leurs tr&eacute;sors, notamment la chapelle Sixtine avec les magnifiques fresques de la vo&ucirc;te, chef-d&#39;&oelig;uvre de Michel Ange ; vous continuerez la visite avec la place et la basilique St. Pierre, centre de la chr&eacute;tient&eacute; et riche d&rsquo;&oelig;uvres d&rsquo;art telles que la Piet&agrave; de Michel Ange.</p>\r\n\r\n<p>D&eacute;jeuner. Temps libre pour les d&eacute;couvertes personnelles et fl&acirc;ner dans le quartier du Quirinal.</p>\r\n\r\n<p>La colline du Quirinal est domin&eacute;e par le Palais du Quirinal, le Palais pr&eacute;sidentiel italien. C&#39;est en bas de la colline que se trouve la fontaine de Tr&eacute;vi, la plus c&eacute;l&egrave;bre de Rome et haut lieu mondial d&#39;attraction touristique.</p>\r\n\r\n<p>Ce quartier est un des plus beaux de Rome. Deux petites &eacute;glises particuli&egrave;rement int&eacute;ressantes se trouvent &agrave; proximit&eacute; du palais: Saint-Charles des quatre fontaines, r&eacute;alis&eacute;e par Borromini, et Saint-Andr&eacute; du Quirinal, r&eacute;alis&eacute;e par son illustre concurrent artistique, Michel Ange.</p>\r\n\r\n<p>Retour &agrave; l&rsquo;h&ocirc;tel.</p>\r\n\r\n<p>D&icirc;ner et nuit dans la r&eacute;gion de Rome.</p>', 7, 1, 0, NULL, NULL, NULL, NULL),
(589, 78, 'Jour 8 : Départ de Rome / environ 15 km', '<p>Transfert &agrave; l&rsquo;a&eacute;roport de Rome en fonction des horaires d&rsquo;avion.</p>\r\n\r\n<p>Assistance aux formalit&eacute;s d&rsquo;enregistrement.</p>', 8, 1, 0, NULL, NULL, NULL, NULL),
(590, 79, '1er Jour : Départ', '<p>D&eacute;part</p>', 1, 1, 0, NULL, NULL, NULL, NULL),
(591, 79, '2e Jour : Arrivée A Bangkok', '<p>Transfert &agrave; l&rsquo;h&ocirc;tel.</p>\r\n\r\n<p>Journ&eacute;e libre.</p>\r\n\r\n<p>Installation &agrave; l&rsquo;h&ocirc;tel (chambres disponibles &agrave; partir de14h).</p>\r\n\r\n<p>Diner. Nuit &agrave; l&rsquo;h&ocirc;tel.</p>', 2, 1, 0, NULL, NULL, NULL, NULL),
(592, 79, '3e Jour : Bangkok', '<p>D&eacute;couverte de la vie quotidienne &agrave; Bangkok par le m&eacute;tro a&eacute;rien suivie d&rsquo;une balade en bateau-taxi sur la rivi&egrave;re Chao Praya vers le d&eacute;barcad&egrave;re de Tha Tien.</p>\r\n\r\n<p>Visite du &nbsp;Palais Royal et du Wat Phra Keo qui abrite le Bouddha d&rsquo;Emeraude, la repr&eacute;sentation du Bouddha le plus v&eacute;n&eacute;r&eacute; en Tha&iuml;lande.</p>\r\n\r\n<p>Continuation pour la visite du Wat Po et de son gigantesque Bouddha couch&eacute; et dor&eacute; d&rsquo;une longueur de 46m.</p>\r\n\r\n<p>D&eacute;gustation de Kai Kratiem, poulet frit &agrave; l&rsquo;ail avec une sauce soja.</p>\r\n\r\n<p>D&eacute;jeuner au bord de la rivi&egrave;re. L&rsquo;apr&egrave;s-midi, d&eacute;couverte du quartier chinois de Yaowarat et du tr&egrave;s anim&eacute; march&eacute; aux fleurs.</p>\r\n\r\n<p>D&icirc;ner. Nuit &agrave; l&rsquo;h&ocirc;tel.</p>', 3, 1, 0, NULL, NULL, NULL, NULL),
(593, 79, '4e Jour : Bangkok – Damnoen Saduak – Kanchanaburi (190km – 3h)', '<p>D&eacute;part pour Damnoen Saduak.</p>\r\n\r\n<p>Sur le trajet, arr&ecirc;t dans une fabrique ou l&rsquo;on extrait le sucre de noix de coco. Acc&egrave;s au march&eacute; flottant en pirogue &agrave; travers les canaux pour contempler les maisons sur pilotis.</p>\r\n\r\n<p>D&eacute;barquement. D&eacute;couverte des marchands dont les embarcations sont charg&eacute;es de fruits et de l&eacute;gumes.</p>\r\n\r\n<p>Continuation vers Kanchanaburi. Arr&ecirc;t au &nbsp;Cimeti&egrave;re des Alli&eacute;s pour comprendre l&rsquo;histoire de la r&eacute;gion.</p>\r\n\r\n<p>D&eacute;gustation de Kaeng Kai Baan, un curry de poulet fermier, une sp&eacute;cialit&eacute; de Kanchanaburi.</p>\r\n\r\n<p>D&eacute;jeuner. Trajet &agrave; bord du petit train tortillard au travers de paysages bucoliques.</p>\r\n\r\n<p>D&icirc;ner. Nuit &agrave; l&rsquo;h&ocirc;tel.</p>', 4, 1, 0, NULL, NULL, NULL, NULL),
(594, 79, '5e Jour : Kanchanaburi – Ayutthaya – Lopburi – Phitsanuloke (495km – 6h30)', '<p>D&eacute;part pour Ayutthaya, ancienne capitale du Siam et remarquable site arch&eacute;ologique class&eacute; au patrimoine mondial de l&rsquo;Unesco.</p>\r\n\r\n<p>Visite du Wat Phra Mongkhon Bophit abritant le plus grand bouddha de bronze du pays, du Wat Phra Si Sanphet, temple royal construit au XV&egrave;me si&egrave;cle et du Wat Lokaya Sutharam avec son bouddha couch&eacute; de 42 m&egrave;tres.</p>\r\n\r\n<p>Continuation vers Lopburi.</p>\r\n\r\n<p>D&eacute;gustation de Pad Thai, des nouilles saut&eacute;es accompagn&eacute;es de soja, de crevettes s&eacute;ch&eacute;es et de sauce de poisson. &nbsp;</p>\r\n\r\n<p>D&eacute;jeuner. L&rsquo;apr&egrave;s-midi, visite du Temple des Singes sacr&eacute;s. Arriv&eacute;e &agrave; Phitsanuloke en fin de journ&eacute;e.</p>\r\n\r\n<p>En option avec suppl&eacute;ment (sur place) : Promenade nocturne en cyclo-pousse et d&eacute;gustation facultative d&rsquo;insectes grill&eacute;s.</p>', 5, 1, 0, NULL, NULL, NULL, NULL),
(595, 79, '6e Jour : Phitsanuloke – Sukhothai – Lampang – Chiang Mai (375km – 5h)', '<p>Route vers le parc historique de Sukhothai, inscrit au patrimoine mondial de l&rsquo;Unesco.</p>\r\n\r\n<p>Visite de ses principaux vestiges du XIII&egrave;me si&egrave;cle : le Wat Mahathat et le Wat Sra Sri.</p>\r\n\r\n<p>Profitez de cette visite soit &agrave; v&eacute;lo, soit &agrave; pied, accompagn&eacute;s du guide.</p>\r\n\r\n<p>D&eacute;gustation &agrave; Lampang de la sp&eacute;cialit&eacute; : le Tom Kha Kai, soupe de poulet au lait de coco, aromatis&eacute;e de citronnelle. D&eacute;jeuner.</p>\r\n\r\n<p>Route pour Chiang Mai.</p>\r\n\r\n<p>D&icirc;ner. Nuit &agrave; l&rsquo;h&ocirc;tel.</p>', 6, 1, 0, NULL, NULL, NULL, NULL),
(596, 79, '7e Jour : Chiang Mai', '<p>Observation au lever du soleil de la c&eacute;r&eacute;monie des offrandes : une longue procession de moines parcourt la ville, pr&eacute;c&eacute;d&eacute;e du plus &acirc;g&eacute; d&rsquo;entre eux.</p>\r\n\r\n<p>Visite du Doi Suthep, culminant &agrave; 1601m, l&rsquo;un des plus grands sanctuaires bouddhistes du pays.</p>\r\n\r\n<p>D&eacute;gustation de la boisson nationale : Le Samg Som. D&eacute;jeuner. Visite du village de Sankhamphaeng pour appr&eacute;cier la diversit&eacute; de l&rsquo;artisanat du Nord et faire vos achats de laque, soie, bijoux et ombrelles.</p>\r\n\r\n<p>D&icirc;ner de sp&eacute;cialit&eacute;s Kantoke et spectacle de danses traditionnelles du Nord. En option avec suppl&eacute;ment (sur place) : S&eacute;ance collective d&rsquo;une heure de massage traditionnel tha&iuml;.</p>\r\n\r\n<p>D&eacute;couvrez par vous-m&ecirc;me le march&eacute; de nuit de Chiang Mai.</p>\r\n\r\n<p>Nuit &agrave; l&rsquo;h&ocirc;tel.</p>', 7, 1, 0, NULL, NULL, NULL, NULL),
(597, 79, '8e Jour : Chiang Mai – Camp Des Eléphants – Ferme D’orchidees – Bangkok (Train)', '<p>Visite d&rsquo;un camp de dressage et d&rsquo;entra&icirc;nement des &eacute;l&eacute;phants au travail.</p>\r\n\r\n<p>En option avec suppl&eacute;ment (sur place) : balade &agrave; dos d&rsquo;&eacute;l&eacute;phant dans la for&ecirc;t verdoyante o&ugrave; les pachydermes font preuve de pr&eacute;cision et d&rsquo;habilet&eacute; dans leurs d&eacute;placements. Promenade sur le march&eacute; color&eacute; et anim&eacute; de Mae Malai.</p>\r\n\r\n<p>D&eacute;gustation d&rsquo;une sp&eacute;cialit&eacute; de Chiang Mai : le Kao Soi, des nouilles aux &oelig;ufs servies dans du curry rouge au lait de coco et accompagn&eacute;es de condiments. D&eacute;jeuner.</p>\r\n\r\n<p>Visite d&rsquo;une ferme d&rsquo;orchid&eacute;es dont pas moins de 1300 vari&eacute;t&eacute;s sont recens&eacute;es dans le pays.</p>\r\n\r\n<p>En fin de journ&eacute;e, transfert &agrave; la gare et voyage en train de nuit couchettes 2&egrave;me classe. D&icirc;ner : Panier repas dans le train.</p>', 8, 1, 0, NULL, NULL, NULL, NULL),
(598, 79, '9e Jour : Bangkok – Jomtien / Pattaya (150km – 2h)', '<p>Petit d&eacute;jeuner et route vers Jomtien / Pattaya.</p>\r\n\r\n<p>Journ&eacute;e et repas libres.</p>\r\n\r\n<p>Nuit &agrave; l&rsquo;h&ocirc;tel.</p>', 9, 1, 0, NULL, NULL, NULL, NULL),
(599, 79, '10e Jour : Jomtien / Pattaya', '<p>Journ&eacute;e et repas libres. Nuit &agrave; l&rsquo;h&ocirc;tel.</p>', 10, 1, 0, NULL, NULL, NULL, NULL),
(600, 79, '11e Jour : Jomtien / Pattaya', '<p>Journ&eacute;e et repas libres. Nuit &agrave; l&rsquo;h&ocirc;tel.</p>', 11, 1, 0, NULL, NULL, NULL, NULL),
(601, 79, '12e Jour : Jomtien  / Pattaya', '<p>Journ&eacute;e et repas libres. Nuit &agrave; l&rsquo;h&ocirc;tel.</p>', 12, 1, 0, NULL, NULL, NULL, NULL),
(602, 79, '13e Jour : Jomtien / Pattaya – Bangkok – Départ  (150km – 2h)', '<p>Journ&eacute;e et repas libres. Transfert &agrave; l&rsquo;a&eacute;roport de Bangkok pour le vol retour.</p>', 13, 1, 0, NULL, NULL, NULL, NULL),
(603, 79, '14e Jour : Arrivée', '<p>Arriv&eacute;e</p>', 14, 1, 0, NULL, NULL, NULL, NULL),
(604, 80, '1er Jour : VOL A DESTINATION DE BANGKOK', '<p>vol &agrave;&nbsp;destination&nbsp;de Bangkok</p>', 1, 1, 0, NULL, NULL, NULL, NULL),
(605, 80, '2e Jour : ARRIVEE A BANGKOK 45 Km (-/-/Din)', '<p>Accueil par votre guide francophone et transfert &agrave; l&rsquo;h&ocirc;tel (Chambres disponibles &agrave; partir de 14h).</p>\r\n\r\n<p>Journ&eacute;e libre.</p>\r\n\r\n<p>Installation et d&eacute;tente ou possibilit&eacute; d&rsquo;excursions optionnelles avec guide : la d&eacute;couverte des Klongs de la rivi&egrave;re Chao Praya en bateau traditionnel avec la visite du Wat Arun ou la d&eacute;couverte du tr&egrave;s anim&eacute; march&eacute; aux fleurs.</p>\r\n\r\n<p>Diner. Nuit &agrave; l&rsquo;h&ocirc;t</p>', 2, 1, 0, NULL, NULL, NULL, NULL),
(606, 80, '3e Jour : BANGKOK – AYUTTHAYA – LOPBURI – PHITSANULOKE 395 Km (P.dej/Dej/Din)', '<p>Petit d&eacute;jeuner &agrave; l&rsquo;h&ocirc;tel.</p>\r\n\r\n<p>D&eacute;part pour Ayutthaya, ancienne capitale du Siam et remarquable site arch&eacute;ologique class&eacute; au patrimoine mondial de l&rsquo;Unesco.</p>\r\n\r\n<p>Visite du Wat Phra Mongkhon Bophit abritant le plus grand Bouddha de bronze du pays, du Wat Phra Si Sanphet, temple royal construit au XV&egrave;me si&egrave;cle et du Wat Lokaya Sutharam avec son Bouddha couch&eacute; de 42m de long.</p>\r\n\r\n<p>Continuation vers Lopburi pour le d&eacute;jeuner. L&rsquo;apr&egrave;s-midi, visite du Temple des Singes sacr&eacute;s.</p>\r\n\r\n<p>Arriv&eacute;e &agrave; Phitsanuloke en fin de journ&eacute;e.</p>\r\n\r\n<p>Promenade nocturne en cyclo-pousse et d&eacute;gustation facultative d&rsquo;insectes grill&eacute;s : la grande sp&eacute;cialit&eacute; r&eacute;gionale.</p>\r\n\r\n<p>D&icirc;ner. Nuit &agrave; l&rsquo;h&ocirc;tel.</p>', 3, 1, 0, NULL, NULL, NULL, NULL),
(607, 80, '4e Jour : PHITSANULOKE – SUKHOTHAI – LAMPANG – CHIANG RAI 520 Km (P.dej/Dej/Din)', '<p>Petit d&eacute;jeuner &agrave; l&rsquo;h&ocirc;tel.</p>\r\n\r\n<p>Route vers le parc historique de Sukhothai, inscrit au patrimoine mondial de l&rsquo;Unesco.</p>\r\n\r\n<p>Visite de ses principaux vestiges du XIII&egrave;me si&egrave;cle : le Wat Mahathat et le Wat Sra Sri.</p>\r\n\r\n<p>D&eacute;jeuner &agrave; Lampang et d&eacute;gustation du Tom Kha Kai, soupe de poulet au lait de coco, aromatis&eacute;e de citronnelle. Route pour Chiang Rai.</p>\r\n\r\n<p>Arr&ecirc;t dans un march&eacute; local pour d&eacute;couvrir les fruits de saison. Continuation pour le lac Phayao bord&eacute; de cha&icirc;nes de montagnes.</p>\r\n\r\n<p>D&icirc;ner et d&eacute;gustation des fruits du march&eacute;.</p>\r\n\r\n<p>D&eacute;couverte &agrave; votre gr&eacute; du march&eacute; de nuit.</p>\r\n\r\n<p>Nuit &agrave; l&rsquo;h&ocirc;tel.</p>', 4, 1, 0, NULL, NULL, NULL, NULL),
(608, 80, '5e Jour : CHIANG RAI – TRIANGLE D’OR – CHIANG MAI 240 Km (P.dej/Dej/Din)', '<p>Petit d&eacute;jeuner &agrave; l&rsquo;h&ocirc;tel.</p>\r\n\r\n<p>Observation au lever du soleil de la c&eacute;r&eacute;monie des offrandes : une longue procession de moines parcourt la ville, pr&eacute;c&eacute;d&eacute;e du plus &acirc;g&eacute; d&rsquo;entre eux.</p>\r\n\r\n<p>Croisi&egrave;re en pirogue &agrave; moteur sur la rivi&egrave;re Kok pour accoster &agrave; un village de minorit&eacute;s Karen, tribu montagnarde, agriculteurs &eacute;migr&eacute;s du Myanmar et du Yunnan.</p>\r\n\r\n<p>Continuation vers le Triangle d&rsquo;or aux confins du M&eacute;kong (fronti&egrave;re de la Tha&iuml;lande, du Myanmar et du Laos). D&eacute;jeuner et d&eacute;gustation de la boisson nationale, le Sang Som, qu&rsquo;il faut boire avec de l&rsquo;eau gazeuse.</p>\r\n\r\n<p>Route vers Chiang Mai. Visite du village de Sankhamphaeng pour appr&eacute;cier la diversit&eacute; de l&rsquo;artisanat du Nord et faire vos achats de laque, soie, bijoux et ombrelles.</p>\r\n\r\n<p>D&icirc;ner de sp&eacute;cialit&eacute;s Kantoke et spectacle de danses traditionnelles du Nord.</p>\r\n\r\n<p>S&eacute;ance collective d&rsquo;une heure de massage traditionnel tha&iuml;.</p>\r\n\r\n<p>D&eacute;couverte &agrave; votre gr&eacute; march&eacute; de nuit. Nuit &agrave; l&rsquo;h&ocirc;tel.</p>', 5, 1, 0, NULL, NULL, NULL, NULL),
(609, 80, '6e Jour : CHIANG MAI – CAMP DES ÉLÉPHANTS – FERME D’ORCHIDEES – BANGKOK 805 Km < train > (P.dej/Dej/Din)', '<p>Petit d&eacute;jeuner &agrave; l&rsquo;h&ocirc;tel.</p>\r\n\r\n<p>Visite du Doi Suthep, culminant &agrave; 1601m, l&rsquo;un des plus grands sanctuaires bouddhistes du pays.</p>\r\n\r\n<p>Visite d&rsquo;un camp de dressage et d&rsquo;entrainement des &eacute;l&eacute;phants au travail, suivi d&rsquo;une balade d&rsquo;une heure &agrave; dos d&rsquo;&eacute;l&eacute;phant dans la for&ecirc;t verdoyante o&ugrave; les pachydermes font preuve de pr&eacute;cision et d&rsquo;habilet&eacute; dans leurs d&eacute;placements.</p>\r\n\r\n<p>Promenade au march&eacute; color&eacute; et anim&eacute; de Mae Malai.</p>\r\n\r\n<p>D&eacute;jeuner et d&eacute;gustation d&rsquo;une sp&eacute;cialit&eacute; de Chiang Mai : le Kao Soi, des nouilles aux &oelig;ufs servies dans du curry rouge au lait de coco, accompagn&eacute;es de condiments.</p>\r\n\r\n<p>Visite d&rsquo;une ferme d&rsquo;orchid&eacute;es dont pas moins de 1300 vari&eacute;t&eacute;s sont recens&eacute;es dans le pays.</p>\r\n\r\n<p>En fin de journ&eacute;e, transfert &agrave; la gare. D&icirc;ner (panier-repas). Nuit &agrave; bord du train couchette.</p>', 6, 1, 0, NULL, NULL, NULL, NULL),
(610, 80, '7e Jour : BANGKOK – AMPAWA 100 Km (P.dej/Dej/Din)', '<p>Petit d&eacute;jeuner &agrave; l&rsquo;h&ocirc;tel ou au bord selon du horaire de train.</p>\r\n\r\n<p>Route vers Nakhon Pathom, avec la visite de son Chedi le plus v&eacute;n&eacute;r&eacute; de Tha&iuml;lande, qui aurait &eacute;t&eacute; construit pour c&eacute;l&eacute;brer les premiers missionnaires bouddhistes venus d&rsquo;inde vers le III&egrave;me si&egrave;cle.</p>\r\n\r\n<p>Le Chedi actuel fut restaur&eacute; en 1860 pour &ecirc;tre aujourd&rsquo;hui le plus haut monument bouddhique du monde.</p>\r\n\r\n<p>Rencontre avec les habitants pour une initiation &agrave; la cuisine tha&iuml;e avec le chef cuisinier local.</p>\r\n\r\n<p>Embarquement sur une pirogue &agrave; longue queue, l&rsquo;embarcation traditionnelle du pays.</p>\r\n\r\n<p>Promenade sur le fleuve Tha Chin pour admirer les paysages et la vie sur les berges et profiter d&rsquo;un d&eacute;jeuner paisible au bord de l&rsquo;eau.</p>\r\n\r\n<p>L&rsquo;apr&egrave;s-midi, visite du plus ancien quartier chinois de Lam Phaya, puis d&rsquo;un village o&ugrave; les habitants fabriquent avec habilet&eacute; des tressages de feuilles de jacinthe d&rsquo;eau.</p>\r\n\r\n<p>D&icirc;ner et nuit chez l&rsquo;habitant</p>', 7, 1, 0, NULL, NULL, NULL, NULL),
(611, 80, '8e Jour : AMPAWA (P.dej/Dej/Din)', '<p>Petit d&eacute;jeuner chez l&rsquo;habitant.</p>\r\n\r\n<p>Au petit matin, d&eacute;part avec la famille d&rsquo;accueil pour le march&eacute; local. Remise d&rsquo;offrandes (fruits, g&acirc;teaux, fleurs, riz, &hellip;) aux bonzes qui partent de leur temple &agrave; pied ou en petits bateaux &agrave; rames.</p>\r\n\r\n<p>Achat de la nourriture sur le march&eacute; pour la confection du repas. Petit d&eacute;jeuner chez l&rsquo;habitant.</p>\r\n\r\n<p>Balade en v&eacute;lo jusqu&rsquo;&agrave; la coop&eacute;rative du village pour participer &agrave; la conservation des fruits (cactus, citrons verts, courgettes, pamplemousses&hellip;), puis jusqu&rsquo;aux vergers et potagers pour une cueillette des fruits et l&eacute;gumes.</p>\r\n\r\n<p>Participation &agrave; la pr&eacute;paration des plats du d&eacute;jeuner &agrave; d&eacute;guster ensemble.</p>\r\n\r\n<p>Promenade en pirogue sur les multiples canaux o&ugrave; vous d&eacute;couvrirez le long des berges, les riverains qui cuisent le jus de noix de coco pour en extraire du sucre. Initiation &agrave; la confection de desserts tha&iuml;s &agrave; base de riz et de lait de coco.</p>\r\n\r\n<p>D&icirc;ner et nuit chez l&rsquo;habitant.</p>', 8, 1, 0, NULL, NULL, NULL, NULL),
(612, 80, '9e Jour : AMPAWA – PROVINCE DE KANCHANABURI 230 Km (P.dej/Dej/Din)', '<p>Petit d&eacute;jeuner chez l&rsquo;habitant.</p>\r\n\r\n<p>Visite du march&eacute; de Maeklong install&eacute; sur la voie ferr&eacute;e, &agrave; proximit&eacute; du terminus du train quotidien.</p>\r\n\r\n<p>Balade sur les rails pour visiter le march&eacute; tr&egrave;s color&eacute; et voir la rapidit&eacute; &agrave; laquelle les marchands replient leurs &eacute;choppes pour le passage du train. Continuation pour la province de Kanchanaburi.</p>\r\n\r\n<p>D&eacute;jeuner et d&eacute;gustation de Pla Chong Ped Sa, poisson &agrave; la vapeur et aux herbes. Visite du cimeti&egrave;re militaire o&ugrave; reposent 6982 prisonniers de guerre qui p&eacute;rirent pendant la construction de la voie ferr&eacute;e.</p>\r\n\r\n<p>D&eacute;couverte du c&eacute;l&egrave;bre pont de la Rivi&egrave;re Kwai, lieu charg&eacute; d&rsquo;histoire qui inspira un c&eacute;l&egrave;bre film et une m&eacute;lodie rest&eacute;e dans les m&eacute;moires. Trajet &agrave; bord du petit train tortillard pour un parcours pittoresque au travers de ravissants paysages.</p>\r\n\r\n<p>D&icirc;ner. Nuit &agrave; l&rsquo;h&ocirc;tel.</p>', 9, 1, 0, NULL, NULL, NULL, NULL),
(613, 80, '10e Jour : PROVINCE DE KANCHANABURI – SANGKLABURI 160 Km (P.dej/Dej/Din)', '<p>Petit d&eacute;jeuner &agrave; l&rsquo;h&ocirc;tel.</p>\r\n\r\n<p>Visite du Mus&eacute;e du Hellfire Pass pour mieux comprendre l&rsquo;histoire de la r&eacute;gion durant la deuxi&egrave;me guerre mondiale.</p>\r\n\r\n<p>D&eacute;part pour la fronti&egrave;re birmane, en traversant une v&eacute;g&eacute;tation vari&eacute;e et riche en couleurs, alternant champs d&rsquo;h&eacute;v&eacute;as, for&ecirc;ts de tek, cultures de pamplemoussier et de manioc.</p>\r\n\r\n<p>rr&ecirc;t dans un village d&rsquo;une tribu Karen o&ugrave; les habitants sont sp&eacute;cialis&eacute;s dans le tressage du bambou.</p>\r\n\r\n<p>Vous participerez &agrave; la confection de panier en bambou sous le conseil des artisans.</p>\r\n\r\n<p>D&eacute;jeuner. Continuation vers le col des 3 Pagodes, qui fut autrefois une voie commerciale importante et qui abrite aujourd&rsquo;hui le march&eacute; frontalier dont les &eacute;choppes commercent toujours avec la Birmanie.</p>\r\n\r\n<p>Route vers Sangklaburi, carrefour de cultures et d&rsquo;ethnies.</p>\r\n\r\n<p>D&icirc;ner. Nuit &agrave; l&rsquo;h&ocirc;tel au bord du lac Khao Laem.</p>', 10, 1, 0, NULL, NULL, NULL, NULL),
(614, 80, '11e Jour : SANGKLABURI (P.dej/Dej/Din)', '<p>Petit d&eacute;jeuner &agrave; l&rsquo;h&ocirc;tel.</p>\r\n\r\n<p>D&eacute;part tr&egrave;s matinal pour assister &agrave; la c&eacute;r&eacute;monie des offrandes aux moines en empruntant le pont-passerelle tout en bois sur le lac Khao Laem : un panorama magnifique sur les arbres inond&eacute;s, les maisons flottantes et les collines verdoyantes.</p>\r\n\r\n<p>Retour &agrave; l&rsquo;h&ocirc;tel pour le petit d&eacute;jeuner.</p>\r\n\r\n<p>Excursion en bateau &agrave; longue queue sur le lac, &eacute;norme r&eacute;servoir qui a englouti en 1983, temples et villages des tribus Mon, une des premi&egrave;res minorit&eacute;s sino-birmanes &agrave; &ecirc;tre venue s&rsquo;installer en Tha&iuml;lande.</p>\r\n\r\n<p>Visite du temple Wat Wiwekaram plus connu sous le nom de Wat Uttama, moine v&eacute;n&eacute;rable et hautement respect&eacute; pour avoir contribu&eacute; au relogement des tribus Mon dans le village de Baan Waeng Ka.</p>\r\n\r\n<p>Visite du Chedi dor&eacute;, surprenante synth&egrave;se d&rsquo;une architecture toute &agrave; la fois indienne, birmane et tha&iuml;landaise.</p>\r\n\r\n<p>D&eacute;jeuner et d&eacute;gustation du Som Tam : salade de papaye verte &eacute;pic&eacute;e et aromatis&eacute;e.</p>\r\n\r\n<p>Temps libre pour profiter des activit&eacute;s du lac (baignade et kayak). En fin d&rsquo;apr&egrave;s midi, visite du projet Baan Unrak, initiative priv&eacute;e pour aider &agrave; l&rsquo;&eacute;ducation et &agrave; l&rsquo;enseignement des enfants de la r&eacute;gion.</p>\r\n\r\n<p>Rencontre avec les enfants qui sont tous log&eacute;s dans l&rsquo;orphelinat qui abrite l&rsquo;atelier de tissage et de confection o&ugrave; travaillent les femmes Mon et Karen.</p>\r\n\r\n<p>D&icirc;ner. Nuit &agrave; l&rsquo;h&ocirc;tel.</p>', 11, 1, 0, NULL, NULL, NULL, NULL),
(615, 80, '12e Jour: SANGKLABURI – BANGKOK 340 Km (P.dej/Dej/Din)', '<p>Petit d&eacute;jeuner &agrave; l&rsquo;h&ocirc;tel.</p>\r\n\r\n<p>Route vers Bangkok.</p>\r\n\r\n<p>D&eacute;jeuner et d&eacute;gustation de Pho Pia Thot ou nems tha&iuml;landais compos&eacute;s de crevettes, de porc, de vermicelle chinois et de carottes. Visite du Palais Royal, vaste complexe au c&oelig;ur d&rsquo;une enceinte de plus de 2 kilom&egrave;tres aux abords du fleuve Chao Phaya.</p>\r\n\r\n<p>Visite du Wat Phra Keo qui abrite le Bouddha d&rsquo;&Eacute;meraude, la repr&eacute;sentation du Bouddha la plus v&eacute;n&eacute;r&eacute;e en Tha&iuml;lande et le symbole de la dynastie Chakri.</p>\r\n\r\n<p>Continuation pour le Wat Po o&ugrave; repose un gigantesque Bouddha couch&eacute; dor&eacute; de 46m de long.</p>\r\n\r\n<p>D&eacute;couverte du tr&egrave;s anim&eacute; quartier chinois, lieu tr&egrave;s commer&ccedil;ant et tr&egrave;s fr&eacute;quent&eacute; de la capitale.</p>\r\n\r\n<p>D&icirc;ner typique au bord de la rivi&egrave;re. Nuit &agrave; l&rsquo;h&ocirc;tel.</p>', 12, 1, 0, NULL, NULL, NULL, NULL),
(616, 80, '13e Jour: BANGKOK 45 Km (P.dej/-/-)', '<p>Petit d&eacute;jeuner &agrave; l&rsquo;h&ocirc;tel.</p>\r\n\r\n<p>Journ&eacute;e et repas libres jusqu&rsquo;au transfert par la route &agrave; l&rsquo;a&eacute;roport de Bangkok pour votre vol de retour.</p>\r\n\r\n<p>Assistance aux formalit&eacute;s de d&eacute;part.</p>', 13, 1, 0, NULL, NULL, NULL, NULL),
(617, 80, '14e Jour : ARRIVEE', '<p>Arriv&eacute;e</p>', 14, 1, 0, NULL, NULL, NULL, NULL),
(618, 81, 'JOUR 1 : BERLIN', '<p>Accueil par le guide &agrave; l&rsquo;a&eacute;roport de Berlin, transfert au restaurant, d&eacute;jeuner au restaurant.</p>\r\n\r\n<p>L&acute;apr&egrave;s-midi consacr&eacute;e &agrave; la premi&egrave;re visite de Berlin &ndash; la partie Est de la ville.</p>\r\n\r\n<p>Vous verrez la tour de la t&eacute;l&eacute;vision, haute de 368 m&egrave;tres qui domine tout la ville, l&acute;all&eacute;e Karl Marx, symbole de l&acute;architecture sovi&eacute;tique puis la porte de Brandenbourg, trait d&acute;union entre l&acute;Est et l&acute;Ouest.</p>\r\n\r\n<p>Travers&eacute;e du Tiergerten, le grand parc de Berlin, pour d&eacute;couvrir la partie Ouest de la ville avec l&acute;&eacute;tonnant b&acirc;timent de la Philharmonie, le ch&acirc;teau de Bellevue, la colonne de la Victoire et le Kurf&uuml;rstendamm, art&egrave;re commerciale toujours anim&eacute;e, que les Berlinios appellent commun&eacute;ment le &bdquo;Ku&acute;damm.<br />\r\nArriv&eacute; &agrave; l&acute;h&ocirc;tel,</p>\r\n\r\n<p>l&acute;instalaltion dans les chambres, d&icirc;ner et logement.</p>', 1, 1, 0, NULL, NULL, NULL, NULL),
(619, 81, 'JOUR 2 : BERLIN', '<p>Petit d&eacute;jeuner et continuation de la visite guid&eacute;e de Berlin - la place de Potsdam ou on va montrer au Panoramapunkt avec vue panoramique supperbe sur Berlin, apr&egrave;s visite de Mus&eacute;e &bdquo;Checkpoint Charlie&ldquo;, le seul point de passage entre Berlin-Est et Berlin Ouest de 1961 &agrave; 1989.</p>\r\n\r\n<p>D&eacute;jeuner au restaurant en cours de visite. L&acute;apr&egrave;s-midi consacr&eacute;e pour la visite libre des mus&eacute;e sur &bdquo;l&acute;ile des Mus&eacute;e&ldquo; sur Spree ou schopping.</p>\r\n\r\n<p>D&icirc;ner et logement &agrave; l&acute;h&ocirc;tel.</p>', 2, 1, 0, NULL, NULL, NULL, NULL),
(620, 81, 'JOUR 3 : BERLIN – DRESDE - PRAGUE', '<p>P&eacute;tit d&eacute;jeuner et d&eacute;part pour Dresde.&nbsp;</p>\r\n\r\n<p>D&eacute;jeuneu au restaurant a Dresde et puis tour guid&eacute;e &agrave; travers la ville. &bdquo;La Florence de l&acute;Elbe&ldquo; peut s&acute;enorgueillir d&acute;une attrayante architecture caract&eacute;ristique du baroque allemand et de tr&egrave;s beaux &eacute;difices enti&egrave;rement restaur&eacute;es ou reconstruits &agrave; l&acute;identique apr&egrave;s la Seconde Guerre Mondiale.&nbsp;</p>\r\n\r\n<p><span style="line-height:1.6em">Promenade sur l&acute;esplanade du palais Zwinger, symbole du baroque tardif.</span></p>\r\n\r\n<p><span style="line-height:1.6em">Poursuite vers l&acute;Eglise de Cour et l&acute;Eglise Notre-Dame, reconstruite pierre apr&egrave;s depuis la r&eacute;unification.</span></p>\r\n\r\n<p>Continuation vers Prague, instalation &agrave; l&acute;h&ocirc;tel, d&icirc;ner et logement.</p>', 3, 1, 0, NULL, NULL, NULL, NULL),
(621, 81, 'JOUR 4 : PRAGUE', '<p>Petit d&eacute;jeuner, transfert au ch&acirc;teau de Prague, visite du quartier de Hradcany (celui du Ch&acirc;teau de Prague) avec le couvent de Strahov qui fut un des plus riches de Boh&ecirc;me et qui demeure un grand centre intellectuel.</p>\r\n\r\n<p>Superbe vue sur Prague depuis la terrasse du couvent. Puis promenade jusqu&rsquo;au ch&acirc;teau en passant par la place de Lorette avec le palais Cernin, l&rsquo;&eacute;glise Notre-Dame-de-Lorette (carillon de 27 cloches et clochettes abritant &eacute;galement le Tr&eacute;sor ainsi que le fameux ostensoir de diamants) et le palais toscan (minist&egrave;re des Affaires Etrang&egrave;res).</p>\r\n\r\n<p>A l&rsquo;entr&eacute;e du ch&acirc;teau, rel&egrave;ve de la garde pr&eacute;sidentielle.</p>\r\n\r\n<p>Visite de l&rsquo;ancienne cit&eacute; imp&eacute;riale : les trois cours du Ch&acirc;teau de Prague (de l&acute;exteri&egrave;re) avec la cath&eacute;drale St Guy (chambre du Tr&eacute;sor, tombeaux), l&rsquo;ancien Palais Royal abritant la salle Vladislav et l&rsquo;ancienne salle de la Di&egrave;te.</p>\r\n\r\n<p>D&eacute;jeuner au restaurant .</p>\r\n\r\n<p>L&acute;apr&egrave;s-midi d&eacute;couvert du quartier historique de Mal&aacute; Strana, le &laquo; petit c&ocirc;t&eacute; &raquo; de Prague admirablement conserv&eacute; depuis le milieu du 18&egrave;me si&egrave;cle et surnomm&eacute; aussi &quot;la perle du baroque&quot; en raison de la forte influence italienne.</p>\r\n\r\n<p>Promenade par la rue Neruda, une des plus pittoresques de Prague connue pour ses maisons bourgeoises orn&eacute;es d&#39;enseignes vari&eacute;es.</p>\r\n\r\n<p>En option visite de l&#39;&eacute;glise Saint Nicolas, l&rsquo;un des plus beaux &eacute;difices baroques d&rsquo;Europe Centrale avec ses plafonds en trompe l&rsquo;oeil, et de l&rsquo;&eacute;glise Notre-Dame de la Victoire (gratuit), lieu de p&egrave;lerinage le plus c&eacute;l&egrave;bre de la capitale abritant la statuette du Petit Enfant J&eacute;sus de Prague.</p>\r\n\r\n<p>Continuation vers la charmante presqu&rsquo;&icirc;le de Kampa, la Venise de Prague.</p>\r\n\r\n<p>&Agrave; la fin visite de pont gothique Charles, &oelig;uvre d&rsquo;art superbe bord&eacute;e de statues, panorama majestueux sur les quartiers historiques de Prague et les deux rives de la Vltava.</p>\r\n\r\n<p>Transfert &agrave; l&acute;h&ocirc;tel, d&icirc;ner et logement &agrave; Prague.</p>', 4, 1, 0, NULL, NULL, NULL, NULL),
(622, 81, 'JOUR 5 : PRAGUE', '<p>P&eacute;tit d&eacute;jeuner.</p>\r\n\r\n<p>RDV avec le guide et d&eacute;part pour la d&eacute;couverte du quartier de Stare Mesto.</p>\r\n\r\n<p>Promenade autour de l&rsquo;ancien quartier juif, l&#39;un des plus petits quartiers pragois datant de l&#39;&eacute;poque de Joseph II - d&#39;ou son appellation Josefov. Par la rue Pař&iacute;žsk&aacute;, une des plus luxueuse de Prague, on arrive sur la place de la Vieille Ville avec l&#39;H&ocirc;tel de ville et sa c&eacute;l&egrave;bre horloge astronomique qui date du XV&egrave;me si&egrave;cle (d&eacute;fil&eacute; des automates &agrave; chaque heure).</p>\r\n\r\n<p>Visite de la Tour de l&rsquo;H&ocirc;tel de la Vieille Ville puis d&eacute;couverte de l&acute;Eglise baroque St Nicolas et de l&rsquo;impressionnante Eglise Notre Dame de Tyn.</p>\r\n\r\n<p>Promenade jusqu&#39;&agrave; la place de la R&eacute;publique o&ugrave; se dressent la Maison Municipale, un des plus importants &eacute;difices de style Art Nouveau &agrave; Prague du d&eacute;but du XX&egrave;me si&egrave;cle, et la Tour Poudri&egrave;re.</p>\r\n\r\n<p>Continuation vers le Th&ecirc;atre des Etats, la place Ungelt, la rue Karlova et Carolinum (Universit&eacute; Charles).&nbsp;</p>\r\n\r\n<p>D&eacute;jeuner au restaurant. L&acute;apr&egrave;s-midi libre<br />\r\nD&icirc;ner et logement.&nbsp;</p>', 5, 1, 0, NULL, NULL, NULL, NULL),
(623, 81, 'JOUR 6 : PRAGUE – BRATISLAVA - BUDAPEST', '<p>P&eacute;tit d&eacute;jeuner, d&eacute;part pour Bratislava.</p>\r\n\r\n<p>D&eacute;jeuner ou restaurant au centre Bratislava.</p>\r\n\r\n<p>L&acute;apr&egrave;s-midi d&eacute;couvert de la capitale Slovaque - BRATISLAVA: son centre historique et la colline du ch&acirc;teau fort de Devin, qui surplombe le Danube et forme la fronti&egrave;re entre l&#39;Autriche , la Slovaque et la Tch&eacute;quie, offrant un cadre tr&egrave;s agr&eacute;able &agrave; la fl&acirc;nerie.&nbsp;</p>\r\n\r\n<p>D&eacute;part pour Budapest, instalation &agrave; l&acute;h&ocirc;tel, d&icirc;ner.</p>\r\n\r\n<p>Puis d&eacute;part pour une promenade sur le Danube et d&eacute;couverte des superbes monuments de Budapest Illumin&eacute;s.</p>\r\n\r\n<p>Rentr&eacute;e &agrave; l&acute;h&ocirc;tel et nuit.</p>', 6, 1, 0, NULL, NULL, NULL, NULL),
(624, 81, 'JOUR 7 : BUDAPEST', '<p>Petit d&eacute;jeuner. Visite de Buda : le palais Royal, visite de l&rsquo;&eacute;glise Mathias, de pur style gothique. Bien que construite entre 1255 et 1269 et baptis&eacute;e &eacute;glise Notre-Dame-de-l&#39;Assomption, la tradition lui a donn&eacute; le nom du roi Mathias Corvin qui y fit c&eacute;l&eacute;brer ses 2 mariages, et entreprit de l&#39;agrandir entre 1458 et 1470.<br />\r\nParmi ses nombreux tr&eacute;sors, reliquaires et v&ecirc;tements sacerdotaux, elle abrite pr&eacute;cieusement une curiosit&eacute; historique : un morceau du voile de mari&eacute;e de l&#39;Imp&eacute;ratrice &Eacute;lisabeth, ou Sissi, couronn&eacute;e ici-m&ecirc;me reine de Hongrie .</p>\r\n\r\n<p>Visite du bastion des P&ecirc;cheurs qui domine le fleuve. Mont&eacute;e au Mont Gell&eacute;rt qui offre une superbe vue sur la ville et le Danube.&nbsp;<br />\r\nD&eacute;jeuner en cours de visite.&nbsp;</p>\r\n\r\n<p>Visite guid&eacute;e de Pest, quartier commer&ccedil;ant et anim&eacute;. Vu de la rive oppos&eacute;e, le c&eacute;l&egrave;bre Parlement cet impressionnant &eacute;difice n&#39;est pas sans &eacute;voquer le parlement de Londres. D&eacute;but&eacute;e en 1882, sa construction aura demand&eacute; plus de 20 ans.</p>\r\n\r\n<p><span style="line-height:1.6em">Le r&eacute;sultat est &agrave; la hauteur des ambitions : avec 10 cours int&eacute;rieures, pr&egrave;s de 700 salles, dont celle magnifique dite de &laquo; la Coupole &raquo;, tout est ici gigantesque.</span></p>\r\n\r\n<p><span style="line-height:1.6em">M&ecirc;lant des &eacute;l&eacute;ments de style byzantin, roman, gothique et oriental, l&#39;ensemble para&icirc;t habit&eacute; par le souvenir des plus beaux monuments d&#39;Europe dont il serait en quelque sorte la synth&egrave;se architecturale. </span></p>\r\n\r\n<p><span style="line-height:1.6em">En cela, il est la parfaite d&eacute;monstration de cet &eacute;clectisme qui donne son charme particulier &agrave; la capitale hongroise.</span></p>\r\n\r\n<p>Soir&eacute;e tipique hogrois &ldquo;CZARDA&rdquo; avec musique et d&icirc;ner.</p>\r\n\r\n<p>Retour &agrave; l&rsquo;h&ocirc;tel et logement.</p>', 7, 1, 0, NULL, NULL, NULL, NULL);
INSERT INTO `ost_vo_descriptions` (`id`, `voyage_id`, `libelle`, `texte`, `ordre`, `visible`, `lateral`, `titre`, `updated_at`, `photoVisible`, `path`) VALUES
(625, 81, 'JOUR 8 : BUDAPEST - VIENNE', '<p>Petit d&eacute;jeuner et d&eacute;part pour Vienne.</p>\r\n\r\n<p>Apr&egrave;s-midi, visite du ch&acirc;teau de Sch&ouml;nbrunn, le &laquo; Versailles viennois &raquo;, ancienne r&eacute;sidence d&rsquo;&eacute;t&eacute; de la cour imp&eacute;riale avec ses salles de r&eacute;ception et les appartements de Marie-Th&eacute;r&egrave;se et de Fran&ccedil;ois Etienne de Lorraine et enfin son superbe parc &agrave; la fran&ccedil;aise.</p>\r\n\r\n<p>Puis visite du mus&eacute;e des Carosses du couronnement, les voitures de Fran&ccedil;ois-Joseph et de Sissi.<span style="line-height:1.6em">&nbsp;</span></p>\r\n\r\n<p>Installation &agrave; l&rsquo;h&ocirc;tel pour 2 nuits. D&icirc;ner et logement.</p>', 8, 1, 0, NULL, NULL, NULL, NULL),
(626, 81, 'JOUR 9 : VIENNE', '<p>Petit d&eacute;jeuner. Tour panoramique sur la fameuse &laquo; Ringstrasse &raquo;, boulevard somptueux qui entoure le centre historique de Vienne et qui est bord&eacute; des monuments les plus importants de la ville : l&rsquo;Op&eacute;ra, l&rsquo;h&ocirc;tel de ville, le mus&eacute;e des Beaux Arts.</p>\r\n\r\n<p>Passage devant le Prater. Visite du centre historique de Vienne d&eacute;couverte de la basilique Saint Etienne.&nbsp;<br />\r\nD&eacute;jeuner en cours de visite.&nbsp;</p>\r\n\r\n<p>L&acute;apr&egrave;s-midi visite du palais de la Hofburg (les appartements de Sissi, son Mus&eacute;e ainsi que le Mus&eacute;e de l&rsquo;Argenterie) et d&eacute;couverte ext&eacute;rieure du &laquo; Schweizerhof &raquo; partie la plus ancienne du palais qui abrite le tr&eacute;sor imp&eacute;rial.</p>\r\n\r\n<p>Rentr&eacute;e &agrave; l&acute;h&ocirc;tel, d&icirc;ner et logement.</p>\r\n\r\n<p>En option : D&icirc;ner dans un &laquo; Heurigen &raquo;, restaurant typique de Grinzing, o&ugrave; l&rsquo;on d&eacute;guste du vin nouveau dans une atmosph&egrave;re musicale et conviviale.&nbsp;</p>', 9, 1, 0, NULL, NULL, NULL, NULL),
(627, 81, 'JOUR 10 : VIENNE', '<p>P&eacute;tit d&eacute;jeuner. D&eacute;part pour le march&eacute; Nachmarkt, visite libre.</p>\r\n\r\n<p>D&eacute;jeuner au restaurant.</p>\r\n\r\n<p>Transfert &agrave; l&acute;aeroport avec l&acute;asistence francophone selon les horaires de vols.</p>', 10, 1, 0, NULL, NULL, NULL, NULL),
(628, 82, 'Jour 1 : Arrivée à Venise', '<p>Envol pour Venise. &Agrave; l&rsquo;arriv&eacute;e, accueil et transfert &agrave; l&rsquo;h&ocirc;tel en autocar et / ou en bateau. Installation.</p>\r\n\r\n<p>Pour les clients log&eacute;s au centre-ville, d&icirc;ner libre. Pour les clients log&eacute;s dans la r&eacute;gion de Venise, d&icirc;ner &agrave; l&rsquo;h&ocirc;tel. Nuit.</p>', 1, 1, 0, NULL, NULL, NULL, NULL),
(629, 82, 'Jour 2 : Venise', '<p>La journ&eacute;e sera consacr&eacute;e &agrave; la d&eacute;couverte de Venise, l&#39;un des rares sites &agrave; exercer un pouvoir de fascination aussi extraordinaire.</p>\r\n\r\n<p>Venise et sa lagune de la mer Adriatique sont inscrites au patrimoine mondial de l&#39;Unesco.</p>\r\n\r\n<p>Venise est une ville unique au monde, que tout le monde devrait visiter. Un lieu qui r&eacute;ussira toujours &agrave; vous &eacute;tonner, gr&acirc;ce aux &eacute;motions et &agrave; l&rsquo;atmosph&egrave;re qui &eacute;mane d&#39;elle. La ville insulaire semble flotter sur les eaux de la lagune.</p>\r\n\r\n<p>Construite sur 118 petites &icirc;les, Venise est un extraordinaire chef-d&#39;&oelig;uvre architectural.</p>\r\n\r\n<p>Visite guid&eacute;e de Venise : d&eacute;couverte de la place Saint Marc et de la basilique.</p>\r\n\r\n<p>Puis, visite du palais des Doges et de ses somptueux appartements d&eacute;cor&eacute;s par les plus grands artistes italiens et du pont des soupirs.</p>\r\n\r\n<p>Le Palais des Doges est un incontournable qui r&eacute;sume toute l&#39;histoire de Venise et r&eacute;v&egrave;le ses secrets.</p>\r\n\r\n<p>D&eacute;jeuner. Apr&egrave;s-midi libre pour les d&eacute;couvertes personnelles. Perdez-vous dans ses quartiers excentr&eacute;s, ses palais oubli&eacute;s, ses cours secr&egrave;tes et ses ruelles cach&eacute;es.</p>\r\n\r\n<p>Retour &agrave; l&rsquo;h&ocirc;tel. Pour les clients log&eacute;s au centre-ville, d&icirc;ner libre. Pour les clients log&eacute;s dans la r&eacute;gion de Venise, d&icirc;ner &agrave; l&rsquo;h&ocirc;tel. Nuit.</p>', 2, 1, 0, NULL, NULL, NULL, NULL),
(630, 82, 'Jour 3 : Îles de la lagune de Venise', '<p>D&eacute;part pour l&rsquo;excursion dans les &icirc;les de la lagune de Venise.</p>\r\n\r\n<p>Vous d&eacute;couvrirez Murano, l&rsquo;&icirc;le du verre depuis la fin du XIII&egrave;me si&egrave;cle, &eacute;poque &agrave; laquelle le grand conseil craignait les incendies et d&eacute;cida donc de transf&eacute;rer les verreries sur l&rsquo;&icirc;le.</p>\r\n\r\n<p>L&#39;&icirc;le est berc&eacute;e par un v&eacute;ritable souffle artistique que l&#39;on respire en s&#39;y promenant.</p>\r\n\r\n<p>Ensuite, d&eacute;couverte de Burano, connue pour ses canaux bord&eacute;s de maisons color&eacute;es qui donnent aux ruelles et aux quais du village une grande gaiet&eacute; et ses dentelles &agrave; l&#39;aiguille pratiqu&eacute;e depuis le XVI&egrave;me si&egrave;cle, remarquablement fines, qui furent &agrave; la base de plusieurs fabriques europ&eacute;ennes.</p>\r\n\r\n<p>D&eacute;jeuner dans un restaurant typique sur l&rsquo;&icirc;le de Burano.</p>\r\n\r\n<p>Visite de l&#39;&icirc;le de Torcello, la plus ancienne des &icirc;les habit&eacute;es de la lagune. Retour &agrave; l&rsquo;h&ocirc;tel. Pour les clients log&eacute;s au centre-ville, d&icirc;ner libre.</p>\r\n\r\n<p>Pour les clients log&eacute;s dans la r&eacute;gion de Venise, d&icirc;ner &agrave; l&rsquo;h&ocirc;tel. Nuit.</p>', 3, 1, 0, NULL, NULL, NULL, NULL),
(631, 82, 'Jour 4 : Départ de Venise', '<p>Petit d&eacute;jeuner. Transfert &agrave; l&rsquo;a&eacute;roport de Venise en fonction des horaires d&rsquo;avion.</p>\r\n\r\n<p>Assistance aux formalit&eacute;s l&rsquo;enregistrement et vol de retour.</p>', 4, 1, 0, NULL, NULL, NULL, NULL),
(632, 83, '1er Jour : Départ', '<p>D&eacute;part</p>', 1, 1, 0, NULL, NULL, NULL, NULL),
(633, 83, '2e Jour : Arrivée A Ho Chi Minh', '<p>Arriv&eacute;e &agrave; Ho Chi Minh (Chambres disponibles &agrave; partir de 14h).</p>\r\n\r\n<p>D&eacute;couverte de Ho Chi Minh, capitale &eacute;conomique du Vi&ecirc;t Nam, anciennement Saigon et rebaptis&eacute;e Ho Chi Minh en 1976 apr&egrave;s le d&eacute;part des Am&eacute;ricains.</p>\r\n\r\n<p>Visite des anciens quartiers coloniaux, de la Poste centrale, de l&rsquo;ext&eacute;rieur du Palais de la r&eacute;unification et de la cath&eacute;drale Notre Dame.</p>\r\n\r\n<p>D&eacute;jeuner. D&eacute;couverte du quartier chinois de Cholon, avec le march&eacute; de Binh Tay.</p>\r\n\r\n<p>D&eacute;couverte de l&rsquo;artisanat local : la fabrication de la laque. D&icirc;ner croisi&egrave;re sur la rivi&egrave;re Saigon.</p>\r\n\r\n<p>Nuit &agrave; l&rsquo;h&ocirc;tel.</p>', 2, 1, 0, NULL, NULL, NULL, NULL),
(634, 83, '3e Jour : Ho Chi Minh – Delta Du Mekong – Cantho (165km – 3h)', '<p>D&eacute;part pour &nbsp;My Tho, un vaste r&eacute;seau de milliers de canaux caract&eacute;rise la vie dans le Delta du M&eacute;kong qui s&rsquo;&eacute;tend sur 40 000 Km&sup2;.</p>\r\n\r\n<p>Transfert en bateau pour une croisi&egrave;re dans le delta du M&eacute;kong. Arriv&eacute;e sur une &icirc;le, d&eacute;gustation des fruits de saison qui sont r&eacute;colt&eacute;s dans les vergers.</p>\r\n\r\n<p>Visite d&rsquo;une fabrique de bonbons &agrave; la noix de coco.</p>\r\n\r\n<p>Balade en cal&egrave;che &agrave; cheval dans le village. Promenade &agrave; bord de petites barques au milieu d&rsquo;une for&ecirc;t de palmiers pour un d&eacute;paysement assur&eacute;.</p>\r\n\r\n<p>D&eacute;jeuner de sp&eacute;cialit&eacute; de la r&eacute;gion : le poisson Oreille d&rsquo;El&eacute;phant.</p>\r\n\r\n<p>Route vers Can Tho, la plus grande ville &eacute;conomique du Delta. D&icirc;ner avec d&eacute;gustation d&rsquo;une sp&eacute;cialit&eacute; du Delta du M&eacute;kong : la soupe Canh Chua Ca Loc.</p>\r\n\r\n<p>Soupe pr&eacute;par&eacute;e avec le poisson Loc, des l&eacute;gumes et du tamarin, ce qui donne une saveur doucement am&egrave;re, d&rsquo;o&ugrave; le nom de Canh Chua (soupe acide).</p>\r\n\r\n<p>Nuit &agrave; l&rsquo;h&ocirc;tel.</p>', 3, 1, 0, NULL, NULL, NULL, NULL),
(635, 83, '4e Jour: Cantho – Ho Chi Minh (Vol) Danang – Hoi An (210km – 4h20)', '<p>Promenade matinale en sampan, petit bateau traditionnel, pour d&eacute;couvrir le march&eacute; flottant de Cai Rang.</p>\r\n\r\n<p>D&eacute;couverte du mode de vie du Sud o&ugrave; les habitants de la r&eacute;gion vivent et font commerce totalement sur l&rsquo;eau, avec de petits bateaux ou des barques. Visite d&rsquo;une maison ancienne.</p>\r\n\r\n<p>D&eacute;barquement. Retour sur Ho Chi Minh.</p>\r\n\r\n<p>D&eacute;jeuner en route. Transfert &agrave; l&rsquo;a&eacute;roport pour le vol vers Danang (sans accompagnement du guide). Accueil &agrave; l&rsquo;a&eacute;roport de Danang et transfert &agrave; Hoi An, petite bourgade class&eacute;e patrimoine mondial par l&rsquo;Unesco.</p>\r\n\r\n<p>D&icirc;ner avec d&eacute;gustation du Mi Quang, des nouilles de farine de bl&eacute;, avec du porc, des crevettes et un bouillon. Nuit &agrave; l&rsquo;h&ocirc;tel.</p>', 4, 1, 0, NULL, NULL, NULL, NULL),
(636, 83, '5e Jour : Hoi An – Tra Que – Hoi An', '<p>D&eacute;part en v&eacute;lo (ou en v&eacute;hicule pour ceux qui ne souhaitent pas en faire) pour la visite du village agricole Tra Que qui fournit des l&eacute;gumes pour toute la ville et les environs.</p>\r\n\r\n<p>Cours de cuisine avec la pr&eacute;paration du Banh Xeo, cr&ecirc;pe chaude croustillante farcie de pousses de soja, de tranches de porc et de crevettes. D&eacute;jeuner. Promenade &agrave; pied dans l&rsquo;ancienne ville de Hoi An.</p>\r\n\r\n<p>On notera lors de la visite de Hoi An le parfait &eacute;tat de conservation d&rsquo;un grand nombre de maisons dont la c&eacute;l&egrave;bre maison Tan Ky au n&deg; 101 de la rue Nguyen. Visite des vieux quartiers de la ville : le Sanctuaire de Fujian, la Pagode Phuc Thanh, la maison communale Phuoc Kien, les anciennes maisons en bois et le pont japonais.</p>\r\n\r\n<p>Massage des pieds de 45 mn. D&icirc;ner avec d&eacute;gustation du Banh Vac, &laquo; rose blanche &raquo;, p&acirc;te de riz blanc farcie de crevettes. Ce plat se pr&eacute;pare uniquement &agrave; Hoi An.</p>\r\n\r\n<p>Nuit &agrave; l&rsquo;h&ocirc;tel.</p>', 5, 1, 0, NULL, NULL, NULL, NULL),
(637, 83, '6e Jour : Hoi An – Col Des Nuages – Hue (160km – 3h30)', '<p>D&eacute;part vers Danang, r&eacute;gion montagneuse o&ugrave; l&rsquo;on extrait le marbre.</p>\r\n\r\n<p>Visite du village des sculpteurs de pierre pour appr&eacute;cier l&rsquo;habilet&eacute; des artisans. Continuation vers Hu&eacute;, via le fameux Col des Nuages d&rsquo;o&ugrave; vous aurez une tr&egrave;s belle vue sur la p&eacute;ninsule de Lang Co.</p>\r\n\r\n<p>Arriv&eacute;e &agrave; Hu&eacute;, ancienne capitale imp&eacute;riale du Vi&ecirc;t Nam et capitale culturelle class&eacute;e au patrimoine mondial de l&rsquo;Unesco depuis 1993.</p>\r\n\r\n<p>La ville fut construite par la dynastie des Nguyen. D&eacute;jeuner. Dans l&rsquo;apr&egrave;s-midi, visite de la Cit&eacute; Imp&eacute;riale. D&icirc;ner royal costum&eacute; (minimum 10 participants).</p>\r\n\r\n<p>Nuit &agrave; l&rsquo;h&ocirc;tel.</p>', 6, 1, 0, NULL, NULL, NULL, NULL),
(638, 83, '7e Jour : Hue – Hanoi (Train)', '<p>Promenade en bateau sur la Rivi&egrave;re des Parfums jusqu&rsquo;&agrave; la Pagode de la Dame C&eacute;leste dont la tour octogonale est reconnaissable de tr&egrave;s loin.</p>\r\n\r\n<p>Visite d&rsquo;un tombeau royal des dynasties Nguyen avec le tombeau Khai Dinh ou le tombeau Minh Mang. Arr&ecirc;t dans un village sp&eacute;cialis&eacute; dans la fabrication de b&acirc;tonnets d&rsquo;encens, une sp&eacute;cialit&eacute; artisanale de la r&eacute;gion.</p>\r\n\r\n<p>D&eacute;jeuner avec d&eacute;gustation culinaire du Bun Bo Hu&eacute;, &laquo; nouilles de Hu&eacute; avec de la viande de b&oelig;uf &raquo;, plat originaire de l&rsquo;ancienne ville imp&eacute;riale.</p>\r\n\r\n<p>Transfert &agrave; la gare, embarquement &agrave; bord du train de nuit pour Hanoi (sans accompagnement du guide). D&icirc;ner panier repas.</p>\r\n\r\n<p>Nuit en couchettes climatis&eacute;es. Possibilit&eacute; de remplacer le train de nuit par un vol en option en avec suppl&eacute;ment.</p>', 7, 1, 0, NULL, NULL, NULL, NULL),
(639, 83, '8e Jour : Hanoi', '<p>Arriv&eacute;e matinale &agrave; Hanoi, v&eacute;ritable mus&eacute;e d&rsquo;architecture coloniale aux abords du Fleuve Rouge.</p>\r\n\r\n<p>Capitale du Vi&ecirc;t Nam unifi&eacute;, Hanoi a su conserver le charme d&eacute;suet de l&rsquo;&eacute;poque coloniale fran&ccedil;aise. La modernisation de la ville, entreprise par les Fran&ccedil;ais &agrave; partir de 1882, s&rsquo;est prolong&eacute;e jusqu&rsquo;en 1955 et le visage d&rsquo;Hanoi aujourd&rsquo;hui n&rsquo;a pas beaucoup chang&eacute;.</p>\r\n\r\n<p>Accueil et transfert &agrave; l&rsquo;h&ocirc;tel pour le petit d&eacute;jeuner (Chambres disponibles &agrave; partir de 14h00).</p>\r\n\r\n<p>Visite de l&rsquo;ext&eacute;rieur du Mausol&eacute;e d&rsquo;Ho Chi Minh, de son ancienne r&eacute;sidence, de la Pagode au Pilier Unique, du temple de Litt&eacute;rature, 1&egrave;re Universit&eacute; du Vietnam, et du Mus&eacute;e d&rsquo;Histoire. D&eacute;jeuner avec d&eacute;gustation d&rsquo;un dessert typiquement vietnamien, &laquo; le Che &raquo;.</p>\r\n\r\n<p>Promenade en cyclo-pousse, une mani&egrave;re originale et reposante d&rsquo;appr&eacute;hender Hanoi, ses lacs, son vieux quartier et ses demeures coloniales.</p>\r\n\r\n<p>D&eacute;couverte du Lac Hoan Kiem situ&eacute; au c&oelig;ur de la vieille ville et promenade dans les rues commer&ccedil;antes et anim&eacute;es de Hanoi.</p>\r\n\r\n<p>Visite du temple de Jade, situ&eacute; sur le Lac Hoan Kiem.</p>\r\n\r\n<p>Temps libre pour une d&eacute;couverte personnelle du vieux quartier commer&ccedil;ant des 36 guildes et corporations. Spectacle de marionnettes sur l&rsquo;eau.</p>\r\n\r\n<p>D&icirc;ner avec d&eacute;gustation de Cha Ca de poisson, une vraie tradition au Nord Vi&ecirc;t Nam.</p>\r\n\r\n<p>Nuit &agrave; l&rsquo;h&ocirc;tel.</p>', 8, 1, 0, NULL, NULL, NULL, NULL),
(640, 83, '9e Jour : Hanoi – Hoa Lu – Hanoi (200km – 4h)', '<p>Route vers le site magnifique de Hoa Lu, aussi appel&eacute; le &laquo; Halong terrestre &raquo;.</p>\r\n\r\n<p>Le relief karstique rappelle celui de la fameuse &laquo; Baie du Dragon &raquo; avec de nombreuses collines calcaires recouvertes d&rsquo;une v&eacute;g&eacute;tation luxuriante et une succession de cirques naturels reli&eacute;s entre eux par des tunnels creus&eacute;s par l&rsquo;&eacute;rosion.</p>\r\n\r\n<p>D&eacute;jeuner avec d&eacute;gustation de brochettes de ch&egrave;vre, sp&eacute;cialit&eacute; locale.</p>\r\n\r\n<p>Embarquement sur de petits sampans traditionnels pour une balade paisible au milieu de rizi&egrave;res, de grottes naturelles et de pitons calcaires.</p>\r\n\r\n<p>Visite du site Thung Nha, avec ses paysages encore sauvages et d&eacute;serts. Retour sur Hanoi.</p>\r\n\r\n<p>D&icirc;ner avec d&eacute;couverte culinaire : le Bun Rieu, une soupe de vermicelles &agrave; la tomate, au crabe et au porc.</p>\r\n\r\n<p>Nuit &agrave; l&rsquo;h&ocirc;tel.</p>', 9, 1, 0, NULL, NULL, NULL, NULL),
(641, 83, '10e Jour : Hanoi – Baie D’Halong (160km – 3h30)', '<p>Route pour Halong avec un arr&ecirc;t &agrave; Dong Trieu, village de c&eacute;ramiques.</p>\r\n\r\n<p>Arriv&eacute;e vers midi. Embarquement pour une croisi&egrave;re en jonque dans ce lieu magique, &agrave; travers les c&eacute;l&egrave;bres pains de sucre karstiques et les 3000 &icirc;les et &icirc;lots &eacute;mergeant de l&rsquo;eau vert&eacute;meraude du golfe du Tonkin.</p>\r\n\r\n<p>Le site est class&eacute; aupatrimoine mondial de l&rsquo;UNESCO depuis 1994.</p>\r\n\r\n<p>D&eacute;jeuner de produits de la mer sur les eaux de la &laquo; 8&egrave;me merveille du monde &raquo;.</p>\r\n\r\n<p>Escale dans des grottes naturelles. D&icirc;ner. Nuit &agrave; l&rsquo;h&ocirc;tel.</p>\r\n\r\n<p>En option avec suppl&eacute;ment : nuit sur jonque au c&oelig;ur de la baie d&rsquo;Halong.</p>', 10, 1, 0, NULL, NULL, NULL, NULL),
(642, 83, '11e Jour : Baie D’Halong – Hanoi (160km – 3h30)', '<p>Retour vers Hanoi. Arr&ecirc;t visite de la pagode Butthap. D&eacute;jeuner. Temps libre. D&icirc;ner. Nuit &agrave; l&rsquo;h&ocirc;tel.</p>', 11, 1, 0, NULL, NULL, NULL, NULL),
(643, 83, '12e Jour : Hanoi – Dépar', '<p>Journ&eacute;e et repas libres. Transfert &agrave; l&rsquo;a&eacute;roport d&rsquo;Hanoi pour le vol retour.</p>', 12, 1, 0, NULL, NULL, NULL, NULL),
(644, 83, '13e Jour : Arrivée', '<p>Arriv&eacute;e</p>', 13, 1, 0, NULL, NULL, NULL, NULL),
(645, 84, 'Jour 1 : Arrivée à Rome', '<p>Envol pour Rome. &Agrave; l&rsquo;arriv&eacute;e, accueil et transfert &agrave; l&rsquo;h&ocirc;tel. Installation et nuit.</p>', 1, 1, 0, NULL, NULL, NULL, NULL),
(646, 84, 'Jour 2 : Journée libre pour la découverte personnelle', '<p>Petit d&eacute;jeuner et journ&eacute;e libre pour la d&eacute;couverte personnelle de Rome.</p>', 2, 1, 0, NULL, NULL, NULL, NULL),
(647, 84, 'Jour 3 : Journée libre pour la découverte personnelle', '<p>Petit d&eacute;jeuner et journ&eacute;e libre pour la d&eacute;couverte personnelle de Rome.</p>', 3, 1, 0, NULL, NULL, NULL, NULL),
(648, 84, 'Jour 4 : Départ de Rome', '<p>Petit d&eacute;jeuner enregistrement et vol de retour.</p>', 4, 1, 0, NULL, NULL, NULL, NULL),
(653, 86, 'jour01', '<ul>\r\n	<li>Rendez vous &agrave; l&rsquo;a&eacute;roport Tunis-Carthage &nbsp;&agrave; 09h30 pour prendre le vol TU 718 &agrave; 12h05 vers paris, arriv&eacute;e estim&eacute; &agrave; 14h55.</li>\r\n	<li>Arriv&eacute;e, accueil et Transfert &nbsp;&agrave; l&rsquo;h&ocirc;tel&nbsp;<a href="http://www.ibis.com/fr/hotel-2189-ibis-paris-berthier-porte-de-clichy/index.shtml#xtor=SEC-5-GOO-[ppc-ibi-mar-goo-ww-fr-pa-exa-sear-bp-cen]-[ibi-gen-v2996-paris_berthier_porte_clichy]-S-[hotel%20ibis%20paris%20berthier%20porte%20de%20clichy]&amp;xtor=SEC-5-goo-[ppc-ibi-mar-goo-ww-fr-pa-exa-sear-bp-cen]-[ibi-gen-v2996-paris_berthier_porte_clichy]-S-[hotel%20ibis%20paris%20berthier%20porte%20de%20clichy]">IbisParis Berthier Porte de Clichy</a><a href="http://www.timhotel.com/en/our-hotels-details/17-timhotel-opera-gare-saint-lazare-4.htm#tab-presentation">&nbsp;</a>3*&nbsp;pour y loger 06 nuits en logement avec petit &ndash;d&eacute;jeuner .</li>\r\n	<li>Installation dans les chambres. Apr&egrave;s midi libre.</li>\r\n	<li>Nuit &agrave; l&rsquo;h&ocirc;tel.</li>\r\n</ul>', 1, 1, 0, 'tunis-paris', '2016-01-12 15:33:59', 0, NULL),
(655, 88, 'Jour 01', '<ul>\r\n	<li>Rendez &ndash; vous &agrave; l&rsquo;A&eacute;roport Tunis &ndash; Carthage &agrave; 06H00 embarquement vers Vienne &agrave; 08H05 sur le vol TU 642 .</li>\r\n	<li>Arriv&eacute;e estim&eacute; &agrave; 10H20 .Transfert par bus vers la capitale slovaque Bratislava, arriv&eacute;e et promenade &agrave; pieds dans la vieille ville.</li>\r\n	<li>Continuation vers Budapest; installation &agrave; l&rsquo;h&ocirc;tel&nbsp;<a href="http://%20www.mercure.com/">Mercure Buda 4*</a>&nbsp;ou similaire &nbsp; pour passer 02 nuits en logement avec petit d&eacute;jeuner&nbsp;</li>\r\n	<li>Nuit &agrave; l&rsquo;h&ocirc;tel&nbsp;</li>\r\n</ul>', 1, 1, 0, 'Tunis - Vienne - Budapest', '2016-01-12 17:54:30', 1, NULL),
(656, 88, 'Jours 02', '<ul>\r\n	<li>Petit d&eacute;jeuner &agrave; l&rsquo;H&ocirc;tel</li>\r\n	<li>Une demi-journ&eacute;e visite guid&eacute;e de la ville : vous entamez votre visite par la Place des H&eacute;ros avec le Monument mill&eacute;naire, qui est d&eacute;cor&eacute; avec des sculptures des personnages les plus distingu&eacute;s de la Hongrie histoire. Rue Andr&aacute;ssy avec la construction de l&#39;Op&eacute;ra d&#39;Etat. La Basilique Saint-&Eacute;tienne et le b&acirc;timent du Parlement - le b&acirc;timent le plus frappant et le plus attractif de la ville. Puis nous traversons le pont Marguerite et continuer la visite de la ville sur la rue Fő, qui fut probablement la premi&egrave;re rue de Buda et il a quelques belles &eacute;glises baroques et une vieille station thermale turque, puis nous arrivons &agrave; le quartier du Ch&acirc;teau. C&#39;est la plus longue d&#39;arr&ecirc;t de la visite de la ville.&nbsp;</li>\r\n	<li>Nuit &agrave; l&rsquo;h&ocirc;tel&nbsp;</li>\r\n</ul>', 2, 1, 0, 'Vienne', '2016-01-13 08:54:44', 0, NULL);

-- --------------------------------------------------------

--
-- Structure de la table `ost_vo_descs`
--

CREATE TABLE IF NOT EXISTS `ost_vo_descs` (
  `id` int(11) NOT NULL AUTO_INCREMENT,
  `voyage_id` int(11) NOT NULL,
  `libelle` varchar(255) COLLATE utf8_unicode_ci NOT NULL,
  `type` int(11) NOT NULL,
  `texte` longtext COLLATE utf8_unicode_ci NOT NULL,
  `ordre` int(11) NOT NULL,
  `visible` tinyint(1) NOT NULL,
  PRIMARY KEY (`id`),
  KEY `IDX_4FA2ACCF68C9E5AF` (`voyage_id`)
) ENGINE=InnoDB DEFAULT CHARSET=utf8 COLLATE=utf8_unicode_ci AUTO_INCREMENT=1 ;

-- --------------------------------------------------------

--
-- Structure de la table `ost_vo_destinations`
--

CREATE TABLE IF NOT EXISTS `ost_vo_destinations` (
  `id` int(11) NOT NULL AUTO_INCREMENT,
  `Libelle` varchar(255) COLLATE utf8_unicode_ci NOT NULL,
  PRIMARY KEY (`id`)
) ENGINE=InnoDB  DEFAULT CHARSET=utf8 COLLATE=utf8_unicode_ci AUTO_INCREMENT=56 ;

--
-- Contenu de la table `ost_vo_destinations`
--

INSERT INTO `ost_vo_destinations` (`id`, `Libelle`) VALUES
(1, 'Amérique'),
(2, 'Turquie'),
(3, 'Dubaï'),
(4, 'Texas - Louisiane'),
(6, 'Omra'),
(7, 'Australie'),
(8, 'Costa Rica'),
(9, 'Inde'),
(11, 'Delhi -Taj Mahal - Rajasthan'),
(12, 'Delhi - Taj Mahal - Rajasthan - Désert du Thar'),
(13, 'Thaïlande'),
(14, 'Bahamas'),
(15, 'Floride / Bahamas'),
(16, 'Floride'),
(17, 'Pays du Bison et du Saumon'),
(18, 'Chine'),
(19, 'Portugal'),
(20, 'Etats-unis'),
(21, 'Route 66'),
(22, 'Les Trois Capitales Impériales'),
(23, 'Prague - Vienne - Budapest'),
(24, 'Prague - Vienne'),
(25, 'Prague - Vienne - Budapest'),
(26, 'Prague - Berlin - Bratislava - Budapest - Vienne'),
(27, 'Europe'),
(28, 'Asie'),
(29, 'Afrique et Moyen Orient'),
(30, 'Méditerranée'),
(31, 'Océan Indien'),
(32, 'Pays de l''est'),
(33, 'Barcelone'),
(34, 'Madrid'),
(35, 'Saint-Pétersbourg  Moscou'),
(36, 'Saint-Pétersbourg'),
(37, 'L''état du Colorado'),
(38, 'Ouest Américain'),
(39, 'Les Caraïbes'),
(40, 'Marrakech - Casablanca'),
(41, 'Autriche'),
(42, 'Barcelone - Cannes - Nice - Monaco'),
(44, 'Cambodge'),
(45, 'Île Maurice'),
(46, 'Istanbul'),
(47, 'Italie'),
(48, 'Athènes -Mykonos -Santorin- Athènes'),
(49, 'Maroc'),
(50, 'Viêtnam'),
(51, 'Maldives'),
(52, 'Italie - Rome - Venise'),
(53, 'Berlin'),
(54, 'Venise'),
(55, 'Rome');

-- --------------------------------------------------------

--
-- Structure de la table `ost_vo_hotel`
--

CREATE TABLE IF NOT EXISTS `ost_vo_hotel` (
  `id` int(11) NOT NULL AUTO_INCREMENT,
  `categorie_id` int(11) DEFAULT NULL,
  `libelle` varchar(255) COLLATE utf8_unicode_ci NOT NULL,
  PRIMARY KEY (`id`),
  KEY `IDX_3BF21D5CBCF5E72D` (`categorie_id`)
) ENGINE=InnoDB  DEFAULT CHARSET=utf8 COLLATE=utf8_unicode_ci AUTO_INCREMENT=5 ;

--
-- Contenu de la table `ost_vo_hotel`
--

INSERT INTO `ost_vo_hotel` (`id`, `categorie_id`, `libelle`) VALUES
(1, 5, 'Paris Palace'),
(2, 5, 'Hôtel El Royal'),
(3, 2, 'Dar Al Imen'),
(4, 2, 'Dar Al Imen Grandi');

-- --------------------------------------------------------

--
-- Structure de la table `ost_vo_info_pratiques`
--

CREATE TABLE IF NOT EXISTS `ost_vo_info_pratiques` (
  `id` int(11) NOT NULL AUTO_INCREMENT,
  `voyage_id` int(11) DEFAULT NULL,
  `titre` varchar(255) COLLATE utf8_unicode_ci NOT NULL,
  `texte` longtext COLLATE utf8_unicode_ci NOT NULL,
  `ordre` int(11) NOT NULL,
  PRIMARY KEY (`id`),
  KEY `IDX_AEE5EE2368C9E5AF` (`voyage_id`)
) ENGINE=InnoDB  DEFAULT CHARSET=utf8 COLLATE=utf8_unicode_ci AUTO_INCREMENT=7 ;

--
-- Contenu de la table `ost_vo_info_pratiques`
--

INSERT INTO `ost_vo_info_pratiques` (`id`, `voyage_id`, `titre`, `texte`, `ordre`) VALUES
(3, 86, 'Formalités :', 'Passeport valide. Pas de visa nécessaire pour les personnes de l''Union Européenne.', 1),
(4, 86, 'Décalage horaire :', 'Il y a 6 fuseaux horaires sur le territoire canadien. Quand il est 18 h en France, il est 12 h au Québec et en Ontario (donc - 6 h).', 2),
(5, 86, 'Devise :', 'le dollar canadien (CAD) 1€ = 1,4 CAD (02/2015)', 3),
(6, 86, 'Courant électrique :', '110 volts et prises de type américain', 4);

-- --------------------------------------------------------

--
-- Structure de la table `ost_vo_ligne`
--

CREATE TABLE IF NOT EXISTS `ost_vo_ligne` (
  `id` int(11) NOT NULL AUTO_INCREMENT,
  `pack_id` int(11) DEFAULT NULL,
  `libelle` varchar(255) COLLATE utf8_unicode_ci NOT NULL,
  `adulteAchat` decimal(11,3) NOT NULL,
  `adulteVente` decimal(11,3) NOT NULL,
  `enfantAchat` decimal(11,3) DEFAULT NULL,
  `enfantVente` decimal(11,3) DEFAULT NULL,
  `obligatoire` tinyint(1) DEFAULT NULL,
  `periodeC_id` int(11) DEFAULT NULL,
  `periodeF_id` int(11) DEFAULT NULL,
  `enfant2achat` decimal(11,3) DEFAULT NULL,
  `enfant2vente` decimal(11,3) DEFAULT NULL,
  `bebe_achat` decimal(11,3) DEFAULT NULL,
  `bebe_vente` decimal(11,3) DEFAULT NULL,
  PRIMARY KEY (`id`),
  KEY `IDX_6F5198061919B217` (`pack_id`),
  KEY `IDX_6F5198061C721E64` (`periodeC_id`),
  KEY `IDX_6F5198062BACEE56` (`periodeF_id`)
) ENGINE=InnoDB  DEFAULT CHARSET=utf8 COLLATE=utf8_unicode_ci AUTO_INCREMENT=10 ;

--
-- Contenu de la table `ost_vo_ligne`
--

INSERT INTO `ost_vo_ligne` (`id`, `pack_id`, `libelle`, `adulteAchat`, `adulteVente`, `enfantAchat`, `enfantVente`, `obligatoire`, `periodeC_id`, `periodeF_id`, `enfant2achat`, `enfant2vente`, `bebe_achat`, `bebe_vente`) VALUES
(1, 1, 'All Inclusive', 15.000, 20.000, 5.000, 10.000, 0, NULL, NULL, NULL, NULL, NULL, NULL),
(2, NULL, 'Circuit ABC', 25.000, 35.000, 15.000, 20.000, 1, 3, NULL, NULL, NULL, NULL, NULL),
(3, NULL, 'Transport', 25.000, 30.000, 15.000, 25.000, 1, NULL, 3, NULL, NULL, NULL, NULL),
(4, NULL, 'Piscine', 5.000, 10.000, 5.000, 10.000, 0, NULL, 3, NULL, NULL, NULL, NULL),
(5, 5, 'Supplément demi pension', 50.000, 70.000, NULL, NULL, 0, NULL, NULL, NULL, NULL, NULL, NULL),
(6, 6, 'Demi pension', 150.000, 200.000, NULL, NULL, 0, NULL, NULL, NULL, NULL, NULL, NULL),
(7, NULL, 'Demi journée Rome', 100.000, 120.000, 60.000, 80.000, 1, 8, NULL, NULL, NULL, NULL, NULL),
(8, NULL, 'Excursion 2', 100.000, 120.000, 60.000, 80.000, 0, 8, NULL, NULL, NULL, NULL, NULL),
(9, NULL, 'Frais Visa', 180.000, 180.000, 60.000, 60.000, 0, NULL, 8, NULL, NULL, NULL, NULL);

-- --------------------------------------------------------

--
-- Structure de la table `ost_vo_packs`
--

CREATE TABLE IF NOT EXISTS `ost_vo_packs` (
  `id` int(11) NOT NULL AUTO_INCREMENT,
  `periode_id` int(11) DEFAULT NULL,
  `libelle` varchar(255) COLLATE utf8_unicode_ci NOT NULL,
  `singleAchat` decimal(11,3) NOT NULL,
  `singleVente` decimal(11,3) NOT NULL,
  `doubleAchat` decimal(11,3) NOT NULL,
  `doubleVente` decimal(11,3) NOT NULL,
  `tripleAchat` decimal(11,3) NOT NULL,
  `tripleVente` decimal(11,3) NOT NULL,
  `quadrupleAchat` decimal(11,3) NOT NULL,
  `quadrupleVente` decimal(11,3) NOT NULL,
  `updated_at` datetime DEFAULT NULL,
  `path` varchar(255) COLLATE utf8_unicode_ci DEFAULT NULL,
  `single` tinyint(1) DEFAULT NULL,
  `doublee` tinyint(1) DEFAULT NULL,
  `triple` tinyint(1) DEFAULT NULL,
  `quadruple` tinyint(1) DEFAULT NULL,
  `bebe_achat` decimal(11,3) NOT NULL,
  `bebe_vente` decimal(11,3) NOT NULL,
  `separer_enfant1achat` decimal(11,3) NOT NULL,
  `separer_enfant1vente` decimal(11,3) NOT NULL,
  `separer_enfant2achat` decimal(11,3) NOT NULL,
  `separer_enfant2vente` decimal(11,3) NOT NULL,
  `parent_enfant1achat` decimal(11,3) NOT NULL,
  `parent_enfant1vente` decimal(11,3) NOT NULL,
  `parent_enfant2achat` decimal(11,3) NOT NULL,
  `parent_enfant2vente` decimal(11,3) NOT NULL,
  PRIMARY KEY (`id`),
  KEY `IDX_815F23A2F384C1CF` (`periode_id`)
) ENGINE=InnoDB  DEFAULT CHARSET=utf8 COLLATE=utf8_unicode_ci AUTO_INCREMENT=10 ;

--
-- Contenu de la table `ost_vo_packs`
--

INSERT INTO `ost_vo_packs` (`id`, `periode_id`, `libelle`, `singleAchat`, `singleVente`, `doubleAchat`, `doubleVente`, `tripleAchat`, `tripleVente`, `quadrupleAchat`, `quadrupleVente`, `updated_at`, `path`, `single`, `doublee`, `triple`, `quadruple`, `bebe_achat`, `bebe_vente`, `separer_enfant1achat`, `separer_enfant1vente`, `separer_enfant2achat`, `separer_enfant2vente`, `parent_enfant1achat`, `parent_enfant1vente`, `parent_enfant2achat`, `parent_enfant2vente`) VALUES
(1, 3, 'Pack Luxe', 20.000, 45.000, 15.000, 35.000, 10.000, 25.000, 5.000, 15.000, '2015-08-19 15:00:43', NULL, 0, 1, 1, 0, 0.000, 0.000, 0.000, 0.000, 0.000, 0.000, 0.000, 0.000, 0.000, 0.000),
(2, 4, 'Standard', 1000.000, 1200.000, 900.000, 1100.000, 800.000, 1000.000, 700.000, 900.000, '2015-09-02 19:58:32', 'b503b1a828b313b5759c9b0843504a76fce5c585.jpeg', 1, 1, 1, 1, 0.000, 0.000, 0.000, 0.000, 0.000, 0.000, 0.000, 0.000, 0.000, 0.000),
(3, 4, 'luxe', 1000.000, 1000.000, 1000.000, 1000.000, 1000.000, 1000.000, 1000.000, 1000.000, '2015-09-02 19:58:32', '312c6d802fc0d2604ff0f69f83f1d6fe92c681a7.jpeg', 1, 1, 1, 1, 0.000, 0.000, 0.000, 0.000, 0.000, 0.000, 0.000, 0.000, 0.000, 0.000),
(4, 6, 'teste', 1.000, 2.000, 3.000, 4.000, 5.000, 6.000, 7.000, 8.000, '2015-10-17 12:25:34', NULL, 1, 1, 1, 1, 0.000, 0.000, 0.000, 0.000, 0.000, 0.000, 0.000, 0.000, 0.000, 0.000),
(5, 7, 'Pack Standard', 100.000, 120.000, 150.000, 200.000, 0.000, 0.000, 0.000, 0.000, '2015-10-15 20:57:25', NULL, 1, 1, 0, 0, 0.000, 0.000, 0.000, 0.000, 0.000, 0.000, 0.000, 0.000, 0.000, 0.000),
(6, 8, 'Standard', 1000.000, 1500.000, 800.000, 1000.000, 900.000, 800.000, 0.000, 0.000, '2016-01-03 11:32:30', NULL, 1, 1, 1, 0, 0.000, 0.000, 0.000, 0.000, 0.000, 0.000, 0.000, 0.000, 0.000, 0.000),
(7, 9, 'Pack 1', 100.000, 120.000, 100.000, 120.000, 100.000, 120.000, 100.000, 120.000, '2016-01-11 15:59:58', 'b8d038f33d7aed8c8e4585734d891a49873b65ca.png', 1, 1, 1, 1, 0.000, 0.000, 0.000, 0.000, 0.000, 0.000, 0.000, 0.000, 0.000, 0.000),
(8, 10, 'Pack 1', 100.000, 120.000, 100.000, 120.000, 100.000, 120.000, 100.000, 120.000, '2016-01-11 21:26:53', NULL, 1, 1, 1, 1, 0.000, 0.000, 0.000, 0.000, 0.000, 0.000, 0.000, 0.000, 0.000, 0.000),
(9, 11, 'paris', 0.000, 2630.000, 0.000, 2180.000, 0.000, 2140.000, 0.000, 0.000, '2016-01-13 15:18:46', NULL, 1, 1, 1, 0, 0.000, 0.000, 0.000, 1980.000, 0.000, 1980.000, 0.000, 1780.000, 0.000, 1780.000);

-- --------------------------------------------------------

--
-- Structure de la table `ost_vo_pays`
--

CREATE TABLE IF NOT EXISTS `ost_vo_pays` (
  `id` int(11) NOT NULL AUTO_INCREMENT,
  `Libelle` varchar(255) COLLATE utf8_unicode_ci NOT NULL,
  PRIMARY KEY (`id`)
) ENGINE=InnoDB DEFAULT CHARSET=utf8 COLLATE=utf8_unicode_ci AUTO_INCREMENT=1 ;

-- --------------------------------------------------------

--
-- Structure de la table `ost_vo_periodes`
--

CREATE TABLE IF NOT EXISTS `ost_vo_periodes` (
  `id` int(11) NOT NULL AUTO_INCREMENT,
  `voyage_id` int(11) DEFAULT NULL,
  `libelle` varchar(255) COLLATE utf8_unicode_ci NOT NULL,
  `prix` decimal(11,3) NOT NULL,
  `depart` date NOT NULL,
  `retour` date NOT NULL,
  `debutInscription` date NOT NULL,
  `finInscription` date NOT NULL,
  `nombreInscription` int(11) NOT NULL,
  `nombreInscriptionInitiale` int(11) NOT NULL,
  `min` int(11) NOT NULL,
  `max` int(11) NOT NULL,
  `departGarantie` tinyint(1) DEFAULT NULL,
  `nombre_visa` int(11) DEFAULT NULL,
  `type_visa` int(11) NOT NULL,
  PRIMARY KEY (`id`),
  KEY `IDX_A252F96B68C9E5AF` (`voyage_id`)
) ENGINE=InnoDB  DEFAULT CHARSET=utf8 COLLATE=utf8_unicode_ci AUTO_INCREMENT=14 ;

--
-- Contenu de la table `ost_vo_periodes`
--

INSERT INTO `ost_vo_periodes` (`id`, `voyage_id`, `libelle`, `prix`, `depart`, `retour`, `debutInscription`, `finInscription`, `nombreInscription`, `nombreInscriptionInitiale`, `min`, `max`, `departGarantie`, `nombre_visa`, `type_visa`) VALUES
(1, 4, 'Haute saison', 6980.000, '2015-08-26', '2015-08-30', '2015-08-01', '2015-08-23', 0, 5, 20, 25, 0, NULL, 0),
(2, 4, 'Haute saison 2', 6350.000, '2015-08-28', '2015-08-31', '2015-08-01', '2015-08-17', 0, 0, 2, 5, 1, NULL, 0),
(3, 2, 'Haute saison', 6980.000, '2015-08-28', '2015-08-31', '2015-08-01', '2015-08-20', 2, 0, 5, 30, 0, NULL, 0),
(4, 8, 'Ramadan 1ere quinzaine', 5000.000, '2015-08-01', '2015-08-15', '2015-01-01', '2015-12-31', 0, 0, 0, 0, 1, NULL, 0),
(5, 8, 'Ramadan 2ere quinzaine', 6000.000, '2015-08-16', '2015-08-31', '2015-01-01', '2015-12-31', 0, 0, 0, 0, 1, NULL, 0),
(6, 1, 'Période 1', 1500.000, '2015-01-01', '2016-01-01', '2015-01-01', '2016-01-02', 0, 0, 10, 20, 0, NULL, 0),
(7, 9, 'Réveillon 2016', 3500.000, '2015-12-20', '2016-01-02', '2015-01-01', '2015-12-20', 0, 0, 2, 2, 1, NULL, 0),
(8, 84, 'Hiver 2016', 1200.000, '2016-03-10', '2016-03-18', '2016-01-01', '2016-12-30', 0, 0, 20, 30, 0, 5, 1),
(9, 63, 'Période 1', 1320.000, '2016-02-02', '2016-02-08', '2016-01-01', '2016-01-30', 0, 0, 10, 20, 0, 5, 1),
(10, 62, 'Période 1', 2090.000, '2016-01-15', '2016-01-20', '2016-01-01', '2016-01-15', 0, 0, 10, 20, 0, 10, 1),
(11, 86, 'printemps 2016', 2180.000, '2016-03-21', '2016-03-28', '2016-01-12', '2016-03-14', 0, 0, 20, 50, 1, 5, 1),
(13, 88, 'Mars 2016', 2380.000, '2016-03-20', '2016-01-27', '2016-01-12', '2016-03-10', 0, 5, 20, 45, 1, 40, 1);

-- --------------------------------------------------------

--
-- Structure de la table `ost_vo_photos`
--

CREATE TABLE IF NOT EXISTS `ost_vo_photos` (
  `id` int(11) NOT NULL AUTO_INCREMENT,
  `voyage_id` int(11) NOT NULL,
  `url` longtext COLLATE utf8_unicode_ci NOT NULL,
  `type` int(11) NOT NULL,
  `ordre` int(11) NOT NULL,
  `visible` tinyint(1) NOT NULL,
  PRIMARY KEY (`id`),
  KEY `IDX_959C363568C9E5AF` (`voyage_id`)
) ENGINE=InnoDB  DEFAULT CHARSET=utf8 COLLATE=utf8_unicode_ci AUTO_INCREMENT=471 ;

--
-- Contenu de la table `ost_vo_photos`
--

INSERT INTO `ost_vo_photos` (`id`, `voyage_id`, `url`, `type`, `ordre`, `visible`) VALUES
(11, 1, '7215c13c708fe7d2c6b88feceb887594096d083a.jpeg', 2, 1, 1),
(12, 1, '9ebbc0b418d3a125a41ece0658183ed52c06a630.jpeg', 2, 2, 1),
(13, 1, '016e9df4bb578e4644612741ecd4d4578e98f027.jpeg', 2, 3, 1),
(14, 1, '8b456d0ebdbffd0b6f586128125bffcde10ae523.jpeg', 2, 3, 1),
(15, 1, 'b612d264489bfcff386d24a397b560b6f0f3f04b.jpeg', 2, 5, 1),
(25, 6, 'e4a4dac94ae35c689845ac3456ae811e858437ec.jpeg', 2, 1, 1),
(26, 6, 'af4e00347fbe1a9da0a02affcaa29cdafa87a0eb.jpeg', 2, 2, 1),
(27, 6, 'e698036d1766a57aae845ad5f7c0b8c067b72626.jpeg', 2, 3, 1),
(28, 6, 'dfb5d0e741d4fd07a54f157de35e16ba3552f935.jpeg', 2, 4, 1),
(29, 6, 'ce9e0ff9d7d26694ac19f57686da564b24e6365c.jpeg', 2, 5, 1),
(30, 7, '11b14e47a4475e58d8bad2ebc0617954e7bbe10b.jpeg', 1, 1, 1),
(31, 7, '3a20bce0a28f17a7e8258113d133a1c646714f91.jpeg', 2, 1, 1),
(32, 7, '1aaf6ce45e4c6c439aa34e63d97562c3c704599b.jpeg', 2, 2, 1),
(33, 7, '7c7728b958562fb6201b4e234e5adb67905c54e7.jpeg', 2, 3, 1),
(34, 7, '8cb0377d36e02aeb18798cc61dbb20c2dac53f88.jpeg', 2, 4, 1),
(35, 7, '5a30d84c7b75741457ca7f26412f0ea0af167b15.jpeg', 2, 5, 0),
(43, 9, 'ea9a9b8b422ea2f306059b396e84319d65b99f48.jpeg', 2, 1, 1),
(45, 9, '99026842e0a03e229e061b5d7f512ae44ea4b227.jpeg', 2, 3, 1),
(46, 9, 'e14090a92f4487c82308a44690ece1a33a87c8e6.jpeg', 2, 4, 1),
(47, 9, 'ebc4e3809476766722a71b382294cebc8faeff6e.jpeg', 2, 5, 1),
(52, 10, '0d69daa21162e5c29c221c6e64ec711eb1c45f55.jpeg', 2, 3, 1),
(53, 10, '2609cf7f72fa36894cb37a83a2a34fd7b30e16d0.jpeg', 2, 4, 1),
(54, 10, 'c2add2717cbefe354af7a1fe317048ea2127c961.jpeg', 2, 5, 1),
(55, 11, '973a298f13152e3f4e048b94ecb7b9967d58efcc.jpeg', 1, 1, 1),
(56, 11, '556c4cad6c1cae2be33f4288599c14ba51077ddf.jpeg', 2, 1, 1),
(57, 11, 'a80e8ce3271a9de145d84f6419e58b48d2e17edd.jpeg', 2, 2, 1),
(58, 11, 'da34d00938ac16e9d67d7f6d7f0bdfed4463beae.jpeg', 2, 3, 1),
(59, 11, '8fa21f3ae9253183bef1fccc4eff34767bd74964.jpeg', 2, 4, 1),
(60, 11, '4450ee1d6e34b3be14a1e92369978fa474d3657c.jpeg', 2, 5, 1),
(74, 5, '705499409d55566163fb1b574f1242b1e44d1ff4.jpeg', 1, 1, 1),
(75, 5, '662120aafbe132f2e551fb185ed1944fe967afad.jpeg', 2, 1, 1),
(76, 5, '71f0bfbf74ea99cfb52b9d76b1d430b1cabb7ce5.jpeg', 2, 2, 1),
(77, 5, '3583c6fea8e09a145a197f234ada91b04f2275e1.jpeg', 2, 3, 1),
(78, 5, 'da79b32de51a491efcf7db31a2ac12cb053d5165.jpeg', 2, 4, 1),
(79, 5, '450c11ef5c442c5311f677724135041f9d675b82.jpeg', 2, 5, 1),
(81, 12, 'f947117ddde389ea268ca649118d720b03990d33.jpeg', 2, 1, 1),
(82, 12, 'c9b517a98ad483d400272fb76983f8ae41705ccd.jpeg', 2, 2, 1),
(84, 12, 'd16d4f3cefe1b20f5c651da393a6ad19f4459ad1.jpeg', 2, 4, 1),
(87, 13, '2f566cafe419bbf17600b3f2cbb8cd5cd1ab4333.jpeg', 2, 1, 1),
(91, 13, 'ac1979ad8a1b11e34e6df5339379365e56b6c0cc.jpeg', 2, 2, 1),
(92, 13, '97a3e9464a6a7447174cdfb94e536d90c49b027c.jpeg', 2, 3, 1),
(93, 13, '94a783f76cdf5a322a22f03cf93548d03e959627.jpeg', 2, 4, 1),
(94, 13, '45c37f47dabf6b04b28914c9dec2d11be58416ca.jpeg', 2, 5, 1),
(96, 14, '3d298506e61d5d631b3b43c94af9fcce683caa14.jpeg', 2, 1, 1),
(97, 14, '0226d63a3fa66b3a8c0aac07354a3d6243706345.jpeg', 2, 2, 1),
(98, 14, '7f3b5979364a5f9d01d4192c9a98ba3d8de9cee3.jpeg', 2, 3, 1),
(99, 14, 'e6fd10c0a34f33700bfe14055575703b969a0516.jpeg', 2, 4, 1),
(100, 14, '19e50ae53af64a9f4b0fc9155af8d1a33ed30014.jpeg', 2, 5, 1),
(102, 15, '122b45e3351aeeb786bd6258d4f6b5783ffb1d12.jpeg', 2, 1, 1),
(103, 15, 'ab577a7fe5b5fbaa1972bc37f86af24dfe55f4bc.jpeg', 2, 2, 1),
(104, 15, '27cb553db669128835993aba606bf3267fe00dc2.jpeg', 2, 3, 1),
(105, 15, 'ef31c0a62132406976a0da53eac8057c74264934.jpeg', 2, 4, 1),
(106, 15, 'c4171cf64dd6de7a08deafd0d1c95f14096212fc.jpeg', 2, 5, 1),
(107, 16, 'c5374126b8b1e118d81a408eb2d293114c77579f.jpeg', 1, 1, 1),
(108, 16, '66b289d179880b65b3c1668f95a5fb4279b9d7b2.jpeg', 2, 1, 1),
(109, 16, '7bc3ba0c2ec0ffe8f96e75b26bfc1d418d4f91f5.jpeg', 2, 2, 1),
(110, 16, '78963193e6a202ff995ffb68940c7c5058618619.jpeg', 2, 3, 1),
(111, 16, '23c72cc0f5abd2d612f412ed4b4810df2a9eaad1.jpeg', 2, 4, 1),
(112, 16, '819cc5405ad09605bf1094c4688d035beb378e27.jpeg', 2, 5, 1),
(113, 17, '9bb544c51ce0bd306219ffd6537260c4caa8dbfe.jpeg', 1, 1, 1),
(114, 17, '954c2a46680956aeefb623f972a3609eb31f03eb.jpeg', 2, 1, 1),
(115, 17, '2a2e21d7ba8441de48fffae92188267020ab177e.jpeg', 2, 2, 1),
(116, 17, 'd8530ab39fafa8c68028ed72205f861f4ee36e25.jpeg', 2, 3, 1),
(117, 17, '674887d3f070d2ac5597259327d4b459dc2963c4.jpeg', 2, 4, 1),
(118, 17, 'd372631bf98ab49800d74d5be8beab5b44dfd425.jpeg', 2, 5, 1),
(119, 18, 'f841ec36babd6f7558de982fda01772547567337.jpeg', 1, 1, 1),
(120, 18, '1536a355e22dd781faf625c59a8e8358382a3d9b.jpeg', 2, 1, 1),
(121, 18, '351de51dbee72f696dd1536e24263e86321ae53d.jpeg', 2, 2, 1),
(122, 18, '5e33025537827fd751ad4457f115352c73cb1cbf.jpeg', 2, 3, 1),
(123, 18, 'ab38eeafa5288cb7b3339471dab187963e8a3854.jpeg', 2, 4, 1),
(125, 19, '14706caabdceebdba26e461a050b9f1e881856c1.jpeg', 1, 1, 1),
(126, 19, '9a67c2a72caa44420d3b417068d49f9dfdecffa3.jpeg', 2, 1, 1),
(127, 19, 'aff6cd44267e40f3cf0dde12f0b07e099061a1b5.jpeg', 2, 2, 1),
(128, 19, '5ec38b750cbcb53ffea2ff25eae47ec9cb1a5f34.jpeg', 2, 3, 1),
(129, 19, '1f7c2ad960ab32ac8df17948d01228091ae6b070.jpeg', 2, 4, 1),
(130, 19, '7914cbb7737008ee5926995b042f7ad90abc0120.jpeg', 2, 5, 1),
(132, 20, '8d723eaeba4c54f0087224fded7def50e045abe0.jpeg', 2, 1, 1),
(133, 20, '1c18bc460b1f655ec3fc06ec0b3fb861f4f649ba.jpeg', 2, 2, 1),
(136, 20, 'df139a75df6b75e4218a97f62f143b7a60d254a2.jpeg', 2, 5, 1),
(138, 21, '24f070cca375f3dbb659726565710e4434d1145d.jpeg', 2, 1, 1),
(139, 21, 'd7ceba254735530e8fd2ebb2a437edb6fabe65b1.jpeg', 2, 2, 1),
(140, 21, '7e1f70c99b51ffe463f2634e7c69024cf354b8ad.jpeg', 2, 3, 1),
(142, 21, 'e85611cceb76690ad493a566aa02392c71787f1b.jpeg', 2, 5, 1),
(144, 22, '7541d50081663e82da846774c854145ec029b33b.jpeg', 2, 1, 1),
(145, 22, 'b865de863cb0080a0b5a533de148ba888ec6ff07.jpeg', 2, 2, 1),
(148, 22, '1a3f357d0400a302960f81d8bda66318a710f950.jpeg', 2, 5, 1),
(149, 23, '105b9cdbbc8a20d226cbdac13402b1ef97e52f53.jpeg', 1, 1, 1),
(150, 23, 'c13c6e0d3153277b419c728ec89eb462baaedc57.jpeg', 2, 1, 1),
(151, 23, 'd224becbcf0f08b52f29a2f90a05a2cf4beb48e6.jpeg', 2, 2, 1),
(152, 23, '45ed196ab4d79370d949213a34f77b769c8d35dd.jpeg', 2, 3, 1),
(153, 23, 'c9cc7e292bc7ebad5169cd8d3c8794038744ca9e.jpeg', 2, 4, 1),
(154, 23, '374d72289cab46c68cfc51a0de1046ff9fcbbdcb.jpeg', 2, 5, 1),
(156, 24, '999b6aec4cf6c5bc853e21df58b831aacd0e8abb.jpeg', 2, 1, 1),
(157, 24, '4a7388ecc31e4dbd40a742d4c976519514268bf8.jpeg', 2, 2, 1),
(158, 24, 'a412eb60a0d1981292869d55b32c4b901cee3029.jpeg', 2, 3, 1),
(159, 24, '4940cf0c027c7e03f08214b30889f8e08080c471.jpeg', 2, 4, 1),
(160, 24, '44891ae76ff1e91d4f10e72254181e56eba30f9a.jpeg', 2, 5, 1),
(162, 25, 'a3c26ef2402ed6e013b39d2ba73b0a72155b6f18.jpeg', 2, 1, 1),
(163, 25, '66b0060c7b03bff4db3a82aba6ef10e5b3002447.jpeg', 2, 2, 1),
(164, 25, 'b77601884759097a8aeed32900887ff4d012f5c9.jpeg', 2, 3, 1),
(165, 25, '7227487223eae0f19f74ab130e75d0f5b019ae36.jpeg', 2, 4, 1),
(166, 25, '494f4c013b752cd1bc92dd65be7905b3b63af6a5.jpeg', 2, 5, 1),
(168, 26, 'aa6c789198e517414c65d2c7ec10af441987d350.jpeg', 2, 1, 1),
(170, 26, '06d6185fb452bd2eacb3dbb983264fe01a638623.jpeg', 2, 3, 1),
(173, 27, 'd933699b582323e116c616ec15f57ccde71f1b79.jpeg', 1, 1, 1),
(174, 27, '00ebdb84a95d0400a4fa7099cfe4d2eb91f73b43.jpeg', 2, 1, 1),
(175, 27, '2b4a6597cd25f81534e9e465d2891477a0acfec4.jpeg', 2, 2, 1),
(176, 27, 'dda2b64a944f0294bde98c5ddebc1d5a6675b562.jpeg', 2, 3, 1),
(177, 27, 'f9366f038f06d55254c4987c6ea071d3f77d8c1f.jpeg', 2, 4, 1),
(178, 27, 'e2506e870e900ef455135c41baebe6cfd921cb39.jpeg', 2, 5, 1),
(179, 29, 'a97c0f7628ae77e33dd1d0d84bfa9224291b62f7.jpeg', 1, 1, 1),
(180, 29, '970221198ed9bd03c5a9056c9444121f412773a5.jpeg', 2, 1, 1),
(181, 29, '2e4cf3466a6fdc83ef210e0b03388c28fea38da9.jpeg', 2, 2, 0),
(183, 29, 'dc5777b215ed619e8a7e05c008aa24d6fe80c73a.jpeg', 2, 4, 1),
(184, 29, '5e44d348eb86dd5b7ff953a1d41b21e3b55b29d1.jpeg', 2, 5, 1),
(185, 28, 'ec63d8832bafd68d660e28a239e3b6e819e1b509.jpeg', 1, 1, 1),
(186, 28, '1b21578eab385a8fbf541ada902e44949aa05506.jpeg', 2, 1, 1),
(187, 28, '89b947568d3d683d6b0e16bed5b291633ccd0851.jpeg', 2, 2, 1),
(188, 28, 'd7213a281cbd43cdd16055198447a08404ccf801.jpeg', 2, 3, 1),
(189, 28, '65a159393a23f131056af6155db86a4eb1d42229.jpeg', 2, 4, 1),
(190, 28, '04db80128937673786625467857e9dfeb41b9d33.jpeg', 2, 5, 1),
(191, 31, 'ccadcc4a689581a6fd98d6d925b5626bcbea4536.jpeg', 1, 1, 1),
(192, 31, 'c3ff2c887b161c74177dde2eefd17fd29785d6ed.jpeg', 2, 1, 1),
(194, 31, 'fca416fff2c1e0662dac51a56328caae2a75acfe.jpeg', 2, 2, 1),
(195, 31, '0c6d756736bebc661a150a3a2daf10db9869a96c.jpeg', 2, 3, 1),
(196, 31, '4ce5884033a664a0a59765a27c341bb8c576d5bd.jpeg', 2, 4, 1),
(197, 31, 'e9978b40d66ad1ceab7d5ba75cbd0f996e776a00.jpeg', 2, 5, 1),
(198, 9, '795ab4a8de9d3b26489b100662b299deec97e91e.jpeg', 2, 2, 1),
(199, 9, '0ab8f85a21c9463b539e78a29cf657288ce48953.jpeg', 1, 1, 1),
(200, 10, '078e78c91a0c35c4eebfe28dc64a9174d1f17f7d.jpeg', 1, 1, 1),
(201, 10, 'ac6b02881622dfb204dcb369efd92ba937c97e94.jpeg', 2, 1, 1),
(202, 10, 'bdec2f8d72f848279857c9656d881079896dd825.jpeg', 2, 2, 1),
(203, 12, 'bb0bd7263cb6ce3130eb21051a0a1a9e01bb6376.jpeg', 2, 3, 1),
(205, 12, '64b0832f9cacee340ff6e1a29eac2534f8c021f8.jpeg', 2, 5, 1),
(206, 12, 'caa2ece6d90f54988febf17b28fc52639e5b777d.jpeg', 1, 1, 1),
(207, 18, '19635a562880d98532d2fc1b076bd740bf822887.jpeg', 2, 5, 1),
(208, 26, 'c9611d310f43d31f4980077f623d7dfabefefebe.jpeg', 2, 2, 1),
(209, 26, '37cc1ef01bf96c0926c91b44f53fa0305dd93d17.jpeg', 2, 4, 1),
(210, 26, '77f38e59efe27c4379e17b805c8979671e7505ed.jpeg', 2, 5, 1),
(211, 26, '2793c95fd0ec9356a5a5bc45b00a1cbb4f480da3.jpeg', 1, 1, 1),
(212, 20, '70c06adbaea871c7135c08e64380c4080953186d.jpeg', 1, 1, 1),
(213, 20, '9e53cae1091de4c1c2e1205fdbd7c217529037ec.jpeg', 2, 3, 1),
(214, 20, '1c2d17ee85d1dde5f4693131e78ee2c483ebfec9.jpeg', 2, 4, 1),
(215, 21, 'c616e596432ea77a6a71004061a8f2313cfc45a5.jpeg', 1, 1, 1),
(216, 21, '8d3f90d666c615266d29c8a9867eafcfd84afb3a.jpeg', 2, 4, 1),
(217, 22, '8c238f17f72dea7981971833a03daef0f7605606.jpeg', 1, 1, 1),
(218, 22, 'b4eb13babfced74115020dd732efb7547b76c98f.jpeg', 2, 4, 1),
(219, 22, '5b2cd139939d63cfaa6e74548cf596862dcd279b.jpeg', 2, 3, 1),
(220, 6, '3d13fadee9634d9afcac7dd750b9127421da2055.jpeg', 1, 1, 1),
(222, 14, 'eee3fc7308fdc493e3c4284ca55a063495145ef5.jpeg', 1, 1, 1),
(223, 30, '10bcdca981d886feb16191216cf28382a9cdfe16.jpeg', 2, 1, 1),
(224, 30, 'cef48ba72b5a0aa4e9e8680d739720e180ee43fc.jpeg', 2, 2, 1),
(225, 30, 'd17f9a9482638709389a436c24b3aa3c1868b733.jpeg', 2, 3, 1),
(226, 30, 'd740a6827496f47be20ae17cab63dfb0bfb33361.jpeg', 2, 4, 1),
(228, 30, 'c7611b0f75c1059d4d8fd1a106a5d86f318f1bc3.jpeg', 1, 1, 1),
(229, 29, '6e040548024374b401f6adfd29c789383c6b97fa.jpeg', 2, 3, 1),
(230, 15, '62e9ca1defa43ceb6fb5aa63eedba23d919e36ad.jpeg', 1, 1, 1),
(231, 1, '094b26a0589df3313f17c7e995d7977be5814da1.jpeg', 1, 1, 1),
(232, 25, '135ec7262f16aaf07b419a608e29e0e5dcf2e99e.jpeg', 1, 1, 1),
(233, 32, '757c75a6e59b9a8dc5cddc9f618dcb812274b0f3.jpeg', 1, 1, 1),
(234, 32, 'df3697fc6d2c466a7fee292116c73612f29cbf6f.jpeg', 2, 1, 1),
(235, 32, '063f66f6d1175ff628db21fd74a4f0b8a8b5e0ea.jpeg', 2, 2, 1),
(237, 32, 'dec706b1982d455413bcf935977ae98fe981fab6.jpeg', 2, 4, 1),
(239, 33, 'f2f87bfd297658b2acaf426c92ebf453df5bf0aa.jpeg', 1, 1, 1),
(240, 33, '3a703ac9c970fdfb9e6b9955a6d9fccea24a15e8.jpeg', 2, 1, 1),
(241, 33, '55026419d24fe144b82f0640b04c52ac48182e5f.jpeg', 2, 2, 1),
(243, 33, '787a87650e6dae09ea98e2ca13306ac022988974.jpeg', 2, 4, 1),
(244, 33, '35e736ed4ab6044f8a2f2ebfc7582e97c1a62181.jpeg', 2, 5, 1),
(245, 34, 'ff0e730ca5f1805a8b5504a80854844c89af9019.jpeg', 1, 1, 1),
(246, 34, 'caea65b9fd9d494da506a8f7c43b619a458a1097.jpeg', 2, 1, 1),
(247, 34, 'bf0fa7db67eb34883592e0acee56761c946e0693.jpeg', 2, 2, 1),
(248, 34, 'e937348f5bbba5767553cea63d55e3eb92af7479.jpeg', 2, 3, 1),
(249, 34, '77a96e676a6626b03b2d456d183b5e0c21962641.jpeg', 2, 4, 1),
(250, 34, '9a292afb6ae67dc10bbeebc6f79d4dc64d9fb7c2.jpeg', 2, 5, 1),
(251, 35, 'fe727037f63afa64f9ef20b4f53b38496b8833c3.jpeg', 1, 1, 1),
(253, 35, '5a411ffa20abffc330e6718424aceb50a40e0fa8.jpeg', 2, 2, 1),
(257, 13, '714f9c92ad1e24e0b1cccea19432c7514c0aedf6.jpeg', 1, 1, 1),
(258, 61, 'd158ea7a82b547c29bfee6174434adbf7ef94826.jpeg', 1, 1, 1),
(259, 61, 'f634e16ba2a37d2d2b6a30322d6b907900b86e92.jpeg', 2, 1, 1),
(260, 61, '323f564b872088f37ba77146d9775ac2d7ba399d.jpeg', 2, 2, 1),
(261, 61, 'afc367ae083f7e51ad44f633cfa50ff8930d324d.jpeg', 2, 3, 1),
(262, 61, 'f503f852e3aa5a24328deb0dbd4f7e9a77c043f8.jpeg', 2, 4, 1),
(263, 61, 'b7a37877b9477554f89401c4d1412e54996b708f.jpeg', 2, 5, 1),
(264, 62, '46ae69ab9e485e63335835ba60b734e0b6cc6129.jpeg', 1, 1, 1),
(265, 62, 'e096c596201476bcf5c66706299316254cff5b45.jpeg', 2, 1, 1),
(266, 62, '7e112b6521d7c42f4b4cb86dd7230823ef9d6b4c.jpeg', 2, 2, 1),
(267, 62, '3a3cfbf4ed86239e81e2390e2b9c0501be090a71.jpeg', 2, 3, 1),
(268, 62, '3d6d2508e0c89893517282da5e4aeafb010468f8.jpeg', 2, 4, 1),
(269, 62, 'a40173e476b6afaa678942570a096c931b07b985.jpeg', 2, 5, 1),
(270, 63, '6bd927d6c6410463c493ae297664c10e9036c011.jpeg', 1, 1, 1),
(271, 63, '82e404cbb41a02760c84efbec3e378166ba73710.jpeg', 2, 1, 1),
(272, 63, 'c7bc2811cc0f8e5e9bd088f8b295c1a8d8713eae.jpeg', 2, 2, 1),
(273, 63, '14d7200950ef15d45b7f9818920a444ee88afb24.jpeg', 2, 3, 1),
(274, 63, '2655efa9366b638896f68b4b3399d30dd058f443.jpeg', 2, 4, 1),
(275, 63, '37279cb8df82d42d15e64a6dadaafebdfae5621b.jpeg', 2, 5, 1),
(276, 64, '1aef29d687689ffde0dd6b618e9da152fe9ec20f.jpeg', 1, 1, 1),
(277, 64, '88d6b4635124a4c042980da58f6ab430d0139cd2.jpeg', 2, 1, 1),
(278, 64, 'edc68afd19db7a286306793a9b587e17b7ed0bdc.jpeg', 2, 2, 1),
(279, 64, 'ee1d17d109db23df728809cb60a54c87af8e40ae.jpeg', 2, 3, 1),
(280, 64, '18009b48e55095ffa9974f8d2f09ccf840b7b54f.jpeg', 2, 4, 1),
(281, 64, '47dc92e0dd23c4cd332073057306e6fb573c4eeb.jpeg', 2, 5, 1),
(282, 59, 'd2bb10f62ee3aa9445f07a3d29312bef32090ff0.jpeg', 1, 1, 1),
(283, 59, '44b95fcc1e3decadef86cf545e4afce6b7d9e275.jpeg', 2, 1, 1),
(284, 59, '1c091d6ba05697f6deaca3d148abdd52d3a51cd3.jpeg', 2, 2, 1),
(285, 59, '86c00aa58c4e58a32ea93147c7d28e4ffdbd58fb.jpeg', 2, 3, 1),
(286, 59, 'b1959f2b889de980736c88f012d87861524d5226.jpeg', 2, 4, 1),
(287, 59, 'a28bc09f207d6e4a052689a0da1db20f8c8b313d.jpeg', 2, 5, 1),
(288, 65, 'cc2577577da57e264a82f0dd262ded0713aded0a.jpeg', 1, 1, 1),
(289, 65, '92035c2ad98e5bc8cb4cbd53a5b5c0da58a930fd.jpeg', 2, 1, 1),
(290, 65, 'f6c6edd9e01f68a97177031a1dcd6c9aa0637e7b.jpeg', 2, 2, 1),
(291, 65, '85c9000d2f801e6171c2e2735c0f70449d08e1cb.jpeg', 2, 3, 1),
(292, 65, 'ed831dbe024cd68ffe70d70f50401c8d55a4b176.jpeg', 2, 4, 1),
(293, 65, '452cadadec520e7154774f3fa57e07be6efc145b.jpeg', 2, 5, 1),
(294, 78, '54ad2d533bab35be92a67630f8f213dd016abfea.jpeg', 1, 1, 1),
(295, 78, 'ae97730ac2a4b90983a992040363161c5fb4993b.jpeg', 2, 1, 1),
(296, 78, 'f657ce74ebbb6c39ffc3d269a1a22353615f6fdf.jpeg', 2, 2, 1),
(297, 78, 'b2182ba68b43ea1d1f27ef196ff8b9cb5499d034.jpeg', 2, 3, 1),
(298, 78, '4ffb80ed7f6dcfb56ee5611ee74549760f886008.jpeg', 2, 4, 1),
(299, 78, 'edb087361cd69309635de4a069d991153b5a4e64.jpeg', 2, 5, 1),
(300, 82, 'c66407f64857de786bff7eeaaf1be6b643a7f5d3.jpeg', 1, 1, 1),
(301, 82, '1e2d807d729241f472d0e983b1e2b668a4d0cf6b.jpeg', 2, 1, 1),
(302, 82, '8bfce35ae08776393badf53b640a98948e90d7e9.jpeg', 2, 2, 1),
(303, 82, '5c68d843fc3d50413b3ff8584a5e9b665305c76e.jpeg', 2, 3, 1),
(304, 82, '892ace0068abf3b041cbd70627d5ae2c3d9bf5fb.jpeg', 2, 4, 1),
(305, 82, '9a3cd55c1061c01cc8c2dd110bb0cbdbab110ec4.jpeg', 2, 5, 1),
(306, 57, '474dd0990f1a2be75a90e01289b0b3ce7803bd83.jpeg', 1, 1, 1),
(307, 57, '83e2ab696b09454a7645d806d3df693268eefa68.jpeg', 2, 1, 1),
(308, 57, '73503aa0507b3394e103c730fa4ecc1f273e8fd7.jpeg', 2, 2, 1),
(309, 57, '758bacbce25bd64f8aa9f80763d4f5f777343d1e.jpeg', 2, 3, 1),
(310, 57, 'f153c6cb6cca6b34e747fbeddea55b8258d4085c.jpeg', 2, 4, 1),
(311, 57, 'e35596bef0be3d214d8218e3da43673af9acd454.jpeg', 2, 5, 1),
(312, 66, 'c66edf610cc13455b6e00d2d8eac5f57fa62a176.jpeg', 1, 1, 1),
(313, 66, '6f4fb2326f451e64662007912fb54094cbfed11b.jpeg', 2, 1, 1),
(314, 66, 'a76e41f8ca9c925f58d56fdb51fce2edb1b0c62b.jpeg', 2, 2, 1),
(315, 66, '1040693316658e131d56a163ecb777b8c4c7028a.jpeg', 2, 3, 1),
(316, 66, '065510cb77e950f471e3961d111875e8c95c21e3.jpeg', 2, 4, 1),
(317, 66, 'cc82ab0d96410546ff784d8ec7e6e54c2e62fea8.jpeg', 2, 5, 1),
(318, 81, 'aa32efded01c9876496076d6c5b95a0854cc6f94.jpeg', 1, 1, 1),
(319, 81, 'c8225733b1f8897ddc115fbf4e677f46655af455.jpeg', 2, 1, 1),
(320, 81, '9661d22c50ae3b10153ebf099c0d7ce41c2c424e.jpeg', 2, 2, 1),
(321, 81, '841401e7e1dbe92896f1d785615292cafda7a21b.jpeg', 2, 3, 1),
(322, 81, '3fa30ef9a5e344448fa008f5d34fc13f269ed6ea.jpeg', 2, 4, 1),
(323, 81, 'cd7cb8d8d88aea96d8373ebc18c9a4f5489bd0e5.jpeg', 2, 5, 1),
(324, 67, 'e3165d6bed25ee86135c9ea5e291652aff717c0b.jpeg', 1, 1, 1),
(325, 67, '6f27586051df55a20b0f3d9974d230befacd816d.jpeg', 2, 1, 1),
(326, 67, '5938815b08c8159edb819e07fd4357b9d9a63085.jpeg', 2, 2, 1),
(327, 67, 'fa94f1b9602572075ffc0db282008648691cd8f7.jpeg', 2, 3, 1),
(328, 67, '16703d906fafc84a2153c391820ab78fcf12b4bf.jpeg', 2, 4, 1),
(329, 67, '9562ce28fe8dde315059f4fbfd8b6f5370f2e55e.jpeg', 2, 5, 1),
(330, 74, 'cf784564924017baeeecc6ca8d58ab7851c0cd3a.jpeg', 1, 1, 1),
(333, 74, '3a12d70aa37d013db4e00dc85bdc46b341c53982.jpeg', 2, 3, 1),
(335, 74, '26bee66234e2b915364c1438d4fd9b3e96b23b86.jpeg', 2, 4, 1),
(336, 56, '591888df94a30221b8c5b608fc15decd46f6d3d1.jpeg', 1, 1, 1),
(337, 56, '858c982c3d17d5efe0e25e78c8c602675c5c15d3.jpeg', 2, 1, 1),
(338, 56, '773380d502842c105a4913fb329521cb7bc1c7a8.jpeg', 2, 2, 1),
(339, 56, '3a4b6e9712467972940705c9e468b6eb097ca769.jpeg', 2, 3, 1),
(340, 56, '579741ab25a5f7b1960d2d9a494e168e601c0345.jpeg', 2, 4, 1),
(341, 56, '2de848e9a218f1ceb4ef02284220a1a807b289f0.jpeg', 2, 5, 1),
(342, 68, '1e7220d8a16b910039072c581b5fa408404c6f92.jpeg', 1, 1, 1),
(343, 68, 'a6e6a71351f14066e743c6c0c13b9f1fa452d69e.jpeg', 2, 1, 1),
(344, 68, 'b783b462040c0f3ebd3315ab40b92d77aa1db3c5.jpeg', 2, 2, 1),
(345, 68, 'b419ae47b1d0cd0a088eb4e18484538461591e5b.jpeg', 2, 3, 1),
(346, 68, '1df709e1ef6ce875feb5387094085321e41be691.jpeg', 2, 4, 1),
(347, 68, '84134c8c71df703582117a29f3cc64ce671ee4e5.jpeg', 2, 5, 1),
(348, 73, 'e7a503318505ec7c0e8b6653187d84f945fb1530.jpeg', 1, 1, 1),
(349, 73, '609cd2c60070f5fd2e3870faad911324e16b9bf6.jpeg', 2, 1, 0),
(350, 73, 'f5a8618ab05c9701d2c36937d583d5fb8e4d2ef3.jpeg', 2, 2, 1),
(351, 73, 'a662e9fa3084a6d15cd6ca3e77813da27fa0f2e8.jpeg', 2, 3, 1),
(352, 73, '4b51c40786ce590454ac3e0aa48e4bbb9fecfc99.jpeg', 2, 4, 1),
(353, 73, '477123968a34ba982b6d1fae9fbda42e9c4b5176.jpeg', 2, 5, 1),
(354, 77, '7c48494db7cf4442cc1f65e428a39ec7a5c8e9da.jpeg', 1, 1, 1),
(355, 77, '9acb971e74afdeb4a113d43853aa3a9722d8eec8.jpeg', 2, 1, 1),
(356, 77, 'a7089ca21c8999699621037670e65061b13c0317.jpeg', 2, 2, 1),
(357, 77, '58d64bd26b5aa39d3e879da6f7a2045eac216fc1.jpeg', 2, 3, 1),
(358, 77, '8cfca7213563f16db2f8d5d2981571bede73c31b.jpeg', 2, 4, 1),
(359, 77, '153acdc4e81c82f6d778a1e70665365f4064b0af.jpeg', 2, 5, 1),
(360, 51, 'a9260a2b90fe64dea297cca70684d51d45a2630e.jpeg', 1, 1, 1),
(361, 51, 'aae3d6b1e389bdc913c527aecfbf3e25799a485f.jpeg', 2, 1, 1),
(362, 51, '859aacd6eef17c5d208de3927d4cbab497cb1abf.jpeg', 2, 2, 1),
(363, 51, '73b365be10bde91769786db9678dc428bf893e05.jpeg', 2, 3, 1),
(364, 51, 'de8e9855e4838f0e54bb8516a13febf77ebef115.jpeg', 2, 4, 1),
(365, 51, 'e12a1b3db6035413374f36c9193f04d5bd5ff384.jpeg', 2, 5, 1),
(366, 52, '93c2b876a9d5f358ef68ccabaa5fc8e1cb37ec4e.jpeg', 1, 1, 1),
(367, 52, '23cffa9ff87e45ad1d5c32c895e5cb2641db7f41.jpeg', 2, 1, 1),
(368, 52, '9c9e0512305fbb5d92ddff81ead6904b5a72b3bc.jpeg', 2, 2, 1),
(369, 52, '4cdc0bc085372433a8878d2a2d446f3c2c289bc3.jpeg', 2, 3, 1),
(370, 52, 'aaa4ac5f15e40b5b8e779628c5fe227e420e3521.jpeg', 2, 4, 1),
(371, 52, 'f8b841f49f4f6791ea140f1097a90e846fd702cc.jpeg', 2, 5, 1),
(372, 53, 'f5030298e14e802ece7cf9dc21d48b4c26c675ec.jpeg', 1, 1, 1),
(373, 53, 'c61ff55f7e6f580027f3eb54a53eb3b0c7eb320d.jpeg', 2, 1, 1),
(374, 53, '1949a007c3e424a12bc9974b7399fd725c781c27.jpeg', 2, 2, 1),
(375, 53, '7f56f97ba2997d5953a13e4d682fdf5efe6f4d7e.jpeg', 2, 3, 1),
(376, 53, 'fbc305aa844224883bd97f2c29eae3e51d9c075f.jpeg', 2, 4, 1),
(377, 53, '2c66d1ff07cf3ca636c3b2b4d03e009d0209b102.jpeg', 2, 5, 1),
(378, 54, '12bf24b7644b99163bd798ab4cba4ac09b5964d0.jpeg', 1, 1, 1),
(379, 54, 'd30405aef3570a4651be71d81c790a27c24d5c4c.jpeg', 2, 1, 1),
(380, 54, '2342882f7e8a7461b35d0d7886d91a7d70dbe08b.jpeg', 2, 2, 1),
(381, 54, 'cc645dde365083e009b9847991345c8e8c319ab8.jpeg', 2, 3, 1),
(382, 54, 'c18f20e96688ea43239c6c2e9634bb5f260c2f2d.jpeg', 2, 4, 1),
(384, 54, '9aece5ec5ca5ac97a38641f2ecdc43bd2c6f611e.jpeg', 2, 5, 1),
(385, 55, '42d1f9a2ee942c074eaabdae32a92d061828d8b3.jpeg', 1, 1, 1),
(386, 55, '3d8d961913376bc4b373c78cad13576ac332d836.jpeg', 2, 1, 1),
(387, 55, 'bfcfa85236ba9aaa2051e0731a4549b7efa9a335.jpeg', 2, 2, 1),
(388, 55, 'c2d973b791614d8158b936546eee810445b8465e.jpeg', 2, 3, 1),
(389, 55, 'a082663fc0bbe0323a3cc195626674259f67420f.jpeg', 2, 4, 1),
(390, 55, '8d9ed9f1403224c6fea8aa90c8d3626a0ae85c44.jpeg', 2, 5, 1),
(391, 79, '638139538ac1a576d31985b16eb97544696973b1.jpeg', 1, 1, 1),
(392, 79, 'f66d617245fb3f52b708e926c37fb591fb2b315a.jpeg', 2, 1, 1),
(393, 79, '6ae6fda304444434f9e5ec2f67f9f44c32bd8050.jpeg', 2, 2, 1),
(394, 79, '1df62417396e9a3fc1d5dd062f996cc6743f1e90.jpeg', 2, 3, 1),
(395, 79, 'fa95cb2a9072db3587fd754025605e876e87339c.jpeg', 2, 4, 1),
(396, 79, 'f7b4194d848ac9f7f32b5c7e26cc1846628d054c.jpeg', 2, 5, 1),
(397, 80, '582c560f73b8644d26186f25be8a8df6a0fb08f2.jpeg', 1, 1, 1),
(398, 80, '9e9f156bdc1285f17c9424732f253638e519bd81.jpeg', 2, 1, 1),
(399, 80, 'e75c5000a92dddc3a40d062650bd3adde30cbbb5.jpeg', 2, 2, 1),
(400, 80, 'bb7d30df72769367f91ab066f3bcc1386b682758.jpeg', 2, 3, 1),
(401, 80, '584196819b64e1c0c8e8860cdacc162fa13e6358.jpeg', 2, 4, 1),
(402, 80, 'be875310db806e678de41e20cc82b25ec4cdcf54.jpeg', 2, 5, 1),
(403, 83, '2498450c2bc478c9626905c0db5caacf6607aab1.jpeg', 1, 1, 1),
(404, 83, '00aba902b363f871b99fc5a476e3ecb4239b0bd3.jpeg', 2, 1, 1),
(405, 83, 'c17208a9f2b938ba7903c730d704f5a18b17097b.jpeg', 2, 2, 1),
(406, 83, '6079615cfd44c8bec065a4a7db532c5f90ef9013.jpeg', 2, 3, 1),
(407, 83, 'b2471e003adf0821cbd71880cc7f5a209520dc3a.jpeg', 2, 4, 1),
(408, 83, '95f8ae62027ddb0645d16b7d4197e5c13a489552.jpeg', 2, 5, 1),
(409, 84, '0d156d0cc5e46b26a8222ea89d79bb47b5995c23.jpeg', 1, 1, 1),
(410, 84, '5afa6992b6c3e5974538d3e65d5471c2b07f60c6.jpeg', 2, 1, 1),
(411, 84, '1e5ef82e847a6d83b1226e0af2e5b00036117e57.jpeg', 2, 2, 1),
(412, 84, '6dc51c0497452d50ba055979fe5564481d86ebd1.jpeg', 2, 3, 1),
(413, 84, 'c26b62669c4c863b4c6e3dcb1cb0c32e1d150775.jpeg', 2, 4, 1),
(414, 84, '2b2db6c0ee18d1e9767afa956600238b1000b1a3.jpeg', 2, 5, 1),
(421, 58, '095ca79f2b3ecf5fd5428e92ccc7bf2a2f47fd91.jpeg', 1, 1, 1),
(422, 58, '2bbdee630bd446f47cd7642af44bc612b3fd0b69.jpeg', 2, 1, 1),
(423, 58, '1f30c8b85ae6c2d0b7a37c7cfc13e87ee4d34886.jpeg', 2, 2, 1),
(424, 58, '3c1755f0607cbe1c7454ea8116f837de090582f7.jpeg', 2, 3, 1),
(425, 58, '2c50c997159824161746ac4ad3c96983fca0e239.jpeg', 2, 4, 1),
(426, 58, 'a61bd6755d2fc2250c8d6b72922b4a2096769915.jpeg', 2, 5, 1),
(427, 76, 'c88c73e6bb9b99bfc0bc9eae043051856e0b47a5.jpeg', 1, 1, 1),
(428, 76, 'a489619dbd203fbb63fa7028013a43655e3783b6.jpeg', 2, 1, 1),
(429, 76, '7cd0cd169f5448602b76b37e04833e2ae9480512.jpeg', 2, 3, 1),
(430, 76, 'fe79d7b075325e5b5f7b6e0b6f93db5047bc3779.jpeg', 2, 3, 1),
(431, 76, '75ae74a744e01bcdcf604bdc8f684d64f44035f3.jpeg', 2, 4, 1),
(432, 76, '229e047e463f864073c3f4117c22465921559b2a.jpeg', 2, 5, 1),
(433, 60, 'f69b2f99b8826814efe8a55dd1b245eff19b22ec.jpeg', 1, 1, 1),
(434, 60, 'a756a06ffbad6d4cecc0877359a6207821da2279.jpeg', 2, 1, 1),
(435, 60, 'dc82c1160926b50f6a327f19872acf1c44e946e1.jpeg', 2, 2, 1),
(436, 60, '83392efba48da329a016e7b87cfbe2367930af36.jpeg', 2, 3, 1),
(437, 60, '1f63dbad4c954fa0b7dfd8465b48a4853e89f2c4.jpeg', 2, 4, 1),
(438, 60, '6897a586dab5b2b82e826afbed04be1bb3cfe598.jpeg', 2, 5, 1),
(439, 75, '7a82e6d57a39bf950d31a75f63bf036da1e2fb6a.jpeg', 1, 1, 1),
(441, 75, '20b2b306730c608deb11dd059a318733c3d0b402.jpeg', 2, 3, 1),
(442, 75, '239ef4e06bb138b60110f11a3164056c11712d48.jpeg', 2, 2, 1),
(443, 75, '4ce6bc4ba992571d8dcdb8db088dfbb94f23a918.jpeg', 2, 4, 1),
(444, 75, '235d9625d9a2da5e0f154909eeca1fb851b0aeb5.jpeg', 2, 5, 1),
(445, 74, 'b85664526bb0ff52dbb959ba10d6b5229fd7d7f0.jpeg', 2, 1, 1),
(446, 74, 'dfda8b218406398fc736f0dba0e95b9336db1ab7.jpeg', 2, 2, 1),
(448, 74, '450da9771229775561588e08ab594fc5da3ed79a.jpeg', 2, 5, 1),
(449, 30, 'b13062210167d807f232487f9c5e633619b18ceb.jpeg', 2, 5, 1),
(450, 35, '22774501ec005763e7700e5f6c0be8b80a0cc5ca.jpeg', 2, 1, 1),
(451, 35, 'b9bcf3074f6a463cb26d1e4f1e17840807307478.jpeg', 2, 4, 1),
(452, 35, '79dd08780bf41b586ca0b4958eed0de84165dd65.jpeg', 2, 5, 1),
(453, 35, 'db15993e9fd5e88f83696fccd0192d66e62ccf21.jpeg', 2, 3, 1),
(454, 24, '778cd9043b1d3474f8ffd6c1522c0c85bcafb87d.jpeg', 1, 1, 1),
(455, 32, '648b4c708496b2fa7b5e803bb2e546823f8cb026.jpeg', 2, 5, 1),
(456, 32, 'b833d3b6df2afeedb07fd37a31d5ba2a4c739586.jpeg', 2, 3, 1),
(457, 33, '4866656fe9812f1eccac7ddafc523a4fd5de68c9.jpeg', 2, 3, 1),
(458, 75, 'e00e658dcdb4f5c3d34a1dde0ef6e83e32937115.jpeg', 2, 1, 1),
(459, 86, '891cf8b01bab1119c65144306a1eaef5a01e90ca.jpeg', 1, 1, 1),
(462, 86, '49f729c54c474f62eb69586587c0f869d7d1cd0c.jpeg', 2, 1, 1),
(465, 88, 'fde545c76c58c04204a92938ea3df5d3a3345e2d.jpeg', 1, 1, 1),
(466, 88, 'aec5660cbd5461d4cfc69bf3fef3ff20ba793a8c.jpeg', 2, 1, 1),
(468, 88, 'b41b412513da2c4036d9bdee76decef0f1a0d00c.jpeg', 2, 2, 1),
(469, 88, '50383ea9c1dd1bfef87abedf23f96158ba17f1da.jpeg', 2, 3, 1),
(470, 88, '784f083dae34f773fbfe9d0862922c5c3b3f3092.jpeg', 2, 4, 1);

-- --------------------------------------------------------

--
-- Structure de la table `ost_vo_plan_voyage`
--

CREATE TABLE IF NOT EXISTS `ost_vo_plan_voyage` (
  `id` int(11) NOT NULL AUTO_INCREMENT,
  `company_id` int(11) DEFAULT NULL,
  `periode_id` int(11) DEFAULT NULL,
  `description` longtext COLLATE utf8_unicode_ci NOT NULL,
  `ordre` int(11) NOT NULL,
  PRIMARY KEY (`id`),
  KEY `IDX_544FC9D979B1AD6` (`company_id`),
  KEY `IDX_544FC9DF384C1CF` (`periode_id`)
) ENGINE=InnoDB  DEFAULT CHARSET=utf8 COLLATE=utf8_unicode_ci AUTO_INCREMENT=5 ;

--
-- Contenu de la table `ost_vo_plan_voyage`
--

INSERT INTO `ost_vo_plan_voyage` (`id`, `company_id`, `periode_id`, `description`, `ordre`) VALUES
(1, 4, 8, '<p>D&eacute;part&nbsp;le 01/01/2015 &agrave; 14H30 vers Duba&icirc; EK 748&nbsp;<br />\r\nContinuation&nbsp;le 02/01/2015 &agrave; 03H10 vers Kuala EK 749</p>', 1),
(2, 5, 8, '<p>D&eacute;part&nbsp;le 08/01/2015 &agrave; 14H30 de Kuala vers Bangkok EK 760&nbsp;</p>', 2),
(3, 4, 11, '<p><strong>D&eacute;part</strong>&nbsp;le 01/01/2015 &agrave; 14H30 vers Duba&icirc; EK 748,&nbsp;<strong>Continuation</strong>&nbsp;le 02/01/2015 &agrave; 03H10 vers Kuala EK&nbsp;</p>', 1),
(4, 5, 11, '<p><strong>D&eacute;part</strong>&nbsp;le 08/01/2015 &agrave; 14H30 de Kuala vers Bangkok EK 760,&nbsp;<strong>D&eacute;part</strong>&nbsp;le 09/01/2015&agrave; 20H de Bangkok vers Poket EK 780</p>', 2);

-- --------------------------------------------------------

--
-- Structure de la table `ost_vo_reservations`
--

CREATE TABLE IF NOT EXISTS `ost_vo_reservations` (
  `id` int(11) NOT NULL AUTO_INCREMENT,
  `voyage_id` int(11) DEFAULT NULL,
  `client_id` int(11) DEFAULT NULL,
  `commentaire` longtext COLLATE utf8_unicode_ci,
  `responsable_id` int(11) DEFAULT NULL,
  `code` varchar(255) COLLATE utf8_unicode_ci DEFAULT NULL,
  `etat` int(11) NOT NULL,
  `frontOffice` tinyint(1) NOT NULL,
  `validated` datetime DEFAULT NULL,
  `created` datetime NOT NULL,
  `updated` datetime NOT NULL,
  `coordonnees` longtext COLLATE utf8_unicode_ci NOT NULL COMMENT '(DC2Type:array)',
  `supplements` longtext COLLATE utf8_unicode_ci NOT NULL COMMENT '(DC2Type:array)',
  `circuits` longtext COLLATE utf8_unicode_ci NOT NULL COMMENT '(DC2Type:array)',
  `frais` longtext COLLATE utf8_unicode_ci NOT NULL COMMENT '(DC2Type:array)',
  `pack_id` int(11) DEFAULT NULL,
  `timbre` decimal(11,3) NOT NULL,
  `remise` decimal(11,3) NOT NULL,
  `amicale_id` int(11) DEFAULT NULL,
  `validated_amicale` datetime DEFAULT NULL,
  `frais_dossier` decimal(11,3) NOT NULL,
  `remise_internet` decimal(11,3) NOT NULL,
  `observation` longtext COLLATE utf8_unicode_ci,
  `type_payement` int(11) DEFAULT NULL,
  `montant_payement_electronique` decimal(11,3) DEFAULT NULL,
  `status_payement` varchar(255) COLLATE utf8_unicode_ci DEFAULT NULL,
  `responsableAmicale_id` int(11) DEFAULT NULL,
  `devis` tinyint(1) NOT NULL,
  `clientArray` longtext COLLATE utf8_unicode_ci NOT NULL COMMENT '(DC2Type:array)',
  PRIMARY KEY (`id`),
  KEY `IDX_2B7779C668C9E5AF` (`voyage_id`),
  KEY `IDX_2B7779C619EB6921` (`client_id`),
  KEY `IDX_2B7779C653C59D72` (`responsable_id`),
  KEY `IDX_2B7779C61919B217` (`pack_id`),
  KEY `IDX_2B7779C6FEBD183` (`amicale_id`),
  KEY `IDX_2B7779C6F06C2258` (`responsableAmicale_id`)
) ENGINE=InnoDB  DEFAULT CHARSET=utf8 COLLATE=utf8_unicode_ci AUTO_INCREMENT=13 ;

--
-- Contenu de la table `ost_vo_reservations`
--

INSERT INTO `ost_vo_reservations` (`id`, `voyage_id`, `client_id`, `commentaire`, `responsable_id`, `code`, `etat`, `frontOffice`, `validated`, `created`, `updated`, `coordonnees`, `supplements`, `circuits`, `frais`, `pack_id`, `timbre`, `remise`, `amicale_id`, `validated_amicale`, `frais_dossier`, `remise_internet`, `observation`, `type_payement`, `montant_payement_electronique`, `status_payement`, `responsableAmicale_id`, `devis`, `clientArray`) VALUES
(4, 2, 4, NULL, NULL, NULL, 1, 1, NULL, '2015-08-10 21:39:14', '2015-08-10 21:39:14', 'a:4:{i:0;s:12:"zied kharraz";i:1;s:10:"53 980 209";i:2;N;i:3;s:5:"aaaaa";}', 'a:1:{i:0;i:1;}', 'a:1:{i:0;i:2;}', 'a:1:{i:0;i:3;}', 1, 0.000, 0.000, NULL, NULL, 0.000, 0.000, NULL, 0, NULL, NULL, NULL, 0, 'a:0:{}'),
(5, 2, 4, NULL, NULL, NULL, 1, 1, NULL, '2015-08-10 21:47:57', '2015-08-10 21:47:57', 'a:4:{i:0;s:12:"ZIed kharraz";i:1;s:10:"53 980 209";i:2;N;i:3;s:5:"teste";}', 'a:0:{}', 'a:1:{i:0;i:2;}', 'a:1:{i:0;i:3;}', 1, 0.000, 0.000, NULL, NULL, 0.000, 0.000, NULL, 0, NULL, NULL, NULL, 0, 'a:0:{}'),
(6, 2, 4, NULL, NULL, NULL, 1, 1, NULL, '2015-08-13 11:46:48', '2015-08-13 11:46:48', 'a:4:{i:0;s:12:"zied kharraz";i:1;s:10:"53 980 209";i:2;N;i:3;s:5:"aaaaa";}', 'a:0:{}', 'a:1:{i:0;i:2;}', 'a:1:{i:0;i:3;}', 1, 0.500, 0.000, NULL, NULL, 0.000, 0.000, NULL, 0, NULL, NULL, NULL, 0, 'a:0:{}'),
(7, 2, 4, NULL, 4, NULL, 1, 1, NULL, '2015-08-13 11:56:00', '2015-08-15 17:13:23', 'a:4:{i:0;s:12:"zied kharraz";i:1;s:10:"53 980 209";i:2;N;i:3;s:5:"aaaaa";}', 'a:0:{}', 'a:1:{i:0;i:2;}', 'a:2:{i:0;i:3;i:1;i:4;}', 1, 0.500, 25.000, NULL, NULL, 0.000, 0.000, NULL, 0, NULL, NULL, NULL, 0, 'a:0:{}'),
(8, 2, 4, NULL, 4, NULL, 2, 1, '2015-08-17 12:20:36', '2015-08-17 12:17:33', '2015-08-17 12:20:36', 'a:4:{i:0;s:12:"zied kharraz";i:1;s:10:"53 980 209";i:2;s:22:"zied.kharraz@gmail.com";i:3;s:5:"aaaaa";}', 'a:1:{i:0;i:1;}', 'a:1:{i:0;i:2;}', 'a:1:{i:0;i:3;}', 1, 0.500, 0.000, NULL, NULL, 0.000, 0.000, NULL, 0, NULL, NULL, NULL, 0, 'a:0:{}'),
(9, 8, 4, NULL, 4, NULL, 1, 1, NULL, '2015-09-02 10:42:19', '2015-09-02 10:43:27', 'a:4:{i:0;s:11:"Maacha Arbi";i:1;s:10:"52 557 390";i:2;s:10:"52 557 391";i:3;s:5:"Tunis";}', 'a:0:{}', 'a:0:{}', 'a:0:{}', 2, 0.500, 0.000, NULL, NULL, 0.000, 0.000, NULL, 0, NULL, NULL, NULL, 0, 'a:0:{}'),
(10, 1, 4, NULL, 4, NULL, 1, 1, NULL, '2015-10-01 14:47:13', '2015-10-01 14:47:32', 'a:4:{i:0;s:12:"zied kharraz";i:1;s:10:"53 980 209";i:2;s:22:"zied.kharraz@gmail.com";i:3;s:5:"aaaaa";}', 'a:0:{}', 'a:0:{}', 'a:0:{}', 4, 0.500, 0.000, NULL, NULL, 0.000, 0.000, NULL, 0, NULL, NULL, NULL, 0, 'a:0:{}'),
(11, 1, 4, NULL, 4, NULL, 1, 1, NULL, '2015-10-01 14:48:52', '2015-10-01 14:49:24', 'a:4:{i:0;s:12:"zied kharraz";i:1;s:10:"53 980 209";i:2;s:22:"zied.kharraz@gmail.com";i:3;s:5:"aaaaa";}', 'a:0:{}', 'a:0:{}', 'a:0:{}', 4, 0.500, 0.000, NULL, NULL, 0.000, 0.000, NULL, 0, NULL, NULL, NULL, 0, 'a:0:{}'),
(12, 1, 4, NULL, 4, NULL, 1, 1, NULL, '2015-10-17 12:25:34', '2015-10-17 12:26:47', 'a:4:{i:0;s:13:"monem ghrairi";i:1;s:10:"52 557 123";i:2;s:16:"sales@jektis.com";i:3;s:6:"ariana";}', 'a:0:{}', 'a:0:{}', 'a:0:{}', 4, 0.500, 0.000, NULL, NULL, 0.000, 0.000, NULL, 0, NULL, NULL, NULL, 0, 'a:0:{}');

-- --------------------------------------------------------

--
-- Structure de la table `ost_vo_reservations_chambres`
--

CREATE TABLE IF NOT EXISTS `ost_vo_reservations_chambres` (
  `id` int(11) NOT NULL AUTO_INCREMENT,
  `reservation_id` int(11) DEFAULT NULL,
  `type` int(11) NOT NULL,
  PRIMARY KEY (`id`),
  KEY `IDX_246F872BB83297E7` (`reservation_id`)
) ENGINE=InnoDB  DEFAULT CHARSET=utf8 COLLATE=utf8_unicode_ci AUTO_INCREMENT=14 ;

--
-- Contenu de la table `ost_vo_reservations_chambres`
--

INSERT INTO `ost_vo_reservations_chambres` (`id`, `reservation_id`, `type`) VALUES
(1, 4, 1),
(2, 4, 2),
(3, 5, 1),
(4, 6, 1),
(5, 7, 1),
(6, 7, 2),
(7, 8, 2),
(8, 9, 2),
(9, 10, 1),
(10, 10, 2),
(11, 11, 1),
(12, 11, 2),
(13, 12, 2);

-- --------------------------------------------------------

--
-- Structure de la table `ost_vo_reservations_lignes`
--

CREATE TABLE IF NOT EXISTS `ost_vo_reservations_lignes` (
  `id` int(11) NOT NULL AUTO_INCREMENT,
  `personne_id` int(11) DEFAULT NULL,
  `code` varchar(255) COLLATE utf8_unicode_ci NOT NULL,
  `libelle` varchar(255) COLLATE utf8_unicode_ci NOT NULL,
  `achat` decimal(11,3) NOT NULL,
  `vente` decimal(11,3) NOT NULL,
  PRIMARY KEY (`id`),
  KEY `IDX_29FAE891A21BD112` (`personne_id`)
) ENGINE=InnoDB  DEFAULT CHARSET=utf8 COLLATE=utf8_unicode_ci AUTO_INCREMENT=49 ;

--
-- Contenu de la table `ost_vo_reservations_lignes`
--

INSERT INTO `ost_vo_reservations_lignes` (`id`, `personne_id`, `code`, `libelle`, `achat`, `vente`) VALUES
(1, 1, 'chambre_single', 'Logement chambre single', 20.000, 45.000),
(2, 1, 'Supplement', 'All Inclusive', 15.000, 20.000),
(3, 1, 'CircuitAdl', 'Circuit ABC adulte', 25.000, 35.000),
(4, 1, 'FraisDiversAdl', 'Transport adulte', 25.000, 30.000),
(5, 2, 'chambre_double', 'Logement chambre double', 15.000, 35.000),
(6, 2, 'Supplement', 'All Inclusive', 15.000, 20.000),
(7, 2, 'CircuitEnf', 'Circuit ABC enfant', 15.000, 20.000),
(8, 2, 'FraisDiversEnf', 'Transport enfant', 15.000, 25.000),
(9, 3, 'chambre_double', 'Logement chambre double', 15.000, 35.000),
(10, 3, 'Supplement', 'All Inclusive', 15.000, 20.000),
(11, 3, 'CircuitEnf', 'Circuit ABC enfant', 15.000, 20.000),
(12, 3, 'FraisDiversEnf', 'Transport enfant', 15.000, 25.000),
(13, 4, 'chambre_single', 'Logement chambre single', 20.000, 45.000),
(14, 4, 'CircuitAdl', 'Circuit ABC adulte', 25.000, 35.000),
(15, 4, 'FraisDiversAdl', 'Transport adulte', 25.000, 30.000),
(16, 5, 'chambre_single', 'Logement chambre single', 20.000, 45.000),
(17, 5, 'CircuitAdl', 'Circuit ABC adulte', 25.000, 35.000),
(18, 5, 'FraisDiversAdl', 'Transport adulte', 25.000, 30.000),
(19, 6, 'chambre_single', 'Logement chambre single', 20.000, 45.000),
(20, 6, 'CircuitAdl', 'Circuit ABC adulte', 25.000, 35.000),
(21, 6, 'FraisDiversAdl', 'Transport adulte', 25.000, 30.000),
(22, 6, 'FraisDiversAdl', 'Piscine adulte', 5.000, 10.000),
(23, 7, 'chambre_double', 'Logement chambre double', 15.000, 35.000),
(24, 7, 'CircuitAdl', 'Circuit ABC adulte', 25.000, 35.000),
(25, 7, 'FraisDiversAdl', 'Transport adulte', 25.000, 30.000),
(26, 7, 'FraisDiversAdl', 'Piscine adulte', 5.000, 10.000),
(27, 8, 'chambre_double', 'Logement chambre double', 15.000, 35.000),
(28, 8, 'CircuitEnf', 'Circuit ABC enfant', 15.000, 20.000),
(29, 8, 'FraisDiversEnf', 'Transport enfant', 15.000, 25.000),
(30, 8, 'FraisDiversEnf', 'Piscine enfant', 5.000, 10.000),
(31, 9, 'chambre_double', 'Logement chambre double', 15.000, 35.000),
(32, 9, 'Supplement', 'All Inclusive', 15.000, 20.000),
(33, 9, 'CircuitEnf', 'Circuit ABC enfant', 15.000, 20.000),
(34, 9, 'FraisDiversEnf', 'Transport enfant', 15.000, 25.000),
(35, 10, 'chambre_double', 'Logement chambre double', 15.000, 35.000),
(36, 10, 'Supplement', 'All Inclusive', 15.000, 20.000),
(37, 10, 'CircuitEnf', 'Circuit ABC enfant', 15.000, 20.000),
(38, 10, 'FraisDiversEnf', 'Transport enfant', 15.000, 25.000),
(39, 11, 'chambre_double', 'Logement chambre double', 1000.000, 1300.000),
(40, 12, 'chambre_double', 'Logement chambre double', 900.000, 1100.000),
(41, 13, 'chambre_triple', 'Logement chambre triple', 5.000, 6.000),
(42, 14, 'chambre_triple', 'Logement chambre triple', 5.000, 6.000),
(43, 15, 'chambre_quadruple', 'Logement chambre quadruple', 7.000, 8.000),
(44, 16, 'chambre_quadruple', 'Logement chambre quadruple', 7.000, 8.000),
(45, 17, 'chambre_quadruple', 'Logement chambre quadruple', 7.000, 8.000),
(46, 18, 'chambre_quadruple', 'Logement chambre quadruple', 7.000, 8.000),
(47, 19, 'chambre_double', 'Logement chambre double', 3.000, 4.000),
(48, 20, 'chambre_double', 'Logement chambre double', 3.000, 4.000);

-- --------------------------------------------------------

--
-- Structure de la table `ost_vo_reservation_lignes`
--

CREATE TABLE IF NOT EXISTS `ost_vo_reservation_lignes` (
  `id` int(11) NOT NULL AUTO_INCREMENT,
  `nom_prenom` varchar(255) COLLATE utf8_unicode_ci NOT NULL,
  `age` int(11) DEFAULT NULL,
  `passport` varchar(100) COLLATE utf8_unicode_ci NOT NULL,
  `reservationA_id` int(11) DEFAULT NULL,
  `reservationE_id` int(11) DEFAULT NULL,
  PRIMARY KEY (`id`),
  KEY `IDX_9676F0918385C843` (`reservationA_id`),
  KEY `IDX_9676F091CE75F14` (`reservationE_id`)
) ENGINE=InnoDB DEFAULT CHARSET=utf8 COLLATE=utf8_unicode_ci AUTO_INCREMENT=1 ;

-- --------------------------------------------------------

--
-- Structure de la table `ost_vo_reservation_personnes`
--

CREATE TABLE IF NOT EXISTS `ost_vo_reservation_personnes` (
  `id` int(11) NOT NULL AUTO_INCREMENT,
  `chambre_id` int(11) DEFAULT NULL,
  `enfant` tinyint(1) DEFAULT NULL,
  `nom_prenom` varchar(255) COLLATE utf8_unicode_ci NOT NULL,
  `age` int(11) DEFAULT NULL,
  `passport` varchar(100) COLLATE utf8_unicode_ci DEFAULT NULL,
  `chambreContingent_id` int(11) DEFAULT NULL,
  PRIMARY KEY (`id`),
  KEY `IDX_42B3F65C9B177F54` (`chambre_id`),
  KEY `IDX_42B3F65C43851422` (`chambreContingent_id`)
) ENGINE=InnoDB  DEFAULT CHARSET=utf8 COLLATE=utf8_unicode_ci AUTO_INCREMENT=21 ;

--
-- Contenu de la table `ost_vo_reservation_personnes`
--

INSERT INTO `ost_vo_reservation_personnes` (`id`, `chambre_id`, `enfant`, `nom_prenom`, `age`, `passport`, `chambreContingent_id`) VALUES
(1, 1, 0, 'zied kharraz', NULL, '5243431441', NULL),
(2, 2, 1, 'fradh fadhloun', 10, '515151698882', NULL),
(3, 2, 1, 'foulen ben foulen', 12, '525252551121', NULL),
(4, 3, 0, 'zied kharraz', NULL, '524343', NULL),
(5, 4, 0, 'zied kharraz', NULL, '524343', NULL),
(6, 5, 0, 'zied kharraz', NULL, '524343', NULL),
(7, 6, 0, 'zied kharraz', NULL, '42042420420', NULL),
(8, 6, 1, 'zied kharraz', 10, '57272757525', NULL),
(9, 7, 1, 'zied kharraz', 12, '42042420420', NULL),
(10, 7, 1, 'Fradh Fadhloun', 12, '57272757525', NULL),
(11, 8, 0, 'Maacha Arbi', NULL, '1213654', NULL),
(12, 8, 0, 'Othman Asma', NULL, '32154688', NULL),
(13, 9, 0, 'Foulen ben foulen', NULL, '445343435434', 27),
(14, 10, 0, 'zied kharraz', NULL, '12312321321', 27),
(15, 10, 1, 'Fradh Fadhloun', 10, '12321321313', 28),
(16, 11, 0, 'zied kharraz', NULL, '453543543', 28),
(17, 12, 0, 'fradh fadhloun', NULL, '5646546456', 28),
(18, 12, 0, 'Fradh Fadhloun', NULL, '546453543', 28),
(19, 13, 1, 'monem ghrairi', 10, 'd458854', NULL),
(20, 13, 1, 'MAHDIA BEACH', 8, 'dr', NULL);

-- --------------------------------------------------------

--
-- Structure de la table `ost_vo_themes`
--

CREATE TABLE IF NOT EXISTS `ost_vo_themes` (
  `id` int(11) NOT NULL AUTO_INCREMENT,
  `libelle` varchar(255) COLLATE utf8_unicode_ci NOT NULL,
  `themeCategorie_id` int(11) DEFAULT NULL,
  PRIMARY KEY (`id`),
  KEY `IDX_88A8E43212529D24` (`themeCategorie_id`)
) ENGINE=InnoDB  DEFAULT CHARSET=utf8 COLLATE=utf8_unicode_ci AUTO_INCREMENT=15 ;

--
-- Contenu de la table `ost_vo_themes`
--

INSERT INTO `ost_vo_themes` (`id`, `libelle`, `themeCategorie_id`) VALUES
(1, 'Voyages de Noces', NULL),
(2, 'Découverte', NULL),
(3, 'Excursions', NULL),
(4, 'Groupe', NULL),
(5, 'Croisières', NULL),
(6, 'Famille', NULL),
(7, 'Week end', NULL),
(8, 'Sport Aventure', NULL),
(9, 'Europe', NULL),
(10, 'Méditerranée', NULL),
(11, 'De 3 à 6 jours', 2),
(12, 'De 7 à 10 jours', 2),
(13, 'Plus que 11 jours', 2),
(14, 'jusqu''au 1000 dt', 1);

-- --------------------------------------------------------

--
-- Structure de la table `ost_vo_themes_categories`
--

CREATE TABLE IF NOT EXISTS `ost_vo_themes_categories` (
  `id` int(11) NOT NULL AUTO_INCREMENT,
  `libelle` varchar(255) COLLATE utf8_unicode_ci NOT NULL,
  PRIMARY KEY (`id`)
) ENGINE=InnoDB  DEFAULT CHARSET=utf8 COLLATE=utf8_unicode_ci AUTO_INCREMENT=3 ;

--
-- Contenu de la table `ost_vo_themes_categories`
--

INSERT INTO `ost_vo_themes_categories` (`id`, `libelle`) VALUES
(1, 'Budget'),
(2, 'Durée');

-- --------------------------------------------------------

--
-- Structure de la table `ost_vo_visas`
--

CREATE TABLE IF NOT EXISTS `ost_vo_visas` (
  `id` int(11) NOT NULL AUTO_INCREMENT,
  `voyage_id` int(11) DEFAULT NULL,
  `titre` varchar(255) COLLATE utf8_unicode_ci NOT NULL,
  `texte` longtext COLLATE utf8_unicode_ci NOT NULL,
  `ordre` int(11) NOT NULL,
  PRIMARY KEY (`id`),
  KEY `IDX_2D62B51768C9E5AF` (`voyage_id`)
) ENGINE=InnoDB  DEFAULT CHARSET=utf8 COLLATE=utf8_unicode_ci AUTO_INCREMENT=7 ;

--
-- Contenu de la table `ost_vo_visas`
--

INSERT INTO `ost_vo_visas` (`id`, `voyage_id`, `titre`, `texte`, `ordre`) VALUES
(3, 86, 'Piéces à fournir :', 'Passeport valide. Pas de visa nécessaire pour les personnes de l''Union Européenne.', 1),
(4, 86, 'Formulaire :', 'Passeport valide. Pas de visa nécessaire pour les personnes de l''Union Européenne.', 2),
(5, 86, 'Autorisation parentale :', 'Passeport valide. Pas de visa nécessaire pour les personnes de l''Union Européenne.', 3),
(6, 86, 'Prise en charge :', 'Passeport valide. Pas de visa nécessaire pour les personnes de l''Union Européenne.', 4);

-- --------------------------------------------------------

--
-- Structure de la table `ost_vo_voyages`
--

CREATE TABLE IF NOT EXISTS `ost_vo_voyages` (
  `id` int(11) NOT NULL AUTO_INCREMENT,
  `nbr_jour` int(11) NOT NULL,
  `nbr_nuit` int(11) NOT NULL,
  `prix` decimal(11,3) DEFAULT NULL,
  `description_courte` longtext COLLATE utf8_unicode_ci NOT NULL,
  `created` datetime NOT NULL,
  `updated` datetime NOT NULL,
  `destination_id` int(11) DEFAULT NULL,
  `libelle` varchar(255) COLLATE utf8_unicode_ci NOT NULL,
  `slug` varchar(128) COLLATE utf8_unicode_ci NOT NULL,
  `type` int(11) NOT NULL,
  `aPartirDe` tinyint(1) DEFAULT NULL,
  `etat` tinyint(1) NOT NULL,
  `responsable_name` varchar(255) COLLATE utf8_unicode_ci DEFAULT NULL,
  `responsable_tel1` varchar(255) COLLATE utf8_unicode_ci DEFAULT NULL,
  `responsable_tel2` varchar(255) COLLATE utf8_unicode_ci DEFAULT NULL,
  `prix_compris` varchar(255) COLLATE utf8_unicode_ci DEFAULT NULL,
  `villes` varchar(255) COLLATE utf8_unicode_ci DEFAULT NULL,
  `titre_promtion` varchar(255) COLLATE utf8_unicode_ci DEFAULT NULL,
  `vol` tinyint(1) DEFAULT NULL,
  `bateau` tinyint(1) DEFAULT NULL,
  `autocar` tinyint(1) DEFAULT NULL,
  `train` tinyint(1) DEFAULT NULL,
  `hotels` tinyint(1) DEFAULT NULL,
  `updated_at` datetime DEFAULT NULL,
  `path` varchar(255) COLLATE utf8_unicode_ci DEFAULT NULL,
  `min_age1` decimal(4,2) DEFAULT NULL,
  `max_age1` decimal(4,2) DEFAULT NULL,
  `min_age2` decimal(4,2) DEFAULT NULL,
  `max_age2` decimal(4,2) DEFAULT NULL,
  `comprend` longtext COLLATE utf8_unicode_ci,
  `ne_comprend_pas` longtext COLLATE utf8_unicode_ci,
  PRIMARY KEY (`id`),
  UNIQUE KEY `UNIQ_A911B37C989D9B62` (`slug`),
  KEY `IDX_A911B37C816C6140` (`destination_id`)
) ENGINE=InnoDB  DEFAULT CHARSET=utf8 COLLATE=utf8_unicode_ci AUTO_INCREMENT=89 ;

--
-- Contenu de la table `ost_vo_voyages`
--

INSERT INTO `ost_vo_voyages` (`id`, `nbr_jour`, `nbr_nuit`, `prix`, `description_courte`, `created`, `updated`, `destination_id`, `libelle`, `slug`, `type`, `aPartirDe`, `etat`, `responsable_name`, `responsable_tel1`, `responsable_tel2`, `prix_compris`, `villes`, `titre_promtion`, `vol`, `bateau`, `autocar`, `train`, `hotels`, `updated_at`, `path`, `min_age1`, `max_age1`, `min_age2`, `max_age2`, `comprend`, `ne_comprend_pas`) VALUES
(1, 9, 7, 3100.000, 'Las Vegas et les Parcs Nationaux', '2015-07-14 15:27:45', '2016-01-13 13:33:26', 1, 'Las Vegas et les Parcs Nationaux', 'las-vegas-et-les-parcs-nationaux', 1, NULL, 1, NULL, NULL, NULL, NULL, NULL, NULL, NULL, NULL, NULL, NULL, NULL, '2016-01-13 13:33:26', NULL, 0.00, 0.00, NULL, NULL, NULL, NULL),
(2, 4, 5, 4500.000, 'Per hoc minui studium suum existimans Paulus, ut erat in conplicandis negotiis artifex dirus, unde ei Catenae inditum est cognomentum, vicarium ipsum eos quibus praeerat adhuc defensantem ad sortem periculorum communium traxit. et instabat ut eum quoque cum tribunis et aliis pluribus ad comitatum imperatoris vinctum perduceret: quo percitus ille exitio urgente abrupto ferro eundem adoritur Paulum.', '2015-07-23 16:32:33', '2015-08-05 12:12:49', 1, 'Disneyland', 'disneyland', 1, NULL, 0, NULL, NULL, NULL, NULL, NULL, NULL, NULL, NULL, NULL, NULL, NULL, NULL, NULL, 0.00, 0.00, NULL, NULL, NULL, NULL),
(3, 4, 5, 2440.000, 'Ideoque fertur neminem aliquando ob haec vel similia poenae addictum oblato de more elogio revocari iussisse, quod inexorabiles quoque principes factitarunt. et exitiale hoc vitium, quod in aliis non numquam intepescit, in illo aetatis progressu effervescebat, obstinatum eius propositum accendente adulatorum cohorte.', '2015-07-27 19:57:45', '2015-07-27 19:57:45', 1, 'Disneyland', 'disneyland-1', 1, NULL, 0, NULL, NULL, NULL, NULL, NULL, NULL, NULL, NULL, NULL, NULL, NULL, NULL, NULL, 0.00, 0.00, NULL, NULL, NULL, NULL),
(4, 6, 5, 1099.000, 'Un sentiment très étrange vous envahit en contemplant les eaux du Bosphore...', '2015-07-29 14:43:54', '2015-07-29 14:43:54', 2, 'Istanbul', 'istanbul', 1, NULL, 0, NULL, NULL, NULL, NULL, NULL, NULL, NULL, NULL, NULL, NULL, NULL, NULL, NULL, 0.00, 0.00, NULL, NULL, NULL, NULL),
(5, 4, 3, 0.000, 'Les buildings les plus futuristes, les centres commerciaux les plus extravagants, des îlots artificiels, le tout sur fond de désert… Cette escapade à Dubaï vous surprendra en tous points !', '2015-09-02 09:09:13', '2015-10-03 10:17:05', 29, 'Aperçu de Dubaï', 'apercu-de-dubai', 1, NULL, 0, NULL, NULL, NULL, NULL, NULL, NULL, NULL, NULL, NULL, NULL, NULL, NULL, NULL, 0.00, 0.00, NULL, NULL, NULL, NULL),
(6, 7, 6, 0.000, 'En une semaine, vous aurez le temps de parcourir le triangle des Emirats (Dubaï, Abu Dhabi et Al Ain) ainsi que Sharjah et Ajman. Les buildings les plus futuristes, les centres commerciaux les plus extravagants, des îlots artificiels, le tout sur fond de désert… Votre escapade à Dubaï vous surprendra en tous points ! Parcourez ensuite Abu Dhabi, la capitale des Emirats qui, malgré son modernisme, conserve une ambiance typiquement arabe. Vous pourrez y découvrir quelques-uns des musées les plus populaires au monde. Continuez votre périple par Al Aïn, la “ville jardin” du Golfe. Les sentiers frais, ombragés de l''Oasis d''Al Aïn vous transportent de la chaleur et du bruit de la cité vers un havre tranquille. Enfin, découvrez l''Emirat de Sharjah, surnommé la "perle" du golfe avec ses mosquées et souks, puis Ajman et ses 16 kilomètres de plage de sable blanc.', '2015-09-02 09:50:42', '2015-10-03 09:43:54', 29, 'Dubaï : Parfum d''Arabie', 'dubai-parfum-d-arabie', 1, NULL, 0, NULL, NULL, NULL, NULL, NULL, NULL, NULL, NULL, NULL, NULL, NULL, NULL, NULL, 0.00, 0.00, NULL, NULL, NULL, NULL),
(7, 12, 10, 0.000, 'On Dirait Le Sud', '2015-09-02 10:17:14', '2016-01-12 16:04:08', 1, 'On Dirait Le Sud', 'on-dirait-le-sud', 1, NULL, 0, NULL, NULL, NULL, NULL, NULL, NULL, NULL, NULL, NULL, NULL, NULL, '2016-01-12 16:04:08', NULL, 0.00, 0.00, NULL, NULL, NULL, NULL),
(8, 15, 14, 2200.000, 'mqsifùqposhvùqposdivùqsdv\r\nqsdvqsdvqsdvqsdv', '2015-09-02 10:27:25', '2015-09-02 10:27:25', 6, 'Omra 2015', 'omra-2015', 1, NULL, 0, NULL, NULL, NULL, NULL, NULL, NULL, NULL, NULL, NULL, NULL, NULL, NULL, NULL, 0.00, 0.00, NULL, NULL, NULL, NULL),
(9, 13, 12, 3500.000, 'Un voyage en petit groupe avec guide francophone et anglophone qui vous fera découvrir les incontournables d''Australie : Sydney et les Blue Mountains, le Centre Rouge en safari 4x4, la Grande Barrière de Corail et la région du Daintree également en safari 4x4.', '2015-09-02 10:48:55', '2016-01-12 21:28:12', 7, 'Australie : Aventures Australiennes', 'australie-aventures-australiennes', 1, NULL, 0, NULL, NULL, NULL, NULL, NULL, NULL, NULL, NULL, NULL, NULL, NULL, '2016-01-12 21:28:12', NULL, 0.00, 0.00, NULL, NULL, NULL, NULL),
(10, 13, 12, 0.000, 'Circuit insolite avec une sélection d’hôtels de charme propice à une lune de miel\r\nPassant par les deux côtes et la vallée centrale, il concilie la découverte de la nature exubérante du pays et se termine par une fin de circuit farniente sur une superbe plage.', '2015-09-02 11:07:08', '2015-10-02 13:53:44', 1, 'Costa Rica : Circuit Lune de Miel', 'costa-rica-circuit-lune-de-miel', 1, NULL, 0, NULL, NULL, NULL, NULL, NULL, NULL, NULL, NULL, NULL, NULL, NULL, NULL, NULL, 0.00, 0.00, NULL, NULL, NULL, NULL),
(11, 16, 17, 0.000, 'Un étourdissant voyage au Rajasthan. Découvrez les palais luxueux, les villages colorés et les temples vibrants des royaumes rajpoutes, qui ont également influencé l''architecture moghole, dont le fleuron reste le Taj Mahal. Un circuit classique, idéal pour une première approche de l''Inde ou une re-découverte du Rajasthan en finesse.\r\nExtensions possibles à Varanasi (+3j) ou à Orchha et Khajuraho (+3j)', '2015-09-02 11:39:16', '2015-10-03 09:52:12', 28, 'Inde', 'inde', 1, NULL, 0, NULL, NULL, NULL, NULL, NULL, NULL, NULL, NULL, NULL, NULL, NULL, NULL, NULL, 0.00, 0.00, NULL, NULL, NULL, NULL),
(12, 21, 20, 0.000, 'Votre périple commence dans le sud du pays, vous alternerez entre grandes villes et étapes nature : Melbourne la « Multi Culturelle », la Grande Route de l’Océan qui longue la cote sur des centaines de kilomètres, Kangaroo Island, Adelaide la « Tranquille ».\r\nEnsuite, changement de décor : vous laisserez la cote pour le centre du pays, la mer a laissé place à la terre rouge et a des formations rocheuses impressionnantes.\r\nVous irez ensuite vous détendre à Cairns, petite ville tropicale d’où vous explorerez lamagnifique Barrière de Corail et finirez votre séjour à Sydney, l’une des plus belles villes au Monde', '2015-09-02 11:52:28', '2015-09-23 15:49:36', 7, 'Australie : Découverte  Côtes Sud et Est', 'australie-decouverte-cotes-sud-et-est', 1, NULL, 0, NULL, NULL, NULL, NULL, NULL, NULL, NULL, NULL, NULL, NULL, NULL, NULL, NULL, 0.00, 0.00, NULL, NULL, NULL, NULL),
(13, 6, 5, 0.000, 'Profitez d’une courte semaine pour parcourir le triangle des Emirats : Dubaï, Abu Dhabi et Al Ain. Les buildings les plus futuristes, les centres commerciaux les plus extravagants, des îlots artificiels, le tout sur fond de désert… Votre escapade à Dubaï vous surprendra en tous points ! Parcourez ensuite Abu Dhabi, la capitale des Emirats qui, malgré son modernisme, conserve une ambiance typiquement arabe. Vous pourrez y découvrir quelques-uns des musées les plus populaires au monde. Finissez votre périple par Al Aïn, la “ville jardin” du Golfe. Les sentiers frais, ombragés de l''Oasis d''Al Aïn vous transportent de la chaleur et du bruit de la cité vers un havre tranquille.', '2015-09-02 13:14:17', '2015-10-03 09:43:36', 29, 'Le Cafharme Des Emirats', 'le-cafharme-des-emirats', 1, NULL, 0, NULL, NULL, NULL, NULL, NULL, NULL, NULL, NULL, NULL, NULL, NULL, NULL, NULL, 0.00, 0.00, NULL, NULL, NULL, NULL),
(14, 8, 7, 0.000, 'En une semaine, vous aurez le temps de parcourir le triangle des Emirats (Dubaï, Abu Dhabi et Al Ain) ainsi que d’autres Emirats comme Sharjah, Ajman, Fujairah et Ras Al Khaima. Les buildings les plus futuristes, les centres commerciaux les plus extravagants, des îlots artificiels, le tout sur fond de désert… Votre escapade à Dubaï vous surprendra en tous points ! Parcourez ensuite Abu Dhabi, la capitale des Emirats qui, malgré son modernisme, conserve une ambiance typiquement arabe. Vous pourrez y découvrir quelques-uns des musées les plus populaires au monde. Continuez votre périple par Al Aïn, la “ville jardin” du Golfe. Les sentiers frais, ombragés de l''Oasis d''Al Aïn vous transportent de la chaleur et du bruit de la cité vers un havre tranquille. Découvrez l''Emirat de Sharjah, surnommé la "perle" du golfe avec ses mosquées et souks, puis Ajman et ses 16 kilomètres de plage de sable blanc. Enfin, rendez-vous sur la côte est pour visiter les Emirats de Fujairah et Ras Al Khaima, leurs villages traditionnels et leurs plages de sable blanc.', '2015-09-02 13:22:39', '2015-10-03 09:44:14', 29, 'Dubaï : Le Plein D''expérience Aux Emirats', 'dubai-le-plein-d-experience-aux-emirats', 1, NULL, 0, NULL, NULL, NULL, NULL, NULL, NULL, NULL, NULL, NULL, NULL, NULL, NULL, NULL, 0.00, 0.00, NULL, NULL, NULL, NULL),
(15, 11, 10, 0.000, 'Que reste-t-il du faste des princes indiens ? Plongez-vous dans l''histoire mouvementée des royaumes du Rajasthan, où Moghols et Maharajas rivalisaient dans des conditions pourtant extrêmes : désert, jungle...\r\nExtensions possibles à Goa ou au Kerala', '2015-09-02 13:34:36', '2015-09-23 15:53:26', 11, 'Delhi, Taj Mahal et Rajasthan', 'delhi-taj-mahal-et-rajasthan', 1, NULL, 0, NULL, NULL, NULL, NULL, NULL, NULL, NULL, NULL, NULL, NULL, NULL, NULL, NULL, 0.00, 0.00, NULL, NULL, NULL, NULL),
(16, 14, 13, 0.000, 'Les secrets de la jungle, l’immensité du désert et les rencontres séduiront les plus petits… et les plus grands ! Avec ses palais somptueux de Maharajas, ses forteresses cossues et ses fiers seigneurs Rajputs. Une mosaïque de paysages vous y attend, de la douceur des monts Aravelli, à l’extrême aridité du Thar, ses dunes et ses petits villages émergeant du désert...', '2015-09-02 13:47:49', '2015-09-23 10:48:58', 12, 'Delhi Taj Mahal Rajasthan et Désert du Thar', 'delhi-taj-mahal-rajasthan-et-desert-du-thar', 1, NULL, 0, NULL, NULL, NULL, NULL, NULL, NULL, NULL, NULL, NULL, NULL, NULL, NULL, NULL, 0.00, 0.00, NULL, NULL, NULL, NULL),
(17, 6, 4, 0.000, 'Départ de miami', '2015-09-03 09:00:52', '2015-10-06 14:34:47', 1, 'Croisière aux Bahamas', 'croisiere-aux-bahamas', 1, NULL, 0, NULL, NULL, NULL, NULL, NULL, NULL, NULL, NULL, NULL, NULL, NULL, NULL, NULL, 0.00, 0.00, NULL, NULL, NULL, NULL),
(18, 7, 5, 0.000, 'Départ de port canaveral', '2015-09-03 09:16:03', '2015-10-02 13:55:29', 1, 'Croisière Floride & Bahamas', 'croisiere-floride-bahamas', 1, NULL, 0, NULL, NULL, NULL, NULL, NULL, NULL, NULL, NULL, NULL, NULL, NULL, NULL, NULL, 0.00, 0.00, NULL, NULL, NULL, NULL),
(19, 9, 7, 0.000, 'Les must see de la floride', '2015-09-03 09:42:57', '2015-10-06 14:37:05', 1, 'Les must see de la floride', 'les-must-see-de-la-floride', 1, NULL, 0, NULL, NULL, NULL, NULL, NULL, NULL, NULL, NULL, NULL, NULL, NULL, NULL, NULL, 0.00, 0.00, NULL, NULL, NULL, NULL),
(20, 10, 7, 1190.000, 'POINTS FORTS\r\nUn circuit bien rythmé combinant les incontournables du patrimoine chinois et les rencontres avec la population.\r\n5 sites classés par l’Unesco (marqués par des *).\r\n3 trajets en train afin de réduire le temps de transport par la route.\r\nNombreux spectacles et dégustations de spécialités chinoises.\r\nBoissons incluses à chaque repas : bière ou eau ou soft drink + thé à volonté.', '2015-09-03 10:25:26', '2015-10-03 09:44:43', 28, 'Découverte Chinoise', 'decouverte-chinoise', 1, NULL, 0, NULL, NULL, NULL, NULL, NULL, NULL, NULL, NULL, NULL, NULL, NULL, NULL, NULL, 0.00, 0.00, NULL, NULL, NULL, NULL),
(21, 12, 9, 1550.000, 'POINTS FORTS\r\nLes 6 sites classés par l’Unesco (marqués par des *).\r\nUne autre façon de voyager : nuit en train couchette, balade en tricycle dans le quartier des Hutongs. \r\nSpectacles d’acrobates et de Kung Fu par les moines Shaolin.\r\nNombreuses spécialités culinaires.', '2015-09-03 10:39:17', '2015-10-03 09:45:02', 28, 'Découverte Authentique de la Chine', 'decouverte-authentique-de-la-chine', 1, NULL, 0, NULL, NULL, NULL, NULL, NULL, NULL, NULL, NULL, NULL, NULL, NULL, NULL, NULL, 0.00, 0.00, NULL, NULL, NULL, NULL),
(22, 15, 12, 2240.000, 'POINTS FORTS\r\nLes 6 sites classés par l’Unesco (marqués par des *).\r\nUne autre façon de voyager : nuit en train couchette, balade en tricycle dans le quartier des Hutongs. \r\nSpectacles d’acrobates et de Kung Fu par les moines Shaolin.\r\nNombreuses spécialités culinaires. \r\n4 nuits dans le sud de la Chine, dont une nuit à Hong  Kong.', '2015-09-03 10:59:49', '2015-10-03 09:45:19', 28, 'Grand Tour Authentique de la Chine', 'grand-tour-authentique-de-la-chine', 1, NULL, 0, NULL, NULL, NULL, NULL, NULL, NULL, NULL, NULL, NULL, NULL, NULL, NULL, NULL, 0.00, 0.00, NULL, NULL, NULL, NULL),
(23, 8, 7, 0.000, 'Les Merveilles du Portugal', '2015-09-03 11:38:12', '2015-10-02 13:59:35', 27, 'Les Merveilles du Portugal', 'les-merveilles-du-portugal', 1, NULL, 0, NULL, NULL, NULL, NULL, NULL, NULL, NULL, NULL, NULL, NULL, NULL, NULL, NULL, 0.00, 0.00, NULL, NULL, NULL, NULL),
(24, 8, 7, 0.000, 'Portugal historique', '2015-09-03 12:19:24', '2015-10-02 13:59:16', 27, 'Portugal historique', 'portugal-historique', 1, NULL, 0, NULL, NULL, NULL, NULL, NULL, NULL, NULL, NULL, NULL, NULL, NULL, NULL, NULL, 0.00, 0.00, NULL, NULL, NULL, NULL),
(25, 12, 10, 0.000, 'Les splendeurs de l''ouest', '2015-09-03 13:36:43', '2015-10-02 13:56:19', 1, 'Les splendeurs de l''ouest', 'les-splendeurs-de-l-ouest', 1, NULL, 0, NULL, NULL, NULL, NULL, NULL, NULL, NULL, NULL, NULL, NULL, NULL, NULL, NULL, 0.00, 0.00, NULL, NULL, NULL, NULL),
(26, 9, 7, 0.000, 'Départ de New York', '2015-09-03 14:12:57', '2015-10-06 14:47:06', 1, 'Croisière aux Bahamas', 'croisiere-aux-bahamas-1', 1, NULL, 0, NULL, NULL, NULL, NULL, NULL, NULL, NULL, NULL, NULL, NULL, NULL, NULL, NULL, 0.00, 0.00, NULL, NULL, NULL, NULL),
(27, 16, 14, 0.000, 'Moto Tour « Route 66 »', '2015-09-04 09:26:29', '2015-10-02 13:59:59', 1, 'Moto Tour « Route 66 »', 'moto-tour-route-66', 1, NULL, 0, NULL, NULL, NULL, NULL, NULL, NULL, NULL, NULL, NULL, NULL, NULL, NULL, NULL, 0.00, 0.00, NULL, NULL, NULL, NULL),
(28, 8, 7, 0.000, 'Un circuit authentique reliant les trois capitales impériales', '2015-09-07 09:31:33', '2015-10-03 10:32:55', 27, 'Prague-vienne-Budapest', 'prague-vienne-budapest', 1, NULL, 0, NULL, NULL, NULL, NULL, NULL, NULL, NULL, NULL, NULL, NULL, NULL, NULL, NULL, 0.00, 0.00, NULL, NULL, NULL, NULL),
(29, 8, 7, 0.000, 'Un circuit de l''Europe centrale', '2015-09-07 09:51:41', '2015-10-03 10:35:06', 27, 'Prague-Vienne', 'prague-vienne', 1, NULL, 0, NULL, NULL, NULL, NULL, NULL, NULL, NULL, NULL, NULL, NULL, NULL, NULL, NULL, 0.00, 0.00, NULL, NULL, NULL, NULL),
(30, 10, 9, 0.000, 'Berlin - Dresde - Prague -Bratislava - Budapest - Vienne', '2015-09-07 10:09:36', '2015-10-03 10:41:00', 27, 'L’Europe Centrale de Berlin à Budapest', 'l-europe-centrale-de-berlin-a-budapest', 1, NULL, 0, NULL, NULL, NULL, NULL, NULL, NULL, NULL, NULL, NULL, NULL, NULL, NULL, NULL, 0.00, 0.00, NULL, NULL, NULL, NULL),
(31, 10, 9, 0.000, 'Un Circuit De L''europe Centrale', '2015-09-07 10:20:05', '2015-10-03 09:48:07', 27, 'Un Circuit De L''europe Centrale', 'un-circuit-de-l-europe-centrale-3', 1, NULL, 0, NULL, NULL, NULL, NULL, NULL, NULL, NULL, NULL, NULL, NULL, NULL, NULL, NULL, 0.00, 0.00, NULL, NULL, NULL, NULL),
(32, 4, 3, 0.000, 'Barcelone est connue comme la capitale du Modernisme, où a vécu et travaillé\r\nl''architecte célèbre Antoni Gaudí.\r\nGaudí, un des grands innovateurs de son temps, a laissé sur ses traces de nombreux\r\ntrésors à découvrir. Barcelone Artistique commence son parcours par la Basilique\r\nSagrada Familia, chef-d''oeuvre que Gaudí a laissé inachevé, monument le plus célèbre\r\nde Barcelone. nous ferons une visite extérieur de la basilique. . Ensuite, à 30 minutes\r\nde distance, nous visiterons le Parc fantastique Güell, lequel a été déclaré monument\r\nartistique et patrimoine de l''humanité par l''UNESCO.\r\n. Ensuite, notre visite continue à pied par Passeig de Gràcia, pour admirer les célèbres\r\nbâtiments de Gaudí comme la Maison Milà « la Pedrera » et Marie Batlló.\r\nLa visite termine près de la Maison Batlló en Passeig de Gràcia 43.', '2015-09-17 13:07:32', '2015-10-03 10:08:28', 27, 'Départ garanti Barcelone-Montserrat', 'depart-garanti-barcelone-montserrat', 1, NULL, 0, NULL, NULL, NULL, NULL, NULL, NULL, NULL, NULL, NULL, NULL, NULL, NULL, NULL, 0.00, 0.00, NULL, NULL, NULL, NULL),
(33, 4, 3, 0.000, 'Départ garanti', '2015-09-17 13:18:58', '2015-10-03 10:06:31', 27, 'Départ garanti Madrid Tolédo', 'depart-garanti-madrid-toledo', 1, NULL, 0, NULL, NULL, NULL, NULL, NULL, NULL, NULL, NULL, NULL, NULL, NULL, NULL, NULL, 0.00, 0.00, NULL, NULL, NULL, NULL),
(34, 8, 7, 0.000, 'ITINÉRAIRE\r\nSAINT-PÉTERSBOURG – MOSCOU « AU COMPLET »', '2015-09-17 13:31:34', '2015-10-03 10:26:08', 27, 'Croisière Saint-Pétersbourg-Moscou', 'croisiere-saint-petersbourg-moscou', 1, NULL, 0, NULL, NULL, NULL, NULL, NULL, NULL, NULL, NULL, NULL, NULL, NULL, NULL, NULL, 0.00, 0.00, NULL, NULL, NULL, NULL),
(35, 4, 3, 0.000, 'WEEKEND SAINT-PÉTERSBOURG « EN LIBERTÉ »', '2015-09-17 13:45:57', '2015-10-03 09:48:56', 27, 'GOINGRUSSIA', 'goingrussia-1', 1, NULL, 0, NULL, NULL, NULL, NULL, NULL, NULL, NULL, NULL, NULL, NULL, NULL, NULL, NULL, 0.00, 0.00, NULL, NULL, NULL, NULL),
(51, 10, 7, 0.000, 'Reflets de Thaïlande', '2015-09-22 09:56:16', '2015-10-03 09:47:37', 28, 'Reflets de Thaïlande', 'reflets-de-thailande', 1, NULL, 0, NULL, NULL, NULL, NULL, NULL, NULL, NULL, NULL, NULL, NULL, NULL, NULL, NULL, 0.00, 0.00, NULL, NULL, NULL, NULL),
(52, 12, 9, 0.000, 'Rêveries Thaïlandaises', '2015-09-22 10:19:49', '2015-10-03 09:49:28', 28, 'Rêveries Thaïlandaises', 'reveries-thailandaises', 1, NULL, 0, NULL, NULL, NULL, NULL, NULL, NULL, NULL, NULL, NULL, NULL, NULL, NULL, NULL, 0.00, 0.00, NULL, NULL, NULL, NULL),
(53, 10, 7, 0.000, 'Sourires de Thaïlande', '2015-09-22 10:47:20', '2015-10-03 09:50:07', 28, 'Sourires de Thaïlande', 'sourires-de-thailande', 1, NULL, 0, NULL, NULL, NULL, NULL, NULL, NULL, NULL, NULL, NULL, NULL, NULL, NULL, NULL, 0.00, 0.00, NULL, NULL, NULL, NULL),
(54, 10, 7, 0.000, 'Sourires de Thaïlande', '2015-09-22 11:00:49', '2015-10-03 09:50:30', 28, 'Sourires de Thaïlande', 'sourires-de-thailande-1', 1, NULL, 0, NULL, NULL, NULL, NULL, NULL, NULL, NULL, NULL, NULL, NULL, NULL, NULL, NULL, 0.00, 0.00, NULL, NULL, NULL, NULL),
(55, 14, 13, 0.000, 'Sous le Soleil de Thaïlande', '2015-09-22 11:15:02', '2015-10-03 09:51:24', 28, 'Sous le Soleil de Thaïlande', 'sous-le-soleil-de-thailande', 1, NULL, 0, NULL, NULL, NULL, NULL, NULL, NULL, NULL, NULL, NULL, NULL, NULL, NULL, NULL, 0.00, 0.00, NULL, NULL, NULL, NULL),
(56, 12, 10, 0.000, 'Les Rocheuses, au pays du Bison et du Saumon', '2015-09-22 11:33:20', '2015-10-02 14:04:13', 1, 'Les Rocheuses, au pays du Bison et du Saumon', 'les-rocheuses-au-pays-du-bison-et-du-saumon', 1, NULL, 0, NULL, NULL, NULL, NULL, NULL, NULL, NULL, NULL, NULL, NULL, NULL, NULL, NULL, 0.00, 0.00, NULL, NULL, NULL, NULL),
(57, 9, 7, 0.000, 'Las Vegas et les Parcs Nationaux', '2015-09-22 11:53:47', '2015-10-02 14:04:48', 1, 'Las Vegas et les Parcs Nationaux', 'las-vegas-et-les-parcs-nationaux-1', 1, NULL, 0, NULL, NULL, NULL, NULL, NULL, NULL, NULL, NULL, NULL, NULL, NULL, NULL, NULL, 0.00, 0.00, NULL, NULL, NULL, NULL),
(58, 12, 10, 0.000, '« Hopi et Navajo »', '2015-09-22 12:05:46', '2016-01-13 08:38:02', 1, '« Hopi et Navajo »', 'hopi-et-navajo', 1, NULL, 0, NULL, NULL, NULL, NULL, NULL, NULL, NULL, NULL, NULL, NULL, NULL, '2016-01-13 08:38:02', NULL, 0.00, 0.00, NULL, NULL, NULL, NULL),
(59, 9, 7, 0.000, 'Départ de New Orleans', '2015-09-22 12:56:03', '2015-10-02 13:57:43', 1, 'Croisières aux Caraïbes', 'croisieres-aux-caraibes', 1, NULL, 0, NULL, NULL, NULL, NULL, NULL, NULL, NULL, NULL, NULL, NULL, NULL, NULL, NULL, 0.00, 0.00, NULL, NULL, NULL, NULL),
(60, 8, 7, 0.000, 'Le Maroc, un nom qui évoque les palais chérifiens entourés de somptueux jardins, les souks desquels s’échappe l’odeur mystérieuse des épices, la fantasia et ses rites éclatants.\r\nMais il serait dommage d’en rester à ce décor de théâtre haut en couleurs. L’important au Maroc, c’est ce qui se passe en coulisses. Ainsi, dans une médina, c’est en quittant les rues les plus larges que l’on s’immergera dans la vie populaire du Maroc, puis en osant quitter les ruelles pour accéder à de sombres impasses que l’on trouvera les plus belles portes de la ville, celles derrière lesquelles s’épanouissent les plus luxueux palais...\r\nDe même, c’est en allant respectueusement à la rencontre des gens que vous découvrirez le vrai Maroc : le pays vous laissera entrevoir ses secrets les plus profonds.\r\nEnfin, le Maroc, c’est aussi une succession de paysages superbes et variés, oscillant entre milieu côtier, relief montagneux (aux sommets parfois enneigés), vertes vallées, plaines fertiles, plateaux désertiques et oasis. Les voyageurs en quête de nature et de grands espaces seront comblés, surtout dans le Sud.', '2015-09-23 10:50:13', '2015-10-03 09:51:50', 29, 'Marrakech - Casablanca', 'marrakech-casablanca', 1, NULL, 0, NULL, NULL, NULL, NULL, NULL, NULL, NULL, NULL, NULL, NULL, NULL, NULL, NULL, 0.00, 0.00, NULL, NULL, NULL, NULL),
(61, 8, 7, 0.000, 'Découverte du Tyrol 2016\r\nPoints forts :\r\nOffre pour groupes Arrivée et départ de Munich ou d’InnsbruckPromenade en train à vapeur dans la vallée du Zillertal', '2015-09-23 11:05:20', '2015-10-02 14:06:22', 27, 'Autriche – Circuit 8 Jours', 'autriche-circuit-8-jours', 1, NULL, 0, NULL, NULL, NULL, NULL, NULL, NULL, NULL, NULL, NULL, NULL, NULL, NULL, NULL, 0.00, 0.00, NULL, NULL, NULL, NULL),
(62, 17, 14, 2090.000, 'Une découverte complète de la Thaïlande dans des régions peu visitées et hors des sentiers battus. Un itinéraire exceptionnel à la rencontre des minorités ethniques qui font la richesse culturelle de la Thaïlande. De nombreux logements chez l’habitant et des arrêts impromptus pour des rencontres inoubliables', '2015-09-23 12:07:22', '2016-01-12 14:56:44', 28, 'Aventures au Royaume du Siam', 'aventures-au-royaume-du-siam', 1, 1, 0, 'Mr Foulen Ben Foulen', '71 123 456', '71 987 654', 'Vol + Hôtels 4* + Transfert + Excursions', 'New york, las vegas ,los angeles et san francisco', 'Promo Mars', 1, 1, 1, 1, 1, '2016-01-12 14:56:44', NULL, 2.00, 6.00, 7.00, 12.00, NULL, NULL),
(63, 8, 7, 1230.000, 'Barcelone/Cannes/Nice/Monaco', '2015-09-23 12:58:44', '2016-01-13 15:18:40', 27, 'Barcelone/Cannes/Nice/Monaco', 'barcelone-cannes-nice-monaco', 1, 1, 0, 'Foulen Ben Foulen', NULL, NULL, 'Vol + Hôtels 4* + Transfert + Excursions', 'New york, las vegas ,los angeles et san...', NULL, 1, 1, 1, 1, 1, '2016-01-13 15:18:40', NULL, 2.00, 6.00, 7.00, 12.00, NULL, NULL),
(64, 12, 9, 0.000, 'Cambodge Eternel', '2015-09-26 10:36:08', '2016-01-12 16:04:39', 28, 'Cambodge Eternel', 'cambodge-eternel', 1, NULL, 0, NULL, NULL, NULL, NULL, NULL, NULL, NULL, NULL, NULL, NULL, NULL, '2016-01-12 16:04:39', NULL, 0.00, 0.00, NULL, NULL, NULL, NULL),
(65, 14, 11, 0.000, 'Du Siam à Angkor', '2015-09-26 11:02:47', '2016-01-12 14:56:11', 28, 'Thailande : Du Siam à Angkor', 'thailande-du-siam-a-angkor', 1, NULL, 0, NULL, NULL, NULL, NULL, NULL, NULL, NULL, NULL, NULL, NULL, NULL, '2016-01-12 14:56:11', NULL, 0.00, 0.00, NULL, NULL, NULL, NULL),
(66, 6, 5, 0.000, 'Profitez d’une courte semaine pour parcourir le triangle des Emirats : Dubaï, Abu Dhabi et Al Ain. Les buildings les plus futuristes, les centres commerciaux les plus extravagants, des îlots artificiels, le tout sur fond de désert… Votre escapade à Dubaï vous surprendra en tous points ! Parcourez ensuite Abu Dhabi, la capitale des Emirats qui, malgré son modernisme, conserve une ambiance typiquement arabe. Vous pourrez y découvrir quelques-uns des musées les plus populaires au monde. Finissez votre périple par Al Aïn, la “ville jardin” du Golfe. Les sentiers frais, ombragés de l''Oasis d''Al Aïn vous transportent de la chaleur et du bruit de la cité vers un havre tranquille.', '2015-09-26 11:18:34', '2016-01-12 14:56:09', 29, 'Le Charme des Emirats', 'le-charme-des-emirats-1', 1, NULL, 0, NULL, NULL, NULL, NULL, NULL, NULL, NULL, NULL, NULL, NULL, NULL, '2016-01-12 14:56:09', NULL, 0.00, 0.00, NULL, NULL, NULL, NULL),
(67, 8, 7, 0.000, 'En une semaine, vous aurez le temps de parcourir le triangle des Emirats (Dubaï, Abu Dhabi et Al Ain) ainsi que d’autres Emirats comme Sharjah, Ajman, Fujairah et Ras Al Khaima. Les buildings les plus futuristes, les centres commerciaux les plus extravagants, des îlots artificiels, le tout sur fond de désert… Votre escapade à Dubaï vous surprendra en tous points ! Parcourez ensuite Abu Dhabi, la capitale des Emirats qui, malgré son modernisme, conserve une ambiance typiquement arabe. Vous pourrez y découvrir quelques-uns des musées les plus populaires au monde. Continuez votre périple par Al Aïn, la “ville jardin” du Golfe. Les sentiers frais, ombragés de l''Oasis d''Al Aïn vous transportent de la chaleur et du bruit de la cité vers un havre tranquille. Découvrez l''Emirat de Sharjah, surnommé la "perle" du golfe avec ses mosquées et souks, puis Ajman et ses 16 kilomètres de plage de sable blanc. Enfin, rendez-vous sur la côte est pour visiter les Emirats de Fujairah et Ras Al Khaima, leurs villages traditionnels et leurs plages de sable blanc.', '2015-09-26 11:29:13', '2016-01-12 14:56:10', 29, 'Le plein d''expérience aux Emirats', 'le-plein-d-experience-aux-emirats', 1, NULL, 0, NULL, NULL, NULL, NULL, NULL, NULL, NULL, NULL, NULL, NULL, NULL, '2016-01-12 14:56:10', NULL, 0.00, 0.00, NULL, NULL, NULL, NULL),
(68, 8, 7, 0.000, 'Laissez vous emporter par le romantisme de l''île Maurice. En amoureux, découvrez les coins perdus qui feront partie de votre album photo et de votre cœur ! Des paysages de rêve gravés à jamais... Voguez en exclusivité en catamaran, débarquez sur une île pour une journée de rêve, visitez les lieux cultes comme par exemple la statue de Paul et Virginie, histoire d''amour intrépide de Maurice...', '2015-09-26 11:47:09', '2016-01-12 14:56:09', 29, 'Maurice: Île Maurice', 'maurice-ile-maurice', 1, NULL, 0, NULL, NULL, NULL, NULL, NULL, NULL, NULL, NULL, NULL, NULL, NULL, '2016-01-12 14:56:09', NULL, 0.00, 0.00, NULL, NULL, NULL, NULL),
(73, 8, 7, 0.000, 'Points forts :\r\nOffre pour groupes et GIRArrivée à Venise et départ de Rome ou inversementDécouverte culturelleLe programme combine la découverte de ces merveilles italiennes que sont Venise, Florence et Rome sans toutefois faire l’impasse sur la découverte de Sienne. Des temps libres sont également aménagés pour profiter un peu de la « Dolce Vita » !', '2015-09-26 12:07:44', '2016-01-12 14:56:07', 27, 'Merveilles d’Italie 2015', 'merveilles-d-italie-2015', 1, NULL, 0, NULL, NULL, NULL, NULL, NULL, NULL, NULL, NULL, NULL, NULL, NULL, '2016-01-12 14:56:07', NULL, 0.00, 0.00, NULL, NULL, NULL, NULL),
(74, 8, 7, 0.000, 'Les îles Grecques', '2015-09-26 12:33:35', '2016-01-12 14:56:06', 27, 'Les îles Grecques', 'les-iles-grecques', 1, NULL, 0, NULL, NULL, NULL, NULL, NULL, NULL, NULL, NULL, NULL, NULL, NULL, '2016-01-12 14:56:06', NULL, 0.00, 0.00, NULL, NULL, NULL, NULL),
(75, 8, 7, 0.000, '« À grand roi, grande ville »... Les villes impériales du Maroc sont les capitales successives créées par les fondateurs des dynasties marocaines (Idrissides Almoravides, Almohades, Mérinides, Saadiens et Alaouit). Ce circuit vous emmènera aux racines de la culture marocaine, vous découvrirez les richesses naturelles et historiques du Maroc en parcourant les splendeurs des capitales impériales.', '2015-09-26 12:46:42', '2016-01-12 14:56:06', 29, 'Marrakech et les villes impériales', 'marrakech-et-les-villes-imperiales', 1, NULL, 0, NULL, NULL, NULL, NULL, NULL, NULL, NULL, NULL, NULL, NULL, NULL, '2016-01-12 14:56:06', NULL, 0.00, 0.00, NULL, NULL, NULL, NULL),
(76, 8, 7, 0.000, 'Le Maroc, un nom qui évoque les palais chérifiens entourés de somptueux jardins, les souks desquels s’échappe l’odeur mystérieuse des épices, la fantasia et ses rites éclatants.\r\nMais il serait dommage d’en rester à ce décor de théâtre haut en couleurs. L’important au Maroc, c’est ce qui se passe en coulisses. Ainsi, dans une médina, c’est en quittant les rues les plus larges que l’on s’immergera dans la vie populaire du Maroc, puis en osant quitter les ruelles pour accéder à de sombres impasses que l’on trouvera les plus belles portes de la ville, celles derrière lesquelles s’épanouissent les plus luxueux palais...\r\nDe même, c’est en allant respectueusement à la rencontre des gens que vous découvrirez le vrai Maroc : le pays vous laissera entrevoir ses secrets les plus profonds.\r\nEnfin, le Maroc, c’est aussi une succession de paysages superbes et variés, oscillant entre milieu côtier, relief montagneux (aux sommets parfois enneigés), vertes vallées, plaines fertiles, plateaux désertiques et oasis. Les voyageurs en quête de nature et de grands espaces seront comblés, surtout dans le Sud', '2015-09-26 13:03:37', '2016-01-12 14:56:05', 29, 'Le Maroc', 'le-maroc', 1, NULL, 0, NULL, NULL, NULL, NULL, NULL, NULL, NULL, NULL, NULL, NULL, NULL, '2016-01-12 14:56:05', NULL, 0.00, 0.00, NULL, NULL, NULL, NULL),
(77, 18, 15, 0.000, 'Un itinéraire original pour une découverte hors des sentiers battus. Les hauts plateaux du centre et la région rarement visite de Sapa a Dien Bien Phu. Logement chez l’habitant dans les régions du Nord pour être au plus proche des minorités ethniques.', '2015-09-26 13:49:34', '2016-01-12 14:56:04', 28, 'Merveilles du Viêt Nam', 'merveilles-du-viet-nam', 1, NULL, 0, NULL, NULL, NULL, NULL, NULL, NULL, NULL, NULL, NULL, NULL, NULL, '2016-01-12 14:56:04', NULL, 0.00, 0.00, NULL, NULL, NULL, NULL),
(78, 8, 7, 0.000, 'Offre pour groupes Arrivée à Venise et départ de Rome ou inversementDécouverte culturelleLe programme combine la découverte de ces merveilles italiennes que sont Venise, Florence et Rome sans toutefois faire l’impasse sur la découverte de Sienne. Des temps libres sont également aménagés pour profiter un peu de la « Dolce Vita » !', '2015-09-26 14:20:20', '2016-01-12 14:55:30', 27, 'Italie', 'italie', 1, NULL, 0, NULL, NULL, NULL, NULL, NULL, NULL, NULL, NULL, NULL, NULL, NULL, '2016-01-12 14:55:30', NULL, 0.00, 0.00, NULL, NULL, NULL, NULL),
(79, 14, 11, 0.000, 'Sous le Soleil de Thaïlande', '2015-09-26 15:51:21', '2016-01-12 14:55:24', 28, 'Sous le Soleil de Thaïlande', 'sous-le-soleil-de-thailande-1', 1, NULL, 0, NULL, NULL, NULL, NULL, NULL, NULL, NULL, NULL, NULL, NULL, NULL, '2016-01-12 14:55:24', NULL, 0.00, 0.00, NULL, NULL, NULL, NULL),
(80, 14, 11, 0.000, 'Trésors de Thaïlande', '2015-09-26 16:22:50', '2016-01-12 14:55:24', 28, 'Trésors de Thaïlande', 'tresors-de-thailande', 1, NULL, 0, NULL, NULL, NULL, NULL, NULL, NULL, NULL, NULL, NULL, NULL, NULL, '2016-01-12 14:55:24', NULL, 0.00, 0.00, NULL, NULL, NULL, NULL),
(81, 10, 9, 0.000, 'Le circuit de Berlin', '2015-09-26 17:13:24', '2016-01-12 14:55:22', 27, 'Le circuit de Berlin', 'le-circuit-de-berlin', 1, NULL, 0, NULL, NULL, NULL, NULL, NULL, NULL, NULL, NULL, NULL, NULL, NULL, '2016-01-12 14:55:22', NULL, 0.00, 0.00, NULL, NULL, NULL, NULL),
(82, 4, 3, 0.000, 'Italie – Week-end Venise', '2015-09-26 22:08:57', '2016-01-12 14:55:21', 27, 'Italie – Week-end Venise', 'italie-week-end-venise', 1, NULL, 0, NULL, NULL, NULL, NULL, NULL, NULL, NULL, NULL, NULL, NULL, NULL, '2016-01-12 14:55:21', NULL, 0.00, 0.00, NULL, NULL, NULL, NULL),
(83, 13, 10, 0.000, 'Visages Du Viêt Nam', '2015-09-26 22:30:29', '2016-01-12 14:55:20', 28, 'Visages Du Viêt Nam', 'visages-du-viet-nam', 1, NULL, 0, NULL, NULL, NULL, NULL, NULL, NULL, NULL, NULL, NULL, NULL, NULL, '2016-01-12 14:55:20', NULL, 0.00, 0.00, NULL, NULL, NULL, NULL),
(84, 4, 3, 1200.000, 'Week-end à Rome', '2015-09-26 22:54:39', '2016-01-12 14:55:19', 27, 'Week-end à Rome', 'week-end-a-rome', 1, 1, 0, 'Mr. Foulen Ben Foulen', '71 000 222', '72 000 111', 'vol + vol + vol', 'ville,ville,ville,ville', 'promo !!!', 0, 0, 0, 1, 1, '2016-01-12 14:55:19', 'a0e462458ef46c943d3645f9cd3f2b73d739600f.jpeg', 2.00, 4.00, 5.00, 12.00, NULL, NULL),
(86, 7, 6, 2180.000, 'Les buildings les plus futuristes, les centres commerciaux les plus extravagants, des îlots artificiels, le tout sur fond de désert… Cette escapa…', '2016-01-12 15:03:00', '2016-01-13 15:16:32', 27, 'Paris', 'paris', 1, 1, 1, 'Mme Zeineb Nahli', '98755823', NULL, 'vol+hôtel+excursions', 'Paris', 'Promo Mars 2016', 1, 1, 1, 1, 1, '2016-01-13 15:16:32', '1885af95b9ad07afe00aaa2feef9e219d9a6129e.jpeg', 2.00, 5.99, 6.00, 11.99, '<p>- Test 1</p>\r\n\r\n<p>- Test 2</p>\r\n\r\n<p>- Test 3</p>', '<p>- Test 1</p>\r\n\r\n<p>- Test 2</p>\r\n\r\n<p>- Test 3</p>'),
(88, 8, 7, 2380.000, 'Vienne, Prague, Budapest & Bratislava', '2016-01-12 17:14:48', '2016-01-13 12:16:21', 27, 'Europe Central', 'europe-central', 1, 1, 1, NULL, NULL, NULL, NULL, NULL, NULL, NULL, NULL, NULL, NULL, NULL, '2016-01-13 12:16:21', '9247920979503c31bb8f47e50e3987297526e136.jpeg', 2.00, 5.99, 6.00, 11.99, NULL, NULL);

-- --------------------------------------------------------

--
-- Structure de la table `ost_vo_voyages_packs_hotels`
--

CREATE TABLE IF NOT EXISTS `ost_vo_voyages_packs_hotels` (
  `pack_id` int(11) NOT NULL,
  `hotel_id` int(11) NOT NULL,
  PRIMARY KEY (`pack_id`,`hotel_id`),
  KEY `IDX_CBF1E0101919B217` (`pack_id`),
  KEY `IDX_CBF1E0103243BB18` (`hotel_id`)
) ENGINE=InnoDB DEFAULT CHARSET=utf8 COLLATE=utf8_unicode_ci;

--
-- Contenu de la table `ost_vo_voyages_packs_hotels`
--

INSERT INTO `ost_vo_voyages_packs_hotels` (`pack_id`, `hotel_id`) VALUES
(1, 1),
(2, 3),
(2, 4),
(3, 3),
(3, 4),
(4, 1),
(4, 2),
(4, 4),
(5, 1),
(5, 3),
(6, 1),
(6, 3),
(6, 4),
(7, 1),
(7, 3),
(7, 4),
(8, 1),
(8, 3),
(8, 4);

-- --------------------------------------------------------

--
-- Structure de la table `ost_vo_voyages_pays`
--

CREATE TABLE IF NOT EXISTS `ost_vo_voyages_pays` (
  `voyageorganise_id` int(11) NOT NULL,
  `pays_id` int(11) NOT NULL,
  PRIMARY KEY (`voyageorganise_id`,`pays_id`),
  KEY `IDX_387E6EE8D56295CC` (`voyageorganise_id`),
  KEY `IDX_387E6EE8A6E44244` (`pays_id`)
) ENGINE=InnoDB DEFAULT CHARSET=utf8 COLLATE=utf8_unicode_ci;

--
-- Contenu de la table `ost_vo_voyages_pays`
--

INSERT INTO `ost_vo_voyages_pays` (`voyageorganise_id`, `pays_id`) VALUES
(1, 25),
(2, 25),
(3, 25),
(4, 61),
(5, 23),
(6, 23),
(7, 25),
(8, 7),
(9, 9),
(10, 25),
(11, 32),
(12, 9),
(13, 23),
(14, 23),
(15, 32),
(16, 32),
(17, 74),
(18, 25),
(18, 74),
(19, 25),
(20, 16),
(21, 16),
(22, 16),
(23, 51),
(24, 51),
(25, 25),
(26, 74),
(27, 25),
(28, 10),
(28, 31),
(28, 52),
(29, 10),
(29, 52),
(30, 10),
(30, 31),
(30, 52),
(31, 6),
(31, 10),
(31, 31),
(31, 52),
(31, 202),
(32, 27),
(33, 27),
(34, 55),
(35, 55),
(51, 60),
(52, 60),
(53, 60),
(54, 60),
(55, 60),
(56, 25),
(57, 25),
(58, 25),
(59, 25),
(60, 41),
(61, 10),
(62, 60),
(63, 1),
(63, 27),
(63, 167),
(64, 91),
(65, 91),
(66, 23),
(67, 23),
(68, 163),
(73, 36),
(74, 29),
(75, 41),
(76, 41),
(77, 229),
(78, 36),
(79, 60),
(80, 60),
(81, 6),
(82, 36),
(83, 229),
(84, 36),
(86, 1),
(88, 10),
(88, 52);

-- --------------------------------------------------------

--
-- Structure de la table `ost_vo_voyages_themes`
--

CREATE TABLE IF NOT EXISTS `ost_vo_voyages_themes` (
  `voyageorganise_id` int(11) NOT NULL,
  `theme_id` int(11) NOT NULL,
  PRIMARY KEY (`voyageorganise_id`,`theme_id`),
  KEY `IDX_3604E664D56295CC` (`voyageorganise_id`),
  KEY `IDX_3604E66459027487` (`theme_id`)
) ENGINE=InnoDB DEFAULT CHARSET=utf8 COLLATE=utf8_unicode_ci;

--
-- Contenu de la table `ost_vo_voyages_themes`
--

INSERT INTO `ost_vo_voyages_themes` (`voyageorganise_id`, `theme_id`) VALUES
(1, 2),
(1, 3),
(1, 6),
(2, 2),
(2, 3),
(3, 2),
(3, 3),
(4, 3),
(5, 1),
(5, 2),
(5, 4),
(5, 6),
(5, 7),
(6, 1),
(6, 2),
(6, 3),
(6, 4),
(7, 1),
(7, 2),
(7, 3),
(7, 4),
(8, 4),
(9, 1),
(9, 2),
(9, 3),
(9, 4),
(9, 8),
(10, 1),
(10, 2),
(10, 3),
(11, 1),
(11, 2),
(11, 4),
(12, 2),
(12, 3),
(12, 6),
(13, 1),
(13, 2),
(13, 6),
(14, 2),
(14, 3),
(14, 4),
(15, 1),
(15, 2),
(15, 3),
(16, 2),
(16, 3),
(17, 2),
(17, 3),
(17, 5),
(18, 2),
(18, 3),
(18, 5),
(18, 6),
(19, 1),
(19, 3),
(19, 4),
(20, 1),
(20, 2),
(20, 3),
(20, 4),
(21, 2),
(21, 3),
(21, 4),
(22, 2),
(22, 3),
(22, 4),
(23, 1),
(23, 2),
(23, 3),
(23, 6),
(24, 1),
(24, 3),
(24, 4),
(24, 6),
(25, 1),
(25, 2),
(25, 3),
(26, 2),
(26, 3),
(26, 5),
(27, 2),
(27, 3),
(27, 8),
(28, 2),
(28, 3),
(29, 2),
(30, 2),
(30, 3),
(31, 2),
(31, 3),
(32, 2),
(32, 3),
(32, 4),
(32, 6),
(32, 7),
(33, 2),
(33, 3),
(34, 3),
(34, 4),
(34, 5),
(35, 2),
(35, 3),
(35, 7),
(51, 1),
(51, 2),
(51, 4),
(52, 1),
(52, 2),
(52, 4),
(53, 1),
(53, 2),
(53, 4),
(54, 2),
(55, 2),
(56, 2),
(56, 6),
(57, 2),
(57, 3),
(57, 6),
(58, 2),
(58, 3),
(58, 6),
(59, 2),
(59, 5),
(59, 6),
(60, 2),
(60, 3),
(60, 4),
(61, 1),
(61, 2),
(61, 4),
(62, 2),
(62, 4),
(63, 2),
(63, 3),
(63, 4),
(64, 2),
(64, 3),
(64, 4),
(65, 2),
(65, 3),
(65, 4),
(66, 1),
(66, 2),
(66, 3),
(67, 1),
(67, 2),
(67, 3),
(68, 1),
(68, 2),
(68, 3),
(73, 1),
(73, 2),
(73, 3),
(73, 9),
(73, 10),
(74, 1),
(74, 2),
(74, 3),
(75, 2),
(75, 3),
(75, 4),
(76, 2),
(76, 3),
(76, 4),
(77, 2),
(77, 4),
(77, 6),
(78, 3),
(78, 4),
(78, 6),
(79, 2),
(79, 3),
(79, 4),
(80, 2),
(80, 3),
(80, 4),
(81, 2),
(81, 3),
(82, 2),
(82, 4),
(82, 7),
(83, 2),
(83, 3),
(84, 2),
(84, 3),
(84, 7),
(86, 4),
(88, 4);

-- --------------------------------------------------------

--
-- Structure de la table `os_be_cure`
--

CREATE TABLE IF NOT EXISTS `os_be_cure` (
  `id` int(11) NOT NULL AUTO_INCREMENT,
  `centre_id` int(11) DEFAULT NULL,
  `libelle` varchar(255) COLLATE utf8_unicode_ci NOT NULL,
  `description` longtext COLLATE utf8_unicode_ci NOT NULL,
  `slug` varchar(128) COLLATE utf8_unicode_ci NOT NULL,
  `created` datetime NOT NULL,
  `updated` datetime NOT NULL,
  PRIMARY KEY (`id`),
  UNIQUE KEY `UNIQ_2365CE3B989D9B62` (`slug`),
  KEY `IDX_2365CE3B463CD7C3` (`centre_id`)
) ENGINE=InnoDB DEFAULT CHARSET=utf8 COLLATE=utf8_unicode_ci AUTO_INCREMENT=1 ;

-- --------------------------------------------------------

--
-- Structure de la table `Referencement`
--

CREATE TABLE IF NOT EXISTS `Referencement` (
  `id` int(11) NOT NULL AUTO_INCREMENT,
  `googleanalytics` longtext COLLATE utf8_unicode_ci,
  `keywords` longtext COLLATE utf8_unicode_ci,
  `descriptions` longtext COLLATE utf8_unicode_ci,
  PRIMARY KEY (`id`)
) ENGINE=InnoDB DEFAULT CHARSET=utf8 COLLATE=utf8_unicode_ci AUTO_INCREMENT=1 ;

--
-- Contraintes pour les tables exportées
--

--
-- Contraintes pour la table `ost_amicale_convention`
--
ALTER TABLE `ost_amicale_convention`
  ADD CONSTRAINT `FK_9F000569FEBD183` FOREIGN KEY (`amicale_id`) REFERENCES `ost_amicale` (`id`);

--
-- Contraintes pour la table `ost_amicale_hotel`
--
ALTER TABLE `ost_amicale_hotel`
  ADD CONSTRAINT `FK_2E337B6DDA6E7061` FOREIGN KEY (`id_amicale`) REFERENCES `ost_amicale` (`id`),
  ADD CONSTRAINT `FK_2E337B6DEDD61FE9` FOREIGN KEY (`id_hotel`) REFERENCES `ost_sht_hotels` (`id`);

--
-- Contraintes pour la table `ost_amicale_produit`
--
ALTER TABLE `ost_amicale_produit`
  ADD CONSTRAINT `FK_E2087EBCDA6E7061` FOREIGN KEY (`id_amicale`) REFERENCES `ost_amicale` (`id`),
  ADD CONSTRAINT `FK_E2087EBCF7384557` FOREIGN KEY (`id_produit`) REFERENCES `ost_produit` (`id`);

--
-- Contraintes pour la table `ost_be_centre`
--
ALTER TABLE `ost_be_centre`
  ADD CONSTRAINT `FK_3BA6332C3243BB18` FOREIGN KEY (`hotel_id`) REFERENCES `ost_sht_hotels` (`id`) ON DELETE CASCADE,
  ADD CONSTRAINT `FK_3BA6332CA73F0036` FOREIGN KEY (`ville_id`) REFERENCES `ost_sht_ville` (`id`);

--
-- Contraintes pour la table `ost_be_pack`
--
ALTER TABLE `ost_be_pack`
  ADD CONSTRAINT `FK_DC55843A463CD7C3` FOREIGN KEY (`centre_id`) REFERENCES `ost_be_centre` (`id`) ON DELETE CASCADE;

--
-- Contraintes pour la table `ost_be_pack_cure`
--
ALTER TABLE `ost_be_pack_cure`
  ADD CONSTRAINT `FK_E94934F11CFE4221` FOREIGN KEY (`id_pack`) REFERENCES `ost_be_pack` (`id`) ON DELETE CASCADE,
  ADD CONSTRAINT `FK_E94934F1F11CBFEB` FOREIGN KEY (`id_cure`) REFERENCES `os_be_cure` (`id`) ON DELETE CASCADE;

--
-- Contraintes pour la table `ost_be_pack_soin`
--
ALTER TABLE `ost_be_pack_soin`
  ADD CONSTRAINT `FK_960557DA1CFE4221` FOREIGN KEY (`id_pack`) REFERENCES `ost_be_pack` (`id`) ON DELETE CASCADE,
  ADD CONSTRAINT `FK_960557DA8E50DCC0` FOREIGN KEY (`id_soin`) REFERENCES `ost_be_soin` (`id`) ON DELETE CASCADE;

--
-- Contraintes pour la table `ost_be_photo`
--
ALTER TABLE `ost_be_photo`
  ADD CONSTRAINT `FK_7097A702E0975F98` FOREIGN KEY (`id_centre`) REFERENCES `ost_be_centre` (`id`) ON DELETE CASCADE,
  ADD CONSTRAINT `FK_7097A702F347EFB` FOREIGN KEY (`produit_id`) REFERENCES `ost_be_produit` (`id`) ON DELETE CASCADE;

--
-- Contraintes pour la table `ost_be_photos`
--
ALTER TABLE `ost_be_photos`
  ADD CONSTRAINT `FK_F57039801CFE4221` FOREIGN KEY (`id_pack`) REFERENCES `ost_be_pack` (`id`) ON DELETE CASCADE,
  ADD CONSTRAINT `FK_F57039808E50DCC0` FOREIGN KEY (`id_soin`) REFERENCES `ost_be_soin` (`id`) ON DELETE CASCADE,
  ADD CONSTRAINT `FK_F5703980E0975F98` FOREIGN KEY (`id_centre`) REFERENCES `ost_be_centre` (`id`) ON DELETE CASCADE,
  ADD CONSTRAINT `FK_F5703980F11CBFEB` FOREIGN KEY (`id_cure`) REFERENCES `os_be_cure` (`id`) ON DELETE CASCADE;

--
-- Contraintes pour la table `ost_be_produit_centre`
--
ALTER TABLE `ost_be_produit_centre`
  ADD CONSTRAINT `FK_233DF8C5463CD7C3` FOREIGN KEY (`centre_id`) REFERENCES `ost_be_centre` (`id`),
  ADD CONSTRAINT `FK_233DF8C5F347EFB` FOREIGN KEY (`produit_id`) REFERENCES `ost_be_produit` (`id`);

--
-- Contraintes pour la table `ost_be_reservations`
--
ALTER TABLE `ost_be_reservations`
  ADD CONSTRAINT `FK_375E597119EB6921` FOREIGN KEY (`client_id`) REFERENCES `ost_client` (`id`) ON DELETE CASCADE,
  ADD CONSTRAINT `FK_375E5971357C0A59` FOREIGN KEY (`tarif_id`) REFERENCES `ost_be_tarif` (`id`),
  ADD CONSTRAINT `FK_375E5971463CD7C3` FOREIGN KEY (`centre_id`) REFERENCES `ost_be_centre` (`id`),
  ADD CONSTRAINT `FK_375E597153C59D72` FOREIGN KEY (`responsable_id`) REFERENCES `ost_user` (`id`),
  ADD CONSTRAINT `FK_375E5971F06C2258` FOREIGN KEY (`responsableAmicale_id`) REFERENCES `ost_client` (`id`),
  ADD CONSTRAINT `FK_375E5971F347EFB` FOREIGN KEY (`produit_id`) REFERENCES `ost_be_produit` (`id`),
  ADD CONSTRAINT `FK_375E5971FEBD183` FOREIGN KEY (`amicale_id`) REFERENCES `ost_amicale` (`id`);

--
-- Contraintes pour la table `ost_be_soin`
--
ALTER TABLE `ost_be_soin`
  ADD CONSTRAINT `FK_4EFB1ADB463CD7C3` FOREIGN KEY (`centre_id`) REFERENCES `ost_be_centre` (`id`) ON DELETE CASCADE;

--
-- Contraintes pour la table `ost_be_tarif`
--
ALTER TABLE `ost_be_tarif`
  ADD CONSTRAINT `FK_6A51AAD3F347EFB` FOREIGN KEY (`produit_id`) REFERENCES `ost_be_produit` (`id`) ON DELETE CASCADE;

--
-- Contraintes pour la table `ost_billetterie_reservation`
--
ALTER TABLE `ost_billetterie_reservation`
  ADD CONSTRAINT `FK_803A574C19EB6921` FOREIGN KEY (`client_id`) REFERENCES `ost_client` (`id`) ON DELETE CASCADE,
  ADD CONSTRAINT `FK_803A574C53C59D72` FOREIGN KEY (`responsable_id`) REFERENCES `ost_user` (`id`),
  ADD CONSTRAINT `FK_803A574CF06C2258` FOREIGN KEY (`responsableAmicale_id`) REFERENCES `ost_client` (`id`),
  ADD CONSTRAINT `FK_803A574CFEBD183` FOREIGN KEY (`amicale_id`) REFERENCES `ost_amicale` (`id`);

--
-- Contraintes pour la table `ost_billetterie_reservation_ligne`
--
ALTER TABLE `ost_billetterie_reservation_ligne`
  ADD CONSTRAINT `FK_51C2ED96B83297E7` FOREIGN KEY (`reservation_id`) REFERENCES `ost_billetterie_reservation` (`id`) ON DELETE CASCADE;

--
-- Contraintes pour la table `ost_client`
--
ALTER TABLE `ost_client`
  ADD CONSTRAINT `FK_81496B59A6E44244` FOREIGN KEY (`pays_id`) REFERENCES `ost_sht_pays` (`id`),
  ADD CONSTRAINT `FK_81496B59FEBD183` FOREIGN KEY (`amicale_id`) REFERENCES `ost_amicale` (`id`);

--
-- Contraintes pour la table `ost_com_contact`
--
ALTER TABLE `ost_com_contact`
  ADD CONSTRAINT `FK_7A37D173670C757F` FOREIGN KEY (`fournisseur_id`) REFERENCES `ost_com_fournisseur` (`id`);

--
-- Contraintes pour la table `ost_com_facture`
--
ALTER TABLE `ost_com_facture`
  ADD CONSTRAINT `FK_C8D3535B19EB6921` FOREIGN KEY (`client_id`) REFERENCES `ost_client` (`id`) ON DELETE CASCADE,
  ADD CONSTRAINT `FK_C8D3535B53C59D72` FOREIGN KEY (`responsable_id`) REFERENCES `ost_user` (`id`),
  ADD CONSTRAINT `FK_C8D3535BA76AAAE1` FOREIGN KEY (`validatedPar_id`) REFERENCES `ost_user` (`id`),
  ADD CONSTRAINT `FK_C8D3535BFEBD183` FOREIGN KEY (`amicale_id`) REFERENCES `ost_amicale` (`id`);

--
-- Contraintes pour la table `ost_com_facture_ligne`
--
ALTER TABLE `ost_com_facture_ligne`
  ADD CONSTRAINT `FK_6F6FABBF4773709E` FOREIGN KEY (`reservationSHT_id`) REFERENCES `ost_sht_reservation` (`id`),
  ADD CONSTRAINT `FK_6F6FABBF4D295EAE` FOREIGN KEY (`reservationPR_id`) REFERENCES `ost_pr_reservations` (`id`),
  ADD CONSTRAINT `FK_6F6FABBF601A244C` FOREIGN KEY (`reservationVO_id`) REFERENCES `ost_vo_reservations` (`id`),
  ADD CONSTRAINT `FK_6F6FABBF67F05A51` FOREIGN KEY (`reservationRB_id`) REFERENCES `ost_resa_resarvation` (`id`),
  ADD CONSTRAINT `FK_6F6FABBF7F2DEE08` FOREIGN KEY (`facture_id`) REFERENCES `ost_com_facture` (`id`) ON DELETE CASCADE,
  ADD CONSTRAINT `FK_6F6FABBF9AC7F56A` FOREIGN KEY (`reservationBE_id`) REFERENCES `ost_be_reservations` (`id`),
  ADD CONSTRAINT `FK_6F6FABBF9B515CE5` FOREIGN KEY (`reservationsB_id`) REFERENCES `ost_billetterie_reservation` (`id`),
  ADD CONSTRAINT `FK_6F6FABBFC36D46DB` FOREIGN KEY (`avoir_id`) REFERENCES `ost_com_facture` (`id`) ON DELETE SET NULL,
  ADD CONSTRAINT `FK_6F6FABBFC95377FB` FOREIGN KEY (`reservationM_id`) REFERENCES `ost_maritime_reservation` (`id`),
  ADD CONSTRAINT `FK_6F6FABBFCEC9A386` FOREIGN KEY (`reservationDIV_id`) REFERENCES `ost_div_reservations` (`id`),
  ADD CONSTRAINT `FK_6F6FABBFE4426FEE` FOREIGN KEY (`reservationT_id`) REFERENCES `ost_transfer_reservation` (`id`);

--
-- Contraintes pour la table `ost_com_fournisseur`
--
ALTER TABLE `ost_com_fournisseur`
  ADD CONSTRAINT `FK_53D9DA93A6E44244` FOREIGN KEY (`pays_id`) REFERENCES `ost_sht_pays` (`id`);

--
-- Contraintes pour la table `ost_com_piece`
--
ALTER TABLE `ost_com_piece`
  ADD CONSTRAINT `FK_8AB3821619EB6921` FOREIGN KEY (`client_id`) REFERENCES `ost_client` (`id`) ON DELETE CASCADE;

--
-- Contraintes pour la table `ost_com_reglement`
--
ALTER TABLE `ost_com_reglement`
  ADD CONSTRAINT `FK_40D4C4D84D295EAE` FOREIGN KEY (`reservationPR_id`) REFERENCES `ost_pr_reservations` (`id`),
  ADD CONSTRAINT `FK_40D4C4D8601A244C` FOREIGN KEY (`reservationVO_id`) REFERENCES `ost_vo_reservations` (`id`),
  ADD CONSTRAINT `FK_40D4C4D867F05A51` FOREIGN KEY (`reservationRB_id`) REFERENCES `ost_resa_resarvation` (`id`),
  ADD CONSTRAINT `FK_40D4C4D87BBD6A38` FOREIGN KEY (`reservationsBilletterie_id`) REFERENCES `ost_billetterie_reservation` (`id`),
  ADD CONSTRAINT `FK_40D4C4D899E8E100` FOREIGN KEY (`reservationMaritime_id`) REFERENCES `ost_maritime_reservation` (`id`),
  ADD CONSTRAINT `FK_40D4C4D89AC7F56A` FOREIGN KEY (`reservationBE_id`) REFERENCES `ost_be_reservations` (`id`),
  ADD CONSTRAINT `FK_40D4C4D8B83297E7` FOREIGN KEY (`reservation_id`) REFERENCES `ost_sht_reservation` (`id`),
  ADD CONSTRAINT `FK_40D4C4D8C40FCFA8` FOREIGN KEY (`piece_id`) REFERENCES `ost_com_piece` (`id`),
  ADD CONSTRAINT `FK_40D4C4D8CEC9A386` FOREIGN KEY (`reservationDIV_id`) REFERENCES `ost_div_reservations` (`id`),
  ADD CONSTRAINT `FK_40D4C4D8E4426FEE` FOREIGN KEY (`reservationT_id`) REFERENCES `ost_transfer_reservation` (`id`);

--
-- Contraintes pour la table `ost_contact`
--
ALTER TABLE `ost_contact`
  ADD CONSTRAINT `FK_4592A77C19EB6921` FOREIGN KEY (`client_id`) REFERENCES `ost_client` (`id`),
  ADD CONSTRAINT `FK_4592A77C670C757F` FOREIGN KEY (`fournisseur_id`) REFERENCES `ost_com_fournisseur` (`id`),
  ADD CONSTRAINT `FK_4592A77CA6E44244` FOREIGN KEY (`pays_id`) REFERENCES `ost_sht_pays` (`id`);

--
-- Contraintes pour la table `ost_contrat_media`
--
ALTER TABLE `ost_contrat_media`
  ADD CONSTRAINT `FK_E883DC611823061F` FOREIGN KEY (`contrat_id`) REFERENCES `ost_sht_contrat` (`id`) ON DELETE CASCADE;

--
-- Contraintes pour la table `ost_c_sessioncaisse`
--
ALTER TABLE `ost_c_sessioncaisse`
  ADD CONSTRAINT `FK_4EB4DBA4A76ED395` FOREIGN KEY (`user_id`) REFERENCES `ost_user` (`id`) ON DELETE CASCADE;

--
-- Contraintes pour la table `ost_divers_reservation`
--
ALTER TABLE `ost_divers_reservation`
  ADD CONSTRAINT `FK_91AAA67919EB6921` FOREIGN KEY (`client_id`) REFERENCES `ost_client` (`id`) ON DELETE CASCADE,
  ADD CONSTRAINT `FK_91AAA67953C59D72` FOREIGN KEY (`responsable_id`) REFERENCES `ost_user` (`id`);

--
-- Contraintes pour la table `ost_divers_reservation_ligne`
--
ALTER TABLE `ost_divers_reservation_ligne`
  ADD CONSTRAINT `FK_D0852A86727ACA70` FOREIGN KEY (`parent_id`) REFERENCES `ost_divers_reservation_ligne` (`id`),
  ADD CONSTRAINT `FK_D0852A86B83297E7` FOREIGN KEY (`reservation_id`) REFERENCES `ost_divers_reservation` (`id`),
  ADD CONSTRAINT `FK_D0852A86F347EFB` FOREIGN KEY (`produit_id`) REFERENCES `ost_produit` (`id`);

--
-- Contraintes pour la table `ost_div_reservations`
--
ALTER TABLE `ost_div_reservations`
  ADD CONSTRAINT `FK_57705D5119EB6921` FOREIGN KEY (`client_id`) REFERENCES `ost_client` (`id`) ON DELETE CASCADE,
  ADD CONSTRAINT `FK_57705D5153C59D72` FOREIGN KEY (`responsable_id`) REFERENCES `ost_user` (`id`),
  ADD CONSTRAINT `FK_57705D51F06C2258` FOREIGN KEY (`responsableAmicale_id`) REFERENCES `ost_client` (`id`),
  ADD CONSTRAINT `FK_57705D51FEBD183` FOREIGN KEY (`amicale_id`) REFERENCES `ost_amicale` (`id`);

--
-- Contraintes pour la table `ost_div_reservations_ligne`
--
ALTER TABLE `ost_div_reservations_ligne`
  ADD CONSTRAINT `FK_D8557F9EB83297E7` FOREIGN KEY (`reservation_id`) REFERENCES `ost_div_reservations` (`id`) ON DELETE CASCADE,
  ADD CONSTRAINT `FK_D8557F9EF347EFB` FOREIGN KEY (`produit_id`) REFERENCES `ost_produit` (`id`) ON DELETE CASCADE;

--
-- Contraintes pour la table `ost_emails_produits`
--
ALTER TABLE `ost_emails_produits`
  ADD CONSTRAINT `FK_9DAE2F2BA832C1C9` FOREIGN KEY (`email_id`) REFERENCES `ost_emails` (`id`) ON DELETE CASCADE,
  ADD CONSTRAINT `FK_9DAE2F2BF347EFB` FOREIGN KEY (`produit_id`) REFERENCES `ost_produit` (`id`) ON DELETE CASCADE;

--
-- Contraintes pour la table `ost_etat`
--
ALTER TABLE `ost_etat`
  ADD CONSTRAINT `FK_EF17987BF347EFB` FOREIGN KEY (`produit_id`) REFERENCES `ost_produit` (`id`) ON DELETE CASCADE;

--
-- Contraintes pour la table `ost_front_accueil`
--
ALTER TABLE `ost_front_accueil`
  ADD CONSTRAINT `FK_A340FE8F20A9D33A` FOREIGN KEY (`photo2_id`) REFERENCES `ost_front_media_accueil` (`id`),
  ADD CONSTRAINT `FK_A340FE8F321C7CD4` FOREIGN KEY (`photo1_id`) REFERENCES `ost_front_media_accueil` (`id`),
  ADD CONSTRAINT `FK_A340FE8F9815B45F` FOREIGN KEY (`photo3_id`) REFERENCES `ost_front_media_accueil` (`id`);

--
-- Contraintes pour la table `ost_front_blockmetro`
--
ALTER TABLE `ost_front_blockmetro`
  ADD CONSTRAINT `FK_AF9AEFCD17772308` FOREIGN KEY (`photo7_id`) REFERENCES `ost_front_vo` (`id`),
  ADD CONSTRAINT `FK_AF9AEFCD20A9D33A` FOREIGN KEY (`photo2_id`) REFERENCES `ost_front_vo` (`id`),
  ADD CONSTRAINT `FK_AF9AEFCD2A8BAE33` FOREIGN KEY (`theme5_id`) REFERENCES `ost_vo_themes` (`id`),
  ADD CONSTRAINT `FK_AF9AEFCD321C7CD4` FOREIGN KEY (`photo1_id`) REFERENCES `ost_front_vo` (`id`),
  ADD CONSTRAINT `FK_AF9AEFCD383E01DD` FOREIGN KEY (`theme6_id`) REFERENCES `ost_vo_themes` (`id`),
  ADD CONSTRAINT `FK_AF9AEFCD4F14335E` FOREIGN KEY (`photo8_id`) REFERENCES `ost_front_vo` (`id`),
  ADD CONSTRAINT `FK_AF9AEFCD5C28CE6` FOREIGN KEY (`photo4_id`) REFERENCES `ost_front_vo` (`id`),
  ADD CONSTRAINT `FK_AF9AEFCD808266B8` FOREIGN KEY (`theme7_id`) REFERENCES `ost_vo_themes` (`id`),
  ADD CONSTRAINT `FK_AF9AEFCD9237C956` FOREIGN KEY (`theme4_id`) REFERENCES `ost_vo_themes` (`id`),
  ADD CONSTRAINT `FK_AF9AEFCD9815B45F` FOREIGN KEY (`photo3_id`) REFERENCES `ost_front_vo` (`id`),
  ADD CONSTRAINT `FK_AF9AEFCDA5E93964` FOREIGN KEY (`theme1_id`) REFERENCES `ost_vo_themes` (`id`),
  ADD CONSTRAINT `FK_AF9AEFCDAFCB446D` FOREIGN KEY (`photo6_id`) REFERENCES `ost_front_vo` (`id`),
  ADD CONSTRAINT `FK_AF9AEFCDB75C968A` FOREIGN KEY (`theme2_id`) REFERENCES `ost_vo_themes` (`id`),
  ADD CONSTRAINT `FK_AF9AEFCDBD7EEB83` FOREIGN KEY (`photo5_id`) REFERENCES `ost_front_vo` (`id`),
  ADD CONSTRAINT `FK_AF9AEFCDD8E176EE` FOREIGN KEY (`theme8_id`) REFERENCES `ost_vo_themes` (`id`),
  ADD CONSTRAINT `FK_AF9AEFCDFE0F1EF` FOREIGN KEY (`theme3_id`) REFERENCES `ost_vo_themes` (`id`);

--
-- Contraintes pour la table `ost_front_blockmetro_pr`
--
ALTER TABLE `ost_front_blockmetro_pr`
  ADD CONSTRAINT `FK_59DE49BC17772308` FOREIGN KEY (`photo7_id`) REFERENCES `ost_front_vo` (`id`),
  ADD CONSTRAINT `FK_59DE49BC20A9D33A` FOREIGN KEY (`photo2_id`) REFERENCES `ost_front_vo` (`id`),
  ADD CONSTRAINT `FK_59DE49BC2A8BAE33` FOREIGN KEY (`theme5_id`) REFERENCES `ost_pr_themes` (`id`),
  ADD CONSTRAINT `FK_59DE49BC321C7CD4` FOREIGN KEY (`photo1_id`) REFERENCES `ost_front_vo` (`id`),
  ADD CONSTRAINT `FK_59DE49BC383E01DD` FOREIGN KEY (`theme6_id`) REFERENCES `ost_pr_themes` (`id`),
  ADD CONSTRAINT `FK_59DE49BC4F14335E` FOREIGN KEY (`photo8_id`) REFERENCES `ost_front_vo` (`id`),
  ADD CONSTRAINT `FK_59DE49BC5C28CE6` FOREIGN KEY (`photo4_id`) REFERENCES `ost_front_vo` (`id`),
  ADD CONSTRAINT `FK_59DE49BC808266B8` FOREIGN KEY (`theme7_id`) REFERENCES `ost_pr_themes` (`id`),
  ADD CONSTRAINT `FK_59DE49BC9237C956` FOREIGN KEY (`theme4_id`) REFERENCES `ost_pr_themes` (`id`),
  ADD CONSTRAINT `FK_59DE49BC9815B45F` FOREIGN KEY (`photo3_id`) REFERENCES `ost_front_vo` (`id`),
  ADD CONSTRAINT `FK_59DE49BCA5E93964` FOREIGN KEY (`theme1_id`) REFERENCES `ost_pr_themes` (`id`),
  ADD CONSTRAINT `FK_59DE49BCAFCB446D` FOREIGN KEY (`photo6_id`) REFERENCES `ost_front_vo` (`id`),
  ADD CONSTRAINT `FK_59DE49BCB75C968A` FOREIGN KEY (`theme2_id`) REFERENCES `ost_pr_themes` (`id`),
  ADD CONSTRAINT `FK_59DE49BCBD7EEB83` FOREIGN KEY (`photo5_id`) REFERENCES `ost_front_vo` (`id`),
  ADD CONSTRAINT `FK_59DE49BCD8E176EE` FOREIGN KEY (`theme8_id`) REFERENCES `ost_pr_themes` (`id`),
  ADD CONSTRAINT `FK_59DE49BCFE0F1EF` FOREIGN KEY (`theme3_id`) REFERENCES `ost_pr_themes` (`id`);

--
-- Contraintes pour la table `ost_front_blockmetro_sht`
--
ALTER TABLE `ost_front_blockmetro_sht`
  ADD CONSTRAINT `FK_F58F3FC4166F1789` FOREIGN KEY (`tag3_id`) REFERENCES `ost_sht_tag` (`id`),
  ADD CONSTRAINT `FK_F58F3FC417772308` FOREIGN KEY (`photo7_id`) REFERENCES `ost_front_vo` (`id`),
  ADD CONSTRAINT `FK_F58F3FC420A9D33A` FOREIGN KEY (`photo2_id`) REFERENCES `ost_front_vo` (`id`),
  ADD CONSTRAINT `FK_F58F3FC421B1E7BB` FOREIGN KEY (`tag6_id`) REFERENCES `ost_sht_tag` (`id`),
  ADD CONSTRAINT `FK_F58F3FC4321C7CD4` FOREIGN KEY (`photo1_id`) REFERENCES `ost_front_vo` (`id`),
  ADD CONSTRAINT `FK_F58F3FC433044855` FOREIGN KEY (`tag5_id`) REFERENCES `ost_sht_tag` (`id`),
  ADD CONSTRAINT `FK_F58F3FC44F14335E` FOREIGN KEY (`photo8_id`) REFERENCES `ost_front_vo` (`id`),
  ADD CONSTRAINT `FK_F58F3FC45C28CE6` FOREIGN KEY (`photo4_id`) REFERENCES `ost_front_vo` (`id`),
  ADD CONSTRAINT `FK_F58F3FC48BB82F30` FOREIGN KEY (`tag4_id`) REFERENCES `ost_sht_tag` (`id`),
  ADD CONSTRAINT `FK_F58F3FC49815B45F` FOREIGN KEY (`photo3_id`) REFERENCES `ost_front_vo` (`id`),
  ADD CONSTRAINT `FK_F58F3FC4990D80DE` FOREIGN KEY (`tag7_id`) REFERENCES `ost_sht_tag` (`id`),
  ADD CONSTRAINT `FK_F58F3FC4AED370EC` FOREIGN KEY (`tag2_id`) REFERENCES `ost_sht_tag` (`id`),
  ADD CONSTRAINT `FK_F58F3FC4AFCB446D` FOREIGN KEY (`photo6_id`) REFERENCES `ost_front_vo` (`id`),
  ADD CONSTRAINT `FK_F58F3FC4BC66DF02` FOREIGN KEY (`tag1_id`) REFERENCES `ost_sht_tag` (`id`),
  ADD CONSTRAINT `FK_F58F3FC4BD7EEB83` FOREIGN KEY (`photo5_id`) REFERENCES `ost_front_vo` (`id`),
  ADD CONSTRAINT `FK_F58F3FC4C16E9088` FOREIGN KEY (`tag8_id`) REFERENCES `ost_sht_tag` (`id`);

--
-- Contraintes pour la table `ost_front_filtre_theme_categorie_pr`
--
ALTER TABLE `ost_front_filtre_theme_categorie_pr`
  ADD CONSTRAINT `FK_BED4F11D12529D24` FOREIGN KEY (`themeCategorie_id`) REFERENCES `ost_pr_themes_categories` (`id`);

--
-- Contraintes pour la table `ost_front_filtre_theme_categorie_sht`
--
ALTER TABLE `ost_front_filtre_theme_categorie_sht`
  ADD CONSTRAINT `FK_54B9A60212529D24` FOREIGN KEY (`themeCategorie_id`) REFERENCES `ost_sht_theme_categorie` (`id`);

--
-- Contraintes pour la table `ost_front_filtre_theme_categorie_vo`
--
ALTER TABLE `ost_front_filtre_theme_categorie_vo`
  ADD CONSTRAINT `FK_8B883A4212529D24` FOREIGN KEY (`themeCategorie_id`) REFERENCES `ost_vo_themes_categories` (`id`);

--
-- Contraintes pour la table `ost_front_hotelsdeux`
--
ALTER TABLE `ost_front_hotelsdeux`
  ADD CONSTRAINT `FK_682BFFFF4A506129` FOREIGN KEY (`hotel5_id`) REFERENCES `ost_sht_hotels` (`id`) ON DELETE CASCADE,
  ADD CONSTRAINT `FK_682BFFFF58E5CEC7` FOREIGN KEY (`hotel6_id`) REFERENCES `ost_sht_hotels` (`id`) ON DELETE CASCADE,
  ADD CONSTRAINT `FK_682BFFFF6F3B3EF5` FOREIGN KEY (`hotel3_id`) REFERENCES `ost_sht_hotels` (`id`) ON DELETE CASCADE,
  ADD CONSTRAINT `FK_682BFFFFC532F67E` FOREIGN KEY (`hotel1_id`) REFERENCES `ost_sht_hotels` (`id`) ON DELETE CASCADE,
  ADD CONSTRAINT `FK_682BFFFFD7875990` FOREIGN KEY (`hotel2_id`) REFERENCES `ost_sht_hotels` (`id`) ON DELETE CASCADE,
  ADD CONSTRAINT `FK_682BFFFFF2EC064C` FOREIGN KEY (`hotel4_id`) REFERENCES `ost_sht_hotels` (`id`) ON DELETE CASCADE;

--
-- Contraintes pour la table `ost_front_hotelsun`
--
ALTER TABLE `ost_front_hotelsun`
  ADD CONSTRAINT `FK_54C969574A506129` FOREIGN KEY (`hotel5_id`) REFERENCES `ost_sht_hotels` (`id`) ON DELETE CASCADE,
  ADD CONSTRAINT `FK_54C9695758E5CEC7` FOREIGN KEY (`hotel6_id`) REFERENCES `ost_sht_hotels` (`id`) ON DELETE CASCADE,
  ADD CONSTRAINT `FK_54C969576F3B3EF5` FOREIGN KEY (`hotel3_id`) REFERENCES `ost_sht_hotels` (`id`) ON DELETE CASCADE,
  ADD CONSTRAINT `FK_54C96957C532F67E` FOREIGN KEY (`hotel1_id`) REFERENCES `ost_sht_hotels` (`id`) ON DELETE CASCADE,
  ADD CONSTRAINT `FK_54C96957D7875990` FOREIGN KEY (`hotel2_id`) REFERENCES `ost_sht_hotels` (`id`) ON DELETE CASCADE,
  ADD CONSTRAINT `FK_54C96957F2EC064C` FOREIGN KEY (`hotel4_id`) REFERENCES `ost_sht_hotels` (`id`) ON DELETE CASCADE;

--
-- Contraintes pour la table `ost_front_programmedeux`
--
ALTER TABLE `ost_front_programmedeux`
  ADD CONSTRAINT `FK_9022896A62BB7AEE` FOREIGN KEY (`programme_id`) REFERENCES `ost_pr_programmes` (`id`) ON DELETE CASCADE;

--
-- Contraintes pour la table `ost_front_programmeun`
--
ALTER TABLE `ost_front_programmeun`
  ADD CONSTRAINT `FK_E764400762BB7AEE` FOREIGN KEY (`programme_id`) REFERENCES `ost_pr_programmes` (`id`) ON DELETE CASCADE;

--
-- Contraintes pour la table `ost_front_titreblocs`
--
ALTER TABLE `ost_front_titreblocs`
  ADD CONSTRAINT `FK_BD3C6BCF56BA85B2` FOREIGN KEY (`image_voyage3_id`) REFERENCES `ost_front_iconeaccueilblocs` (`id`),
  ADD CONSTRAINT `FK_BD3C6BCFC7071473` FOREIGN KEY (`image_programme2_id`) REFERENCES `ost_front_iconeaccueilblocs` (`id`),
  ADD CONSTRAINT `FK_BD3C6BCFD5B2BB9D` FOREIGN KEY (`image_programme1_id`) REFERENCES `ost_front_iconeaccueilblocs` (`id`),
  ADD CONSTRAINT `FK_BD3C6BCFEE06E2D7` FOREIGN KEY (`image_voyage2_id`) REFERENCES `ost_front_iconeaccueilblocs` (`id`),
  ADD CONSTRAINT `FK_BD3C6BCFFCB34D39` FOREIGN KEY (`image_voyage1_id`) REFERENCES `ost_front_iconeaccueilblocs` (`id`);

--
-- Contraintes pour la table `ost_front_topdestination`
--
ALTER TABLE `ost_front_topdestination`
  ADD CONSTRAINT `FK_52D43B90816C6140` FOREIGN KEY (`destination_id`) REFERENCES `ost_vo_destinations` (`id`) ON DELETE CASCADE;

--
-- Contraintes pour la table `ost_front_topprogramme`
--
ALTER TABLE `ost_front_topprogramme`
  ADD CONSTRAINT `FK_AC57A2E359027487` FOREIGN KEY (`theme_id`) REFERENCES `ost_pr_themes` (`id`);

--
-- Contraintes pour la table `ost_front_voyagedeux`
--
ALTER TABLE `ost_front_voyagedeux`
  ADD CONSTRAINT `FK_BB61ED8768C9E5AF` FOREIGN KEY (`voyage_id`) REFERENCES `ost_vo_voyages` (`id`) ON DELETE CASCADE;

--
-- Contraintes pour la table `ost_front_voyagenoce`
--
ALTER TABLE `ost_front_voyagenoce`
  ADD CONSTRAINT `FK_A6D5513B68C9E5AF` FOREIGN KEY (`voyage_id`) REFERENCES `ost_vo_voyages` (`id`) ON DELETE CASCADE;

--
-- Contraintes pour la table `ost_front_voyageun`
--
ALTER TABLE `ost_front_voyageun`
  ADD CONSTRAINT `FK_BB4CA79368C9E5AF` FOREIGN KEY (`voyage_id`) REFERENCES `ost_vo_voyages` (`id`) ON DELETE CASCADE;

--
-- Contraintes pour la table `ost_maritime_reservation`
--
ALTER TABLE `ost_maritime_reservation`
  ADD CONSTRAINT `FK_276511AC19EB6921` FOREIGN KEY (`client_id`) REFERENCES `ost_client` (`id`) ON DELETE CASCADE,
  ADD CONSTRAINT `FK_276511AC53C59D72` FOREIGN KEY (`responsable_id`) REFERENCES `ost_user` (`id`),
  ADD CONSTRAINT `FK_276511ACF06C2258` FOREIGN KEY (`responsableAmicale_id`) REFERENCES `ost_client` (`id`),
  ADD CONSTRAINT `FK_276511ACFEBD183` FOREIGN KEY (`amicale_id`) REFERENCES `ost_amicale` (`id`);

--
-- Contraintes pour la table `ost_media`
--
ALTER TABLE `ost_media`
  ADD CONSTRAINT `FK_EFDD4A3A73F0036` FOREIGN KEY (`ville_id`) REFERENCES `ost_sht_ville` (`id`),
  ADD CONSTRAINT `FK_EFDD4A3CB35D94E` FOREIGN KEY (`Hotel_id`) REFERENCES `ost_sht_hotels` (`id`);

--
-- Contraintes pour la table `ost_periodes`
--
ALTER TABLE `ost_periodes`
  ADD CONSTRAINT `FK_4E91DA48F965414C` FOREIGN KEY (`saison_id`) REFERENCES `ost_sht_saison` (`id`) ON DELETE CASCADE;

--
-- Contraintes pour la table `ost_produit`
--
ALTER TABLE `ost_produit`
  ADD CONSTRAINT `FK_2055AD634D79775F` FOREIGN KEY (`tva_id`) REFERENCES `ost_tva` (`id`);

--
-- Contraintes pour la table `ost_pr_descriptions`
--
ALTER TABLE `ost_pr_descriptions`
  ADD CONSTRAINT `FK_11E6ED8C62BB7AEE` FOREIGN KEY (`programme_id`) REFERENCES `ost_pr_programmes` (`id`) ON DELETE CASCADE;

--
-- Contraintes pour la table `ost_pr_ligne`
--
ALTER TABLE `ost_pr_ligne`
  ADD CONSTRAINT `FK_AF376C8FF384C1CF` FOREIGN KEY (`periode_id`) REFERENCES `ost_pr_periodes` (`id`) ON DELETE CASCADE;

--
-- Contraintes pour la table `ost_pr_periodes`
--
ALTER TABLE `ost_pr_periodes`
  ADD CONSTRAINT `FK_5C7E146F62BB7AEE` FOREIGN KEY (`programme_id`) REFERENCES `ost_pr_programmes` (`id`) ON DELETE CASCADE;

--
-- Contraintes pour la table `ost_pr_photos`
--
ALTER TABLE `ost_pr_photos`
  ADD CONSTRAINT `FK_1386B4568C9E5AF` FOREIGN KEY (`voyage_id`) REFERENCES `ost_pr_programmes` (`id`) ON DELETE CASCADE;

--
-- Contraintes pour la table `ost_pr_programmes`
--
ALTER TABLE `ost_pr_programmes`
  ADD CONSTRAINT `FK_3BE18C6D3243BB18` FOREIGN KEY (`hotel_id`) REFERENCES `ost_sht_hotels` (`id`);

--
-- Contraintes pour la table `ost_pr_programme_themes`
--
ALTER TABLE `ost_pr_programme_themes`
  ADD CONSTRAINT `FK_9BDE0C0D59027487` FOREIGN KEY (`theme_id`) REFERENCES `ost_pr_themes` (`id`) ON DELETE CASCADE,
  ADD CONSTRAINT `FK_9BDE0C0D62BB7AEE` FOREIGN KEY (`programme_id`) REFERENCES `ost_pr_programmes` (`id`) ON DELETE CASCADE;

--
-- Contraintes pour la table `ost_pr_reservations`
--
ALTER TABLE `ost_pr_reservations`
  ADD CONSTRAINT `FK_D8C5E10319EB6921` FOREIGN KEY (`client_id`) REFERENCES `ost_client` (`id`) ON DELETE CASCADE,
  ADD CONSTRAINT `FK_D8C5E10353C59D72` FOREIGN KEY (`responsable_id`) REFERENCES `ost_user` (`id`),
  ADD CONSTRAINT `FK_D8C5E10362BB7AEE` FOREIGN KEY (`programme_id`) REFERENCES `ost_pr_programmes` (`id`),
  ADD CONSTRAINT `FK_D8C5E103F06C2258` FOREIGN KEY (`responsableAmicale_id`) REFERENCES `ost_client` (`id`),
  ADD CONSTRAINT `FK_D8C5E103F384C1CF` FOREIGN KEY (`periode_id`) REFERENCES `ost_pr_periodes` (`id`),
  ADD CONSTRAINT `FK_D8C5E103FEBD183` FOREIGN KEY (`amicale_id`) REFERENCES `ost_amicale` (`id`);

--
-- Contraintes pour la table `ost_pr_reservations_lignes`
--
ALTER TABLE `ost_pr_reservations_lignes`
  ADD CONSTRAINT `FK_B83E2EAEA21BD112` FOREIGN KEY (`personne_id`) REFERENCES `ost_pr_reservation_personnes` (`id`) ON DELETE CASCADE;

--
-- Contraintes pour la table `ost_pr_reservation_personnes`
--
ALTER TABLE `ost_pr_reservation_personnes`
  ADD CONSTRAINT `FK_686A2A218385C843` FOREIGN KEY (`reservationA_id`) REFERENCES `ost_pr_reservations` (`id`) ON DELETE CASCADE,
  ADD CONSTRAINT `FK_686A2A21CE75F14` FOREIGN KEY (`reservationE_id`) REFERENCES `ost_pr_reservations` (`id`) ON DELETE CASCADE;

--
-- Contraintes pour la table `ost_pr_themes`
--
ALTER TABLE `ost_pr_themes`
  ADD CONSTRAINT `FK_1C0CB94212529D24` FOREIGN KEY (`themeCategorie_id`) REFERENCES `ost_pr_themes_categories` (`id`);

--
-- Contraintes pour la table `ost_resa_hotels`
--
ALTER TABLE `ost_resa_hotels`
  ADD CONSTRAINT `FK_A77B75833243BB18` FOREIGN KEY (`hotel_id`) REFERENCES `ost_sht_hotels` (`id`);

--
-- Contraintes pour la table `ost_resa_resarvation`
--
ALTER TABLE `ost_resa_resarvation`
  ADD CONSTRAINT `FK_467D7B5519EB6921` FOREIGN KEY (`client_id`) REFERENCES `ost_client` (`id`) ON DELETE CASCADE,
  ADD CONSTRAINT `FK_467D7B553243BB18` FOREIGN KEY (`hotel_id`) REFERENCES `ost_resa_hotels` (`id`),
  ADD CONSTRAINT `FK_467D7B5553C59D72` FOREIGN KEY (`responsable_id`) REFERENCES `ost_user` (`id`),
  ADD CONSTRAINT `FK_467D7B55F06C2258` FOREIGN KEY (`responsableAmicale_id`) REFERENCES `ost_client` (`id`),
  ADD CONSTRAINT `FK_467D7B55FEBD183` FOREIGN KEY (`amicale_id`) REFERENCES `ost_amicale` (`id`);

--
-- Contraintes pour la table `ost_sht_amenagement`
--
ALTER TABLE `ost_sht_amenagement`
  ADD CONSTRAINT `FK_388FDD3DD8E3B1F4` FOREIGN KEY (`id_typeamenagement`) REFERENCES `ost_sht_type_amenagement` (`id`);

--
-- Contraintes pour la table `ost_sht_contrat`
--
ALTER TABLE `ost_sht_contrat`
  ADD CONSTRAINT `FK_1A2885403243BB18` FOREIGN KEY (`hotel_id`) REFERENCES `ost_sht_hotels` (`id`);

--
-- Contraintes pour la table `ost_sht_hotels`
--
ALTER TABLE `ost_sht_hotels`
  ADD CONSTRAINT `FK_92448DAE3129D93D` FOREIGN KEY (`chaine_id`) REFERENCES `ost_sht_chaine` (`id`),
  ADD CONSTRAINT `FK_92448DAE670C757F` FOREIGN KEY (`fournisseur_id`) REFERENCES `ost_com_fournisseur` (`id`),
  ADD CONSTRAINT `FK_92448DAE7A71939B` FOREIGN KEY (`ficheTechnique_id`) REFERENCES `ost_sht_fichetechnique` (`id`),
  ADD CONSTRAINT `FK_92448DAEA73F0036` FOREIGN KEY (`ville_id`) REFERENCES `ost_sht_ville` (`id`),
  ADD CONSTRAINT `FK_92448DAEBCF5E72D` FOREIGN KEY (`categorie_id`) REFERENCES `ost_sht_categorie` (`id`),
  ADD CONSTRAINT `FK_92448DAEF05725D6` FOREIGN KEY (`saisonBase_id`) REFERENCES `ost_sht_saison` (`id`);

--
-- Contraintes pour la table `ost_sht_hotelschambre`
--
ALTER TABLE `ost_sht_hotelschambre`
  ADD CONSTRAINT `FK_534A5F03243BB18` FOREIGN KEY (`hotel_id`) REFERENCES `ost_sht_hotels` (`id`),
  ADD CONSTRAINT `FK_534A5F03DA5256D` FOREIGN KEY (`image_id`) REFERENCES `ost_media` (`id`),
  ADD CONSTRAINT `FK_534A5F09B177F54` FOREIGN KEY (`chambre_id`) REFERENCES `ost_sht_chambre` (`id`);

--
-- Contraintes pour la table `ost_sht_hotels_amenagements`
--
ALTER TABLE `ost_sht_hotels_amenagements`
  ADD CONSTRAINT `FK_B926764D57E799D6` FOREIGN KEY (`id_amenagement`) REFERENCES `ost_sht_amenagement` (`id`),
  ADD CONSTRAINT `FK_B926764DEDD61FE9` FOREIGN KEY (`id_hotel`) REFERENCES `ost_sht_hotels` (`id`);

--
-- Contraintes pour la table `ost_sht_hotels_arrangements`
--
ALTER TABLE `ost_sht_hotels_arrangements`
  ADD CONSTRAINT `FK_47C301AC668B0E4E` FOREIGN KEY (`id_arrangement`) REFERENCES `ost_sht_arrangement` (`id`),
  ADD CONSTRAINT `FK_47C301ACEDD61FE9` FOREIGN KEY (`id_hotel`) REFERENCES `ost_sht_hotels` (`id`);

--
-- Contraintes pour la table `ost_sht_hotels_chambre`
--
ALTER TABLE `ost_sht_hotels_chambre`
  ADD CONSTRAINT `FK_D84847041B944D8F` FOREIGN KEY (`id_chambre`) REFERENCES `ost_sht_chambre` (`id`),
  ADD CONSTRAINT `FK_D8484704EDD61FE9` FOREIGN KEY (`id_hotel`) REFERENCES `ost_sht_hotels` (`id`);

--
-- Contraintes pour la table `ost_sht_hotels_localisations`
--
ALTER TABLE `ost_sht_hotels_localisations`
  ADD CONSTRAINT `FK_193281939C12BBFD` FOREIGN KEY (`id_localisation`) REFERENCES `ost_sht_localistion` (`id`),
  ADD CONSTRAINT `FK_19328193EDD61FE9` FOREIGN KEY (`id_hotel`) REFERENCES `ost_sht_hotels` (`id`);

--
-- Contraintes pour la table `ost_sht_hotels_options`
--
ALTER TABLE `ost_sht_hotels_options`
  ADD CONSTRAINT `FK_CD74597C7CB1B55D` FOREIGN KEY (`id_option`) REFERENCES `ost_sht_option` (`id`),
  ADD CONSTRAINT `FK_CD74597CEDD61FE9` FOREIGN KEY (`id_hotel`) REFERENCES `ost_sht_hotels` (`id`);

--
-- Contraintes pour la table `ost_sht_hotels_stopsales`
--
ALTER TABLE `ost_sht_hotels_stopsales`
  ADD CONSTRAINT `FK_64D515253243BB18` FOREIGN KEY (`hotel_id`) REFERENCES `ost_sht_hotels` (`id`);

--
-- Contraintes pour la table `ost_sht_hotels_tags`
--
ALTER TABLE `ost_sht_hotels_tags`
  ADD CONSTRAINT `FK_D65966A89D2D5FD9` FOREIGN KEY (`id_tag`) REFERENCES `ost_sht_tag` (`id`),
  ADD CONSTRAINT `FK_D65966A8EDD61FE9` FOREIGN KEY (`id_hotel`) REFERENCES `ost_sht_hotels` (`id`);

--
-- Contraintes pour la table `ost_sht_hotels_themes`
--
ALTER TABLE `ost_sht_hotels_themes`
  ADD CONSTRAINT `FK_E3F1ADCE79F0A638` FOREIGN KEY (`id_theme`) REFERENCES `ost_sht_theme` (`id`),
  ADD CONSTRAINT `FK_E3F1ADCEEDD61FE9` FOREIGN KEY (`id_hotel`) REFERENCES `ost_sht_hotels` (`id`);

--
-- Contraintes pour la table `ost_sht_hotels_vues`
--
ALTER TABLE `ost_sht_hotels_vues`
  ADD CONSTRAINT `FK_5549C70D5E093DCE` FOREIGN KEY (`id_vue`) REFERENCES `ost_sht_vue` (`id`),
  ADD CONSTRAINT `FK_5549C70DEDD61FE9` FOREIGN KEY (`id_hotel`) REFERENCES `ost_sht_hotels` (`id`);

--
-- Contraintes pour la table `ost_sht_reservation`
--
ALTER TABLE `ost_sht_reservation`
  ADD CONSTRAINT `FK_35B2C04919EB6921` FOREIGN KEY (`client_id`) REFERENCES `ost_client` (`id`) ON DELETE CASCADE,
  ADD CONSTRAINT `FK_35B2C0493243BB18` FOREIGN KEY (`hotel_id`) REFERENCES `ost_sht_hotels` (`id`),
  ADD CONSTRAINT `FK_35B2C04953C59D72` FOREIGN KEY (`responsable_id`) REFERENCES `ost_user` (`id`),
  ADD CONSTRAINT `FK_35B2C049F06C2258` FOREIGN KEY (`responsableAmicale_id`) REFERENCES `ost_client` (`id`),
  ADD CONSTRAINT `FK_35B2C049FEBD183` FOREIGN KEY (`amicale_id`) REFERENCES `ost_amicale` (`id`);

--
-- Contraintes pour la table `ost_sht_reservation_chambre`
--
ALTER TABLE `ost_sht_reservation_chambre`
  ADD CONSTRAINT `FK_754DC6479B177F54` FOREIGN KEY (`chambre_id`) REFERENCES `ost_sht_chambre` (`id`),
  ADD CONSTRAINT `FK_754DC647B83297E7` FOREIGN KEY (`reservation_id`) REFERENCES `ost_sht_reservation` (`id`) ON DELETE CASCADE,
  ADD CONSTRAINT `FK_754DC647C5CAAFBC` FOREIGN KEY (`arrangement_id`) REFERENCES `ost_sht_arrangement` (`id`);

--
-- Contraintes pour la table `ost_sht_reservation_chambre_jour`
--
ALTER TABLE `ost_sht_reservation_chambre_jour`
  ADD CONSTRAINT `FK_14CD0F7D6353055F` FOREIGN KEY (`saisonContingent_id`) REFERENCES `ost_sht_saison` (`id`) ON DELETE CASCADE,
  ADD CONSTRAINT `FK_14CD0F7D9B177F54` FOREIGN KEY (`chambre_id`) REFERENCES `ost_sht_reservation_chambre` (`id`) ON DELETE CASCADE,
  ADD CONSTRAINT `FK_14CD0F7DD5B2B34` FOREIGN KEY (`saisonCalcule_id`) REFERENCES `ost_sht_saison` (`id`) ON DELETE CASCADE;

--
-- Contraintes pour la table `ost_sht_reservation_jour`
--
ALTER TABLE `ost_sht_reservation_jour`
  ADD CONSTRAINT `FK_C0779528A21BD112` FOREIGN KEY (`personne_id`) REFERENCES `ost_sht_reservation_personne` (`id`) ON DELETE CASCADE,
  ADD CONSTRAINT `FK_C0779528F965414C` FOREIGN KEY (`saison_id`) REFERENCES `ost_sht_saison` (`id`) ON DELETE CASCADE;

--
-- Contraintes pour la table `ost_sht_reservation_ligne`
--
ALTER TABLE `ost_sht_reservation_ligne`
  ADD CONSTRAINT `FK_8951250A220C6AD0` FOREIGN KEY (`jour_id`) REFERENCES `ost_sht_reservation_jour` (`id`) ON DELETE CASCADE,
  ADD CONSTRAINT `FK_8951250A7793FA21` FOREIGN KEY (`supplement_id`) REFERENCES `ost_sht_reservation_chambre` (`id`) ON DELETE CASCADE,
  ADD CONSTRAINT `FK_8951250AC03CB092` FOREIGN KEY (`reduction_id`) REFERENCES `ost_sht_reservation_chambre` (`id`) ON DELETE CASCADE;

--
-- Contraintes pour la table `ost_sht_reservation_personne`
--
ALTER TABLE `ost_sht_reservation_personne`
  ADD CONSTRAINT `FK_CAC4B67368606A56` FOREIGN KEY (`reservationChambreEnfant_id`) REFERENCES `ost_sht_reservation_chambre` (`id`) ON DELETE CASCADE,
  ADD CONSTRAINT `FK_CAC4B6738C110DC6` FOREIGN KEY (`reservationChambreAdulte_id`) REFERENCES `ost_sht_reservation_chambre` (`id`) ON DELETE CASCADE;

--
-- Contraintes pour la table `ost_sht_saison`
--
ALTER TABLE `ost_sht_saison`
  ADD CONSTRAINT `FK_B696AE0D1823061F` FOREIGN KEY (`contrat_id`) REFERENCES `ost_sht_contrat` (`id`),
  ADD CONSTRAINT `FK_B696AE0D1FCD6BE3` FOREIGN KEY (`arr_base`) REFERENCES `ost_sht_arrangement` (`id`),
  ADD CONSTRAINT `FK_B696AE0D2EEF7AE7` FOREIGN KEY (`saisonReduc_id`) REFERENCES `ost_sht_saison_reduc` (`id`) ON DELETE CASCADE,
  ADD CONSTRAINT `FK_B696AE0D3243BB18` FOREIGN KEY (`hotel_id`) REFERENCES `ost_sht_hotels` (`id`),
  ADD CONSTRAINT `FK_B696AE0D89DE2F5C` FOREIGN KEY (`saisonSupp_id`) REFERENCES `ost_sht_saison_supp` (`id`) ON DELETE CASCADE,
  ADD CONSTRAINT `FK_B696AE0D93F83878` FOREIGN KEY (`saisonWeekend_id`) REFERENCES `ost_sht_saison_weekend` (`id`) ON DELETE CASCADE;

--
-- Contraintes pour la table `ost_sht_saisons_amicales`
--
ALTER TABLE `ost_sht_saisons_amicales`
  ADD CONSTRAINT `FK_34550E21DA6E7061` FOREIGN KEY (`id_amicale`) REFERENCES `ost_amicale` (`id`),
  ADD CONSTRAINT `FK_34550E21E6E7606B` FOREIGN KEY (`id_saison`) REFERENCES `ost_sht_saison` (`id`);

--
-- Contraintes pour la table `ost_sht_saison_arrangement`
--
ALTER TABLE `ost_sht_saison_arrangement`
  ADD CONSTRAINT `FK_EA4BA05EC5CAAFBC` FOREIGN KEY (`arrangement_id`) REFERENCES `ost_sht_arrangement` (`id`),
  ADD CONSTRAINT `FK_EA4BA05EF965414C` FOREIGN KEY (`saison_id`) REFERENCES `ost_sht_saison` (`id`) ON DELETE CASCADE;

--
-- Contraintes pour la table `ost_sht_saison_autresreduc`
--
ALTER TABLE `ost_sht_saison_autresreduc`
  ADD CONSTRAINT `FK_2FAAA705C03CB092` FOREIGN KEY (`reduction_id`) REFERENCES `ost_sht_reduction` (`id`),
  ADD CONSTRAINT `FK_2FAAA705F965414C` FOREIGN KEY (`saison_id`) REFERENCES `ost_sht_saison` (`id`) ON DELETE CASCADE;

--
-- Contraintes pour la table `ost_sht_saison_autressupp`
--
ALTER TABLE `ost_sht_saison_autressupp`
  ADD CONSTRAINT `FK_30EF15B67793FA21` FOREIGN KEY (`supplement_id`) REFERENCES `ost_sht_supplement` (`id`),
  ADD CONSTRAINT `FK_30EF15B6F965414C` FOREIGN KEY (`saison_id`) REFERENCES `ost_sht_saison` (`id`) ON DELETE CASCADE;

--
-- Contraintes pour la table `ost_sht_saison_chambres`
--
ALTER TABLE `ost_sht_saison_chambres`
  ADD CONSTRAINT `FK_160ACD859B177F54` FOREIGN KEY (`chambre_id`) REFERENCES `ost_sht_chambre` (`id`),
  ADD CONSTRAINT `FK_160ACD85F965414C` FOREIGN KEY (`saison_id`) REFERENCES `ost_sht_saison` (`id`) ON DELETE CASCADE;

--
-- Contraintes pour la table `ost_sht_saison_chambres_frais`
--
ALTER TABLE `ost_sht_saison_chambres_frais`
  ADD CONSTRAINT `FK_879636A39B177F54` FOREIGN KEY (`chambre_id`) REFERENCES `ost_sht_chambre` (`id`),
  ADD CONSTRAINT `FK_879636A3F965414C` FOREIGN KEY (`saison_id`) REFERENCES `ost_sht_saison` (`id`) ON DELETE CASCADE;

--
-- Contraintes pour la table `ost_sht_saison_chambres_frais_lignes`
--
ALTER TABLE `ost_sht_saison_chambres_frais_lignes`
  ADD CONSTRAINT `FK_1C737BB8C5CAAFBC` FOREIGN KEY (`arrangement_id`) REFERENCES `ost_sht_arrangement` (`id`),
  ADD CONSTRAINT `FK_1C737BB8EC285501` FOREIGN KEY (`entete_id`) REFERENCES `ost_sht_saison_chambres_frais` (`id`) ON DELETE CASCADE;

--
-- Contraintes pour la table `ost_sht_saison_contingent`
--
ALTER TABLE `ost_sht_saison_contingent`
  ADD CONSTRAINT `FK_7C9C1E8BF965414C` FOREIGN KEY (`saison_id`) REFERENCES `ost_sht_saison` (`id`) ON DELETE CASCADE;

--
-- Contraintes pour la table `ost_sht_saison_suppchambres`
--
ALTER TABLE `ost_sht_saison_suppchambres`
  ADD CONSTRAINT `FK_CC8F7E249B177F54` FOREIGN KEY (`chambre_id`) REFERENCES `ost_sht_chambre` (`id`),
  ADD CONSTRAINT `FK_CC8F7E24F965414C` FOREIGN KEY (`saison_id`) REFERENCES `ost_sht_saison` (`id`) ON DELETE CASCADE;

--
-- Contraintes pour la table `ost_sht_saison_vue`
--
ALTER TABLE `ost_sht_saison_vue`
  ADD CONSTRAINT `FK_A9535FFCC8733BD3` FOREIGN KEY (`vue_id`) REFERENCES `ost_sht_vue` (`id`),
  ADD CONSTRAINT `FK_A9535FFCF965414C` FOREIGN KEY (`saison_id`) REFERENCES `ost_sht_saison` (`id`) ON DELETE CASCADE;

--
-- Contraintes pour la table `ost_sht_saison_vue_chambres`
--
ALTER TABLE `ost_sht_saison_vue_chambres`
  ADD CONSTRAINT `FK_C8E30EEA9B177F54` FOREIGN KEY (`chambre_id`) REFERENCES `ost_sht_chambre` (`id`) ON DELETE CASCADE,
  ADD CONSTRAINT `FK_C8E30EEAF67413E6` FOREIGN KEY (`saisonvue_id`) REFERENCES `ost_sht_saison_vue` (`id`) ON DELETE CASCADE;

--
-- Contraintes pour la table `ost_sht_saison_weekend_chambres`
--
ALTER TABLE `ost_sht_saison_weekend_chambres`
  ADD CONSTRAINT `FK_E2C1E80A1B944D8F` FOREIGN KEY (`id_chambre`) REFERENCES `ost_sht_chambre` (`id`),
  ADD CONSTRAINT `FK_E2C1E80A7078C59E` FOREIGN KEY (`id_saison_weekend`) REFERENCES `ost_sht_saison_weekend` (`id`) ON DELETE CASCADE;

--
-- Contraintes pour la table `ost_sht_saison_weekend_lignes`
--
ALTER TABLE `ost_sht_saison_weekend_lignes`
  ADD CONSTRAINT `FK_F818A0B293F83878` FOREIGN KEY (`saisonWeekend_id`) REFERENCES `ost_sht_saison_weekend` (`id`) ON DELETE CASCADE,
  ADD CONSTRAINT `FK_F818A0B29B177F54` FOREIGN KEY (`chambre_id`) REFERENCES `ost_sht_chambre` (`id`);

--
-- Contraintes pour la table `ost_sht_theme`
--
ALTER TABLE `ost_sht_theme`
  ADD CONSTRAINT `FK_D4FFC4812529D24` FOREIGN KEY (`themeCategorie_id`) REFERENCES `ost_sht_theme_categorie` (`id`);

--
-- Contraintes pour la table `ost_sht_ville`
--
ALTER TABLE `ost_sht_ville`
  ADD CONSTRAINT `FK_D9F9C28398260155` FOREIGN KEY (`region_id`) REFERENCES `ost_sht_region` (`id`),
  ADD CONSTRAINT `FK_D9F9C283A6E44244` FOREIGN KEY (`pays_id`) REFERENCES `ost_sht_pays` (`id`);

--
-- Contraintes pour la table `ost_sous_etat`
--
ALTER TABLE `ost_sous_etat`
  ADD CONSTRAINT `FK_4E095BD94773709E` FOREIGN KEY (`reservationSHT_id`) REFERENCES `ost_sht_reservation` (`id`) ON DELETE CASCADE,
  ADD CONSTRAINT `FK_4E095BD94D295EAE` FOREIGN KEY (`reservationPR_id`) REFERENCES `ost_pr_reservations` (`id`) ON DELETE CASCADE,
  ADD CONSTRAINT `FK_4E095BD9601A244C` FOREIGN KEY (`reservationVO_id`) REFERENCES `ost_vo_reservations` (`id`) ON DELETE CASCADE,
  ADD CONSTRAINT `FK_4E095BD967F05A51` FOREIGN KEY (`reservationRB_id`) REFERENCES `ost_resa_resarvation` (`id`) ON DELETE CASCADE,
  ADD CONSTRAINT `FK_4E095BD9913067AD` FOREIGN KEY (`reservationB_id`) REFERENCES `ost_billetterie_reservation` (`id`) ON DELETE CASCADE,
  ADD CONSTRAINT `FK_4E095BD99AC7F56A` FOREIGN KEY (`reservationBE_id`) REFERENCES `ost_be_reservations` (`id`) ON DELETE CASCADE,
  ADD CONSTRAINT `FK_4E095BD9A76ED395` FOREIGN KEY (`user_id`) REFERENCES `ost_user` (`id`),
  ADD CONSTRAINT `FK_4E095BD9C95377FB` FOREIGN KEY (`reservationM_id`) REFERENCES `ost_maritime_reservation` (`id`) ON DELETE CASCADE,
  ADD CONSTRAINT `FK_4E095BD9D5E86FF` FOREIGN KEY (`etat_id`) REFERENCES `ost_etat` (`id`),
  ADD CONSTRAINT `FK_4E095BD9E4426FEE` FOREIGN KEY (`reservationT_id`) REFERENCES `ost_transfer_reservation` (`id`) ON DELETE CASCADE;

--
-- Contraintes pour la table `ost_transfert_reservation_ligne`
--
ALTER TABLE `ost_transfert_reservation_ligne`
  ADD CONSTRAINT `FK_B9E30B00B83297E7` FOREIGN KEY (`reservation_id`) REFERENCES `ost_transfer_reservation` (`id`) ON DELETE CASCADE;

--
-- Contraintes pour la table `ost_transfer_reservation`
--
ALTER TABLE `ost_transfer_reservation`
  ADD CONSTRAINT `FK_38E092B319EB6921` FOREIGN KEY (`client_id`) REFERENCES `ost_client` (`id`) ON DELETE CASCADE,
  ADD CONSTRAINT `FK_38E092B353C59D72` FOREIGN KEY (`responsable_id`) REFERENCES `ost_user` (`id`),
  ADD CONSTRAINT `FK_38E092B3F06C2258` FOREIGN KEY (`responsableAmicale_id`) REFERENCES `ost_client` (`id`),
  ADD CONSTRAINT `FK_38E092B3FEBD183` FOREIGN KEY (`amicale_id`) REFERENCES `ost_amicale` (`id`);

--
-- Contraintes pour la table `ost_user_contact`
--
ALTER TABLE `ost_user_contact`
  ADD CONSTRAINT `FK_FEB2F17A19EB6921` FOREIGN KEY (`client_id`) REFERENCES `ost_client` (`id`),
  ADD CONSTRAINT `FK_FEB2F17A670C757F` FOREIGN KEY (`fournisseur_id`) REFERENCES `ost_com_fournisseur` (`id`);

--
-- Contraintes pour la table `ost_user_gouvernorat`
--
ALTER TABLE `ost_user_gouvernorat`
  ADD CONSTRAINT `FK_C874F3D7A6E44244` FOREIGN KEY (`pays_id`) REFERENCES `ost_sht_pays` (`id`);

--
-- Contraintes pour la table `ost_user_group`
--
ALTER TABLE `ost_user_group`
  ADD CONSTRAINT `FK_AC4E16D0A76ED395` FOREIGN KEY (`user_id`) REFERENCES `ost_user` (`id`),
  ADD CONSTRAINT `FK_AC4E16D0FE54D947` FOREIGN KEY (`group_id`) REFERENCES `ost_group` (`id`);

--
-- Contraintes pour la table `ost_user_logo`
--
ALTER TABLE `ost_user_logo`
  ADD CONSTRAINT `FK_BC1242D19EB6921` FOREIGN KEY (`client_id`) REFERENCES `ost_client` (`id`);

--
-- Contraintes pour la table `ost_vo_chambre`
--
ALTER TABLE `ost_vo_chambre`
  ADD CONSTRAINT `FK_6C28A07A635D1086` FOREIGN KEY (`contingent_id`) REFERENCES `ost_vo_contingents` (`id`) ON DELETE CASCADE;

--
-- Contraintes pour la table `ost_vo_contingents`
--
ALTER TABLE `ost_vo_contingents`
  ADD CONSTRAINT `FK_7B4B07E01919B217` FOREIGN KEY (`pack_id`) REFERENCES `ost_vo_packs` (`id`),
  ADD CONSTRAINT `FK_7B4B07E03243BB18` FOREIGN KEY (`hotel_id`) REFERENCES `ost_vo_hotel` (`id`),
  ADD CONSTRAINT `FK_7B4B07E068C9E5AF` FOREIGN KEY (`voyage_id`) REFERENCES `ost_vo_voyages` (`id`) ON DELETE CASCADE;

--
-- Contraintes pour la table `ost_vo_descriptions`
--
ALTER TABLE `ost_vo_descriptions`
  ADD CONSTRAINT `FK_E254754968C9E5AF` FOREIGN KEY (`voyage_id`) REFERENCES `ost_vo_voyages` (`id`) ON DELETE CASCADE;

--
-- Contraintes pour la table `ost_vo_descs`
--
ALTER TABLE `ost_vo_descs`
  ADD CONSTRAINT `FK_4FA2ACCF68C9E5AF` FOREIGN KEY (`voyage_id`) REFERENCES `ost_vo_voyages` (`id`);

--
-- Contraintes pour la table `ost_vo_hotel`
--
ALTER TABLE `ost_vo_hotel`
  ADD CONSTRAINT `FK_3BF21D5CBCF5E72D` FOREIGN KEY (`categorie_id`) REFERENCES `ost_sht_categorie` (`id`);

--
-- Contraintes pour la table `ost_vo_info_pratiques`
--
ALTER TABLE `ost_vo_info_pratiques`
  ADD CONSTRAINT `FK_AEE5EE2368C9E5AF` FOREIGN KEY (`voyage_id`) REFERENCES `ost_vo_voyages` (`id`) ON DELETE CASCADE;

--
-- Contraintes pour la table `ost_vo_ligne`
--
ALTER TABLE `ost_vo_ligne`
  ADD CONSTRAINT `FK_6F5198061919B217` FOREIGN KEY (`pack_id`) REFERENCES `ost_vo_packs` (`id`) ON DELETE CASCADE,
  ADD CONSTRAINT `FK_6F5198061C721E64` FOREIGN KEY (`periodeC_id`) REFERENCES `ost_vo_periodes` (`id`) ON DELETE CASCADE,
  ADD CONSTRAINT `FK_6F5198062BACEE56` FOREIGN KEY (`periodeF_id`) REFERENCES `ost_vo_periodes` (`id`) ON DELETE CASCADE;

--
-- Contraintes pour la table `ost_vo_packs`
--
ALTER TABLE `ost_vo_packs`
  ADD CONSTRAINT `FK_815F23A2F384C1CF` FOREIGN KEY (`periode_id`) REFERENCES `ost_vo_periodes` (`id`) ON DELETE CASCADE;

--
-- Contraintes pour la table `ost_vo_periodes`
--
ALTER TABLE `ost_vo_periodes`
  ADD CONSTRAINT `FK_A252F96B68C9E5AF` FOREIGN KEY (`voyage_id`) REFERENCES `ost_vo_voyages` (`id`) ON DELETE CASCADE;

--
-- Contraintes pour la table `ost_vo_photos`
--
ALTER TABLE `ost_vo_photos`
  ADD CONSTRAINT `FK_959C363568C9E5AF` FOREIGN KEY (`voyage_id`) REFERENCES `ost_vo_voyages` (`id`) ON DELETE CASCADE;

--
-- Contraintes pour la table `ost_vo_plan_voyage`
--
ALTER TABLE `ost_vo_plan_voyage`
  ADD CONSTRAINT `FK_544FC9D979B1AD6` FOREIGN KEY (`company_id`) REFERENCES `ost_vo_company` (`id`),
  ADD CONSTRAINT `FK_544FC9DF384C1CF` FOREIGN KEY (`periode_id`) REFERENCES `ost_vo_periodes` (`id`) ON DELETE CASCADE;

--
-- Contraintes pour la table `ost_vo_reservations`
--
ALTER TABLE `ost_vo_reservations`
  ADD CONSTRAINT `FK_2B7779C61919B217` FOREIGN KEY (`pack_id`) REFERENCES `ost_vo_packs` (`id`),
  ADD CONSTRAINT `FK_2B7779C619EB6921` FOREIGN KEY (`client_id`) REFERENCES `ost_client` (`id`) ON DELETE CASCADE,
  ADD CONSTRAINT `FK_2B7779C653C59D72` FOREIGN KEY (`responsable_id`) REFERENCES `ost_user` (`id`),
  ADD CONSTRAINT `FK_2B7779C668C9E5AF` FOREIGN KEY (`voyage_id`) REFERENCES `ost_vo_voyages` (`id`),
  ADD CONSTRAINT `FK_2B7779C6F06C2258` FOREIGN KEY (`responsableAmicale_id`) REFERENCES `ost_client` (`id`),
  ADD CONSTRAINT `FK_2B7779C6FEBD183` FOREIGN KEY (`amicale_id`) REFERENCES `ost_amicale` (`id`);

--
-- Contraintes pour la table `ost_vo_reservations_chambres`
--
ALTER TABLE `ost_vo_reservations_chambres`
  ADD CONSTRAINT `FK_246F872BB83297E7` FOREIGN KEY (`reservation_id`) REFERENCES `ost_vo_reservations` (`id`) ON DELETE CASCADE;

--
-- Contraintes pour la table `ost_vo_reservations_lignes`
--
ALTER TABLE `ost_vo_reservations_lignes`
  ADD CONSTRAINT `FK_29FAE891A21BD112` FOREIGN KEY (`personne_id`) REFERENCES `ost_vo_reservation_personnes` (`id`) ON DELETE CASCADE;

--
-- Contraintes pour la table `ost_vo_reservation_lignes`
--
ALTER TABLE `ost_vo_reservation_lignes`
  ADD CONSTRAINT `FK_9676F0918385C843` FOREIGN KEY (`reservationA_id`) REFERENCES `ost_vo_reservations` (`id`) ON DELETE CASCADE,
  ADD CONSTRAINT `FK_9676F091CE75F14` FOREIGN KEY (`reservationE_id`) REFERENCES `ost_vo_reservations` (`id`) ON DELETE CASCADE;

--
-- Contraintes pour la table `ost_vo_reservation_personnes`
--
ALTER TABLE `ost_vo_reservation_personnes`
  ADD CONSTRAINT `FK_42B3F65C43851422` FOREIGN KEY (`chambreContingent_id`) REFERENCES `ost_vo_chambre` (`id`) ON DELETE SET NULL,
  ADD CONSTRAINT `FK_42B3F65C9B177F54` FOREIGN KEY (`chambre_id`) REFERENCES `ost_vo_reservations_chambres` (`id`) ON DELETE CASCADE;

--
-- Contraintes pour la table `ost_vo_themes`
--
ALTER TABLE `ost_vo_themes`
  ADD CONSTRAINT `FK_88A8E43212529D24` FOREIGN KEY (`themeCategorie_id`) REFERENCES `ost_vo_themes_categories` (`id`);

--
-- Contraintes pour la table `ost_vo_visas`
--
ALTER TABLE `ost_vo_visas`
  ADD CONSTRAINT `FK_2D62B51768C9E5AF` FOREIGN KEY (`voyage_id`) REFERENCES `ost_vo_voyages` (`id`) ON DELETE CASCADE;

--
-- Contraintes pour la table `ost_vo_voyages`
--
ALTER TABLE `ost_vo_voyages`
  ADD CONSTRAINT `FK_A911B37C816C6140` FOREIGN KEY (`destination_id`) REFERENCES `ost_vo_destinations` (`id`);

--
-- Contraintes pour la table `ost_vo_voyages_packs_hotels`
--
ALTER TABLE `ost_vo_voyages_packs_hotels`
  ADD CONSTRAINT `FK_CBF1E0101919B217` FOREIGN KEY (`pack_id`) REFERENCES `ost_vo_packs` (`id`) ON DELETE CASCADE,
  ADD CONSTRAINT `FK_CBF1E0103243BB18` FOREIGN KEY (`hotel_id`) REFERENCES `ost_vo_hotel` (`id`) ON DELETE CASCADE;

--
-- Contraintes pour la table `ost_vo_voyages_pays`
--
ALTER TABLE `ost_vo_voyages_pays`
  ADD CONSTRAINT `FK_387E6EE8A6E44244` FOREIGN KEY (`pays_id`) REFERENCES `ost_sht_pays` (`id`) ON DELETE CASCADE,
  ADD CONSTRAINT `FK_387E6EE8D56295CC` FOREIGN KEY (`voyageorganise_id`) REFERENCES `ost_vo_voyages` (`id`) ON DELETE CASCADE;

--
-- Contraintes pour la table `ost_vo_voyages_themes`
--
ALTER TABLE `ost_vo_voyages_themes`
  ADD CONSTRAINT `FK_3604E66459027487` FOREIGN KEY (`theme_id`) REFERENCES `ost_vo_themes` (`id`) ON DELETE CASCADE,
  ADD CONSTRAINT `FK_3604E664D56295CC` FOREIGN KEY (`voyageorganise_id`) REFERENCES `ost_vo_voyages` (`id`) ON DELETE CASCADE;

--
-- Contraintes pour la table `os_be_cure`
--
ALTER TABLE `os_be_cure`
  ADD CONSTRAINT `FK_2365CE3B463CD7C3` FOREIGN KEY (`centre_id`) REFERENCES `ost_be_centre` (`id`) ON DELETE CASCADE;
COMMIT;

